[INFO] fetching crate scll-core 1.0.5...
[INFO] testing scll-core-1.0.5 against 1.100.0-beta.1 for beta-1.100-2
[INFO] extracting crate scll-core 1.0.5 into /workspace/builds/worker-2-tc2/source
[INFO] started tweaking crates.io crate scll-core 1.0.5
[INFO] removed 0 missing tests
[INFO] finished tweaking crates.io crate scll-core 1.0.5
[INFO] tweaked toml for crates.io crate scll-core 1.0.5 written to /workspace/builds/worker-2-tc2/source/Cargo.toml
[INFO] validating manifest of crates.io crate scll-core 1.0.5 on toolchain 1.100.0-beta.1
[INFO] running `Command { std: CARGO_HOME="/workspace/cargo-home" RUSTUP_HOME="/workspace/rustup-home" "/workspace/cargo-home/bin/cargo" "+1.100.0-beta.1" "metadata" "--manifest-path" "Cargo.toml" "--no-deps", kill_on_drop: false }`
[INFO] crate crates.io crate scll-core 1.0.5 already has a lockfile, it will not be regenerated
[INFO] running `Command { std: CARGO_HOME="/workspace/cargo-home" RUSTUP_HOME="/workspace/rustup-home" "/workspace/cargo-home/bin/cargo" "+1.100.0-beta.1" "fetch" "--manifest-path" "Cargo.toml", kill_on_drop: false }`
[INFO] running `Command { std: "docker" "create" "-v" "/var/lib/crater-agent-workspace/builds/worker-2-tc2/source:/opt/rustwide/workdir:ro,Z" "-v" "/var/lib/crater-agent-workspace/builds/worker-2-tc2/target:/opt/rustwide/target:rw,Z" "-v" "/var/lib/crater-agent-workspace/cargo-home:/opt/rustwide/cargo-home:ro,Z" "-v" "/var/lib/crater-agent-workspace/rustup-home:/opt/rustwide/rustup-home:ro,Z" "-m" "1610612736" "--network" "none" "ghcr.io/rust-lang/crates-build-env/linux@sha256:3111399a4047eeb3a02b7a90e478d715f38a8c6669b5c4b49d30a17385265909" "sleep" "infinity", kill_on_drop: false }`
[INFO] [stdout] f1653230bf8ec21411716751a2c1f3d56e34dc1599a37bab7917254faa27888c
[INFO] running `Command { std: "docker" "start" "f1653230bf8ec21411716751a2c1f3d56e34dc1599a37bab7917254faa27888c", kill_on_drop: false }`
[INFO] running `Command { std: "docker" "inspect" "f1653230bf8ec21411716751a2c1f3d56e34dc1599a37bab7917254faa27888c", kill_on_drop: false }`
[INFO] running `Command { std: "docker" "exec" "-e" "SOURCE_DIR=/opt/rustwide/workdir" "-e" "CARGO_HOME=/opt/rustwide/cargo-home" "-e" "RUSTUP_HOME=/opt/rustwide/rustup-home" "-e" "CARGO_TARGET_DIR=/opt/rustwide/target" "-w" "/opt/rustwide/workdir" "--user" "0:0" "f1653230bf8ec21411716751a2c1f3d56e34dc1599a37bab7917254faa27888c" "/opt/rustwide/cargo-home/bin/cargo" "+1.100.0-beta.1" "metadata" "--no-deps" "--format-version=1", kill_on_drop: false }`
[INFO] running `Command { std: "docker" "inspect" "f1653230bf8ec21411716751a2c1f3d56e34dc1599a37bab7917254faa27888c", kill_on_drop: false }`
[INFO] running `Command { std: "docker" "exec" "-e" "SOURCE_DIR=/opt/rustwide/workdir" "-e" "CARGO_HOME=/opt/rustwide/cargo-home" "-e" "RUSTUP_HOME=/opt/rustwide/rustup-home" "-e" "CARGO_TARGET_DIR=/opt/rustwide/target" "-e" "CARGO_INCREMENTAL=0" "-e" "RUST_BACKTRACE=full" "-e" "RUSTFLAGS=--cap-lints=warn" "-e" "RUSTDOCFLAGS=--cap-lints=warn" "-w" "/opt/rustwide/workdir" "--user" "0:0" "f1653230bf8ec21411716751a2c1f3d56e34dc1599a37bab7917254faa27888c" "/opt/rustwide/cargo-home/bin/cargo" "+1.100.0-beta.1" "build" "--frozen" "--message-format=json", kill_on_drop: false }`
[INFO] [stderr]    Compiling syn v2.0.119
[INFO] [stderr]    Compiling thiserror v2.0.18
[INFO] [stderr]    Compiling byteorder v1.5.0
[INFO] [stderr]    Compiling heapless v0.8.0
[INFO] [stderr]    Compiling zeroize v1.8.2
[INFO] [stderr]    Compiling hash32 v0.3.1
[INFO] [stderr]    Compiling thiserror-impl v2.0.18
[INFO] [stderr]    Compiling scll-core v1.0.5 (/opt/rustwide/workdir)
[INFO] [stderr]     Finished `dev` profile [unoptimized + debuginfo] target(s) in 4.87s
[INFO] running `Command { std: "docker" "inspect" "f1653230bf8ec21411716751a2c1f3d56e34dc1599a37bab7917254faa27888c", kill_on_drop: false }`
[INFO] running `Command { std: "docker" "exec" "-e" "SOURCE_DIR=/opt/rustwide/workdir" "-e" "CARGO_HOME=/opt/rustwide/cargo-home" "-e" "RUSTUP_HOME=/opt/rustwide/rustup-home" "-e" "CARGO_TARGET_DIR=/opt/rustwide/target" "-e" "CARGO_INCREMENTAL=0" "-e" "RUST_BACKTRACE=full" "-e" "RUSTFLAGS=--cap-lints=warn" "-e" "RUSTDOCFLAGS=--cap-lints=warn" "-w" "/opt/rustwide/workdir" "--user" "0:0" "f1653230bf8ec21411716751a2c1f3d56e34dc1599a37bab7917254faa27888c" "/opt/rustwide/cargo-home/bin/cargo" "+1.100.0-beta.1" "test" "--frozen" "--no-run" "--message-format=json", kill_on_drop: false }`
[INFO] [stderr]    Compiling zerocopy v0.8.54
[INFO] [stderr]    Compiling bitflags v2.13.1
[INFO] [stderr]    Compiling num-traits v0.2.19
[INFO] [stderr]    Compiling getrandom v0.3.4
[INFO] [stderr]    Compiling wait-timeout v0.2.1
[INFO] [stderr]    Compiling rustix v1.1.4
[INFO] [stderr]    Compiling rand_core v0.9.5
[INFO] [stderr]    Compiling rand_xorshift v0.4.0
[INFO] [stderr]    Compiling rand v0.9.5
[INFO] [stderr]    Compiling tempfile v3.27.0
[INFO] [stderr]    Compiling rusty-fork v0.3.1
[INFO] [stderr]    Compiling ppv-lite86 v0.2.21
[INFO] [stderr]    Compiling rand_chacha v0.9.0
[INFO] [stderr]    Compiling proptest v1.8.0
[INFO] [stderr]    Compiling scll-core v1.0.5 (/opt/rustwide/workdir)
[INFO] [stdout] error[E0432]: unresolved import `scll_test_support`
[INFO] [stdout]   --> tests/replay_workflows.rs:28:5
[INFO] [stdout]    |
[INFO] [stdout] 28 | use scll_test_support::{fixtures, StubBackend, Trace};
[INFO] [stdout]    |     ^^^^^^^^^^^^^^^^^ use of unresolved module or unlinked crate `scll_test_support`
[INFO] [stdout]    |
[INFO] [stdout]    = help: if you wanted to use a crate named `scll_test_support`, use `cargo add scll_test_support` to add it to your `Cargo.toml`
[INFO] [stdout] 
[INFO] [stdout] 
[INFO] [stdout] For more information about this error, try `rustc --explain E0432`.
[INFO] [stdout] 
[INFO] [stdout] error[E0432]: unresolved import `scll_test_util`
[INFO] [stdout]   --> src/aid.rs:57:9
[INFO] [stdout]    |
[INFO] [stdout] 57 |     use scll_test_util::HexSlice;
[INFO] [stdout]    |         ^^^^^^^^^^^^^^ use of unresolved module or unlinked crate `scll_test_util`
[INFO] [stdout]    |
[INFO] [stdout]    = help: if you wanted to use a crate named `scll_test_util`, use `cargo add scll_test_util` to add it to your `Cargo.toml`
[INFO] [stdout] 
[INFO] [stdout] 
[INFO] [stdout] error[E0432]: unresolved import `scll_test_util`
[INFO] [stdout]    --> src/tlv.rs:196:9
[INFO] [stdout]     |
[INFO] [stdout] 196 |     use scll_test_util::HexSlice;
[INFO] [stdout]     |         ^^^^^^^^^^^^^^ use of unresolved module or unlinked crate `scll_test_util`
[INFO] [stdout]     |
[INFO] [stdout]     = help: if you wanted to use a crate named `scll_test_util`, use `cargo add scll_test_util` to add it to your `Cargo.toml`
[INFO] [stdout] 
[INFO] [stdout] 
[INFO] [stdout] error[E0432]: unresolved import `scll_test_util`
[INFO] [stdout]   --> src/command/delete.rs:59:9
[INFO] [stdout]    |
[INFO] [stdout] 59 |     use scll_test_util::HexSlice;
[INFO] [stdout]    |         ^^^^^^^^^^^^^^ use of unresolved module or unlinked crate `scll_test_util`
[INFO] [stdout]    |
[INFO] [stdout]    = help: if you wanted to use a crate named `scll_test_util`, use `cargo add scll_test_util` to add it to your `Cargo.toml`
[INFO] [stdout] 
[INFO] [stdout] 
[INFO] [stdout] error[E0432]: unresolved import `scll_test_util`
[INFO] [stdout]   --> src/command/get_data.rs:27:9
[INFO] [stdout]    |
[INFO] [stdout] 27 |     use scll_test_util::HexSlice;
[INFO] [stdout]    |         ^^^^^^^^^^^^^^ use of unresolved module or unlinked crate `scll_test_util`
[INFO] [stdout]    |
[INFO] [stdout]    = help: if you wanted to use a crate named `scll_test_util`, use `cargo add scll_test_util` to add it to your `Cargo.toml`
[INFO] [stdout] 
[INFO] [stdout] 
[INFO] [stdout] error[E0432]: unresolved import `scll_test_util`
[INFO] [stdout]   --> src/command/get_status.rs:53:9
[INFO] [stdout]    |
[INFO] [stdout] 53 |     use scll_test_util::HexSlice;
[INFO] [stdout]    |         ^^^^^^^^^^^^^^ use of unresolved module or unlinked crate `scll_test_util`
[INFO] [stdout]    |
[INFO] [stdout]    = help: if you wanted to use a crate named `scll_test_util`, use `cargo add scll_test_util` to add it to your `Cargo.toml`
[INFO] [stdout] 
[INFO] [stdout] 
[INFO] [stdout] error[E0432]: unresolved import `scll_test_util`
[INFO] [stdout]    --> src/command/install.rs:117:9
[INFO] [stdout]     |
[INFO] [stdout] 117 |     use scll_test_util::HexSlice;
[INFO] [stdout]     |         ^^^^^^^^^^^^^^ use of unresolved module or unlinked crate `scll_test_util`
[INFO] [stdout]     |
[INFO] [stdout]     = help: if you wanted to use a crate named `scll_test_util`, use `cargo add scll_test_util` to add it to your `Cargo.toml`
[INFO] [stdout] 
[INFO] [stdout] 
[INFO] [stdout] error[E0432]: unresolved import `scll_test_util`
[INFO] [stdout]   --> src/command/load.rs:33:9
[INFO] [stdout]    |
[INFO] [stdout] 33 |     use scll_test_util::HexSlice;
[INFO] [stdout]    |         ^^^^^^^^^^^^^^ use of unresolved module or unlinked crate `scll_test_util`
[INFO] [stdout]    |
[INFO] [stdout]    = help: if you wanted to use a crate named `scll_test_util`, use `cargo add scll_test_util` to add it to your `Cargo.toml`
[INFO] [stdout] 
[INFO] [stdout] 
[INFO] [stdout] error[E0432]: unresolved import `scll_test_util`
[INFO] [stdout]   --> src/command/put_key.rs:74:9
[INFO] [stdout]    |
[INFO] [stdout] 74 |     use scll_test_util::HexSlice;
[INFO] [stdout]    |         ^^^^^^^^^^^^^^ use of unresolved module or unlinked crate `scll_test_util`
[INFO] [stdout]    |
[INFO] [stdout]    = help: if you wanted to use a crate named `scll_test_util`, use `cargo add scll_test_util` to add it to your `Cargo.toml`
[INFO] [stdout] 
[INFO] [stdout] 
[INFO] [stdout] error[E0432]: unresolved import `scll_test_util`
[INFO] [stdout]   --> src/command/rmac_session.rs:68:9
[INFO] [stdout]    |
[INFO] [stdout] 68 |     use scll_test_util::HexSlice;
[INFO] [stdout]    |         ^^^^^^^^^^^^^^ use of unresolved module or unlinked crate `scll_test_util`
[INFO] [stdout]    |
[INFO] [stdout]    = help: if you wanted to use a crate named `scll_test_util`, use `cargo add scll_test_util` to add it to your `Cargo.toml`
[INFO] [stdout] 
[INFO] [stdout] 
[INFO] [stdout] error[E0432]: unresolved import `scll_test_util`
[INFO] [stdout]   --> src/command/select.rs:24:9
[INFO] [stdout]    |
[INFO] [stdout] 24 |     use scll_test_util::HexSlice;
[INFO] [stdout]    |         ^^^^^^^^^^^^^^ use of unresolved module or unlinked crate `scll_test_util`
[INFO] [stdout]    |
[INFO] [stdout]    = help: if you wanted to use a crate named `scll_test_util`, use `cargo add scll_test_util` to add it to your `Cargo.toml`
[INFO] [stdout] 
[INFO] [stdout] 
[INFO] [stdout] error[E0432]: unresolved import `scll_test_util`
[INFO] [stdout]   --> src/command/set_status.rs:29:9
[INFO] [stdout]    |
[INFO] [stdout] 29 |     use scll_test_util::HexSlice;
[INFO] [stdout]    |         ^^^^^^^^^^^^^^ use of unresolved module or unlinked crate `scll_test_util`
[INFO] [stdout]    |
[INFO] [stdout]    = help: if you wanted to use a crate named `scll_test_util`, use `cargo add scll_test_util` to add it to your `Cargo.toml`
[INFO] [stdout] 
[INFO] [stdout] 
[INFO] [stdout] error[E0432]: unresolved import `scll_test_util`
[INFO] [stdout]    --> src/scp/scp02.rs:262:9
[INFO] [stdout]     |
[INFO] [stdout] 262 |     use scll_test_util::HexSlice;
[INFO] [stdout]     |         ^^^^^^^^^^^^^^ use of unresolved module or unlinked crate `scll_test_util`
[INFO] [stdout]     |
[INFO] [stdout]     = help: if you wanted to use a crate named `scll_test_util`, use `cargo add scll_test_util` to add it to your `Cargo.toml`
[INFO] [stdout] 
[INFO] [stdout] 
[INFO] [stdout] error[E0432]: unresolved import `scll_test_util`
[INFO] [stdout]    --> src/scp/scp03.rs:358:9
[INFO] [stdout]     |
[INFO] [stdout] 358 |     use scll_test_util::HexSlice;
[INFO] [stdout]     |         ^^^^^^^^^^^^^^ use of unresolved module or unlinked crate `scll_test_util`
[INFO] [stdout]     |
[INFO] [stdout]     = help: if you wanted to use a crate named `scll_test_util`, use `cargo add scll_test_util` to add it to your `Cargo.toml`
[INFO] [stdout] 
[INFO] [stdout] 
[INFO] [stderr] error: could not compile `scll-core` (test "replay_workflows") due to 1 previous error
[INFO] [stderr] warning: build failed, waiting for other jobs to finish...
[INFO] [stdout] For more information about this error, try `rustc --explain E0432`.
[INFO] [stdout] 
[INFO] [stderr] error: could not compile `scll-core` (lib test) due to 13 previous errors
[INFO] running `Command { std: "docker" "inspect" "f1653230bf8ec21411716751a2c1f3d56e34dc1599a37bab7917254faa27888c", kill_on_drop: false }`
[INFO] running `Command { std: "docker" "rm" "-f" "f1653230bf8ec21411716751a2c1f3d56e34dc1599a37bab7917254faa27888c", kill_on_drop: false }`
[INFO] [stdout] f1653230bf8ec21411716751a2c1f3d56e34dc1599a37bab7917254faa27888c
