[INFO] fetching crate scirs2-special 0.6.5...
[INFO] testing scirs2-special-0.6.5 against 1.100.0-beta.1 for beta-1.100-2
[INFO] extracting crate scirs2-special 0.6.5 into /workspace/builds/worker-5-tc2/source
[INFO] started tweaking crates.io crate scirs2-special 0.6.5
[INFO] removed 0 missing examples
[INFO] removed 0 missing tests
[INFO] finished tweaking crates.io crate scirs2-special 0.6.5
[INFO] tweaked toml for crates.io crate scirs2-special 0.6.5 written to /workspace/builds/worker-5-tc2/source/Cargo.toml
[INFO] validating manifest of crates.io crate scirs2-special 0.6.5 on toolchain 1.100.0-beta.1
[INFO] running `Command { std: CARGO_HOME="/workspace/cargo-home" RUSTUP_HOME="/workspace/rustup-home" "/workspace/cargo-home/bin/cargo" "+1.100.0-beta.1" "metadata" "--manifest-path" "Cargo.toml" "--no-deps", kill_on_drop: false }`
[INFO] crate crates.io crate scirs2-special 0.6.5 already has a lockfile, it will not be regenerated
[INFO] running `Command { std: CARGO_HOME="/workspace/cargo-home" RUSTUP_HOME="/workspace/rustup-home" "/workspace/cargo-home/bin/cargo" "+1.100.0-beta.1" "fetch" "--manifest-path" "Cargo.toml", kill_on_drop: false }`
[INFO] running `Command { std: "docker" "create" "-v" "/var/lib/crater-agent-workspace/builds/worker-5-tc2/source:/opt/rustwide/workdir:ro,Z" "-v" "/var/lib/crater-agent-workspace/builds/worker-5-tc2/target:/opt/rustwide/target:rw,Z" "-v" "/var/lib/crater-agent-workspace/cargo-home:/opt/rustwide/cargo-home:ro,Z" "-v" "/var/lib/crater-agent-workspace/rustup-home:/opt/rustwide/rustup-home:ro,Z" "-m" "1610612736" "--network" "none" "ghcr.io/rust-lang/crates-build-env/linux@sha256:3111399a4047eeb3a02b7a90e478d715f38a8c6669b5c4b49d30a17385265909" "sleep" "infinity", kill_on_drop: false }`
[INFO] [stdout] 49cf04ca0638b5dbc9091f2f33d4decf1f06193ee7415755aa4a9f70ea4de667
[INFO] running `Command { std: "docker" "start" "49cf04ca0638b5dbc9091f2f33d4decf1f06193ee7415755aa4a9f70ea4de667", kill_on_drop: false }`
[INFO] running `Command { std: "docker" "inspect" "49cf04ca0638b5dbc9091f2f33d4decf1f06193ee7415755aa4a9f70ea4de667", kill_on_drop: false }`
[INFO] running `Command { std: "docker" "exec" "-e" "SOURCE_DIR=/opt/rustwide/workdir" "-e" "CARGO_HOME=/opt/rustwide/cargo-home" "-e" "RUSTUP_HOME=/opt/rustwide/rustup-home" "-e" "CARGO_TARGET_DIR=/opt/rustwide/target" "-w" "/opt/rustwide/workdir" "--user" "0:0" "49cf04ca0638b5dbc9091f2f33d4decf1f06193ee7415755aa4a9f70ea4de667" "/opt/rustwide/cargo-home/bin/cargo" "+1.100.0-beta.1" "metadata" "--no-deps" "--format-version=1", kill_on_drop: false }`
[INFO] running `Command { std: "docker" "inspect" "49cf04ca0638b5dbc9091f2f33d4decf1f06193ee7415755aa4a9f70ea4de667", kill_on_drop: false }`
[INFO] running `Command { std: "docker" "exec" "-e" "SOURCE_DIR=/opt/rustwide/workdir" "-e" "CARGO_HOME=/opt/rustwide/cargo-home" "-e" "RUSTUP_HOME=/opt/rustwide/rustup-home" "-e" "CARGO_TARGET_DIR=/opt/rustwide/target" "-e" "CARGO_INCREMENTAL=0" "-e" "RUST_BACKTRACE=full" "-e" "RUSTFLAGS=--cap-lints=warn" "-e" "RUSTDOCFLAGS=--cap-lints=warn" "-w" "/opt/rustwide/workdir" "--user" "0:0" "49cf04ca0638b5dbc9091f2f33d4decf1f06193ee7415755aa4a9f70ea4de667" "/opt/rustwide/cargo-home/bin/cargo" "+1.100.0-beta.1" "build" "--frozen" "--message-format=json", kill_on_drop: false }`
[INFO] [stderr]    Compiling zerocopy v0.8.55
[INFO] [stderr]    Compiling crossbeam-utils v0.8.22
[INFO] [stderr]    Compiling bytemuck v1.25.2
[INFO] [stderr]    Compiling getrandom v0.3.4
[INFO] [stderr]    Compiling crossbeam-deque v0.8.7
[INFO] [stderr]    Compiling matrixmultiply v0.3.11
[INFO] [stderr]    Compiling rawpointer v0.2.1
[INFO] [stderr]    Compiling getrandom v0.2.17
[INFO] [stderr]    Compiling either v1.17.0
[INFO] [stderr]    Compiling syn v3.0.3
[INFO] [stderr]    Compiling num-complex v0.4.6
[INFO] [stderr]    Compiling approx v0.5.1
[INFO] [stderr]    Compiling num-integer v0.1.46
[INFO] [stderr]    Compiling chacha20 v0.10.1
[INFO] [stderr]    Compiling aho-corasick v1.1.4
[INFO] [stderr]    Compiling thiserror v2.0.19
[INFO] [stderr]    Compiling parking_lot_core v0.9.12
[INFO] [stderr]    Compiling rand_core v0.6.4
[INFO] [stderr]    Compiling scirs2-core v0.6.5
[INFO] [stderr]    Compiling uuid v1.24.0
[INFO] [stderr]    Compiling safe_arch v0.7.4
[INFO] [stderr]    Compiling safe_arch v1.1.0
[INFO] [stderr]    Compiling rand v0.10.2
[INFO] [stderr]    Compiling parking_lot v0.12.5
[INFO] [stderr]    Compiling num-rational v0.4.2
[INFO] [stderr]    Compiling libloading v0.9.0
[INFO] [stderr]    Compiling rand_core v0.9.5
[INFO] [stderr]    Compiling wide v0.7.33
[INFO] [stderr]    Compiling wide v1.6.0
[INFO] [stderr]    Compiling rand_distr v0.6.0
[INFO] [stderr]    Compiling crossbeam-epoch v0.9.20
[INFO] [stderr]    Compiling rayon-core v1.13.0
[INFO] [stderr]    Compiling regex-automata v0.4.16
[INFO] [stderr]    Compiling rayon v1.12.0
[INFO] [stderr]    Compiling simba v0.9.1
[INFO] [stderr]    Compiling serde_derive v1.0.229
[INFO] [stderr]    Compiling thiserror-impl v2.0.19
[INFO] [stderr]    Compiling serde v1.0.229
[INFO] [stderr]    Compiling ppv-lite86 v0.2.21
[INFO] [stderr]    Compiling regex v1.13.1
[INFO] [stderr]    Compiling ndarray v0.17.2
[INFO] [stderr]    Compiling chrono v0.4.45
[INFO] [stderr]    Compiling rand_chacha v0.3.1
[INFO] [stderr]    Compiling rand_chacha v0.9.0
[INFO] [stderr]    Compiling rand_chacha v0.10.0
[INFO] [stderr]    Compiling rand v0.8.7
[INFO] [stderr]    Compiling rand v0.9.5
[INFO] [stderr]    Compiling rand_distr v0.5.1
[INFO] [stderr]    Compiling rand_distr v0.4.3
[INFO] [stderr]    Compiling nalgebra v0.33.3
[INFO] [stderr]    Compiling ndarray-rand v0.16.0
[INFO] [stderr]    Compiling statrs v0.18.0
[INFO] [stderr]    Compiling scirs2-special v0.6.5 (/opt/rustwide/workdir)
[INFO] [stdout] warning: use of deprecated constant `std::f64::MIN_POSITIVE`: replaced by the `MIN_POSITIVE` associated constant on `f64`
[INFO] [stdout]    --> src/edge_case_tests.rs:208:31
[INFO] [stdout]     |
[INFO] [stdout] 208 |     let subnormalinput = f64::MIN_POSITIVE / 2.0;
[INFO] [stdout]     |                               ^^^^^^^^^^^^
[INFO] [stdout]     |
[INFO] [stdout]     = note: `#[warn(deprecated)]` on by default
[INFO] [stdout] 
[INFO] [stdout] 
[INFO] [stdout] warning: use of deprecated constant `std::f64::INFINITY`: replaced by the `INFINITY` associated constant on `f64`
[INFO] [stdout]    --> src/edge_case_tests.rs:374:15
[INFO] [stdout]     |
[INFO] [stdout] 374 |         (f64::INFINITY, 1.0, "erf(∞) = 1"),
[INFO] [stdout]     |               ^^^^^^^^
[INFO] [stdout] 
[INFO] [stdout] 
[INFO] [stdout] warning: use of deprecated constant `std::f64::NEG_INFINITY`: replaced by the `NEG_INFINITY` associated constant on `f64`
[INFO] [stdout]    --> src/edge_case_tests.rs:375:15
[INFO] [stdout]     |
[INFO] [stdout] 375 |         (f64::NEG_INFINITY, -1.0, "erf(-∞) = -1"),
[INFO] [stdout]     |               ^^^^^^^^^^^^
[INFO] [stdout] 
[INFO] [stdout] 
[INFO] [stdout] warning: use of deprecated constant `std::f64::MAX`: replaced by the `MAX` associated constant on `f64`
[INFO] [stdout]    --> src/gamma/approximations.rs:194:31
[INFO] [stdout]     |
[INFO] [stdout] 194 |             F::from(std::f64::MAX.ln() * 0.9).expect("Operation failed")
[INFO] [stdout]     |                               ^^^
[INFO] [stdout] 
[INFO] [stdout] 
[INFO] [stdout] warning: use of deprecated constant `std::f64::MIN`: replaced by the `MIN` associated constant on `f64`
[INFO] [stdout]    --> src/gamma/approximations.rs:196:31
[INFO] [stdout]     |
[INFO] [stdout] 196 |             F::from(std::f64::MIN.ln() * 0.9).expect("Operation failed")
[INFO] [stdout]     |                               ^^^
[INFO] [stdout] 
[INFO] [stdout] 
[INFO] [stdout] warning: use of deprecated constant `std::f64::MAX`: replaced by the `MAX` associated constant on `f64`
[INFO] [stdout]    --> src/gamma/beta.rs:271:33
[INFO] [stdout]     |
[INFO] [stdout] 271 |             < F::from(std::f64::MAX.ln() * 0.9).expect("Failed to convert to target float type")
[INFO] [stdout]     |                                 ^^^
[INFO] [stdout] 
[INFO] [stdout] 
[INFO] [stdout] warning: use of deprecated constant `std::f64::MAX`: replaced by the `MAX` associated constant on `f64`
[INFO] [stdout]    --> src/gamma/beta.rs:567:29
[INFO] [stdout]     |
[INFO] [stdout] 567 |         < F::from(std::f64::MAX.ln() * 0.9).expect("Failed to convert to target float type")
[INFO] [stdout]     |                             ^^^
[INFO] [stdout] 
[INFO] [stdout] 
[INFO] [stdout] warning: use of deprecated constant `std::f64::MAX`: replaced by the `MAX` associated constant on `f64`
[INFO] [stdout]    --> src/gamma/core.rs:194:51
[INFO] [stdout]     |
[INFO] [stdout] 194 |                 if log_result < F::from(std::f64::MAX.ln() * 0.9).expect("Operation failed") {
[INFO] [stdout]     |                                                   ^^^
[INFO] [stdout] 
[INFO] [stdout] 
[INFO] [stdout] warning: use of deprecated constant `std::f64::MAX`: replaced by the `MAX` associated constant on `f64`
[INFO] [stdout]    --> src/gamma/core.rs:211:51
[INFO] [stdout]     |
[INFO] [stdout] 211 |                 if log_result < F::from(std::f64::MAX.ln() * 0.9).expect("Operation failed") {
[INFO] [stdout]     |                                                   ^^^
[INFO] [stdout] 
[INFO] [stdout] 
[INFO] [stdout] warning: use of deprecated constant `std::f64::MAX`: replaced by the `MAX` associated constant on `f64`
[INFO] [stdout]   --> src/gamma/enhanced.rs:86:49
[INFO] [stdout]    |
[INFO] [stdout] 86 |         if log_gamma > const_f64::<F>(std::f64::MAX.ln() * 0.9) {
[INFO] [stdout]    |                                                 ^^^
[INFO] [stdout] 
[INFO] [stdout] 
[INFO] [stdout] warning: use of deprecated constant `std::f64::MAX`: replaced by the `MAX` associated constant on `f64`
[INFO] [stdout]    --> src/gamma/enhanced.rs:140:49
[INFO] [stdout]     |
[INFO] [stdout] 140 |         if log_gamma > const_f64::<F>(std::f64::MAX.ln() * 0.9) {
[INFO] [stdout]     |                                                 ^^^
[INFO] [stdout] 
[INFO] [stdout] 
[INFO] [stdout] warning: use of deprecated constant `std::f64::MAX`: replaced by the `MAX` associated constant on `f64`
[INFO] [stdout]    --> src/gamma/enhanced.rs:267:45
[INFO] [stdout]     |
[INFO] [stdout] 267 |     if log_gamma > const_f64::<F>(std::f64::MAX.ln() * 0.9) {
[INFO] [stdout]     |                                             ^^^
[INFO] [stdout] 
[INFO] [stdout] 
[INFO] [stdout] warning: use of deprecated constant `std::f64::MAX`: replaced by the `MAX` associated constant on `f64`
[INFO] [stdout]    --> src/gamma/enhanced.rs:460:45
[INFO] [stdout]     |
[INFO] [stdout] 460 |     if log_ratio > const_f64::<F>(std::f64::MAX.ln() * 0.9) {
[INFO] [stdout]     |                                             ^^^
[INFO] [stdout] 
[INFO] [stdout] 
[INFO] [stdout] warning: use of deprecated constant `std::f64::MIN`: replaced by the `MIN` associated constant on `f64`
[INFO] [stdout]    --> src/gamma/enhanced.rs:463:45
[INFO] [stdout]     |
[INFO] [stdout] 463 |     if log_ratio < const_f64::<F>(std::f64::MIN.ln() * 0.9) {
[INFO] [stdout]     |                                             ^^^
[INFO] [stdout] 
[INFO] [stdout] 
[INFO] [stdout] warning: use of deprecated constant `std::f64::MAX`: replaced by the `MAX` associated constant on `f64`
[INFO] [stdout]   --> src/gamma/utils.rs:36:39
[INFO] [stdout]    |
[INFO] [stdout] 36 |     if log_result < F::from(std::f64::MAX.ln() * 0.9).expect("Operation failed") {
[INFO] [stdout]    |                                       ^^^
[INFO] [stdout] 
[INFO] [stdout] 
[INFO] [stdout] warning: use of deprecated constant `std::f64::MAX`: replaced by the `MAX` associated constant on `f64`
[INFO] [stdout]   --> src/gamma/utils.rs:67:39
[INFO] [stdout]    |
[INFO] [stdout] 67 |     if log_result < F::from(std::f64::MAX.ln() * 0.9).expect("Operation failed") {
[INFO] [stdout]    |                                       ^^^
[INFO] [stdout] 
[INFO] [stdout] 
[INFO] [stdout] warning: use of deprecated constant `std::f64::INFINITY`: replaced by the `INFINITY` associated constant on `f64`
[INFO] [stdout]   --> src/precision.rs:58:18
[INFO] [stdout]    |
[INFO] [stdout] 58 |             f64::INFINITY
[INFO] [stdout]    |                  ^^^^^^^^
[INFO] [stdout] 
[INFO] [stdout] 
[INFO] [stdout] warning: use of deprecated constant `std::f64::MIN_POSITIVE`: replaced by the `MIN_POSITIVE` associated constant on `f64`
[INFO] [stdout]   --> src/precision.rs:76:21
[INFO] [stdout]    |
[INFO] [stdout] 76 |         if x < f64::MIN_POSITIVE {
[INFO] [stdout]    |                     ^^^^^^^^^^^^
[INFO] [stdout] 
[INFO] [stdout] 
[INFO] [stdout] warning: use of deprecated constant `std::f64::NEG_INFINITY`: replaced by the `NEG_INFINITY` associated constant on `f64`
[INFO] [stdout]   --> src/precision.rs:77:28
[INFO] [stdout]    |
[INFO] [stdout] 77 |             return Ok(f64::NEG_INFINITY);
[INFO] [stdout]    |                            ^^^^^^^^^^^^
[INFO] [stdout] 
[INFO] [stdout] 
[INFO] [stdout] warning: use of deprecated constant `std::f64::INFINITY`: replaced by the `INFINITY` associated constant on `f64`
[INFO] [stdout]   --> src/precision.rs:92:28
[INFO] [stdout]    |
[INFO] [stdout] 92 |             return Ok(f64::INFINITY);
[INFO] [stdout]    |                            ^^^^^^^^
[INFO] [stdout] 
[INFO] [stdout] 
[INFO] [stdout] warning: use of deprecated constant `std::f64::INFINITY`: replaced by the `INFINITY` associated constant on `f64`
[INFO] [stdout]    --> src/precision.rs:103:22
[INFO] [stdout]     |
[INFO] [stdout] 103 |                 f64::INFINITY
[INFO] [stdout]     |                      ^^^^^^^^
[INFO] [stdout] 
[INFO] [stdout] 
[INFO] [stdout] warning: use of deprecated constant `std::f64::NEG_INFINITY`: replaced by the `NEG_INFINITY` associated constant on `f64`
[INFO] [stdout]    --> src/precision.rs:105:22
[INFO] [stdout]     |
[INFO] [stdout] 105 |                 f64::NEG_INFINITY
[INFO] [stdout]     |                      ^^^^^^^^^^^^
[INFO] [stdout] 
[INFO] [stdout] 
[INFO] [stdout] warning: use of deprecated constant `std::f64::INFINITY`: replaced by the `INFINITY` associated constant on `f64`
[INFO] [stdout]    --> src/precision.rs:122:22
[INFO] [stdout]     |
[INFO] [stdout] 122 |                 f64::INFINITY
[INFO] [stdout]     |                      ^^^^^^^^
[INFO] [stdout] 
[INFO] [stdout] 
[INFO] [stdout] warning: use of deprecated constant `std::f64::NEG_INFINITY`: replaced by the `NEG_INFINITY` associated constant on `f64`
[INFO] [stdout]    --> src/precision.rs:124:22
[INFO] [stdout]     |
[INFO] [stdout] 124 |                 f64::NEG_INFINITY
[INFO] [stdout]     |                      ^^^^^^^^^^^^
[INFO] [stdout] 
[INFO] [stdout] 
[INFO] [stdout] warning: use of deprecated constant `std::f64::NAN`: replaced by the `NAN` associated constant on `f64`
[INFO] [stdout]    --> src/precision.rs:153:25
[INFO] [stdout]     |
[INFO] [stdout] 153 |             return f64::NAN;
[INFO] [stdout]     |                         ^^^
[INFO] [stdout] 
[INFO] [stdout] 
[INFO] [stdout] warning: use of deprecated constant `std::f64::INFINITY`: replaced by the `INFINITY` associated constant on `f64`
[INFO] [stdout]    --> src/precision.rs:206:25
[INFO] [stdout]     |
[INFO] [stdout] 206 |             return f64::INFINITY;
[INFO] [stdout]     |                         ^^^^^^^^
[INFO] [stdout] 
[INFO] [stdout] 
[INFO] [stdout] warning: use of deprecated constant `std::f64::INFINITY`: replaced by the `INFINITY` associated constant on `f64`
[INFO] [stdout]    --> src/precision.rs:236:60
[INFO] [stdout]     |
[INFO] [stdout] 236 |         result * safe_ops::safe_pow(2.0, n).unwrap_or(f64::INFINITY)
[INFO] [stdout]     |                                                            ^^^^^^^^
[INFO] [stdout] 
[INFO] [stdout] 
[INFO] [stdout] warning: use of deprecated constant `std::f64::INFINITY`: replaced by the `INFINITY` associated constant on `f64`
[INFO] [stdout]    --> src/stability_analysis.rs:129:48
[INFO] [stdout]     |
[INFO] [stdout] 129 |                         condition_number: f64::INFINITY,
[INFO] [stdout]     |                                                ^^^^^^^^
[INFO] [stdout] 
[INFO] [stdout] 
[INFO] [stdout] warning: use of deprecated constant `std::f64::NEG_INFINITY`: replaced by the `NEG_INFINITY` associated constant on `f64`
[INFO] [stdout]    --> src/stability_analysis.rs:203:70
[INFO] [stdout]     |
[INFO] [stdout] 203 |             max_relative_error: rel_errors.iter().cloned().fold(f64::NEG_INFINITY, f64::max),
[INFO] [stdout]     |                                                                      ^^^^^^^^^^^^
[INFO] [stdout] 
[INFO] [stdout] 
[INFO] [stdout] warning: use of deprecated constant `std::f64::NEG_INFINITY`: replaced by the `NEG_INFINITY` associated constant on `f64`
[INFO] [stdout]    --> src/stability_analysis.rs:205:70
[INFO] [stdout]     |
[INFO] [stdout] 205 |             max_absolute_error: abs_errors.iter().cloned().fold(f64::NEG_INFINITY, f64::max),
[INFO] [stdout]     |                                                                      ^^^^^^^^^^^^
[INFO] [stdout] 
[INFO] [stdout] 
[INFO] [stderr] warning: unused dependency `log`
[INFO] [stderr]   --> Cargo.toml:27:15
[INFO] [stderr]    |
[INFO] [stderr] 27 | [dependencies.log]
[INFO] [stderr]    |               ^^^^
[INFO] [stderr]    |
[INFO] [stderr]    = note: `cargo::unused_dependencies` is set to `warn` by default
[INFO] [stderr] help: consider removing the dependency on `log`
[INFO] [stderr] warning: `scirs2-special` (manifest) generated 1 warning
[INFO] [stderr]     Finished `dev` profile [unoptimized + debuginfo] target(s) in 1m 02s
[INFO] running `Command { std: "docker" "inspect" "49cf04ca0638b5dbc9091f2f33d4decf1f06193ee7415755aa4a9f70ea4de667", kill_on_drop: false }`
[INFO] running `Command { std: "docker" "exec" "-e" "SOURCE_DIR=/opt/rustwide/workdir" "-e" "CARGO_HOME=/opt/rustwide/cargo-home" "-e" "RUSTUP_HOME=/opt/rustwide/rustup-home" "-e" "CARGO_TARGET_DIR=/opt/rustwide/target" "-e" "CARGO_INCREMENTAL=0" "-e" "RUST_BACKTRACE=full" "-e" "RUSTFLAGS=--cap-lints=warn" "-e" "RUSTDOCFLAGS=--cap-lints=warn" "-w" "/opt/rustwide/workdir" "--user" "0:0" "49cf04ca0638b5dbc9091f2f33d4decf1f06193ee7415755aa4a9f70ea4de667" "/opt/rustwide/cargo-home/bin/cargo" "+1.100.0-beta.1" "test" "--frozen" "--no-run" "--message-format=json", kill_on_drop: false }`
[INFO] [stderr]    Compiling zerocopy v0.8.55
[INFO] [stderr]    Compiling either v1.17.0
[INFO] [stderr]    Compiling zerocopy-derive v0.8.55
[INFO] [stderr]    Compiling serde_derive v1.0.229
[INFO] [stderr]    Compiling cc v1.4.0
[INFO] [stderr]    Compiling log v0.4.33
[INFO] [stderr]    Compiling thiserror-impl v2.0.19
[INFO] [stderr]    Compiling clap_builder v4.6.2
[INFO] [stderr]    Compiling serde_json v1.0.151
[INFO] [stderr]    Compiling plotters v0.3.7
[INFO] [stderr]    Compiling tokio-macros v2.7.2
[INFO] [stderr]    Compiling page_size v0.6.0
[INFO] [stderr]    Compiling mio v1.2.2
[INFO] [stderr]    Compiling quickcheck_macros v1.2.0
[INFO] [stderr]    Compiling env_filter v2.0.0
[INFO] [stderr]    Compiling rayon v1.12.0
[INFO] [stderr]    Compiling itertools v0.13.0
[INFO] [stderr]    Compiling env_logger v0.11.11
[INFO] [stderr]    Compiling tokio v1.53.1
[INFO] [stderr]    Compiling quickcheck v1.1.0
[INFO] [stderr]    Compiling alloca v0.4.0
[INFO] [stderr]    Compiling thiserror v2.0.19
[INFO] [stderr]    Compiling criterion-plot v0.8.2
[INFO] [stderr]    Compiling clap v4.6.4
[INFO] [stderr]    Compiling serde v1.0.229
[INFO] [stderr]    Compiling chrono v0.4.45
[INFO] [stderr]    Compiling tinytemplate v1.2.1
[INFO] [stderr]    Compiling ndarray v0.17.2
[INFO] [stderr]    Compiling ppv-lite86 v0.2.21
[INFO] [stderr]    Compiling half v2.7.1
[INFO] [stderr]    Compiling ciborium-ll v0.2.2
[INFO] [stderr]    Compiling rand_chacha v0.3.1
[INFO] [stderr]    Compiling rand_chacha v0.9.0
[INFO] [stderr]    Compiling rand_chacha v0.10.0
[INFO] [stderr]    Compiling ciborium v0.2.2
[INFO] [stderr]    Compiling rand v0.9.5
[INFO] [stderr]    Compiling rand v0.8.7
[INFO] [stderr]    Compiling rand_distr v0.5.1
[INFO] [stderr]    Compiling criterion v0.8.2
[INFO] [stderr]    Compiling rand_distr v0.4.3
[INFO] [stderr]    Compiling ndarray-rand v0.16.0
[INFO] [stderr]    Compiling nalgebra v0.33.3
[INFO] [stderr]    Compiling statrs v0.18.0
[INFO] [stderr]    Compiling scirs2-core v0.6.5
[INFO] [stderr]    Compiling scirs2-special v0.6.5 (/opt/rustwide/workdir)
[INFO] [stdout] warning: use of deprecated constant `std::f64::MIN_POSITIVE`: replaced by the `MIN_POSITIVE` associated constant on `f64`
[INFO] [stdout]    --> src/edge_case_tests.rs:208:31
[INFO] [stdout]     |
[INFO] [stdout] 208 |     let subnormalinput = f64::MIN_POSITIVE / 2.0;
[INFO] [stdout]     |                               ^^^^^^^^^^^^
[INFO] [stdout]     |
[INFO] [stdout]     = note: `#[warn(deprecated)]` on by default
[INFO] [stdout] 
[INFO] [stdout] 
[INFO] [stdout] warning: use of deprecated constant `std::f64::INFINITY`: replaced by the `INFINITY` associated constant on `f64`
[INFO] [stdout]    --> src/edge_case_tests.rs:374:15
[INFO] [stdout]     |
[INFO] [stdout] 374 |         (f64::INFINITY, 1.0, "erf(∞) = 1"),
[INFO] [stdout]     |               ^^^^^^^^
[INFO] [stdout] 
[INFO] [stdout] 
[INFO] [stdout] warning: use of deprecated constant `std::f64::NEG_INFINITY`: replaced by the `NEG_INFINITY` associated constant on `f64`
[INFO] [stdout]    --> src/edge_case_tests.rs:375:15
[INFO] [stdout]     |
[INFO] [stdout] 375 |         (f64::NEG_INFINITY, -1.0, "erf(-∞) = -1"),
[INFO] [stdout]     |               ^^^^^^^^^^^^
[INFO] [stdout] 
[INFO] [stdout] 
[INFO] [stdout] warning: use of deprecated constant `std::f64::MAX`: replaced by the `MAX` associated constant on `f64`
[INFO] [stdout]    --> src/gamma/approximations.rs:194:31
[INFO] [stdout]     |
[INFO] [stdout] 194 |             F::from(std::f64::MAX.ln() * 0.9).expect("Operation failed")
[INFO] [stdout]     |                               ^^^
[INFO] [stdout] 
[INFO] [stdout] 
[INFO] [stdout] warning: use of deprecated constant `std::f64::MIN`: replaced by the `MIN` associated constant on `f64`
[INFO] [stdout]    --> src/gamma/approximations.rs:196:31
[INFO] [stdout]     |
[INFO] [stdout] 196 |             F::from(std::f64::MIN.ln() * 0.9).expect("Operation failed")
[INFO] [stdout]     |                               ^^^
[INFO] [stdout] 
[INFO] [stdout] 
[INFO] [stdout] warning: use of deprecated constant `std::f64::MAX`: replaced by the `MAX` associated constant on `f64`
[INFO] [stdout]    --> src/gamma/beta.rs:271:33
[INFO] [stdout]     |
[INFO] [stdout] 271 |             < F::from(std::f64::MAX.ln() * 0.9).expect("Failed to convert to target float type")
[INFO] [stdout]     |                                 ^^^
[INFO] [stdout] 
[INFO] [stdout] 
[INFO] [stdout] warning: use of deprecated constant `std::f64::MAX`: replaced by the `MAX` associated constant on `f64`
[INFO] [stdout]    --> src/gamma/beta.rs:567:29
[INFO] [stdout]     |
[INFO] [stdout] 567 |         < F::from(std::f64::MAX.ln() * 0.9).expect("Failed to convert to target float type")
[INFO] [stdout]     |                             ^^^
[INFO] [stdout] 
[INFO] [stdout] 
[INFO] [stdout] warning: use of deprecated constant `std::f64::MAX`: replaced by the `MAX` associated constant on `f64`
[INFO] [stdout]    --> src/gamma/core.rs:194:51
[INFO] [stdout]     |
[INFO] [stdout] 194 |                 if log_result < F::from(std::f64::MAX.ln() * 0.9).expect("Operation failed") {
[INFO] [stdout]     |                                                   ^^^
[INFO] [stdout] 
[INFO] [stdout] 
[INFO] [stdout] warning: use of deprecated constant `std::f64::MAX`: replaced by the `MAX` associated constant on `f64`
[INFO] [stdout]    --> src/gamma/core.rs:211:51
[INFO] [stdout]     |
[INFO] [stdout] 211 |                 if log_result < F::from(std::f64::MAX.ln() * 0.9).expect("Operation failed") {
[INFO] [stdout]     |                                                   ^^^
[INFO] [stdout] 
[INFO] [stdout] 
[INFO] [stdout] warning: use of deprecated constant `std::f64::MAX`: replaced by the `MAX` associated constant on `f64`
[INFO] [stdout]   --> src/gamma/enhanced.rs:86:49
[INFO] [stdout]    |
[INFO] [stdout] 86 |         if log_gamma > const_f64::<F>(std::f64::MAX.ln() * 0.9) {
[INFO] [stdout]    |                                                 ^^^
[INFO] [stdout] 
[INFO] [stdout] 
[INFO] [stdout] warning: use of deprecated constant `std::f64::MAX`: replaced by the `MAX` associated constant on `f64`
[INFO] [stdout]    --> src/gamma/enhanced.rs:140:49
[INFO] [stdout]     |
[INFO] [stdout] 140 |         if log_gamma > const_f64::<F>(std::f64::MAX.ln() * 0.9) {
[INFO] [stdout]     |                                                 ^^^
[INFO] [stdout] 
[INFO] [stdout] 
[INFO] [stdout] warning: use of deprecated constant `std::f64::MAX`: replaced by the `MAX` associated constant on `f64`
[INFO] [stdout]    --> src/gamma/enhanced.rs:267:45
[INFO] [stdout]     |
[INFO] [stdout] 267 |     if log_gamma > const_f64::<F>(std::f64::MAX.ln() * 0.9) {
[INFO] [stdout]     |                                             ^^^
[INFO] [stdout] 
[INFO] [stdout] 
[INFO] [stdout] warning: use of deprecated constant `std::f64::MAX`: replaced by the `MAX` associated constant on `f64`
[INFO] [stdout]    --> src/gamma/enhanced.rs:460:45
[INFO] [stdout]     |
[INFO] [stdout] 460 |     if log_ratio > const_f64::<F>(std::f64::MAX.ln() * 0.9) {
[INFO] [stdout]     |                                             ^^^
[INFO] [stdout] 
[INFO] [stdout] 
[INFO] [stdout] warning: use of deprecated constant `std::f64::MIN`: replaced by the `MIN` associated constant on `f64`
[INFO] [stdout]    --> src/gamma/enhanced.rs:463:45
[INFO] [stdout]     |
[INFO] [stdout] 463 |     if log_ratio < const_f64::<F>(std::f64::MIN.ln() * 0.9) {
[INFO] [stdout]     |                                             ^^^
[INFO] [stdout] 
[INFO] [stdout] 
[INFO] [stdout] warning: use of deprecated constant `std::f64::MAX`: replaced by the `MAX` associated constant on `f64`
[INFO] [stdout]   --> src/gamma/utils.rs:36:39
[INFO] [stdout]    |
[INFO] [stdout] 36 |     if log_result < F::from(std::f64::MAX.ln() * 0.9).expect("Operation failed") {
[INFO] [stdout]    |                                       ^^^
[INFO] [stdout] 
[INFO] [stdout] 
[INFO] [stdout] warning: use of deprecated constant `std::f64::MAX`: replaced by the `MAX` associated constant on `f64`
[INFO] [stdout]   --> src/gamma/utils.rs:67:39
[INFO] [stdout]    |
[INFO] [stdout] 67 |     if log_result < F::from(std::f64::MAX.ln() * 0.9).expect("Operation failed") {
[INFO] [stdout]    |                                       ^^^
[INFO] [stdout] 
[INFO] [stdout] 
[INFO] [stdout] warning: use of deprecated constant `std::f64::INFINITY`: replaced by the `INFINITY` associated constant on `f64`
[INFO] [stdout]   --> src/precision.rs:58:18
[INFO] [stdout]    |
[INFO] [stdout] 58 |             f64::INFINITY
[INFO] [stdout]    |                  ^^^^^^^^
[INFO] [stdout] 
[INFO] [stdout] 
[INFO] [stdout] warning: use of deprecated constant `std::f64::MIN_POSITIVE`: replaced by the `MIN_POSITIVE` associated constant on `f64`
[INFO] [stdout]   --> src/precision.rs:76:21
[INFO] [stdout]    |
[INFO] [stdout] 76 |         if x < f64::MIN_POSITIVE {
[INFO] [stdout]    |                     ^^^^^^^^^^^^
[INFO] [stdout] 
[INFO] [stdout] 
[INFO] [stdout] warning: use of deprecated constant `std::f64::NEG_INFINITY`: replaced by the `NEG_INFINITY` associated constant on `f64`
[INFO] [stdout]   --> src/precision.rs:77:28
[INFO] [stdout]    |
[INFO] [stdout] 77 |             return Ok(f64::NEG_INFINITY);
[INFO] [stdout]    |                            ^^^^^^^^^^^^
[INFO] [stdout] 
[INFO] [stdout] 
[INFO] [stdout] warning: use of deprecated constant `std::f64::INFINITY`: replaced by the `INFINITY` associated constant on `f64`
[INFO] [stdout]   --> src/precision.rs:92:28
[INFO] [stdout]    |
[INFO] [stdout] 92 |             return Ok(f64::INFINITY);
[INFO] [stdout]    |                            ^^^^^^^^
[INFO] [stdout] 
[INFO] [stdout] 
[INFO] [stdout] warning: use of deprecated constant `std::f64::INFINITY`: replaced by the `INFINITY` associated constant on `f64`
[INFO] [stdout]    --> src/precision.rs:103:22
[INFO] [stdout]     |
[INFO] [stdout] 103 |                 f64::INFINITY
[INFO] [stdout]     |                      ^^^^^^^^
[INFO] [stdout] 
[INFO] [stdout] 
[INFO] [stdout] warning: use of deprecated constant `std::f64::NEG_INFINITY`: replaced by the `NEG_INFINITY` associated constant on `f64`
[INFO] [stdout]    --> src/precision.rs:105:22
[INFO] [stdout]     |
[INFO] [stdout] 105 |                 f64::NEG_INFINITY
[INFO] [stdout]     |                      ^^^^^^^^^^^^
[INFO] [stdout] 
[INFO] [stdout] 
[INFO] [stdout] warning: use of deprecated constant `std::f64::INFINITY`: replaced by the `INFINITY` associated constant on `f64`
[INFO] [stdout]    --> src/precision.rs:122:22
[INFO] [stdout]     |
[INFO] [stdout] 122 |                 f64::INFINITY
[INFO] [stdout]     |                      ^^^^^^^^
[INFO] [stdout] 
[INFO] [stdout] 
[INFO] [stdout] warning: use of deprecated constant `std::f64::NEG_INFINITY`: replaced by the `NEG_INFINITY` associated constant on `f64`
[INFO] [stdout]    --> src/precision.rs:124:22
[INFO] [stdout]     |
[INFO] [stdout] 124 |                 f64::NEG_INFINITY
[INFO] [stdout]     |                      ^^^^^^^^^^^^
[INFO] [stdout] 
[INFO] [stdout] 
[INFO] [stdout] warning: use of deprecated constant `std::f64::NAN`: replaced by the `NAN` associated constant on `f64`
[INFO] [stdout]    --> src/precision.rs:153:25
[INFO] [stdout]     |
[INFO] [stdout] 153 |             return f64::NAN;
[INFO] [stdout]     |                         ^^^
[INFO] [stdout] 
[INFO] [stdout] 
[INFO] [stdout] warning: use of deprecated constant `std::f64::INFINITY`: replaced by the `INFINITY` associated constant on `f64`
[INFO] [stdout]    --> src/precision.rs:206:25
[INFO] [stdout]     |
[INFO] [stdout] 206 |             return f64::INFINITY;
[INFO] [stdout]     |                         ^^^^^^^^
[INFO] [stdout] 
[INFO] [stdout] 
[INFO] [stdout] warning: use of deprecated constant `std::f64::INFINITY`: replaced by the `INFINITY` associated constant on `f64`
[INFO] [stdout]    --> src/precision.rs:236:60
[INFO] [stdout]     |
[INFO] [stdout] 236 |         result * safe_ops::safe_pow(2.0, n).unwrap_or(f64::INFINITY)
[INFO] [stdout]     |                                                            ^^^^^^^^
[INFO] [stdout] 
[INFO] [stdout] 
[INFO] [stdout] warning: use of deprecated constant `std::f64::INFINITY`: replaced by the `INFINITY` associated constant on `f64`
[INFO] [stdout]    --> src/stability_analysis.rs:129:48
[INFO] [stdout]     |
[INFO] [stdout] 129 |                         condition_number: f64::INFINITY,
[INFO] [stdout]     |                                                ^^^^^^^^
[INFO] [stdout] 
[INFO] [stdout] 
[INFO] [stdout] warning: use of deprecated constant `std::f64::NEG_INFINITY`: replaced by the `NEG_INFINITY` associated constant on `f64`
[INFO] [stdout]    --> src/stability_analysis.rs:203:70
[INFO] [stdout]     |
[INFO] [stdout] 203 |             max_relative_error: rel_errors.iter().cloned().fold(f64::NEG_INFINITY, f64::max),
[INFO] [stdout]     |                                                                      ^^^^^^^^^^^^
[INFO] [stdout] 
[INFO] [stdout] 
[INFO] [stdout] warning: use of deprecated constant `std::f64::NEG_INFINITY`: replaced by the `NEG_INFINITY` associated constant on `f64`
[INFO] [stdout]    --> src/stability_analysis.rs:205:70
[INFO] [stdout]     |
[INFO] [stdout] 205 |             max_absolute_error: abs_errors.iter().cloned().fold(f64::NEG_INFINITY, f64::max),
[INFO] [stdout]     |                                                                      ^^^^^^^^^^^^
[INFO] [stdout] 
[INFO] [stdout] 
[INFO] [stdout] error: linking with `cc` failed: exit status: 1
[INFO] [stdout]   |
[INFO] [stdout]   = note:  "cc" "-m64" "/opt/rustwide/target/debug/build/scirs2-special/6eb13df4d1da53b8/out/rustcNHGdbr/symbols.o" "<2 object files omitted>" "-Wl,--as-needed" "-Wl,-Bstatic" "/opt/rustwide/target/debug/build/scirs2-special/dc5f138cc8f30cb4/out/libscirs2_special-dc5f138cc8f30cb4.rlib" "/opt/rustwide/target/debug/build/lazy_static/3674be3f4245d19b/out/liblazy_static-3674be3f4245d19b.rlib" "/opt/rustwide/target/debug/build/scirs2-core/99fe439bf497868a/out/libscirs2_core-99fe439bf497868a.rlib" "/opt/rustwide/target/debug/build/libloading/c1173a127e680799/out/liblibloading-c1173a127e680799.rlib" "/opt/rustwide/target/debug/build/uuid/35e77a8505a51460/out/libuuid-35e77a8505a51460.rlib" "/opt/rustwide/target/debug/build/chrono/23b2aa6ae7d0b62f/out/libchrono-23b2aa6ae7d0b62f.rlib" "/opt/rustwide/target/debug/build/iana-time-zone/bcd81aefedc374a6/out/libiana_time_zone-bcd81aefedc374a6.rlib" "/opt/rustwide/target/debug/build/regex/818aa96f598bdf4a/out/libregex-818aa96f598bdf4a.rlib" "/opt/rustwide/target/debug/build/regex-automata/a3a706a38c9d5926/out/libregex_automata-a3a706a38c9d5926.rlib" "/opt/rustwide/target/debug/build/aho-corasick/5b74fb32056a7cd4/out/libaho_corasick-5b74fb32056a7cd4.rlib" "/opt/rustwide/target/debug/build/memchr/efcaf924912fba01/out/libmemchr-efcaf924912fba01.rlib" "/opt/rustwide/target/debug/build/regex-syntax/801391c65a42f645/out/libregex_syntax-801391c65a42f645.rlib" "/opt/rustwide/target/debug/build/rand_chacha/195f644a5cdc66e3/out/librand_chacha-195f644a5cdc66e3.rlib" "/opt/rustwide/target/debug/build/rand_distr/4e201984ea642193/out/librand_distr-4e201984ea642193.rlib" "/opt/rustwide/target/debug/build/ndarray-rand/9f156cd7913c09c2/out/libndarray_rand-9f156cd7913c09c2.rlib" "/opt/rustwide/target/debug/build/rand_distr/8a85b82f84943a14/out/librand_distr-8a85b82f84943a14.rlib" "/opt/rustwide/target/debug/build/rand/29bc6d2c243aaf37/out/librand-29bc6d2c243aaf37.rlib" "/opt/rustwide/target/debug/build/rand_chacha/a1af43c8eceffbd0/out/librand_chacha-a1af43c8eceffbd0.rlib" "/opt/rustwide/target/debug/build/ppv-lite86/619ef2932c7207e4/out/libppv_lite86-619ef2932c7207e4.rlib" "/opt/rustwide/target/debug/build/zerocopy/f878fc003d02af40/out/libzerocopy-f878fc003d02af40.rlib" "/opt/rustwide/target/debug/build/rand_core/c83eaed7defe7a9e/out/librand_core-c83eaed7defe7a9e.rlib" "/opt/rustwide/target/debug/build/getrandom/1e62ef079fef2f0f/out/libgetrandom-1e62ef079fef2f0f.rlib" "/opt/rustwide/target/debug/build/once_cell/b5bdc597ed9676b3/out/libonce_cell-b5bdc597ed9676b3.rlib" "/opt/rustwide/target/debug/build/thiserror/f28087a514528c1b/out/libthiserror-f28087a514528c1b.rlib" "/opt/rustwide/target/debug/build/rand/601ff97e0549dec9/out/librand-601ff97e0549dec9.rlib" "/opt/rustwide/target/debug/build/getrandom/3a9f4f85abb82670/out/libgetrandom-3a9f4f85abb82670.rlib" "/opt/rustwide/target/debug/build/libc/32464e1b8391e223/out/liblibc-32464e1b8391e223.rlib" "/opt/rustwide/target/debug/build/chacha20/e4b0a29c0ef77b5a/out/libchacha20-e4b0a29c0ef77b5a.rlib" "/opt/rustwide/target/debug/build/cpufeatures/6c1f78f4142e3013/out/libcpufeatures-6c1f78f4142e3013.rlib" "/opt/rustwide/target/debug/build/cfg-if/83060ec5685761ae/out/libcfg_if-83060ec5685761ae.rlib" "/opt/rustwide/target/debug/build/rand_core/8437d288e8d1265c/out/librand_core-8437d288e8d1265c.rlib" "/opt/rustwide/target/debug/build/ndarray/3897f6a134a506fb/out/libndarray-3897f6a134a506fb.rlib" "/opt/rustwide/target/debug/build/matrixmultiply/17c067afaaf4c5dd/out/libmatrixmultiply-17c067afaaf4c5dd.rlib" "/opt/rustwide/target/debug/build/approx/12f756f82b776f43/out/libapprox-12f756f82b776f43.rlib" "/opt/rustwide/target/debug/build/num-complex/b2e69df1bf950a13/out/libnum_complex-b2e69df1bf950a13.rlib" "/opt/rustwide/target/debug/build/rayon/91504a098ed0bd84/out/librayon-91504a098ed0bd84.rlib" "/opt/rustwide/target/debug/build/rayon-core/2b05a47079fb6784/out/librayon_core-2b05a47079fb6784.rlib" "/opt/rustwide/target/debug/build/crossbeam-deque/ab4d4399874b641c/out/libcrossbeam_deque-ab4d4399874b641c.rlib" "/opt/rustwide/target/debug/build/crossbeam-epoch/2423a31cfca6a5f9/out/libcrossbeam_epoch-2423a31cfca6a5f9.rlib" "/opt/rustwide/target/debug/build/crossbeam-utils/982526929d4ea68a/out/libcrossbeam_utils-982526929d4ea68a.rlib" "/opt/rustwide/target/debug/build/either/2799ee1e07c29ad1/out/libeither-2799ee1e07c29ad1.rlib" "/opt/rustwide/target/debug/build/num-integer/e2fa663b540871f8/out/libnum_integer-e2fa663b540871f8.rlib" "/opt/rustwide/target/debug/build/num-traits/68e0d171d32a4dd9/out/libnum_traits-68e0d171d32a4dd9.rlib" "/opt/rustwide/target/debug/build/rawpointer/10d892ea69c462d6/out/librawpointer-10d892ea69c462d6.rlib" "/opt/rustwide/target/debug/build/serde/6b8e623b2bd3b0e4/out/libserde-6b8e623b2bd3b0e4.rlib" "/opt/rustwide/target/debug/build/serde_core/1024909fd700b20f/out/libserde_core-1024909fd700b20f.rlib" "<sysroot>/lib/rustlib/x86_64-unknown-linux-gnu/lib/{libstd-*,libpanic_unwind-*,libobject-*,libmemchr-*,libaddr2line-*,libgimli-*,libcfg_if-*,librustc_demangle-*,libstd_detect-*,libhashbrown-*,librustc_std_workspace_alloc-*,libminiz_oxide-*,libadler2-*,libunwind-*,liblibc-*,librustc_std_workspace_core-*,liballoc-*,libcore-*,libcompiler_builtins-*}.rlib" "-Wl,-Bdynamic" "-ldl" "-lgcc_s" "-lutil" "-lrt" "-lpthread" "-lm" "-ldl" "-lc" "-L" "/opt/rustwide/target/debug/build/scirs2-special/6eb13df4d1da53b8/out/rustcNHGdbr/raw-dylibs" "-B<sysroot>/lib/rustlib/x86_64-unknown-linux-gnu/bin/gcc-ld" "-fuse-ld=lld" "-Wl,--eh-frame-hdr" "-Wl,-z,noexecstack" "-L" "/opt/rustwide/target/debug/build/alloca/75e6c9006bce31c1/out" "-L" "<sysroot>/lib/rustlib/x86_64-unknown-linux-gnu/lib" "-o" "/opt/rustwide/target/debug/build/scirs2-special/6eb13df4d1da53b8/out/tutorial_special" "-Wl,--gc-sections" "-pie" "-Wl,-z,relro,-z,now" "-nodefaultlibs"
[INFO] [stdout]   = note: some arguments are omitted. use `--verbose` to show all linker arguments
[INFO] [stdout]   = note: collect2: fatal error: ld terminated with signal 9 [Killed]
[INFO] [stdout]           compilation terminated.
[INFO] [stdout]           
[INFO] [stdout] 
[INFO] [stdout] 
[INFO] [stdout] error: linking with `cc` failed: exit status: 1
[INFO] [stdout]   |
[INFO] [stdout]   = note:  "cc" "-m64" "/opt/rustwide/target/debug/build/scirs2-special/f9ce2f8bd5fad6ff/out/rustcc9itb7/symbols.o" "<2 object files omitted>" "-Wl,--as-needed" "-Wl,-Bstatic" "/opt/rustwide/target/debug/build/scirs2-special/dc5f138cc8f30cb4/out/libscirs2_special-dc5f138cc8f30cb4.rlib" "/opt/rustwide/target/debug/build/lazy_static/3674be3f4245d19b/out/liblazy_static-3674be3f4245d19b.rlib" "/opt/rustwide/target/debug/build/scirs2-core/99fe439bf497868a/out/libscirs2_core-99fe439bf497868a.rlib" "/opt/rustwide/target/debug/build/libloading/c1173a127e680799/out/liblibloading-c1173a127e680799.rlib" "/opt/rustwide/target/debug/build/uuid/35e77a8505a51460/out/libuuid-35e77a8505a51460.rlib" "/opt/rustwide/target/debug/build/chrono/23b2aa6ae7d0b62f/out/libchrono-23b2aa6ae7d0b62f.rlib" "/opt/rustwide/target/debug/build/iana-time-zone/bcd81aefedc374a6/out/libiana_time_zone-bcd81aefedc374a6.rlib" "/opt/rustwide/target/debug/build/regex/818aa96f598bdf4a/out/libregex-818aa96f598bdf4a.rlib" "/opt/rustwide/target/debug/build/regex-automata/a3a706a38c9d5926/out/libregex_automata-a3a706a38c9d5926.rlib" "/opt/rustwide/target/debug/build/aho-corasick/5b74fb32056a7cd4/out/libaho_corasick-5b74fb32056a7cd4.rlib" "/opt/rustwide/target/debug/build/memchr/efcaf924912fba01/out/libmemchr-efcaf924912fba01.rlib" "/opt/rustwide/target/debug/build/regex-syntax/801391c65a42f645/out/libregex_syntax-801391c65a42f645.rlib" "/opt/rustwide/target/debug/build/rand_chacha/195f644a5cdc66e3/out/librand_chacha-195f644a5cdc66e3.rlib" "/opt/rustwide/target/debug/build/rand_distr/4e201984ea642193/out/librand_distr-4e201984ea642193.rlib" "/opt/rustwide/target/debug/build/ndarray-rand/9f156cd7913c09c2/out/libndarray_rand-9f156cd7913c09c2.rlib" "/opt/rustwide/target/debug/build/rand_distr/8a85b82f84943a14/out/librand_distr-8a85b82f84943a14.rlib" "/opt/rustwide/target/debug/build/rand/29bc6d2c243aaf37/out/librand-29bc6d2c243aaf37.rlib" "/opt/rustwide/target/debug/build/rand_chacha/a1af43c8eceffbd0/out/librand_chacha-a1af43c8eceffbd0.rlib" "/opt/rustwide/target/debug/build/ppv-lite86/619ef2932c7207e4/out/libppv_lite86-619ef2932c7207e4.rlib" "/opt/rustwide/target/debug/build/zerocopy/f878fc003d02af40/out/libzerocopy-f878fc003d02af40.rlib" "/opt/rustwide/target/debug/build/rand_core/c83eaed7defe7a9e/out/librand_core-c83eaed7defe7a9e.rlib" "/opt/rustwide/target/debug/build/getrandom/1e62ef079fef2f0f/out/libgetrandom-1e62ef079fef2f0f.rlib" "/opt/rustwide/target/debug/build/once_cell/b5bdc597ed9676b3/out/libonce_cell-b5bdc597ed9676b3.rlib" "/opt/rustwide/target/debug/build/thiserror/f28087a514528c1b/out/libthiserror-f28087a514528c1b.rlib" "/opt/rustwide/target/debug/build/rand/601ff97e0549dec9/out/librand-601ff97e0549dec9.rlib" "/opt/rustwide/target/debug/build/getrandom/3a9f4f85abb82670/out/libgetrandom-3a9f4f85abb82670.rlib" "/opt/rustwide/target/debug/build/libc/32464e1b8391e223/out/liblibc-32464e1b8391e223.rlib" "/opt/rustwide/target/debug/build/chacha20/e4b0a29c0ef77b5a/out/libchacha20-e4b0a29c0ef77b5a.rlib" "/opt/rustwide/target/debug/build/cpufeatures/6c1f78f4142e3013/out/libcpufeatures-6c1f78f4142e3013.rlib" "/opt/rustwide/target/debug/build/cfg-if/83060ec5685761ae/out/libcfg_if-83060ec5685761ae.rlib" "/opt/rustwide/target/debug/build/rand_core/8437d288e8d1265c/out/librand_core-8437d288e8d1265c.rlib" "/opt/rustwide/target/debug/build/ndarray/3897f6a134a506fb/out/libndarray-3897f6a134a506fb.rlib" "/opt/rustwide/target/debug/build/matrixmultiply/17c067afaaf4c5dd/out/libmatrixmultiply-17c067afaaf4c5dd.rlib" "/opt/rustwide/target/debug/build/approx/12f756f82b776f43/out/libapprox-12f756f82b776f43.rlib" "/opt/rustwide/target/debug/build/num-complex/b2e69df1bf950a13/out/libnum_complex-b2e69df1bf950a13.rlib" "/opt/rustwide/target/debug/build/rayon/91504a098ed0bd84/out/librayon-91504a098ed0bd84.rlib" "/opt/rustwide/target/debug/build/rayon-core/2b05a47079fb6784/out/librayon_core-2b05a47079fb6784.rlib" "/opt/rustwide/target/debug/build/crossbeam-deque/ab4d4399874b641c/out/libcrossbeam_deque-ab4d4399874b641c.rlib" "/opt/rustwide/target/debug/build/crossbeam-epoch/2423a31cfca6a5f9/out/libcrossbeam_epoch-2423a31cfca6a5f9.rlib" "/opt/rustwide/target/debug/build/crossbeam-utils/982526929d4ea68a/out/libcrossbeam_utils-982526929d4ea68a.rlib" "/opt/rustwide/target/debug/build/either/2799ee1e07c29ad1/out/libeither-2799ee1e07c29ad1.rlib" "/opt/rustwide/target/debug/build/num-integer/e2fa663b540871f8/out/libnum_integer-e2fa663b540871f8.rlib" "/opt/rustwide/target/debug/build/num-traits/68e0d171d32a4dd9/out/libnum_traits-68e0d171d32a4dd9.rlib" "/opt/rustwide/target/debug/build/rawpointer/10d892ea69c462d6/out/librawpointer-10d892ea69c462d6.rlib" "/opt/rustwide/target/debug/build/serde/6b8e623b2bd3b0e4/out/libserde-6b8e623b2bd3b0e4.rlib" "/opt/rustwide/target/debug/build/serde_core/1024909fd700b20f/out/libserde_core-1024909fd700b20f.rlib" "<sysroot>/lib/rustlib/x86_64-unknown-linux-gnu/lib/{libstd-*,libpanic_unwind-*,libobject-*,libmemchr-*,libaddr2line-*,libgimli-*,libcfg_if-*,librustc_demangle-*,libstd_detect-*,libhashbrown-*,librustc_std_workspace_alloc-*,libminiz_oxide-*,libadler2-*,libunwind-*,liblibc-*,librustc_std_workspace_core-*,liballoc-*,libcore-*,libcompiler_builtins-*}.rlib" "-Wl,-Bdynamic" "-ldl" "-lgcc_s" "-lutil" "-lrt" "-lpthread" "-lm" "-ldl" "-lc" "-L" "/opt/rustwide/target/debug/build/scirs2-special/f9ce2f8bd5fad6ff/out/rustcc9itb7/raw-dylibs" "-B<sysroot>/lib/rustlib/x86_64-unknown-linux-gnu/bin/gcc-ld" "-fuse-ld=lld" "-Wl,--eh-frame-hdr" "-Wl,-z,noexecstack" "-L" "/opt/rustwide/target/debug/build/alloca/75e6c9006bce31c1/out" "-L" "<sysroot>/lib/rustlib/x86_64-unknown-linux-gnu/lib" "-o" "/opt/rustwide/target/debug/build/scirs2-special/f9ce2f8bd5fad6ff/out/elliptic_functions" "-Wl,--gc-sections" "-pie" "-Wl,-z,relro,-z,now" "-nodefaultlibs"
[INFO] [stdout]   = note: some arguments are omitted. use `--verbose` to show all linker arguments
[INFO] [stdout]   = note: collect2: fatal error: ld terminated with signal 9 [Killed]
[INFO] [stdout]           compilation terminated.
[INFO] [stdout]           
[INFO] [stdout] 
[INFO] [stdout] 
[INFO] [stdout] error: linking with `cc` failed: exit status: 1
[INFO] [stdout]   |
[INFO] [stdout]   = note:  "cc" "-m64" "/opt/rustwide/target/debug/build/scirs2-special/626dc6813dc3a509/out/rustcG86MuP/symbols.o" "<2 object files omitted>" "-Wl,--as-needed" "-Wl,-Bstatic" "/opt/rustwide/target/debug/build/scirs2-special/dc5f138cc8f30cb4/out/libscirs2_special-dc5f138cc8f30cb4.rlib" "/opt/rustwide/target/debug/build/lazy_static/3674be3f4245d19b/out/liblazy_static-3674be3f4245d19b.rlib" "/opt/rustwide/target/debug/build/scirs2-core/99fe439bf497868a/out/libscirs2_core-99fe439bf497868a.rlib" "/opt/rustwide/target/debug/build/libloading/c1173a127e680799/out/liblibloading-c1173a127e680799.rlib" "/opt/rustwide/target/debug/build/uuid/35e77a8505a51460/out/libuuid-35e77a8505a51460.rlib" "/opt/rustwide/target/debug/build/chrono/23b2aa6ae7d0b62f/out/libchrono-23b2aa6ae7d0b62f.rlib" "/opt/rustwide/target/debug/build/iana-time-zone/bcd81aefedc374a6/out/libiana_time_zone-bcd81aefedc374a6.rlib" "/opt/rustwide/target/debug/build/regex/818aa96f598bdf4a/out/libregex-818aa96f598bdf4a.rlib" "/opt/rustwide/target/debug/build/regex-automata/a3a706a38c9d5926/out/libregex_automata-a3a706a38c9d5926.rlib" "/opt/rustwide/target/debug/build/aho-corasick/5b74fb32056a7cd4/out/libaho_corasick-5b74fb32056a7cd4.rlib" "/opt/rustwide/target/debug/build/memchr/efcaf924912fba01/out/libmemchr-efcaf924912fba01.rlib" "/opt/rustwide/target/debug/build/regex-syntax/801391c65a42f645/out/libregex_syntax-801391c65a42f645.rlib" "/opt/rustwide/target/debug/build/rand_chacha/195f644a5cdc66e3/out/librand_chacha-195f644a5cdc66e3.rlib" "/opt/rustwide/target/debug/build/rand_distr/4e201984ea642193/out/librand_distr-4e201984ea642193.rlib" "/opt/rustwide/target/debug/build/ndarray-rand/9f156cd7913c09c2/out/libndarray_rand-9f156cd7913c09c2.rlib" "/opt/rustwide/target/debug/build/rand_distr/8a85b82f84943a14/out/librand_distr-8a85b82f84943a14.rlib" "/opt/rustwide/target/debug/build/rand/29bc6d2c243aaf37/out/librand-29bc6d2c243aaf37.rlib" "/opt/rustwide/target/debug/build/rand_chacha/a1af43c8eceffbd0/out/librand_chacha-a1af43c8eceffbd0.rlib" "/opt/rustwide/target/debug/build/ppv-lite86/619ef2932c7207e4/out/libppv_lite86-619ef2932c7207e4.rlib" "/opt/rustwide/target/debug/build/zerocopy/f878fc003d02af40/out/libzerocopy-f878fc003d02af40.rlib" "/opt/rustwide/target/debug/build/rand_core/c83eaed7defe7a9e/out/librand_core-c83eaed7defe7a9e.rlib" "/opt/rustwide/target/debug/build/getrandom/1e62ef079fef2f0f/out/libgetrandom-1e62ef079fef2f0f.rlib" "/opt/rustwide/target/debug/build/once_cell/b5bdc597ed9676b3/out/libonce_cell-b5bdc597ed9676b3.rlib" "/opt/rustwide/target/debug/build/thiserror/f28087a514528c1b/out/libthiserror-f28087a514528c1b.rlib" "/opt/rustwide/target/debug/build/rand/601ff97e0549dec9/out/librand-601ff97e0549dec9.rlib" "/opt/rustwide/target/debug/build/getrandom/3a9f4f85abb82670/out/libgetrandom-3a9f4f85abb82670.rlib" "/opt/rustwide/target/debug/build/libc/32464e1b8391e223/out/liblibc-32464e1b8391e223.rlib" "/opt/rustwide/target/debug/build/chacha20/e4b0a29c0ef77b5a/out/libchacha20-e4b0a29c0ef77b5a.rlib" "/opt/rustwide/target/debug/build/cpufeatures/6c1f78f4142e3013/out/libcpufeatures-6c1f78f4142e3013.rlib" "/opt/rustwide/target/debug/build/cfg-if/83060ec5685761ae/out/libcfg_if-83060ec5685761ae.rlib" "/opt/rustwide/target/debug/build/rand_core/8437d288e8d1265c/out/librand_core-8437d288e8d1265c.rlib" "/opt/rustwide/target/debug/build/ndarray/3897f6a134a506fb/out/libndarray-3897f6a134a506fb.rlib" "/opt/rustwide/target/debug/build/matrixmultiply/17c067afaaf4c5dd/out/libmatrixmultiply-17c067afaaf4c5dd.rlib" "/opt/rustwide/target/debug/build/approx/12f756f82b776f43/out/libapprox-12f756f82b776f43.rlib" "/opt/rustwide/target/debug/build/num-complex/b2e69df1bf950a13/out/libnum_complex-b2e69df1bf950a13.rlib" "/opt/rustwide/target/debug/build/rayon/91504a098ed0bd84/out/librayon-91504a098ed0bd84.rlib" "/opt/rustwide/target/debug/build/rayon-core/2b05a47079fb6784/out/librayon_core-2b05a47079fb6784.rlib" "/opt/rustwide/target/debug/build/crossbeam-deque/ab4d4399874b641c/out/libcrossbeam_deque-ab4d4399874b641c.rlib" "/opt/rustwide/target/debug/build/crossbeam-epoch/2423a31cfca6a5f9/out/libcrossbeam_epoch-2423a31cfca6a5f9.rlib" "/opt/rustwide/target/debug/build/crossbeam-utils/982526929d4ea68a/out/libcrossbeam_utils-982526929d4ea68a.rlib" "/opt/rustwide/target/debug/build/either/2799ee1e07c29ad1/out/libeither-2799ee1e07c29ad1.rlib" "/opt/rustwide/target/debug/build/num-integer/e2fa663b540871f8/out/libnum_integer-e2fa663b540871f8.rlib" "/opt/rustwide/target/debug/build/num-traits/68e0d171d32a4dd9/out/libnum_traits-68e0d171d32a4dd9.rlib" "/opt/rustwide/target/debug/build/rawpointer/10d892ea69c462d6/out/librawpointer-10d892ea69c462d6.rlib" "/opt/rustwide/target/debug/build/serde/6b8e623b2bd3b0e4/out/libserde-6b8e623b2bd3b0e4.rlib" "/opt/rustwide/target/debug/build/serde_core/1024909fd700b20f/out/libserde_core-1024909fd700b20f.rlib" "<sysroot>/lib/rustlib/x86_64-unknown-linux-gnu/lib/{libstd-*,libpanic_unwind-*,libobject-*,libmemchr-*,libaddr2line-*,libgimli-*,libcfg_if-*,librustc_demangle-*,libstd_detect-*,libhashbrown-*,librustc_std_workspace_alloc-*,libminiz_oxide-*,libadler2-*,libunwind-*,liblibc-*,librustc_std_workspace_core-*,liballoc-*,libcore-*,libcompiler_builtins-*}.rlib" "-Wl,-Bdynamic" "-ldl" "-lgcc_s" "-lutil" "-lrt" "-lpthread" "-lm" "-ldl" "-lc" "-L" "/opt/rustwide/target/debug/build/scirs2-special/626dc6813dc3a509/out/rustcG86MuP/raw-dylibs" "-B<sysroot>/lib/rustlib/x86_64-unknown-linux-gnu/bin/gcc-ld" "-fuse-ld=lld" "-Wl,--eh-frame-hdr" "-Wl,-z,noexecstack" "-L" "/opt/rustwide/target/debug/build/alloca/75e6c9006bce31c1/out" "-L" "<sysroot>/lib/rustlib/x86_64-unknown-linux-gnu/lib" "-o" "/opt/rustwide/target/debug/build/scirs2-special/626dc6813dc3a509/out/bessel_visualization" "-Wl,--gc-sections" "-pie" "-Wl,-z,relro,-z,now" "-nodefaultlibs"
[INFO] [stdout]   = note: some arguments are omitted. use `--verbose` to show all linker arguments
[INFO] [stdout]   = note: collect2: fatal error: ld terminated with signal 9 [Killed]
[INFO] [stdout]           compilation terminated.
[INFO] [stdout]           
[INFO] [stdout] 
[INFO] [stdout] 
[INFO] [stderr] error: could not compile `scirs2-special` (example "bessel_visualization") due to 1 previous error
[INFO] [stderr] warning: build failed, waiting for other jobs to finish...
[INFO] [stderr] error: could not compile `scirs2-special` (example "tutorial_special") due to 1 previous error
[INFO] [stderr] error: could not compile `scirs2-special` (example "elliptic_functions") due to 1 previous error
[INFO] [stderr] warning: unused dependency `log`
[INFO] [stderr]   --> Cargo.toml:27:15
[INFO] [stderr]    |
[INFO] [stderr] 27 | [dependencies.log]
[INFO] [stderr]    |               ^^^^
[INFO] [stderr]    |
[INFO] [stderr]    = note: `cargo::unused_dependencies` is set to `warn` by default
[INFO] [stderr] help: consider removing the dependency on `log`
[INFO] [stderr] warning: `scirs2-special` (manifest) generated 1 warning
[INFO] running `Command { std: "docker" "inspect" "49cf04ca0638b5dbc9091f2f33d4decf1f06193ee7415755aa4a9f70ea4de667", kill_on_drop: false }`
[INFO] running `Command { std: "docker" "rm" "-f" "49cf04ca0638b5dbc9091f2f33d4decf1f06193ee7415755aa4a9f70ea4de667", kill_on_drop: false }`
[INFO] [stdout] 49cf04ca0638b5dbc9091f2f33d4decf1f06193ee7415755aa4a9f70ea4de667
