[INFO] fetching crate sc-hop 0.2.1...
[INFO] testing sc-hop-0.2.1 against 1.100.0-beta.1 for beta-1.100-2
[INFO] extracting crate sc-hop 0.2.1 into /workspace/builds/worker-7-tc2/source
[INFO] started tweaking crates.io crate sc-hop 0.2.1
[INFO] finished tweaking crates.io crate sc-hop 0.2.1
[INFO] tweaked toml for crates.io crate sc-hop 0.2.1 written to /workspace/builds/worker-7-tc2/source/Cargo.toml
[INFO] validating manifest of crates.io crate sc-hop 0.2.1 on toolchain 1.100.0-beta.1
[INFO] running `Command { std: CARGO_HOME="/workspace/cargo-home" RUSTUP_HOME="/workspace/rustup-home" "/workspace/cargo-home/bin/cargo" "+1.100.0-beta.1" "metadata" "--manifest-path" "Cargo.toml" "--no-deps", kill_on_drop: false }`
[INFO] crate crates.io crate sc-hop 0.2.1 already has a lockfile, it will not be regenerated
[INFO] running `Command { std: CARGO_HOME="/workspace/cargo-home" RUSTUP_HOME="/workspace/rustup-home" "/workspace/cargo-home/bin/cargo" "+1.100.0-beta.1" "fetch" "--manifest-path" "Cargo.toml", kill_on_drop: false }`
[INFO] [stderr] warning: Cargo.toml: `lints.clippy.borrowed-box` is deprecated in favor of `lints.clippy.borrowed_box` and will not work in a future edition
[INFO] [stderr] warning: Cargo.toml: `lints.clippy.extra-unused-type-parameters` is deprecated in favor of `lints.clippy.extra_unused_type_parameters` and will not work in a future edition
[INFO] [stderr] warning: Cargo.toml: `lints.clippy.identity-op` is deprecated in favor of `lints.clippy.identity_op` and will not work in a future edition
[INFO] [stderr] warning: Cargo.toml: `lints.clippy.if-same-then-else` is deprecated in favor of `lints.clippy.if_same_then_else` and will not work in a future edition
[INFO] [stderr] warning: Cargo.toml: `lints.clippy.needless-lifetimes` is deprecated in favor of `lints.clippy.needless_lifetimes` and will not work in a future edition
[INFO] [stderr] warning: Cargo.toml: `lints.clippy.nonminimal-bool` is deprecated in favor of `lints.clippy.nonminimal_bool` and will not work in a future edition
[INFO] [stderr] warning: Cargo.toml: `lints.clippy.option-map-unit-fn` is deprecated in favor of `lints.clippy.option_map_unit_fn` and will not work in a future edition
[INFO] [stderr] warning: Cargo.toml: `lints.clippy.too-many-arguments` is deprecated in favor of `lints.clippy.too_many_arguments` and will not work in a future edition
[INFO] [stderr] warning: Cargo.toml: `lints.clippy.zero-prefixed-literal` is deprecated in favor of `lints.clippy.zero_prefixed_literal` and will not work in a future edition
[INFO] [stderr] warning: `sc-hop` (manifest) generated 9 warnings
[INFO] running `Command { std: "docker" "create" "-v" "/var/lib/crater-agent-workspace/builds/worker-7-tc2/source:/opt/rustwide/workdir:ro,Z" "-v" "/var/lib/crater-agent-workspace/builds/worker-7-tc2/target:/opt/rustwide/target:rw,Z" "-v" "/var/lib/crater-agent-workspace/cargo-home:/opt/rustwide/cargo-home:ro,Z" "-v" "/var/lib/crater-agent-workspace/rustup-home:/opt/rustwide/rustup-home:ro,Z" "-m" "1610612736" "--network" "none" "ghcr.io/rust-lang/crates-build-env/linux@sha256:3111399a4047eeb3a02b7a90e478d715f38a8c6669b5c4b49d30a17385265909" "sleep" "infinity", kill_on_drop: false }`
[INFO] [stdout] 20217b2ba476429d00444e0ab6559eabd0619b328b38fd4ae6ed6956310631db
[INFO] running `Command { std: "docker" "start" "20217b2ba476429d00444e0ab6559eabd0619b328b38fd4ae6ed6956310631db", kill_on_drop: false }`
[INFO] running `Command { std: "docker" "inspect" "20217b2ba476429d00444e0ab6559eabd0619b328b38fd4ae6ed6956310631db", kill_on_drop: false }`
[INFO] running `Command { std: "docker" "exec" "-e" "SOURCE_DIR=/opt/rustwide/workdir" "-e" "CARGO_HOME=/opt/rustwide/cargo-home" "-e" "RUSTUP_HOME=/opt/rustwide/rustup-home" "-e" "CARGO_TARGET_DIR=/opt/rustwide/target" "-w" "/opt/rustwide/workdir" "--user" "0:0" "20217b2ba476429d00444e0ab6559eabd0619b328b38fd4ae6ed6956310631db" "/opt/rustwide/cargo-home/bin/cargo" "+1.100.0-beta.1" "metadata" "--no-deps" "--format-version=1", kill_on_drop: false }`
[INFO] running `Command { std: "docker" "inspect" "20217b2ba476429d00444e0ab6559eabd0619b328b38fd4ae6ed6956310631db", kill_on_drop: false }`
[INFO] running `Command { std: "docker" "exec" "-e" "SOURCE_DIR=/opt/rustwide/workdir" "-e" "CARGO_HOME=/opt/rustwide/cargo-home" "-e" "RUSTUP_HOME=/opt/rustwide/rustup-home" "-e" "CARGO_TARGET_DIR=/opt/rustwide/target" "-e" "CARGO_INCREMENTAL=0" "-e" "RUST_BACKTRACE=full" "-e" "RUSTFLAGS=--cap-lints=warn" "-e" "RUSTDOCFLAGS=--cap-lints=warn" "-w" "/opt/rustwide/workdir" "--user" "0:0" "20217b2ba476429d00444e0ab6559eabd0619b328b38fd4ae6ed6956310631db" "/opt/rustwide/cargo-home/bin/cargo" "+1.100.0-beta.1" "build" "--frozen" "--message-format=json", kill_on_drop: false }`
[INFO] [stderr] warning: Cargo.toml: `lints.clippy.borrowed-box` is deprecated in favor of `lints.clippy.borrowed_box` and will not work in a future edition
[INFO] [stderr] warning: Cargo.toml: `lints.clippy.extra-unused-type-parameters` is deprecated in favor of `lints.clippy.extra_unused_type_parameters` and will not work in a future edition
[INFO] [stderr] warning: Cargo.toml: `lints.clippy.identity-op` is deprecated in favor of `lints.clippy.identity_op` and will not work in a future edition
[INFO] [stderr] warning: Cargo.toml: `lints.clippy.if-same-then-else` is deprecated in favor of `lints.clippy.if_same_then_else` and will not work in a future edition
[INFO] [stderr] warning: Cargo.toml: `lints.clippy.needless-lifetimes` is deprecated in favor of `lints.clippy.needless_lifetimes` and will not work in a future edition
[INFO] [stderr] warning: Cargo.toml: `lints.clippy.nonminimal-bool` is deprecated in favor of `lints.clippy.nonminimal_bool` and will not work in a future edition
[INFO] [stderr] warning: Cargo.toml: `lints.clippy.option-map-unit-fn` is deprecated in favor of `lints.clippy.option_map_unit_fn` and will not work in a future edition
[INFO] [stderr] warning: Cargo.toml: `lints.clippy.too-many-arguments` is deprecated in favor of `lints.clippy.too_many_arguments` and will not work in a future edition
[INFO] [stderr] warning: Cargo.toml: `lints.clippy.zero-prefixed-literal` is deprecated in favor of `lints.clippy.zero_prefixed_literal` and will not work in a future edition
[INFO] [stderr] warning: `sc-hop` (manifest) generated 9 warnings
[INFO] [stderr]    Compiling unicode-ident v1.0.11
[INFO] [stderr]    Compiling libc v0.2.172
[INFO] [stderr]    Compiling equivalent v1.0.1
[INFO] [stderr]    Compiling rustversion v1.0.17
[INFO] [stderr]    Compiling serde_core v1.0.228
[INFO] [stderr]    Compiling subtle v2.6.1
[INFO] [stderr]    Compiling serde v1.0.228
[INFO] [stderr]    Compiling generic-array v0.14.7
[INFO] [stderr]    Compiling hashbrown v0.15.3
[INFO] [stderr]    Compiling smallvec v1.15.0
[INFO] [stderr]    Compiling proc-macro2 v1.0.95
[INFO] [stderr]    Compiling const-oid v0.9.5
[INFO] [stderr]    Compiling memchr v2.7.4
[INFO] [stderr]    Compiling itoa v1.0.9
[INFO] [stderr]    Compiling pin-project-lite v0.2.14
[INFO] [stderr]    Compiling winnow v0.5.15
[INFO] [stderr]    Compiling futures-core v0.3.31
[INFO] [stderr]    Compiling cc v1.2.58
[INFO] [stderr]    Compiling quote v1.0.40
[INFO] [stderr]    Compiling indexmap v2.9.0
[INFO] [stderr]    Compiling unicode-xid v0.2.4
[INFO] [stderr]    Compiling syn v2.0.98
[INFO] [stderr]    Compiling getrandom v0.2.10
[INFO] [stderr]    Compiling lock_api v0.4.10
[INFO] [stderr]    Compiling rand_core v0.6.4
[INFO] [stderr]    Compiling arrayvec v0.7.6
[INFO] [stderr]    Compiling parking_lot_core v0.9.8
[INFO] [stderr]    Compiling slab v0.4.9
[INFO] [stderr]    Compiling cpufeatures v0.2.9
[INFO] [stderr]    Compiling futures-io v0.3.31
[INFO] [stderr]    Compiling futures-channel v0.3.31
[INFO] [stderr]    Compiling rand_chacha v0.3.1
[INFO] [stderr]    Compiling const_format_proc_macros v0.2.34
[INFO] [stderr]    Compiling parking_lot v0.12.3
[INFO] [stderr]    Compiling tracing-core v0.1.36
[INFO] [stderr]    Compiling rand v0.8.5
[INFO] [stderr]    Compiling byte-slice-cast v1.2.3
[INFO] [stderr]    Compiling futures-task v0.3.31
[INFO] [stderr]    Compiling parity-scale-codec v3.7.5
[INFO] [stderr]    Compiling http v1.1.0
[INFO] [stderr]    Compiling mio v1.0.2
[INFO] [stderr]    Compiling socket2 v0.5.9
[INFO] [stderr]    Compiling ryu v1.0.15
[INFO] [stderr]    Compiling const_format v0.2.34
[INFO] [stderr]    Compiling foldhash v0.1.5
[INFO] [stderr]    Compiling thiserror v1.0.65
[INFO] [stderr]    Compiling aho-corasick v1.0.4
[INFO] [stderr]    Compiling httparse v1.10.0
[INFO] [stderr]    Compiling semver v1.0.18
[INFO] [stderr]    Compiling byteorder v1.5.0
[INFO] [stderr]    Compiling proc-macro-warning v1.0.0
[INFO] [stderr]    Compiling http-body v1.0.0
[INFO] [stderr]    Compiling crunchy v0.2.2
[INFO] [stderr]    Compiling keccak v0.1.4
[INFO] [stderr]    Compiling arrayref v0.3.7
[INFO] [stderr]    Compiling rustc_version v0.4.0
[INFO] [stderr]    Compiling crypto-common v0.1.6
[INFO] [stderr]    Compiling block-buffer v0.10.4
[INFO] [stderr]    Compiling num_cpus v1.16.0
[INFO] [stderr]    Compiling num-traits v0.2.19
[INFO] [stderr]    Compiling digest v0.10.7
[INFO] [stderr]    Compiling curve25519-dalek v4.1.3
[INFO] [stderr]    Compiling digest v0.9.0
[INFO] [stderr]    Compiling atomic-waker v1.1.1
[INFO] [stderr]    Compiling try-lock v0.2.4
[INFO] [stderr]    Compiling want v0.3.1
[INFO] [stderr]    Compiling libsecp256k1-core v0.3.0
[INFO] [stderr]    Compiling ref-cast v1.0.23
[INFO] [stderr]    Compiling constant_time_eq v0.3.0
[INFO] [stderr]    Compiling serde_json v1.0.132
[INFO] [stderr]    Compiling ff v0.13.0
[INFO] [stderr]    Compiling jam-codec v0.1.0
[INFO] [stderr]    Compiling hash-db v0.16.0
[INFO] [stderr]    Compiling bitcoin-internals v0.2.0
[INFO] [stderr]    Compiling group v0.13.0
[INFO] [stderr]    Compiling regex-automata v0.4.8
[INFO] [stderr]    Compiling secp256k1-sys v0.9.2
[INFO] [stderr]    Compiling prettyplease v0.2.12
[INFO] [stderr]    Compiling integer-sqrt v0.1.5
[INFO] [stderr]    Compiling rustc-hex v2.1.0
[INFO] [stderr]    Compiling base64ct v1.6.0
[INFO] [stderr]    Compiling hex v0.4.3
[INFO] [stderr]    Compiling libsecp256k1-gen-ecmult v0.3.0
[INFO] [stderr]    Compiling libsecp256k1-gen-genmult v0.3.0
[INFO] [stderr]    Compiling password-hash v0.5.0
[INFO] [stderr]    Compiling libsecp256k1 v0.7.1
[INFO] [stderr]    Compiling uint v0.10.0
[INFO] [stderr]    Compiling getrandom_or_panic v0.0.3
[INFO] [stderr]    Compiling winnow v0.6.18
[INFO] [stderr]    Compiling environmental v1.1.4
[INFO] [stderr]    Compiling opaque-debug v0.3.0
[INFO] [stderr]    Compiling hex-conservative v0.1.1
[INFO] [stderr]    Compiling bitcoin_hashes v0.13.0
[INFO] [stderr]    Compiling impl-num-traits v0.2.0
[INFO] [stderr]    Compiling unicode-normalization v0.1.22
[INFO] [stderr]    Compiling fixed-hash v0.8.0
[INFO] [stderr]    Compiling blake2b_simd v1.0.2
[INFO] [stderr]    Compiling regex v1.11.1
[INFO] [stderr]    Compiling num-format v0.4.4
[INFO] [stderr]    Compiling ahash v0.8.11
[INFO] [stderr]    Compiling expander v2.2.1
[INFO] [stderr]    Compiling Inflector v0.11.4
[INFO] [stderr]    Compiling regex-syntax v0.6.29
[INFO] [stderr]    Compiling serde_derive v1.0.228
[INFO] [stderr]    Compiling zeroize_derive v1.4.2
[INFO] [stderr]    Compiling tracing-attributes v0.1.31
[INFO] [stderr]    Compiling futures-macro v0.3.31
[INFO] [stderr]    Compiling zeroize v1.8.1
[INFO] [stderr]    Compiling impl-trait-for-tuples v0.2.3
[INFO] [stderr]    Compiling futures-util v0.3.31
[INFO] [stderr]    Compiling tracing v0.1.44
[INFO] [stderr]    Compiling tokio-macros v2.5.0
[INFO] [stderr]    Compiling thiserror-impl v1.0.65
[INFO] [stderr]    Compiling sha2 v0.10.9
[INFO] [stderr]    Compiling tokio v1.45.0
[INFO] [stderr]    Compiling der v0.7.8
[INFO] [stderr]    Compiling derive_more-impl v1.0.0
[INFO] [stderr]    Compiling signature v2.1.0
[INFO] [stderr]    Compiling curve25519-dalek-derive v0.1.0
[INFO] [stderr]    Compiling hmac v0.12.1
[INFO] [stderr]    Compiling ref-cast-impl v1.0.23
[INFO] [stderr]    Compiling sp-debug-derive v15.0.0
[INFO] [stderr]    Compiling spki v0.7.2
[INFO] [stderr]    Compiling crypto-bigint v0.5.2
[INFO] [stderr]    Compiling pkcs8 v0.10.2
[INFO] [stderr]    Compiling derive_more v1.0.0
[INFO] [stderr]    Compiling rfc6979 v0.4.0
[INFO] [stderr]    Compiling ed25519 v2.2.3
[INFO] [stderr]    Compiling block-buffer v0.9.0
[INFO] [stderr]    Compiling merlin v3.0.0
[INFO] [stderr]    Compiling sha2 v0.9.9
[INFO] [stderr]    Compiling toml_datetime v0.6.8
[INFO] [stderr]    Compiling toml_edit v0.21.0
[INFO] [stderr]    Compiling bitvec v1.0.1
[INFO] [stderr]    Compiling impl-serde v0.5.0
[INFO] [stderr]    Compiling serdect v0.2.0
[INFO] [stderr]    Compiling futures-executor v0.3.31
[INFO] [stderr]    Compiling http-body-util v0.1.2
[INFO] [stderr]    Compiling sec1 v0.7.3
[INFO] [stderr]    Compiling futures v0.3.31
[INFO] [stderr]    Compiling elliptic-curve v0.13.8
[INFO] [stderr]    Compiling serde_bytes v0.11.12
[INFO] [stderr]    Compiling serde_spanned v0.6.7
[INFO] [stderr]    Compiling schnorrkel v0.11.4
[INFO] [stderr]    Compiling ecdsa v0.16.8
[INFO] [stderr]    Compiling toml_edit v0.22.22
[INFO] [stderr]    Compiling pbkdf2 v0.12.2
[INFO] [stderr]    Compiling twox-hash v1.6.3
[INFO] [stderr]    Compiling sha3 v0.10.8
[INFO] [stderr]    Compiling ss58-registry v1.43.0
[INFO] [stderr]    Compiling proc-macro-crate v3.1.0
[INFO] [stderr]    Compiling prometheus v0.13.3
[INFO] [stderr]    Compiling sp-std v14.0.0
[INFO] [stderr]    Compiling base64 v0.13.1
[INFO] [stderr]    Compiling same-file v1.0.6
[INFO] [stderr]    Compiling walkdir v2.5.0
[INFO] [stderr]    Compiling itertools v0.11.0
[INFO] [stderr]    Compiling tokio-util v0.7.15
[INFO] [stderr]    Compiling secp256k1 v0.28.2
[INFO] [stderr]    Compiling parity-scale-codec-derive v3.7.5
[INFO] [stderr]    Compiling h2 v0.4.5
[INFO] [stderr]    Compiling scale-info-derive v2.11.6
[INFO] [stderr]    Compiling jam-codec-derive v0.1.0
[INFO] [stderr]    Compiling toml v0.8.19
[INFO] [stderr]    Compiling substrate-bip39 v0.6.1
[INFO] [stderr]    Compiling sp-crypto-hashing v0.1.0
[INFO] [stderr]    Compiling k256 v0.13.4
[INFO] [stderr]    Compiling bip39 v2.2.0
[INFO] [stderr]    Compiling ed25519-zebra v4.1.0
[INFO] [stderr]    Compiling regex-automata v0.1.10
[INFO] [stderr]    Compiling blake2 v0.10.6
[INFO] [stderr]    Compiling secrecy v0.8.0
[INFO] [stderr]    Compiling derive-syn-parse v0.2.0
[INFO] [stderr]    Compiling scale-info v2.11.6
[INFO] [stderr]    Compiling sp-storage v25.0.0
[INFO] [stderr]    Compiling impl-codec v0.7.1
[INFO] [stderr]    Compiling hash256-std-hasher v0.15.2
[INFO] [stderr]    Compiling backtrace v0.3.71
[INFO] [stderr]    Compiling file-guard v0.2.0
[INFO] [stderr]    Compiling common-path v1.0.0
[INFO] [stderr]    Compiling gimli v0.28.0
[INFO] [stderr]    Compiling zerocopy v0.7.32
[INFO] [stderr]    Compiling sp-externalities v0.34.0
[INFO] [stderr]    Compiling overload v0.1.1
[INFO] [stderr]    Compiling termcolor v1.2.0
[INFO] [stderr]    Compiling bs58 v0.5.1
[INFO] [stderr]    Compiling dyn-clone v1.0.17
[INFO] [stderr]    Compiling array-bytes v6.2.2
[INFO] [stderr]    Compiling fs-err v2.9.0
[INFO] [stderr]    Compiling time v0.3.47
[INFO] [stderr]    Compiling docify_macros v0.2.9
[INFO] [stderr]    Compiling nu-ansi-term v0.46.0
[INFO] [stderr]    Compiling miniz_oxide v0.7.1
[INFO] [stderr]    Compiling bounded-collections v0.3.2
[INFO] [stderr]    Compiling primitive-types v0.13.1
[INFO] [stderr]    Compiling matchers v0.1.0
[INFO] [stderr]    Compiling sharded-slab v0.1.4
[INFO] [stderr]    Compiling tracing-log v0.2.0
[INFO] [stderr]    Compiling object v0.32.2
[INFO] [stderr]    Compiling thread_local v1.1.7
[INFO] [stderr]    Compiling rustc-demangle v0.1.23
[INFO] [stderr]    Compiling hyper v1.6.0
[INFO] [stderr]    Compiling hashbrown v0.13.2
[INFO] [stderr]    Compiling sp-core v43.0.0
[INFO] [stderr]    Compiling addr2line v0.21.0
[INFO] [stderr]    Compiling schnellru v0.2.3
[INFO] [stderr]    Compiling tracing-subscriber v0.3.19
[INFO] [stderr]    Compiling docify v0.2.9
[INFO] [stderr]    Compiling synstructure v0.13.1
[INFO] [stderr]    Compiling trie-db v0.31.0
[INFO] [stderr]    Compiling trie-root v0.18.0
[INFO] [stderr]    Compiling hyper-util v0.1.17
[INFO] [stderr]    Compiling memory-db v0.34.0
[INFO] [stderr]    Compiling sp-runtime-interface-proc-macro v21.0.1
[INFO] [stderr]    Compiling sp-wasm-interface v27.0.0
[INFO] [stderr]    Compiling sp-io v48.0.0
[INFO] [stderr]    Compiling sp-keystore v0.49.0
[INFO] [stderr]    Compiling zerofrom-derive v0.1.5
[INFO] [stderr]    Compiling sp-tracing v19.0.0
[INFO] [stderr]    Compiling ed25519-dalek v2.1.1
[INFO] [stderr]    Compiling yoke-derive v0.7.5
[INFO] [stderr]    Compiling sp-arithmetic v28.0.1
[INFO] [stderr]    Compiling strum_macros v0.26.4
[INFO] [stderr]    Compiling substrate-prometheus-endpoint v0.17.7
[INFO] [stderr]    Compiling sp-runtime-interface v37.0.0
[INFO] [stderr]    Compiling zerofrom v0.1.5
[INFO] [stderr]    Compiling binary-merkle-tree v16.1.1
[INFO] [stderr]    Compiling yoke v0.7.5
[INFO] [stderr]    Compiling sp-trie v46.0.0
[INFO] [stderr]    Compiling zerovec-derive v0.10.3
[INFO] [stderr]    Compiling tuplex v0.1.2
[INFO] [stderr]    Compiling simple-mermaid v0.1.1
[INFO] [stderr]    Compiling wasm-bindgen-shared v0.2.115
[INFO] [stderr]    Compiling displaydoc v0.2.4
[INFO] [stderr]    Compiling sp-panic-handler v13.0.2
[INFO] [stderr]    Compiling sp-state-machine v0.53.0
[INFO] [stderr]    Compiling sp-weights v36.0.0
[INFO] [stderr]    Compiling strum v0.26.3
[INFO] [stderr]    Compiling zerovec v0.10.4
[INFO] [stderr]    Compiling async-trait v0.1.88
[INFO] [stderr]    Compiling ring v0.17.14
[INFO] [stderr]    Compiling writeable v0.5.5
[INFO] [stderr]    Compiling litemap v0.7.4
[INFO] [stderr]    Compiling wasm-bindgen-macro-support v0.2.115
[INFO] [stderr]    Compiling rustls-pki-types v1.12.0
[INFO] [stderr]    Compiling icu_provider_macros v1.5.0
[INFO] [stderr]    Compiling wasm-bindgen v0.2.115
[INFO] [stderr]    Compiling tinystr v0.7.6
[INFO] [stderr]    Compiling icu_locid_transform_data v1.5.0
[INFO] [stderr]    Compiling icu_locid v1.5.0
[INFO] [stderr]    Compiling icu_collections v1.5.0
[INFO] [stderr]    Compiling icu_provider v1.5.0
[INFO] [stderr]    Compiling rustls v0.23.31
[INFO] [stderr]    Compiling icu_properties_data v1.5.0
[INFO] [stderr]    Compiling sp-version-proc-macro v15.0.0
[INFO] [stderr]    Compiling icu_locid_transform v1.5.0
[INFO] [stderr]    Compiling sp-crypto-hashing-proc-macro v0.1.0
[INFO] [stderr]    Compiling pin-project-internal v1.1.10
[INFO] [stderr]    Compiling icu_normalizer_data v1.5.0
[INFO] [stderr]    Compiling parity-wasm v0.45.0
[INFO] [stderr]    Compiling write16 v1.0.0
[INFO] [stderr]    Compiling utf16_iter v1.0.5
[INFO] [stderr]    Compiling icu_properties v1.5.1
[INFO] [stderr]    Compiling pin-project v1.1.10
[INFO] [stderr]    Compiling sp-api-proc-macro v29.0.0
[INFO] [stderr]    Compiling wasm-bindgen-macro v0.2.115
[INFO] [stderr]    Compiling base64 v0.21.7
[INFO] [stderr]    Compiling send_wrapper v0.4.0
[INFO] [stderr]    Compiling jsonrpsee-types v0.24.11
[INFO] [stderr]    Compiling rustls-pemfile v2.0.0
[INFO] [stderr]    Compiling rustls-webpki v0.103.4
[INFO] [stderr]    Compiling sp-application-crypto v48.0.0
[INFO] [stderr]    Compiling tokio-stream v0.1.17
[INFO] [stderr]    Compiling sp-runtime v48.0.0
[INFO] [stderr]    Compiling js-sys v0.3.92
[INFO] [stderr]    Compiling rustc-hash v2.1.1
[INFO] [stderr]    Compiling base64 v0.22.1
[INFO] [stderr]    Compiling percent-encoding v2.3.1
[INFO] [stderr]    Compiling openssl-probe v0.1.5
[INFO] [stderr]    Compiling icu_normalizer v1.5.0
[INFO] [stderr]    Compiling rustls-native-certs v0.8.0
[INFO] [stderr]    Compiling form_urlencoded v1.2.1
[INFO] [stderr]    Compiling sha1 v0.10.6
[INFO] [stderr]    Compiling syn v1.0.109
[INFO] [stderr]    Compiling soketto v0.8.0
[INFO] [stderr]    Compiling utf8parse v0.2.1
[INFO] [stderr]    Compiling idna_adapter v1.2.0
[INFO] [stderr]    Compiling idna v1.0.3
[INFO] [stderr]    Compiling anstyle-parse v0.2.1
[INFO] [stderr]    Compiling tower v0.4.13
[INFO] [stderr]    Compiling url v2.5.4
[INFO] [stderr]    Compiling kvdb v0.13.0
[INFO] [stderr]    Compiling anstyle-query v1.0.0
[INFO] [stderr]    Compiling colorchoice v1.0.0
[INFO] [stderr]    Compiling anstyle v1.0.11
[INFO] [stderr]    Compiling sp-database v10.0.2
[INFO] [stderr]    Compiling anstream v0.6.11
[INFO] [stderr]    Compiling clap_lex v0.7.5
[INFO] [stderr]    Compiling route-recognizer v0.3.1
[INFO] [stderr]    Compiling jsonrpsee-proc-macros v0.24.11
[INFO] [stderr]    Compiling clap_builder v4.5.48
[INFO] [stderr]    Compiling clap_derive v4.5.47
[INFO] [stderr]    Compiling jsonrpsee-wasm-client v0.24.11
[INFO] [stderr]    Compiling hex-literal v0.4.1
[INFO] [stderr]    Compiling derive_more v0.99.17
[INFO] [stderr]    Compiling tokio-rustls v0.26.0
[INFO] [stderr]    Compiling hyper-rustls v0.27.3
[INFO] [stderr]    Compiling sp-version v46.0.0
[INFO] [stderr]    Compiling sp-inherents v43.0.0
[INFO] [stderr]    Compiling polkadot-core-primitives v24.0.0
[INFO] [stderr]    Compiling sp-staking v45.0.0
[INFO] [stderr]    Compiling sp-api v43.0.0
[INFO] [stderr]    Compiling clap v4.5.48
[INFO] [stderr]    Compiling sp-authority-discovery v43.0.0
[INFO] [stderr]    Compiling polkadot-parachain-primitives v23.0.0
[INFO] [stderr]    Compiling sp-hop v0.3.0
[INFO] [stderr]    Compiling rustls-platform-verifier v0.5.3
[INFO] [stderr]    Compiling gloo-timers v0.2.6
[INFO] [stderr]    Compiling futures-timer v3.0.3
[INFO] [stderr]    Compiling jsonrpsee-core v0.24.11
[INFO] [stderr]    Compiling sp-timestamp v43.0.0
[INFO] [stderr]    Compiling sp-consensus v0.49.0
[INFO] [stderr]    Compiling sp-blockchain v46.0.1
[INFO] [stderr]    Compiling sp-consensus-slots v0.49.0
[INFO] [stderr]    Compiling polkadot-primitives v25.0.0
[INFO] [stderr]    Compiling sc-transaction-pool-api v46.0.0
[INFO] [stderr]    Compiling jsonrpsee-client-transport v0.24.11
[INFO] [stderr]    Compiling jsonrpsee-http-client v0.24.11
[INFO] [stderr]    Compiling jsonrpsee-server v0.24.11
[INFO] [stderr]    Compiling jsonrpsee-ws-client v0.24.11
[INFO] [stderr]    Compiling jsonrpsee v0.24.11
[INFO] [stderr]    Compiling sc-hop v0.2.1 (/opt/rustwide/workdir)
[INFO] [stdout] warning: use of deprecated method `std::sync::atomic::Atomic::<u64>::fetch_update`: renamed to `try_update` for consistency
[INFO] [stdout]     --> src/pool.rs:1015:18
[INFO] [stdout]      |
[INFO] [stdout] 1015 |     let _ = counter.fetch_update(Ordering::Relaxed, Ordering::Relaxed, |previous| {
[INFO] [stdout]      |                     ^^^^^^^^^^^^
[INFO] [stdout]      |
[INFO] [stdout]      = note: `#[warn(deprecated)]` on by default
[INFO] [stdout] help: replace the use of the deprecated method
[INFO] [stdout]      |
[INFO] [stdout] 1015 -     let _ = counter.fetch_update(Ordering::Relaxed, Ordering::Relaxed, |previous| {
[INFO] [stdout] 1015 +     let _ = counter.try_update(Ordering::Relaxed, Ordering::Relaxed, |previous| {
[INFO] [stdout]      |
[INFO] [stdout] 
[INFO] [stdout] 
[INFO] [stderr]     Finished `dev` profile [unoptimized + debuginfo] target(s) in 4m 42s
[INFO] [stderr] warning: the following packages contain code that will be rejected by a future version of Rust: primitive-types v0.13.1
[INFO] [stderr] note: to see what the problems were, use the option `--future-incompat-report`, or run `cargo report future-incompatibilities --id 4`
[INFO] running `Command { std: "docker" "inspect" "20217b2ba476429d00444e0ab6559eabd0619b328b38fd4ae6ed6956310631db", kill_on_drop: false }`
[INFO] running `Command { std: "docker" "exec" "-e" "SOURCE_DIR=/opt/rustwide/workdir" "-e" "CARGO_HOME=/opt/rustwide/cargo-home" "-e" "RUSTUP_HOME=/opt/rustwide/rustup-home" "-e" "CARGO_TARGET_DIR=/opt/rustwide/target" "-e" "CARGO_INCREMENTAL=0" "-e" "RUST_BACKTRACE=full" "-e" "RUSTFLAGS=--cap-lints=warn" "-e" "RUSTDOCFLAGS=--cap-lints=warn" "-w" "/opt/rustwide/workdir" "--user" "0:0" "20217b2ba476429d00444e0ab6559eabd0619b328b38fd4ae6ed6956310631db" "/opt/rustwide/cargo-home/bin/cargo" "+1.100.0-beta.1" "test" "--frozen" "--no-run" "--message-format=json", kill_on_drop: false }`
[INFO] [stderr] warning: Cargo.toml: `lints.clippy.borrowed-box` is deprecated in favor of `lints.clippy.borrowed_box` and will not work in a future edition
[INFO] [stderr] warning: Cargo.toml: `lints.clippy.extra-unused-type-parameters` is deprecated in favor of `lints.clippy.extra_unused_type_parameters` and will not work in a future edition
[INFO] [stderr] warning: Cargo.toml: `lints.clippy.identity-op` is deprecated in favor of `lints.clippy.identity_op` and will not work in a future edition
[INFO] [stderr] warning: Cargo.toml: `lints.clippy.if-same-then-else` is deprecated in favor of `lints.clippy.if_same_then_else` and will not work in a future edition
[INFO] [stderr] warning: Cargo.toml: `lints.clippy.needless-lifetimes` is deprecated in favor of `lints.clippy.needless_lifetimes` and will not work in a future edition
[INFO] [stderr] warning: Cargo.toml: `lints.clippy.nonminimal-bool` is deprecated in favor of `lints.clippy.nonminimal_bool` and will not work in a future edition
[INFO] [stderr] warning: Cargo.toml: `lints.clippy.option-map-unit-fn` is deprecated in favor of `lints.clippy.option_map_unit_fn` and will not work in a future edition
[INFO] [stderr] warning: Cargo.toml: `lints.clippy.too-many-arguments` is deprecated in favor of `lints.clippy.too_many_arguments` and will not work in a future edition
[INFO] [stderr] warning: Cargo.toml: `lints.clippy.zero-prefixed-literal` is deprecated in favor of `lints.clippy.zero_prefixed_literal` and will not work in a future edition
[INFO] [stderr] warning: `sc-hop` (manifest) generated 9 warnings
[INFO] [stderr]    Compiling rustix v0.38.42
[INFO] [stderr]    Compiling linux-raw-sys v0.4.14
[INFO] [stdout] warning: use of deprecated method `std::sync::atomic::Atomic::<u64>::fetch_update`: renamed to `try_update` for consistency
[INFO] [stdout]     --> src/pool.rs:1015:18
[INFO] [stdout]      |
[INFO] [stdout] 1015 |     let _ = counter.fetch_update(Ordering::Relaxed, Ordering::Relaxed, |previous| {
[INFO] [stdout]      |                     ^^^^^^^^^^^^
[INFO] [stdout]      |
[INFO] [stdout]      = note: `#[warn(deprecated)]` on by default
[INFO] [stdout] help: replace the use of the deprecated method
[INFO] [stdout]      |
[INFO] [stdout] 1015 -     let _ = counter.fetch_update(Ordering::Relaxed, Ordering::Relaxed, |previous| {
[INFO] [stdout] 1015 +     let _ = counter.try_update(Ordering::Relaxed, Ordering::Relaxed, |previous| {
[INFO] [stdout]      |
[INFO] [stdout] 
[INFO] [stdout] 
[INFO] [stderr]    Compiling tempfile v3.14.0
[INFO] [stderr]    Compiling sc-hop v0.2.1 (/opt/rustwide/workdir)
[INFO] [stdout] error[E0432]: unresolved import `sp_state_machine`
[INFO] [stdout]    --> src/rpc.rs:279:6
[INFO] [stdout]     |
[INFO] [stdout] 279 |     use sp_state_machine::InMemoryBackend;
[INFO] [stdout]     |         ^^^^^^^^^^^^^^^^ use of unresolved module or unlinked crate `sp_state_machine`
[INFO] [stdout]     |
[INFO] [stdout]     = help: if you wanted to use a crate named `sp_state_machine`, use `cargo add sp_state_machine` to add it to your `Cargo.toml`
[INFO] [stdout] 
[INFO] [stdout] 
[INFO] [stdout] error[E0432]: unresolved import `sp_test_primitives`
[INFO] [stdout]    --> src/rpc.rs:280:6
[INFO] [stdout]     |
[INFO] [stdout] 280 |     use sp_test_primitives::Block;
[INFO] [stdout]     |         ^^^^^^^^^^^^^^^^^^ use of unresolved module or unlinked crate `sp_test_primitives`
[INFO] [stdout]     |
[INFO] [stdout]     = help: if you wanted to use a crate named `sp_test_primitives`, use `cargo add sp_test_primitives` to add it to your `Cargo.toml`
[INFO] [stdout] 
[INFO] [stdout] 
[INFO] [stdout] warning: use of deprecated method `std::sync::atomic::Atomic::<u64>::fetch_update`: renamed to `try_update` for consistency
[INFO] [stdout]     --> src/pool.rs:1015:18
[INFO] [stdout]      |
[INFO] [stdout] 1015 |     let _ = counter.fetch_update(Ordering::Relaxed, Ordering::Relaxed, |previous| {
[INFO] [stdout]      |                     ^^^^^^^^^^^^
[INFO] [stdout]      |
[INFO] [stdout]      = note: `#[warn(deprecated)]` on by default
[INFO] [stdout] help: replace the use of the deprecated method
[INFO] [stdout]      |
[INFO] [stdout] 1015 -     let _ = counter.fetch_update(Ordering::Relaxed, Ordering::Relaxed, |previous| {
[INFO] [stdout] 1015 +     let _ = counter.try_update(Ordering::Relaxed, Ordering::Relaxed, |previous| {
[INFO] [stdout]      |
[INFO] [stdout] 
[INFO] [stdout] 
[INFO] [stdout] error[E0433]: cannot find module or crate `sp_version` in this scope
[INFO] [stdout]    --> src/rpc.rs:357:15
[INFO] [stdout]     |
[INFO] [stdout] 357 |         ) -> Result<sp_version::RuntimeVersion, ApiError> {
[INFO] [stdout]     |                     ^^^^^^^^^^ use of unresolved module or unlinked crate `sp_version`
[INFO] [stdout]     |
[INFO] [stdout]     = help: if you wanted to use a crate named `sp_version`, use `cargo add sp_version` to add it to your `Cargo.toml`
[INFO] [stdout] 
[INFO] [stdout] 
[INFO] [stdout] error[E0433]: cannot find module or crate `sp_externalities` in this scope
[INFO] [stdout]    --> src/rpc.rs:368:22
[INFO] [stdout]     |
[INFO] [stdout] 368 |             _extensions: &mut sp_externalities::Extensions,
[INFO] [stdout]     |                               ^^^^^^^^^^^^^^^^ use of unresolved module or unlinked crate `sp_externalities`
[INFO] [stdout]     |
[INFO] [stdout]     = help: if you wanted to use a crate named `sp_externalities`, use `cargo add sp_externalities` to add it to your `Cargo.toml`
[INFO] [stdout] 
[INFO] [stdout] 
[INFO] [stdout] Some errors have detailed explanations: E0432, E0433.
[INFO] [stdout] 
[INFO] [stdout] For more information about an error, try `rustc --explain E0432`.
[INFO] [stdout] 
[INFO] [stderr] error: could not compile `sc-hop` (lib test) due to 4 previous errors; 1 warning emitted
[INFO] running `Command { std: "docker" "inspect" "20217b2ba476429d00444e0ab6559eabd0619b328b38fd4ae6ed6956310631db", kill_on_drop: false }`
[INFO] running `Command { std: "docker" "rm" "-f" "20217b2ba476429d00444e0ab6559eabd0619b328b38fd4ae6ed6956310631db", kill_on_drop: false }`
[INFO] [stdout] 20217b2ba476429d00444e0ab6559eabd0619b328b38fd4ae6ed6956310631db
