[INFO] fetching crate sbwt 0.6.3...
[INFO] testing sbwt-0.6.3 against 1.100.0-beta.1 for beta-1.100-2
[INFO] extracting crate sbwt 0.6.3 into /workspace/builds/worker-3-tc2/source
[INFO] started tweaking crates.io crate sbwt 0.6.3
[INFO] removed 0 missing examples
[INFO] finished tweaking crates.io crate sbwt 0.6.3
[INFO] tweaked toml for crates.io crate sbwt 0.6.3 written to /workspace/builds/worker-3-tc2/source/Cargo.toml
[INFO] validating manifest of crates.io crate sbwt 0.6.3 on toolchain 1.100.0-beta.1
[INFO] running `Command { std: CARGO_HOME="/workspace/cargo-home" RUSTUP_HOME="/workspace/rustup-home" "/workspace/cargo-home/bin/cargo" "+1.100.0-beta.1" "metadata" "--manifest-path" "Cargo.toml" "--no-deps", kill_on_drop: false }`
[INFO] crate crates.io crate sbwt 0.6.3 already has a lockfile, it will not be regenerated
[INFO] running `Command { std: CARGO_HOME="/workspace/cargo-home" RUSTUP_HOME="/workspace/rustup-home" "/workspace/cargo-home/bin/cargo" "+1.100.0-beta.1" "fetch" "--manifest-path" "Cargo.toml", kill_on_drop: false }`
[INFO] running `Command { std: "docker" "create" "-v" "/var/lib/crater-agent-workspace/builds/worker-3-tc2/source:/opt/rustwide/workdir:ro,Z" "-v" "/var/lib/crater-agent-workspace/builds/worker-3-tc2/target:/opt/rustwide/target:rw,Z" "-v" "/var/lib/crater-agent-workspace/cargo-home:/opt/rustwide/cargo-home:ro,Z" "-v" "/var/lib/crater-agent-workspace/rustup-home:/opt/rustwide/rustup-home:ro,Z" "-m" "1610612736" "--network" "none" "ghcr.io/rust-lang/crates-build-env/linux@sha256:3111399a4047eeb3a02b7a90e478d715f38a8c6669b5c4b49d30a17385265909" "sleep" "infinity", kill_on_drop: false }`
[INFO] [stdout] a83e8be2c38f2e8e89e0e5d8542b3afd8190f5e1194472669a0e9e0271c51e9f
[INFO] running `Command { std: "docker" "start" "a83e8be2c38f2e8e89e0e5d8542b3afd8190f5e1194472669a0e9e0271c51e9f", kill_on_drop: false }`
[INFO] running `Command { std: "docker" "inspect" "a83e8be2c38f2e8e89e0e5d8542b3afd8190f5e1194472669a0e9e0271c51e9f", kill_on_drop: false }`
[INFO] running `Command { std: "docker" "exec" "-e" "SOURCE_DIR=/opt/rustwide/workdir" "-e" "CARGO_HOME=/opt/rustwide/cargo-home" "-e" "RUSTUP_HOME=/opt/rustwide/rustup-home" "-e" "CARGO_TARGET_DIR=/opt/rustwide/target" "-w" "/opt/rustwide/workdir" "--user" "0:0" "a83e8be2c38f2e8e89e0e5d8542b3afd8190f5e1194472669a0e9e0271c51e9f" "/opt/rustwide/cargo-home/bin/cargo" "+1.100.0-beta.1" "metadata" "--no-deps" "--format-version=1", kill_on_drop: false }`
[INFO] running `Command { std: "docker" "inspect" "a83e8be2c38f2e8e89e0e5d8542b3afd8190f5e1194472669a0e9e0271c51e9f", kill_on_drop: false }`
[INFO] running `Command { std: "docker" "exec" "-e" "SOURCE_DIR=/opt/rustwide/workdir" "-e" "CARGO_HOME=/opt/rustwide/cargo-home" "-e" "RUSTUP_HOME=/opt/rustwide/rustup-home" "-e" "CARGO_TARGET_DIR=/opt/rustwide/target" "-e" "CARGO_INCREMENTAL=0" "-e" "RUST_BACKTRACE=full" "-e" "RUSTFLAGS=--cap-lints=warn" "-e" "RUSTDOCFLAGS=--cap-lints=warn" "-w" "/opt/rustwide/workdir" "--user" "0:0" "a83e8be2c38f2e8e89e0e5d8542b3afd8190f5e1194472669a0e9e0271c51e9f" "/opt/rustwide/cargo-home/bin/cargo" "+1.100.0-beta.1" "build" "--frozen" "--message-format=json", kill_on_drop: false }`
[INFO] [stderr]    Compiling libc v0.2.186
[INFO] [stderr]    Compiling autocfg v1.2.0
[INFO] [stderr]    Compiling proc-macro2 v1.0.106
[INFO] [stderr]    Compiling quote v1.0.45
[INFO] [stderr]    Compiling crossbeam-utils v0.8.19
[INFO] [stderr]    Compiling semver-parser v0.7.0
[INFO] [stderr]    Compiling arrayvec v0.4.12
[INFO] [stderr]    Compiling maybe-uninit v2.0.0
[INFO] [stderr]    Compiling crossbeam-utils v0.6.6
[INFO] [stderr]    Compiling ppv-lite86 v0.2.17
[INFO] [stderr]    Compiling memchr v2.7.2
[INFO] [stderr]    Compiling crc32fast v1.4.0
[INFO] [stderr]    Compiling log v0.4.21
[INFO] [stderr]    Compiling getrandom v0.1.16
[INFO] [stderr]    Compiling nodrop v0.1.14
[INFO] [stderr]    Compiling rand_core v0.4.2
[INFO] [stderr]    Compiling scopeguard v0.3.3
[INFO] [stderr]    Compiling adler v1.0.2
[INFO] [stderr]    Compiling stable_deref_trait v1.2.0
[INFO] [stderr]    Compiling owning_ref v0.4.1
[INFO] [stderr]    Compiling num-traits v0.2.19
[INFO] [stderr]    Compiling memoffset v0.5.6
[INFO] [stderr]    Compiling num-bigint v0.4.4
[INFO] [stderr]    Compiling semver v0.9.0
[INFO] [stderr]    Compiling rand_core v0.3.1
[INFO] [stderr]    Compiling aho-corasick v1.1.3
[INFO] [stderr]    Compiling smallvec v0.6.14
[INFO] [stderr]    Compiling num-rational v0.4.1
[INFO] [stderr]    Compiling rustc_version v0.2.3
[INFO] [stderr]    Compiling miniz_oxide v0.7.2
[INFO] [stderr]    Compiling getrandom v0.3.4
[INFO] [stderr]    Compiling zerocopy v0.8.52
[INFO] [stderr]    Compiling radium v0.7.0
[INFO] [stderr]    Compiling syn v1.0.109
[INFO] [stderr]    Compiling parking_lot_core v0.9.12
[INFO] [stderr]    Compiling rayon-core v1.12.1
[INFO] [stderr]    Compiling serde_core v1.0.228
[INFO] [stderr]    Compiling parking_lot_core v0.3.1
[INFO] [stderr]    Compiling crossbeam-epoch v0.7.2
[INFO] [stderr]    Compiling ahash v0.8.12
[INFO] [stderr]    Compiling crossbeam-epoch v0.9.18
[INFO] [stderr]    Compiling ex v0.1.3
[INFO] [stderr]    Compiling lock_api v0.1.5
[INFO] [stderr]    Compiling env_filter v0.1.0
[INFO] [stderr]    Compiling bytemuck v1.25.0
[INFO] [stderr]    Compiling crossbeam-deque v0.8.5
[INFO] [stderr]    Compiling smallvec v1.15.2
[INFO] [stderr]    Compiling humantime v2.1.0
[INFO] [stderr]    Compiling serde v1.0.228
[INFO] [stderr]    Compiling memoffset v0.2.1
[INFO] [stderr]    Compiling flate2 v1.0.28
[INFO] [stderr]    Compiling tap v1.0.1
[INFO] [stderr]    Compiling crossbeam-epoch v0.6.1
[INFO] [stderr]    Compiling wyz v0.5.1
[INFO] [stderr]    Compiling syn v2.0.118
[INFO] [stderr]    Compiling safe_arch v1.0.0
[INFO] [stderr]    Compiling env_logger v0.11.3
[INFO] [stderr]    Compiling crossbeam-deque v0.6.3
[INFO] [stderr]    Compiling crossbeam-channel v0.3.9
[INFO] [stderr]    Compiling funty v2.0.0
[INFO] [stderr]    Compiling hashbrown v0.14.5
[INFO] [stderr]    Compiling jseqio v0.1.7
[INFO] [stderr]    Compiling either v1.17.0
[INFO] [stderr]    Compiling num-integer v0.1.46
[INFO] [stderr]    Compiling num-complex v0.4.5
[INFO] [stderr]    Compiling iana-time-zone v0.1.60
[INFO] [stderr]    Compiling base64 v0.13.1
[INFO] [stderr]    Compiling rayon v1.10.0
[INFO] [stderr]    Compiling chrono v0.4.37
[INFO] [stderr]    Compiling wide v1.5.0
[INFO] [stderr]    Compiling human_bytes v0.4.3
[INFO] [stderr]    Compiling byteorder v1.5.0
[INFO] [stderr]    Compiling regex-automata v0.4.14
[INFO] [stderr]    Compiling read_exact v0.0.1
[INFO] [stderr]    Compiling num-iter v0.1.44
[INFO] [stderr]    Compiling getrandom v0.2.14
[INFO] [stderr]    Compiling rand v0.5.6
[INFO] [stderr]    Compiling is-terminal v0.4.12
[INFO] [stderr]    Compiling num_cpus v1.16.0
[INFO] [stderr]    Compiling rand_core v0.6.4
[INFO] [stderr]    Compiling rand_core v0.5.1
[INFO] [stderr]    Compiling dashmap v6.2.1
[INFO] [stderr]    Compiling rand_chacha v0.3.1
[INFO] [stderr]    Compiling rand_chacha v0.2.2
[INFO] [stderr]    Compiling simple-sds-sbwt v0.3.4
[INFO] [stderr]    Compiling rand v0.8.5
[INFO] [stderr]    Compiling rand v0.7.3
[INFO] [stderr]    Compiling bitvec v1.0.1
[INFO] [stderr]    Compiling parking_lot v0.6.4
[INFO] [stderr]    Compiling crossbeam v0.5.0
[INFO] [stderr]    Compiling embed-doc-image v0.1.4
[INFO] [stderr]    Compiling num v0.4.1
[INFO] [stderr]    Compiling clap_derive v4.5.4
[INFO] [stderr]    Compiling serde_derive v1.0.228
[INFO] [stderr]    Compiling test-log-macros v0.2.15
[INFO] [stderr]    Compiling test-log v0.2.15
[INFO] [stderr]    Compiling regex v1.12.4
[INFO] [stderr]    Compiling env_logger v0.10.2
[INFO] [stderr]    Compiling clap v4.5.4
[INFO] [stderr]    Compiling clap_complete v4.5.1
[INFO] [stderr]    Compiling unitig_flipper v0.1.0
[INFO] [stderr]    Compiling sbwt v0.6.3 (/opt/rustwide/workdir)
[INFO] [stdout] warning: use of deprecated method `std::sync::atomic::Atomic::<u8>::fetch_update`: renamed to `try_update` for consistency
[INFO] [stdout]    --> src/vodbg/count.rs:657:64
[INFO] [stdout]     |
[INFO] [stdout] 657 |                 let result = individual_counts[representative].fetch_update(Ordering::SeqCst, Ordering::SeqCst, |value| {
[INFO] [stdout]     |                                                                ^^^^^^^^^^^^
[INFO] [stdout]     |
[INFO] [stdout]     = note: `#[warn(deprecated)]` on by default
[INFO] [stdout] help: replace the use of the deprecated method
[INFO] [stdout]     |
[INFO] [stdout] 657 -                 let result = individual_counts[representative].fetch_update(Ordering::SeqCst, Ordering::SeqCst, |value| {
[INFO] [stdout] 657 +                 let result = individual_counts[representative].try_update(Ordering::SeqCst, Ordering::SeqCst, |value| {
[INFO] [stdout]     |
[INFO] [stdout] 
[INFO] [stdout] 
[INFO] [stdout] warning: use of deprecated method `std::sync::atomic::Atomic::<u8>::fetch_update`: renamed to `try_update` for consistency
[INFO] [stdout]    --> src/vodbg/count.rs:721:64
[INFO] [stdout]     |
[INFO] [stdout] 721 |                 let result = individual_counts[representative].fetch_update(Ordering::SeqCst, Ordering::SeqCst, |value| {
[INFO] [stdout]     |                                                                ^^^^^^^^^^^^
[INFO] [stdout]     |
[INFO] [stdout] help: replace the use of the deprecated method
[INFO] [stdout]     |
[INFO] [stdout] 721 -                 let result = individual_counts[representative].fetch_update(Ordering::SeqCst, Ordering::SeqCst, |value| {
[INFO] [stdout] 721 +                 let result = individual_counts[representative].try_update(Ordering::SeqCst, Ordering::SeqCst, |value| {
[INFO] [stdout]     |
[INFO] [stdout] 
[INFO] [stdout] 
[INFO] [stdout] warning: methods `num_buckets`, `is_empty`, and `universe` are never used
[INFO] [stdout]    --> src/pred8_vs1.rs:251:12
[INFO] [stdout]     |
[INFO] [stdout]  54 | impl Pred8vS1 {
[INFO] [stdout]     | ------------- methods in this implementation
[INFO] [stdout] ...
[INFO] [stdout] 251 |     pub fn num_buckets(&self) -> usize {
[INFO] [stdout]     |            ^^^^^^^^^^^
[INFO] [stdout] ...
[INFO] [stdout] 261 |     pub fn is_empty(&self) -> bool {
[INFO] [stdout]     |            ^^^^^^^^
[INFO] [stdout] ...
[INFO] [stdout] 266 |     pub fn universe(&self) -> usize {
[INFO] [stdout]     |            ^^^^^^^^
[INFO] [stdout]     |
[INFO] [stdout]     = note: `#[warn(dead_code)]` (part of `#[warn(unused)]`) on by default
[INFO] [stdout] 
[INFO] [stdout] 
[INFO] [stdout] warning: methods `len`, `universe`, and `min` are never used
[INFO] [stdout]    --> src/pino.rs:281:12
[INFO] [stdout]     |
[INFO] [stdout]  18 | impl Pred8vPino {
[INFO] [stdout]     | --------------- methods in this implementation
[INFO] [stdout] ...
[INFO] [stdout] 281 |     pub fn len(&self) -> usize {
[INFO] [stdout]     |            ^^^
[INFO] [stdout] ...
[INFO] [stdout] 286 |     pub fn universe(&self) -> usize {
[INFO] [stdout]     |            ^^^^^^^^
[INFO] [stdout] ...
[INFO] [stdout] 291 |     pub fn min(&self) -> usize {
[INFO] [stdout]     |            ^^^
[INFO] [stdout] 
[INFO] [stdout] 
[INFO] [stderr]     Finished `dev` profile [unoptimized + debuginfo] target(s) in 32.73s
[INFO] running `Command { std: "docker" "inspect" "a83e8be2c38f2e8e89e0e5d8542b3afd8190f5e1194472669a0e9e0271c51e9f", kill_on_drop: false }`
[INFO] running `Command { std: "docker" "exec" "-e" "SOURCE_DIR=/opt/rustwide/workdir" "-e" "CARGO_HOME=/opt/rustwide/cargo-home" "-e" "RUSTUP_HOME=/opt/rustwide/rustup-home" "-e" "CARGO_TARGET_DIR=/opt/rustwide/target" "-e" "CARGO_INCREMENTAL=0" "-e" "RUST_BACKTRACE=full" "-e" "RUSTFLAGS=--cap-lints=warn" "-e" "RUSTDOCFLAGS=--cap-lints=warn" "-w" "/opt/rustwide/workdir" "--user" "0:0" "a83e8be2c38f2e8e89e0e5d8542b3afd8190f5e1194472669a0e9e0271c51e9f" "/opt/rustwide/cargo-home/bin/cargo" "+1.100.0-beta.1" "test" "--frozen" "--no-run" "--message-format=json", kill_on_drop: false }`
[INFO] [stderr]    Compiling rand_chacha v0.3.1
[INFO] [stderr]    Compiling hex-literal v0.4.1
[INFO] [stderr]    Compiling rand v0.8.5
[INFO] [stderr]    Compiling unitig_flipper v0.1.0
[INFO] [stderr]    Compiling sbwt v0.6.3 (/opt/rustwide/workdir)
[INFO] [stdout] warning: use of deprecated method `std::sync::atomic::Atomic::<u8>::fetch_update`: renamed to `try_update` for consistency
[INFO] [stdout]    --> src/vodbg/count.rs:657:64
[INFO] [stdout]     |
[INFO] [stdout] 657 |                 let result = individual_counts[representative].fetch_update(Ordering::SeqCst, Ordering::SeqCst, |value| {
[INFO] [stdout]     |                                                                ^^^^^^^^^^^^
[INFO] [stdout]     |
[INFO] [stdout]     = note: `#[warn(deprecated)]` on by default
[INFO] [stdout] help: replace the use of the deprecated method
[INFO] [stdout]     |
[INFO] [stdout] 657 -                 let result = individual_counts[representative].fetch_update(Ordering::SeqCst, Ordering::SeqCst, |value| {
[INFO] [stdout] 657 +                 let result = individual_counts[representative].try_update(Ordering::SeqCst, Ordering::SeqCst, |value| {
[INFO] [stdout]     |
[INFO] [stdout] 
[INFO] [stdout] 
[INFO] [stdout] warning: use of deprecated method `std::sync::atomic::Atomic::<u8>::fetch_update`: renamed to `try_update` for consistency
[INFO] [stdout]    --> src/vodbg/count.rs:721:64
[INFO] [stdout]     |
[INFO] [stdout] 721 |                 let result = individual_counts[representative].fetch_update(Ordering::SeqCst, Ordering::SeqCst, |value| {
[INFO] [stdout]     |                                                                ^^^^^^^^^^^^
[INFO] [stdout]     |
[INFO] [stdout] help: replace the use of the deprecated method
[INFO] [stdout]     |
[INFO] [stdout] 721 -                 let result = individual_counts[representative].fetch_update(Ordering::SeqCst, Ordering::SeqCst, |value| {
[INFO] [stdout] 721 +                 let result = individual_counts[representative].try_update(Ordering::SeqCst, Ordering::SeqCst, |value| {
[INFO] [stdout]     |
[INFO] [stdout] 
[INFO] [stdout] 
[INFO] [stdout] warning: use of deprecated method `std::sync::atomic::Atomic::<u8>::fetch_update`: renamed to `try_update` for consistency
[INFO] [stdout]    --> src/vodbg/count.rs:657:64
[INFO] [stdout]     |
[INFO] [stdout] 657 |                 let result = individual_counts[representative].fetch_update(Ordering::SeqCst, Ordering::SeqCst, |value| {
[INFO] [stdout]     |                                                                ^^^^^^^^^^^^
[INFO] [stdout]     |
[INFO] [stdout]     = note: `#[warn(deprecated)]` on by default
[INFO] [stdout] help: replace the use of the deprecated method
[INFO] [stdout]     |
[INFO] [stdout] 657 -                 let result = individual_counts[representative].fetch_update(Ordering::SeqCst, Ordering::SeqCst, |value| {
[INFO] [stdout] 657 +                 let result = individual_counts[representative].try_update(Ordering::SeqCst, Ordering::SeqCst, |value| {
[INFO] [stdout]     |
[INFO] [stdout] 
[INFO] [stdout] 
[INFO] [stdout] warning: use of deprecated method `std::sync::atomic::Atomic::<u8>::fetch_update`: renamed to `try_update` for consistency
[INFO] [stdout]    --> src/vodbg/count.rs:721:64
[INFO] [stdout]     |
[INFO] [stdout] 721 |                 let result = individual_counts[representative].fetch_update(Ordering::SeqCst, Ordering::SeqCst, |value| {
[INFO] [stdout]     |                                                                ^^^^^^^^^^^^
[INFO] [stdout]     |
[INFO] [stdout] help: replace the use of the deprecated method
[INFO] [stdout]     |
[INFO] [stdout] 721 -                 let result = individual_counts[representative].fetch_update(Ordering::SeqCst, Ordering::SeqCst, |value| {
[INFO] [stdout] 721 +                 let result = individual_counts[representative].try_update(Ordering::SeqCst, Ordering::SeqCst, |value| {
[INFO] [stdout]     |
[INFO] [stdout] 
[INFO] [stdout] 
[INFO] [stdout] warning: methods `num_buckets`, `is_empty`, and `universe` are never used
[INFO] [stdout]    --> src/pred8_vs1.rs:251:12
[INFO] [stdout]     |
[INFO] [stdout]  54 | impl Pred8vS1 {
[INFO] [stdout]     | ------------- methods in this implementation
[INFO] [stdout] ...
[INFO] [stdout] 251 |     pub fn num_buckets(&self) -> usize {
[INFO] [stdout]     |            ^^^^^^^^^^^
[INFO] [stdout] ...
[INFO] [stdout] 261 |     pub fn is_empty(&self) -> bool {
[INFO] [stdout]     |            ^^^^^^^^
[INFO] [stdout] ...
[INFO] [stdout] 266 |     pub fn universe(&self) -> usize {
[INFO] [stdout]     |            ^^^^^^^^
[INFO] [stdout]     |
[INFO] [stdout]     = note: `#[warn(dead_code)]` (part of `#[warn(unused)]`) on by default
[INFO] [stdout] 
[INFO] [stdout] 
[INFO] [stdout] warning: methods `len`, `universe`, and `min` are never used
[INFO] [stdout]    --> src/pino.rs:281:12
[INFO] [stdout]     |
[INFO] [stdout]  18 | impl Pred8vPino {
[INFO] [stdout]     | --------------- methods in this implementation
[INFO] [stdout] ...
[INFO] [stdout] 281 |     pub fn len(&self) -> usize {
[INFO] [stdout]     |            ^^^
[INFO] [stdout] ...
[INFO] [stdout] 286 |     pub fn universe(&self) -> usize {
[INFO] [stdout]     |            ^^^^^^^^
[INFO] [stdout] ...
[INFO] [stdout] 291 |     pub fn min(&self) -> usize {
[INFO] [stdout]     |            ^^^
[INFO] [stdout] 
[INFO] [stdout] 
[INFO] [stdout] warning: methods `num_buckets` and `is_empty` are never used
[INFO] [stdout]    --> src/pred8_vs1.rs:251:12
[INFO] [stdout]     |
[INFO] [stdout]  54 | impl Pred8vS1 {
[INFO] [stdout]     | ------------- methods in this implementation
[INFO] [stdout] ...
[INFO] [stdout] 251 |     pub fn num_buckets(&self) -> usize {
[INFO] [stdout]     |            ^^^^^^^^^^^
[INFO] [stdout] ...
[INFO] [stdout] 261 |     pub fn is_empty(&self) -> bool {
[INFO] [stdout]     |            ^^^^^^^^
[INFO] [stdout]     |
[INFO] [stdout]     = note: `#[warn(dead_code)]` (part of `#[warn(unused)]`) on by default
[INFO] [stdout] 
[INFO] [stdout] 
[INFO] [stdout] warning: methods `len` and `universe` are never used
[INFO] [stdout]    --> src/pino.rs:281:12
[INFO] [stdout]     |
[INFO] [stdout]  18 | impl Pred8vPino {
[INFO] [stdout]     | --------------- methods in this implementation
[INFO] [stdout] ...
[INFO] [stdout] 281 |     pub fn len(&self) -> usize {
[INFO] [stdout]     |            ^^^
[INFO] [stdout] ...
[INFO] [stdout] 286 |     pub fn universe(&self) -> usize {
[INFO] [stdout]     |            ^^^^^^^^
[INFO] [stdout] 
[INFO] [stdout] 
[INFO] [stdout] error[E0425]: cannot find function `load_sbwt_index_variant` in this scope
[INFO] [stdout]  --> examples/trace_walk.rs:7:51
[INFO] [stdout]   |
[INFO] [stdout] 7 |     let SbwtIndexVariant::SubsetMatrix(mut idx) = load_sbwt_index_variant(&mut f).unwrap();
[INFO] [stdout]   |                                                   ^^^^^^^^^^^^^^^^^^^^^^^ not found in this scope
[INFO] [stdout] 
[INFO] [stdout] 
[INFO] [stdout] error[E0425]: cannot find function `load_sbwt_index_variant` in this scope
[INFO] [stdout]  --> examples/dump_nodes.rs:7:51
[INFO] [stdout]   |
[INFO] [stdout] 7 |     let SbwtIndexVariant::SubsetMatrix(mut idx) = load_sbwt_index_variant(&mut f).unwrap();
[INFO] [stdout]   |                                                   ^^^^^^^^^^^^^^^^^^^^^^^ not found in this scope
[INFO] [stdout] 
[INFO] [stdout] 
[INFO] [stdout] error[E0425]: cannot find function `load_sbwt_index_variant` in this scope
[INFO] [stdout]  --> examples/probe2.rs:7:51
[INFO] [stdout]   |
[INFO] [stdout] 7 |     let SbwtIndexVariant::SubsetMatrix(mut idx) = load_sbwt_index_variant(&mut f).unwrap();
[INFO] [stdout]   |                                                   ^^^^^^^^^^^^^^^^^^^^^^^ not found in this scope
[INFO] [stdout] 
[INFO] [stdout] 
[INFO] [stdout] error[E0425]: cannot find function `load_sbwt_index_variant` in this scope
[INFO] [stdout]  --> examples/dump_ancestors.rs:7:51
[INFO] [stdout]   |
[INFO] [stdout] 7 |     let SbwtIndexVariant::SubsetMatrix(mut idx) = load_sbwt_index_variant(&mut f).unwrap();
[INFO] [stdout]   |                                                   ^^^^^^^^^^^^^^^^^^^^^^^ not found in this scope
[INFO] [stdout] 
[INFO] [stdout] 
[INFO] [stdout] error[E0425]: cannot find function `load_sbwt_index_variant` in this scope
[INFO] [stdout]  --> examples/probe.rs:7:51
[INFO] [stdout]   |
[INFO] [stdout] 7 |     let SbwtIndexVariant::SubsetMatrix(mut idx) = load_sbwt_index_variant(&mut f).unwrap();
[INFO] [stdout]   |                                                   ^^^^^^^^^^^^^^^^^^^^^^^ not found in this scope
[INFO] [stdout] 
[INFO] [stdout] 
[INFO] [stdout] error[E0425]: cannot find function `load_sbwt_index_variant` in this scope
[INFO] [stdout]  --> examples/dump_interleaving.rs:7:51
[INFO] [stdout]   |
[INFO] [stdout] 7 |     let SbwtIndexVariant::SubsetMatrix(mut idx) = load_sbwt_index_variant(&mut f).unwrap();
[INFO] [stdout]   |                                                   ^^^^^^^^^^^^^^^^^^^^^^^ not found in this scope
[INFO] [stdout] 
[INFO] [stdout] 
[INFO] [stdout] error[E0433]: cannot find type `SbwtIndexVariant` in this scope
[INFO] [stdout]  --> examples/probe.rs:7:9
[INFO] [stdout]   |
[INFO] [stdout] 7 |     let SbwtIndexVariant::SubsetMatrix(mut idx) = load_sbwt_index_variant(&mut f).unwrap();
[INFO] [stdout]   |         ^^^^^^^^^^^^^^^^ use of undeclared type `SbwtIndexVariant`
[INFO] [stdout] 
[INFO] [stdout] 
[INFO] [stdout] Some errors have detailed explanations: E0425, E0433.
[INFO] [stdout] 
[INFO] [stdout] For more information about an error, try `rustc --explain E0425`.
[INFO] [stdout] 
[INFO] [stdout] error[E0433]: cannot find type `SbwtIndexVariant` in this scope
[INFO] [stdout]  --> examples/dump_nodes.rs:7:9
[INFO] [stdout]   |
[INFO] [stdout] 7 |     let SbwtIndexVariant::SubsetMatrix(mut idx) = load_sbwt_index_variant(&mut f).unwrap();
[INFO] [stdout]   |         ^^^^^^^^^^^^^^^^ use of undeclared type `SbwtIndexVariant`
[INFO] [stdout] 
[INFO] [stdout] 
[INFO] [stdout] Some errors have detailed explanations: E0425, E0433.
[INFO] [stdout] 
[INFO] [stdout] For more information about an error, try `rustc --explain E0425`.
[INFO] [stdout] 
[INFO] [stdout] error[E0433]: cannot find type `SbwtIndexVariant` in this scope
[INFO] [stdout]  --> examples/dump_interleaving.rs:7:9
[INFO] [stdout]   |
[INFO] [stdout] 7 |     let SbwtIndexVariant::SubsetMatrix(mut idx) = load_sbwt_index_variant(&mut f).unwrap();
[INFO] [stdout]   |         ^^^^^^^^^^^^^^^^ use of undeclared type `SbwtIndexVariant`
[INFO] [stdout] 
[INFO] [stdout] 
[INFO] [stdout] Some errors have detailed explanations: E0425, E0433.
[INFO] [stdout] 
[INFO] [stdout] For more information about an error, try `rustc --explain E0425`.
[INFO] [stdout] 
[INFO] [stdout] error[E0433]: cannot find type `SbwtIndexVariant` in this scope
[INFO] [stdout]  --> examples/trace_walk.rs:7:9
[INFO] [stdout]   |
[INFO] [stdout] 7 |     let SbwtIndexVariant::SubsetMatrix(mut idx) = load_sbwt_index_variant(&mut f).unwrap();
[INFO] [stdout]   |         ^^^^^^^^^^^^^^^^ use of undeclared type `SbwtIndexVariant`
[INFO] [stdout] 
[INFO] [stdout] 
[INFO] [stdout] Some errors have detailed explanations: E0425, E0433.
[INFO] [stdout] 
[INFO] [stdout] For more information about an error, try `rustc --explain E0425`.
[INFO] [stdout] 
[INFO] [stdout] error[E0433]: cannot find type `SbwtIndexVariant` in this scope
[INFO] [stdout]  --> examples/dump_ancestors.rs:7:9
[INFO] [stdout]   |
[INFO] [stdout] 7 |     let SbwtIndexVariant::SubsetMatrix(mut idx) = load_sbwt_index_variant(&mut f).unwrap();
[INFO] [stdout]   |         ^^^^^^^^^^^^^^^^ use of undeclared type `SbwtIndexVariant`
[INFO] [stdout] 
[INFO] [stdout] 
[INFO] [stdout] Some errors have detailed explanations: E0425, E0433.
[INFO] [stdout] 
[INFO] [stdout] For more information about an error, try `rustc --explain E0425`.
[INFO] [stdout] 
[INFO] [stderr] error: could not compile `sbwt` (example "probe") due to 2 previous errors
[INFO] [stderr] warning: build failed, waiting for other jobs to finish...
[INFO] [stderr] error: could not compile `sbwt` (example "dump_ancestors") due to 2 previous errors
[INFO] [stderr] error: could not compile `sbwt` (example "trace_walk") due to 2 previous errors
[INFO] [stderr] error: could not compile `sbwt` (example "dump_interleaving") due to 2 previous errors
[INFO] [stderr] error: could not compile `sbwt` (example "dump_nodes") due to 2 previous errors
[INFO] [stdout] error[E0433]: cannot find type `SbwtIndexVariant` in this scope
[INFO] [stdout]  --> examples/probe2.rs:7:9
[INFO] [stdout]   |
[INFO] [stdout] 7 |     let SbwtIndexVariant::SubsetMatrix(mut idx) = load_sbwt_index_variant(&mut f).unwrap();
[INFO] [stdout]   |         ^^^^^^^^^^^^^^^^ use of undeclared type `SbwtIndexVariant`
[INFO] [stdout] 
[INFO] [stdout] 
[INFO] [stdout] Some errors have detailed explanations: E0425, E0433.
[INFO] [stdout] 
[INFO] [stdout] For more information about an error, try `rustc --explain E0425`.
[INFO] [stdout] 
[INFO] [stderr] error: could not compile `sbwt` (example "probe2") due to 2 previous errors
[INFO] running `Command { std: "docker" "inspect" "a83e8be2c38f2e8e89e0e5d8542b3afd8190f5e1194472669a0e9e0271c51e9f", kill_on_drop: false }`
[INFO] running `Command { std: "docker" "rm" "-f" "a83e8be2c38f2e8e89e0e5d8542b3afd8190f5e1194472669a0e9e0271c51e9f", kill_on_drop: false }`
[INFO] [stdout] a83e8be2c38f2e8e89e0e5d8542b3afd8190f5e1194472669a0e9e0271c51e9f
