[INFO] fetching crate sbol-db-sparql 0.1.7...
[INFO] testing sbol-db-sparql-0.1.7 against 1.100.0-beta.1 for beta-1.100-2
[INFO] extracting crate sbol-db-sparql 0.1.7 into /workspace/builds/worker-0-tc2/source
[INFO] started tweaking crates.io crate sbol-db-sparql 0.1.7
[INFO] removed 0 missing tests
[INFO] finished tweaking crates.io crate sbol-db-sparql 0.1.7
[INFO] tweaked toml for crates.io crate sbol-db-sparql 0.1.7 written to /workspace/builds/worker-0-tc2/source/Cargo.toml
[INFO] validating manifest of crates.io crate sbol-db-sparql 0.1.7 on toolchain 1.100.0-beta.1
[INFO] running `Command { std: CARGO_HOME="/workspace/cargo-home" RUSTUP_HOME="/workspace/rustup-home" "/workspace/cargo-home/bin/cargo" "+1.100.0-beta.1" "metadata" "--manifest-path" "Cargo.toml" "--no-deps", kill_on_drop: false }`
[INFO] crate crates.io crate sbol-db-sparql 0.1.7 already has a lockfile, it will not be regenerated
[INFO] running `Command { std: CARGO_HOME="/workspace/cargo-home" RUSTUP_HOME="/workspace/rustup-home" "/workspace/cargo-home/bin/cargo" "+1.100.0-beta.1" "fetch" "--manifest-path" "Cargo.toml", kill_on_drop: false }`
[INFO] running `Command { std: "docker" "create" "-v" "/var/lib/crater-agent-workspace/builds/worker-0-tc2/source:/opt/rustwide/workdir:ro,Z" "-v" "/var/lib/crater-agent-workspace/builds/worker-0-tc2/target:/opt/rustwide/target:rw,Z" "-v" "/var/lib/crater-agent-workspace/cargo-home:/opt/rustwide/cargo-home:ro,Z" "-v" "/var/lib/crater-agent-workspace/rustup-home:/opt/rustwide/rustup-home:ro,Z" "-m" "1610612736" "--network" "none" "ghcr.io/rust-lang/crates-build-env/linux@sha256:3111399a4047eeb3a02b7a90e478d715f38a8c6669b5c4b49d30a17385265909" "sleep" "infinity", kill_on_drop: false }`
[INFO] [stdout] fdf8a26baa495c369699c1857bbb2de75259f7af17ebf052db12470c3f178648
[INFO] running `Command { std: "docker" "start" "fdf8a26baa495c369699c1857bbb2de75259f7af17ebf052db12470c3f178648", kill_on_drop: false }`
[INFO] running `Command { std: "docker" "inspect" "fdf8a26baa495c369699c1857bbb2de75259f7af17ebf052db12470c3f178648", kill_on_drop: false }`
[INFO] running `Command { std: "docker" "exec" "-e" "SOURCE_DIR=/opt/rustwide/workdir" "-e" "CARGO_HOME=/opt/rustwide/cargo-home" "-e" "RUSTUP_HOME=/opt/rustwide/rustup-home" "-e" "CARGO_TARGET_DIR=/opt/rustwide/target" "-w" "/opt/rustwide/workdir" "--user" "0:0" "fdf8a26baa495c369699c1857bbb2de75259f7af17ebf052db12470c3f178648" "/opt/rustwide/cargo-home/bin/cargo" "+1.100.0-beta.1" "metadata" "--no-deps" "--format-version=1", kill_on_drop: false }`
[INFO] running `Command { std: "docker" "inspect" "fdf8a26baa495c369699c1857bbb2de75259f7af17ebf052db12470c3f178648", kill_on_drop: false }`
[INFO] running `Command { std: "docker" "exec" "-e" "SOURCE_DIR=/opt/rustwide/workdir" "-e" "CARGO_HOME=/opt/rustwide/cargo-home" "-e" "RUSTUP_HOME=/opt/rustwide/rustup-home" "-e" "CARGO_TARGET_DIR=/opt/rustwide/target" "-e" "CARGO_INCREMENTAL=0" "-e" "RUST_BACKTRACE=full" "-e" "RUSTFLAGS=--cap-lints=warn" "-e" "RUSTDOCFLAGS=--cap-lints=warn" "-w" "/opt/rustwide/workdir" "--user" "0:0" "fdf8a26baa495c369699c1857bbb2de75259f7af17ebf052db12470c3f178648" "/opt/rustwide/cargo-home/bin/cargo" "+1.100.0-beta.1" "build" "--frozen" "--message-format=json", kill_on_drop: false }`
[INFO] [stderr]    Compiling quote v1.0.45
[INFO] [stderr]    Compiling zerocopy v0.8.48
[INFO] [stderr]    Compiling typenum v1.20.0
[INFO] [stderr]    Compiling oxilangtag v0.1.5
[INFO] [stderr]    Compiling oxiri v0.2.11
[INFO] [stderr]    Compiling json-event-parser v0.2.3
[INFO] [stderr]    Compiling quick-xml v0.37.5
[INFO] [stderr]    Compiling cc v1.2.62
[INFO] [stderr]    Compiling serde_core v1.0.228
[INFO] [stderr]    Compiling ryu-js v1.0.2
[INFO] [stderr]    Compiling getrandom v0.3.4
[INFO] [stderr]    Compiling rustls-pki-types v1.14.1
[INFO] [stderr]    Compiling getrandom v0.2.17
[INFO] [stderr]    Compiling httparse v1.10.1
[INFO] [stderr]    Compiling winnow v1.0.3
[INFO] [stderr]    Compiling crc32fast v1.5.0
[INFO] [stderr]    Compiling simd-adler32 v0.3.9
[INFO] [stderr]    Compiling rustls v0.23.40
[INFO] [stderr]    Compiling rand_core v0.9.5
[INFO] [stderr]    Compiling toml_parser v1.1.2+spec-1.1.0
[INFO] [stderr]    Compiling num-traits v0.2.19
[INFO] [stderr]    Compiling miniz_oxide v0.8.9
[INFO] [stderr]    Compiling syn v2.0.117
[INFO] [stderr]    Compiling http v1.4.0
[INFO] [stderr]    Compiling getrandom v0.4.2
[INFO] [stderr]    Compiling serde_json v1.0.149
[INFO] [stderr]    Compiling clap_builder v4.6.0
[INFO] [stderr]    Compiling webpki-roots v1.0.7
[INFO] [stderr]    Compiling utf8-zero v0.8.1
[INFO] [stderr]    Compiling generic-array v0.14.7
[INFO] [stderr]    Compiling hybrid-array v0.4.12
[INFO] [stderr]    Compiling peg-runtime v0.8.6
[INFO] [stderr]    Compiling keccak v0.1.6
[INFO] [stderr]    Compiling peg-macros v0.8.6
[INFO] [stderr]    Compiling crypto-common v0.2.1
[INFO] [stderr]    Compiling block-buffer v0.12.0
[INFO] [stderr]    Compiling ring v0.17.14
[INFO] [stderr]    Compiling flate2 v1.1.9
[INFO] [stderr]    Compiling mio v1.2.0
[INFO] [stderr]    Compiling aho-corasick v1.1.4
[INFO] [stderr]    Compiling regex-syntax v0.8.10
[INFO] [stderr]    Compiling rustc-hash v2.1.2
[INFO] [stderr]    Compiling block-buffer v0.10.4
[INFO] [stderr]    Compiling crypto-common v0.1.7
[INFO] [stderr]    Compiling ureq-proto v0.6.0
[INFO] [stderr]    Compiling digest v0.10.7
[INFO] [stderr]    Compiling sha3 v0.10.9
[INFO] [stderr]    Compiling md-5 v0.10.6
[INFO] [stderr]    Compiling sha1 v0.10.6
[INFO] [stderr]    Compiling sha2 v0.10.9
[INFO] [stderr]    Compiling peg v0.8.6
[INFO] [stderr]    Compiling digest v0.11.3
[INFO] [stderr]    Compiling sha2 v0.11.0
[INFO] [stderr]    Compiling toml_datetime v1.1.1+spec-1.1.0
[INFO] [stderr]    Compiling serde_spanned v1.1.1
[INFO] [stderr]    Compiling toml v1.1.2+spec-1.1.0
[INFO] [stderr]    Compiling regex-automata v0.4.14
[INFO] [stderr]    Compiling uuid v1.23.1
[INFO] [stderr]    Compiling thiserror-impl v2.0.18
[INFO] [stderr]    Compiling serde_derive v1.0.228
[INFO] [stderr]    Compiling clap_derive v4.6.1
[INFO] [stderr]    Compiling tokio-macros v2.7.0
[INFO] [stderr]    Compiling async-trait v0.1.89
[INFO] [stderr]    Compiling tracing-attributes v0.1.31
[INFO] [stderr]    Compiling tokio v1.52.3
[INFO] [stderr]    Compiling ppv-lite86 v0.2.21
[INFO] [stderr]    Compiling tracing v0.1.44
[INFO] [stderr]    Compiling rustls-webpki v0.103.13
[INFO] [stderr]    Compiling rand_chacha v0.9.0
[INFO] [stderr]    Compiling regex v1.12.3
[INFO] [stderr]    Compiling thiserror v2.0.18
[INFO] [stderr]    Compiling oxsdatatypes v0.2.2
[INFO] [stderr]    Compiling rand v0.9.4
[INFO] [stderr]    Compiling clap v4.6.1
[INFO] [stderr]    Compiling serde v1.0.228
[INFO] [stderr]    Compiling oxrdf v0.3.3
[INFO] [stderr]    Compiling chrono v0.4.44
[INFO] [stderr]    Compiling sbol-db-search-sdk v0.1.7
[INFO] [stderr]    Compiling sbol-rulegen v0.2.2
[INFO] [stderr]    Compiling sbol3 v0.2.2
[INFO] [stderr]    Compiling oxjsonld v0.2.5
[INFO] [stderr]    Compiling oxrdfxml v0.2.3
[INFO] [stderr]    Compiling oxttl v0.2.3
[INFO] [stderr]    Compiling spargebra v0.4.6
[INFO] [stderr]    Compiling sparesults v0.3.3
[INFO] [stderr]    Compiling oxrdfio v0.2.5
[INFO] [stderr]    Compiling sbol-rdf v0.2.2
[INFO] [stderr]    Compiling sbol-core v0.2.2
[INFO] [stderr]    Compiling sbol-db-core v0.1.7
[INFO] [stderr]    Compiling sparopt v0.3.6
[INFO] [stderr]    Compiling ureq v3.3.0
[INFO] [stderr]    Compiling sbol-db-search v0.1.7
[INFO] [stderr]    Compiling spareval v0.2.6
[INFO] [stderr]    Compiling sbol-ontology v0.2.2
[INFO] [stderr]    Compiling sbol-db-storage v0.1.7
[INFO] [stderr]    Compiling sbol-convert v0.2.2
[INFO] [stderr]    Compiling sbol v0.2.2
[INFO] [stderr]    Compiling sbol-db-rdf v0.1.7
[INFO] [stderr]    Compiling sbol-db-sparql v0.1.7 (/opt/rustwide/workdir)
[INFO] [stderr] warning: unused dependency `sbol-db-rdf`
[INFO] [stderr]   --> Cargo.toml:15:15
[INFO] [stderr]    |
[INFO] [stderr] 15 | [dependencies.sbol-db-rdf]
[INFO] [stderr]    |               ^^^^^^^^^^^^
[INFO] [stderr]    |
[INFO] [stderr]    = note: `cargo::unused_dependencies` is set to `warn` by default
[INFO] [stderr] help: consider removing the dependency on `sbol-db-rdf`
[INFO] [stderr] warning: unused dependency `tracing`
[INFO] [stderr]   --> Cargo.toml:47:15
[INFO] [stderr]    |
[INFO] [stderr] 47 | [dependencies.tracing]
[INFO] [stderr]    |               ^^^^^^^^
[INFO] [stderr]    |
[INFO] [stderr] help: consider removing the dependency on `tracing`
[INFO] [stderr] warning: `sbol-db-sparql` (manifest) generated 2 warnings
[INFO] [stderr]     Finished `dev` profile [unoptimized + debuginfo] target(s) in 1m 00s
[INFO] running `Command { std: "docker" "inspect" "fdf8a26baa495c369699c1857bbb2de75259f7af17ebf052db12470c3f178648", kill_on_drop: false }`
[INFO] running `Command { std: "docker" "exec" "-e" "SOURCE_DIR=/opt/rustwide/workdir" "-e" "CARGO_HOME=/opt/rustwide/cargo-home" "-e" "RUSTUP_HOME=/opt/rustwide/rustup-home" "-e" "CARGO_TARGET_DIR=/opt/rustwide/target" "-e" "CARGO_INCREMENTAL=0" "-e" "RUST_BACKTRACE=full" "-e" "RUSTFLAGS=--cap-lints=warn" "-e" "RUSTDOCFLAGS=--cap-lints=warn" "-w" "/opt/rustwide/workdir" "--user" "0:0" "fdf8a26baa495c369699c1857bbb2de75259f7af17ebf052db12470c3f178648" "/opt/rustwide/cargo-home/bin/cargo" "+1.100.0-beta.1" "test" "--frozen" "--no-run" "--message-format=json", kill_on_drop: false }`
[INFO] [stderr]    Compiling syn v2.0.117
[INFO] [stderr]    Compiling zerocopy v0.8.48
[INFO] [stderr]    Compiling getrandom v0.2.17
[INFO] [stderr]    Compiling socket2 v0.6.3
[INFO] [stderr]    Compiling num-traits v0.2.19
[INFO] [stderr]    Compiling litemap v0.8.2
[INFO] [stderr]    Compiling writeable v0.6.3
[INFO] [stderr]    Compiling serde_json v1.0.149
[INFO] [stderr]    Compiling crossbeam-utils v0.8.21
[INFO] [stderr]    Compiling icu_properties_data v2.2.0
[INFO] [stderr]    Compiling typenum v1.20.0
[INFO] [stderr]    Compiling icu_normalizer_data v2.2.0
[INFO] [stderr]    Compiling digest v0.10.7
[INFO] [stderr]    Compiling futures-core v0.3.32
[INFO] [stderr]    Compiling serde_spanned v1.1.1
[INFO] [stderr]    Compiling toml_datetime v1.1.1+spec-1.1.0
[INFO] [stderr]    Compiling futures-sink v0.3.32
[INFO] [stderr]    Compiling ring v0.17.14
[INFO] [stderr]    Compiling rand_core v0.6.4
[INFO] [stderr]    Compiling toml v1.1.2+spec-1.1.0
[INFO] [stderr]    Compiling uuid v1.23.1
[INFO] [stderr]    Compiling futures-io v0.3.32
[INFO] [stderr]    Compiling tinyvec v1.11.0
[INFO] [stderr]    Compiling futures-util v0.3.32
[INFO] [stderr]    Compiling webpki-roots v0.26.11
[INFO] [stderr]    Compiling rustls v0.23.40
[INFO] [stderr]    Compiling sha3 v0.10.9
[INFO] [stderr]    Compiling sha2 v0.10.9
[INFO] [stderr]    Compiling concurrent-queue v2.5.0
[INFO] [stderr]    Compiling tokio v1.52.3
[INFO] [stderr]    Compiling event-listener v5.4.1
[INFO] [stderr]    Compiling unicode-normalization v0.1.25
[INFO] [stderr]    Compiling crossbeam-queue v0.3.12
[INFO] [stderr]    Compiling futures-channel v0.3.32
[INFO] [stderr]    Compiling base64 v0.22.1
[INFO] [stderr]    Compiling chrono v0.4.44
[INFO] [stderr]    Compiling atoi v2.0.0
[INFO] [stderr]    Compiling crossbeam-epoch v0.9.18
[INFO] [stderr]    Compiling stringprep v0.1.5
[INFO] [stderr]    Compiling md-5 v0.10.6
[INFO] [stderr]    Compiling bitflags v2.11.1
[INFO] [stderr]    Compiling rayon-core v1.13.0
[INFO] [stderr]    Compiling crossbeam-deque v0.8.6
[INFO] [stderr]    Compiling hmac v0.12.1
[INFO] [stderr]    Compiling rustix v1.1.4
[INFO] [stderr]    Compiling hkdf v0.12.4
[INFO] [stderr]    Compiling sha1 v0.10.6
[INFO] [stderr]    Compiling plotters v0.3.7
[INFO] [stderr]    Compiling generic-array v0.14.7
[INFO] [stderr]    Compiling is-terminal v0.4.17
[INFO] [stderr]    Compiling fastrand v2.4.1
[INFO] [stderr]    Compiling oorandom v11.1.5
[INFO] [stderr]    Compiling rustls-webpki v0.103.13
[INFO] [stderr]    Compiling crypto-common v0.1.7
[INFO] [stderr]    Compiling block-buffer v0.10.4
[INFO] [stderr]    Compiling tempfile v3.27.0
[INFO] [stderr]    Compiling ppv-lite86 v0.2.21
[INFO] [stderr]    Compiling rand_chacha v0.3.1
[INFO] [stderr]    Compiling synstructure v0.13.2
[INFO] [stderr]    Compiling rand v0.8.6
[INFO] [stderr]    Compiling serde_derive v1.0.228
[INFO] [stderr]    Compiling zerocopy-derive v0.8.48
[INFO] [stderr]    Compiling thiserror-impl v2.0.18
[INFO] [stderr]    Compiling zerofrom-derive v0.1.7
[INFO] [stderr]    Compiling yoke-derive v0.8.2
[INFO] [stderr]    Compiling zerovec-derive v0.11.3
[INFO] [stderr]    Compiling displaydoc v0.2.5
[INFO] [stderr]    Compiling tracing-attributes v0.1.31
[INFO] [stderr]    Compiling clap_derive v4.6.1
[INFO] [stderr]    Compiling tokio-macros v2.7.0
[INFO] [stderr]    Compiling async-trait v0.1.89
[INFO] [stderr]    Compiling tokio-stream v0.1.18
[INFO] [stderr]    Compiling ureq v3.3.0
[INFO] [stderr]    Compiling thiserror v2.0.18
[INFO] [stderr]    Compiling zerofrom v0.1.8
[INFO] [stderr]    Compiling oxsdatatypes v0.2.2
[INFO] [stderr]    Compiling yoke v0.8.2
[INFO] [stderr]    Compiling tracing v0.1.44
[INFO] [stderr]    Compiling zerovec v0.11.6
[INFO] [stderr]    Compiling zerotrie v0.2.4
[INFO] [stderr]    Compiling clap v4.6.1
[INFO] [stderr]    Compiling tinystr v0.8.3
[INFO] [stderr]    Compiling potential_utf v0.1.5
[INFO] [stderr]    Compiling icu_collections v2.2.0
[INFO] [stderr]    Compiling icu_locale_core v2.2.0
[INFO] [stderr]    Compiling sbol-ontology v0.2.2
[INFO] [stderr]    Compiling serde v1.0.228
[INFO] [stderr]    Compiling icu_provider v2.2.0
[INFO] [stderr]    Compiling icu_properties v2.2.0
[INFO] [stderr]    Compiling smallvec v1.15.1
[INFO] [stderr]    Compiling sbol-rulegen v0.2.2
[INFO] [stderr]    Compiling either v1.15.0
[INFO] [stderr]    Compiling sbol-db-search-sdk v0.1.7
[INFO] [stderr]    Compiling tinytemplate v1.2.1
[INFO] [stderr]    Compiling itertools v0.10.5
[INFO] [stderr]    Compiling rayon v1.12.0
[INFO] [stderr]    Compiling icu_normalizer v2.2.0
[INFO] [stderr]    Compiling parking_lot_core v0.9.12
[INFO] [stderr]    Compiling sbol3 v0.2.2
[INFO] [stderr]    Compiling parking_lot v0.12.5
[INFO] [stderr]    Compiling futures-intrusive v0.5.0
[INFO] [stderr]    Compiling idna_adapter v1.2.2
[INFO] [stderr]    Compiling idna v1.1.0
[INFO] [stderr]    Compiling url v2.5.8
[INFO] [stderr]    Compiling criterion-plot v0.5.0
[INFO] [stderr]    Compiling sqlx-core v0.8.6
[INFO] [stderr]    Compiling half v2.7.1
[INFO] [stderr]    Compiling rand_chacha v0.9.0
[INFO] [stderr]    Compiling ciborium-ll v0.2.2
[INFO] [stderr]    Compiling ciborium v0.2.2
[INFO] [stderr]    Compiling rand v0.9.4
[INFO] [stderr]    Compiling criterion v0.5.1
[INFO] [stderr]    Compiling oxrdf v0.3.3
[INFO] [stderr]    Compiling oxrdfxml v0.2.3
[INFO] [stderr]    Compiling oxttl v0.2.3
[INFO] [stderr]    Compiling oxjsonld v0.2.5
[INFO] [stderr]    Compiling spargebra v0.4.6
[INFO] [stderr]    Compiling sparesults v0.3.3
[INFO] [stderr]    Compiling sqlx-postgres v0.8.6
[INFO] [stderr]    Compiling oxrdfio v0.2.5
[INFO] [stderr]    Compiling sbol-rdf v0.2.2
[INFO] [stderr]    Compiling sbol-core v0.2.2
[INFO] [stderr]    Compiling sbol-db-core v0.1.7
[INFO] [stderr]    Compiling sparopt v0.3.6
[INFO] [stderr]    Compiling spareval v0.2.6
[INFO] [stderr]    Compiling sbol-db-search v0.1.7
[INFO] [stderr]    Compiling sbol-db-storage v0.1.7
[INFO] [stderr]    Compiling sbol-convert v0.2.2
[INFO] [stderr]    Compiling sbol v0.2.2
[INFO] [stderr]    Compiling sbol-db-rdf v0.1.7
[INFO] [stderr]    Compiling sbol-db-sparql v0.1.7 (/opt/rustwide/workdir)
[INFO] [stderr]    Compiling sqlx-macros-core v0.8.6
[INFO] [stderr]    Compiling sqlx-macros v0.8.6
[INFO] [stderr]    Compiling sqlx v0.8.6
[INFO] [stdout] error[E0432]: unresolved import `sbol_db_sqlite`
[INFO] [stdout]    --> tests/accel_differential_test.rs:388:9
[INFO] [stdout]     |
[INFO] [stdout] 388 |     use sbol_db_sqlite::{connect_and_migrate, SqliteStore};
[INFO] [stdout]     |         ^^^^^^^^^^^^^^ use of unresolved module or unlinked crate `sbol_db_sqlite`
[INFO] [stdout]     |
[INFO] [stdout]     = help: if you wanted to use a crate named `sbol_db_sqlite`, use `cargo add sbol_db_sqlite` to add it to your `Cargo.toml`
[INFO] [stdout] 
[INFO] [stdout] 
[INFO] [stdout] error[E0432]: unresolved import `sbol_db_rocksdb`
[INFO] [stdout]    --> tests/accel_differential_test.rs:399:9
[INFO] [stdout]     |
[INFO] [stdout] 399 |     use sbol_db_rocksdb::{connect, RocksdbStore};
[INFO] [stdout]     |         ^^^^^^^^^^^^^^^ use of unresolved module or unlinked crate `sbol_db_rocksdb`
[INFO] [stdout]     |
[INFO] [stdout] help: there is a crate or module with a similar name
[INFO] [stdout]     |
[INFO] [stdout] 399 -     use sbol_db_rocksdb::{connect, RocksdbStore};
[INFO] [stdout] 399 +     use sbol_db_rdf::{connect, RocksdbStore};
[INFO] [stdout]     |
[INFO] [stdout] 
[INFO] [stdout] 
[INFO] [stdout] error[E0432]: unresolved import `sbol_db_sqlite`
[INFO] [stdout]    --> tests/accel_differential_test.rs:410:9
[INFO] [stdout]     |
[INFO] [stdout] 410 |     use sbol_db_sqlite::{connect_and_migrate, SqliteStore};
[INFO] [stdout]     |         ^^^^^^^^^^^^^^ use of unresolved module or unlinked crate `sbol_db_sqlite`
[INFO] [stdout]     |
[INFO] [stdout]     = help: if you wanted to use a crate named `sbol_db_sqlite`, use `cargo add sbol_db_sqlite` to add it to your `Cargo.toml`
[INFO] [stdout] 
[INFO] [stdout] 
[INFO] [stdout] error[E0432]: unresolved import `sbol_db_rocksdb`
[INFO] [stdout]    --> tests/accel_differential_test.rs:421:9
[INFO] [stdout]     |
[INFO] [stdout] 421 |     use sbol_db_rocksdb::{connect, RocksdbStore};
[INFO] [stdout]     |         ^^^^^^^^^^^^^^^ use of unresolved module or unlinked crate `sbol_db_rocksdb`
[INFO] [stdout]     |
[INFO] [stdout] help: there is a crate or module with a similar name
[INFO] [stdout]     |
[INFO] [stdout] 421 -     use sbol_db_rocksdb::{connect, RocksdbStore};
[INFO] [stdout] 421 +     use sbol_db_rdf::{connect, RocksdbStore};
[INFO] [stdout]     |
[INFO] [stdout] 
[INFO] [stdout] 
[INFO] [stdout] error[E0432]: unresolved import `sbol_db_postgres`
[INFO] [stdout]    --> tests/accel_differential_test.rs:438:9
[INFO] [stdout]     |
[INFO] [stdout] 438 |     use sbol_db_postgres::{connect, run_migrations, SbolObjectService};
[INFO] [stdout]     |         ^^^^^^^^^^^^^^^^ use of unresolved module or unlinked crate `sbol_db_postgres`
[INFO] [stdout]     |
[INFO] [stdout] help: there is a crate or module with a similar name
[INFO] [stdout]     |
[INFO] [stdout] 438 -     use sbol_db_postgres::{connect, run_migrations, SbolObjectService};
[INFO] [stdout] 438 +     use sbol_db_core::{connect, run_migrations, SbolObjectService};
[INFO] [stdout]     |
[INFO] [stdout] 
[INFO] [stdout] 
[INFO] [stdout] error[E0432]: unresolved import `sbol_db_postgres`
[INFO] [stdout]   --> tests/synbiohub_update_test.rs:14:5
[INFO] [stdout]    |
[INFO] [stdout] 14 | use sbol_db_postgres::{connect, run_migrations, SbolObjectService};
[INFO] [stdout]    |     ^^^^^^^^^^^^^^^^ use of unresolved module or unlinked crate `sbol_db_postgres`
[INFO] [stdout]    |
[INFO] [stdout] help: there is a crate or module with a similar name
[INFO] [stdout]    |
[INFO] [stdout] 14 - use sbol_db_postgres::{connect, run_migrations, SbolObjectService};
[INFO] [stdout] 14 + use sbol_db_core::{connect, run_migrations, SbolObjectService};
[INFO] [stdout]    |
[INFO] [stdout] 
[INFO] [stdout] 
[INFO] [stdout] error[E0432]: unresolved import `sbol_db_postgres`
[INFO] [stdout]   --> tests/synbiohub_compat_test.rs:24:5
[INFO] [stdout]    |
[INFO] [stdout] 24 | use sbol_db_postgres::{connect, run_migrations, SbolObjectService};
[INFO] [stdout]    |     ^^^^^^^^^^^^^^^^ use of unresolved module or unlinked crate `sbol_db_postgres`
[INFO] [stdout]    |
[INFO] [stdout] help: there is a crate or module with a similar name
[INFO] [stdout]    |
[INFO] [stdout] 24 - use sbol_db_postgres::{connect, run_migrations, SbolObjectService};
[INFO] [stdout] 24 + use sbol_db_core::{connect, run_migrations, SbolObjectService};
[INFO] [stdout]    |
[INFO] [stdout] 
[INFO] [stdout] 
[INFO] [stdout] error[E0432]: unresolved import `sbol_db_postgres`
[INFO] [stdout]  --> tests/sparql_test.rs:8:5
[INFO] [stdout]   |
[INFO] [stdout] 8 | use sbol_db_postgres::{connect, run_migrations, SbolObjectService};
[INFO] [stdout]   |     ^^^^^^^^^^^^^^^^ use of unresolved module or unlinked crate `sbol_db_postgres`
[INFO] [stdout]   |
[INFO] [stdout] help: there is a crate or module with a similar name
[INFO] [stdout]   |
[INFO] [stdout] 8 - use sbol_db_postgres::{connect, run_migrations, SbolObjectService};
[INFO] [stdout] 8 + use sbol_db_core::{connect, run_migrations, SbolObjectService};
[INFO] [stdout]   |
[INFO] [stdout] 
[INFO] [stdout] 
[INFO] [stdout] For more information about this error, try `rustc --explain E0432`.
[INFO] [stdout] 
[INFO] [stdout] For more information about this error, try `rustc --explain E0432`.
[INFO] [stdout] 
[INFO] [stderr] error: could not compile `sbol-db-sparql` (test "synbiohub_compat_test") due to 1 previous error
[INFO] [stderr] warning: build failed, waiting for other jobs to finish...
[INFO] [stderr] error: could not compile `sbol-db-sparql` (test "synbiohub_update_test") due to 1 previous error
[INFO] [stdout] For more information about this error, try `rustc --explain E0432`.
[INFO] [stdout] 
[INFO] [stderr] error: could not compile `sbol-db-sparql` (test "accel_differential_test") due to 5 previous errors
[INFO] [stdout] For more information about this error, try `rustc --explain E0432`.
[INFO] [stdout] 
[INFO] [stderr] error: could not compile `sbol-db-sparql` (test "sparql_test") due to 1 previous error
[INFO] [stderr] warning: unused dependency `sbol-db-rdf`
[INFO] [stderr]   --> Cargo.toml:15:15
[INFO] [stderr]    |
[INFO] [stderr] 15 | [dependencies.sbol-db-rdf]
[INFO] [stderr]    |               ^^^^^^^^^^^^
[INFO] [stderr]    |
[INFO] [stderr]    = note: `cargo::unused_dependencies` is set to `warn` by default
[INFO] [stderr] help: consider removing the dependency on `sbol-db-rdf`
[INFO] [stderr] help: to still use for development builds, move to `dev-dependencies`
[INFO] [stderr] warning: unused dependency `tracing`
[INFO] [stderr]   --> Cargo.toml:47:15
[INFO] [stderr]    |
[INFO] [stderr] 47 | [dependencies.tracing]
[INFO] [stderr]    |               ^^^^^^^^
[INFO] [stderr]    |
[INFO] [stderr] help: consider removing the dependency on `tracing`
[INFO] [stderr] warning: `sbol-db-sparql` (manifest) generated 2 warnings
[INFO] running `Command { std: "docker" "inspect" "fdf8a26baa495c369699c1857bbb2de75259f7af17ebf052db12470c3f178648", kill_on_drop: false }`
[INFO] running `Command { std: "docker" "rm" "-f" "fdf8a26baa495c369699c1857bbb2de75259f7af17ebf052db12470c3f178648", kill_on_drop: false }`
[INFO] [stdout] fdf8a26baa495c369699c1857bbb2de75259f7af17ebf052db12470c3f178648
