[INFO] fetching crate sbol-db-search 0.1.7...
[INFO] testing sbol-db-search-0.1.7 against 1.99.0-beta.8 for beta-1.100-2
[INFO] extracting crate sbol-db-search 0.1.7 into /workspace/builds/worker-4-tc1/source
[INFO] started tweaking crates.io crate sbol-db-search 0.1.7
[INFO] finished tweaking crates.io crate sbol-db-search 0.1.7
[INFO] tweaked toml for crates.io crate sbol-db-search 0.1.7 written to /workspace/builds/worker-4-tc1/source/Cargo.toml
[INFO] validating manifest of crates.io crate sbol-db-search 0.1.7 on toolchain 1.99.0-beta.8
[INFO] running `Command { std: CARGO_HOME="/workspace/cargo-home" RUSTUP_HOME="/workspace/rustup-home" "/workspace/cargo-home/bin/cargo" "+1.99.0-beta.8" "metadata" "--manifest-path" "Cargo.toml" "--no-deps", kill_on_drop: false }`
[INFO] crate crates.io crate sbol-db-search 0.1.7 already has a lockfile, it will not be regenerated
[INFO] running `Command { std: CARGO_HOME="/workspace/cargo-home" RUSTUP_HOME="/workspace/rustup-home" "/workspace/cargo-home/bin/cargo" "+1.99.0-beta.8" "fetch" "--manifest-path" "Cargo.toml", kill_on_drop: false }`
[INFO] [stderr]     Updating crates.io index
[INFO] [stderr]  Downloading crates ...
[INFO] [stderr]   Downloaded sbol-db-search-sdk v0.1.7
[INFO] [stderr]   Downloaded sbol-rdf v0.2.2
[INFO] [stderr]   Downloaded sbol-db-core v0.1.7
[INFO] [stderr]   Downloaded oxrdfio v0.2.5
[INFO] [stderr]   Downloaded rustc_version v0.1.7
[INFO] [stderr]   Downloaded getset v0.1.7
[INFO] [stderr]   Downloaded newtype_derive v0.1.6
[INFO] [stderr]   Downloaded semver v0.1.20
[INFO] [stderr]   Downloaded itertools-num v0.1.3
[INFO] [stderr]   Downloaded derefable v0.1.0
[INFO] [stderr]   Downloaded editdistancek v1.0.2
[INFO] [stderr]   Downloaded enum-map-derive v0.17.0
[INFO] [stderr]   Downloaded custom_derive v0.1.7
[INFO] [stderr]   Downloaded oxilangtag v0.1.5
[INFO] [stderr]   Downloaded derive-new v0.6.0
[INFO] [stderr]   Downloaded oxiri v0.2.11
[INFO] [stderr]   Downloaded json-event-parser v0.2.3
[INFO] [stderr]   Downloaded enum-map v2.7.3
[INFO] [stderr]   Downloaded oxrdfxml v0.2.3
[INFO] [stderr]   Downloaded bio-types v1.0.4
[INFO] [stderr]   Downloaded triple_accel v0.4.0
[INFO] [stderr]   Downloaded oxrdf v0.3.3
[INFO] [stderr]   Downloaded oxjsonld v0.2.5
[INFO] [stderr]   Downloaded bytemuck v1.25.1
[INFO] [stderr]   Downloaded oxttl v0.2.3
[INFO] [stderr]   Downloaded ryu-js v1.0.2
[INFO] [stderr]   Downloaded statrs v0.18.0
[INFO] [stderr]   Downloaded time v0.3.53
[INFO] [stderr]   Downloaded bio v4.0.1
[INFO] running `Command { std: "docker" "create" "-v" "/var/lib/crater-agent-workspace/builds/worker-4-tc1/source:/opt/rustwide/workdir:ro,Z" "-v" "/var/lib/crater-agent-workspace/builds/worker-4-tc1/target:/opt/rustwide/target:rw,Z" "-v" "/var/lib/crater-agent-workspace/cargo-home:/opt/rustwide/cargo-home:ro,Z" "-v" "/var/lib/crater-agent-workspace/rustup-home:/opt/rustwide/rustup-home:ro,Z" "-m" "1610612736" "--network" "none" "ghcr.io/rust-lang/crates-build-env/linux@sha256:3111399a4047eeb3a02b7a90e478d715f38a8c6669b5c4b49d30a17385265909" "sleep" "infinity", kill_on_drop: false }`
[INFO] [stdout] fcbe1ebc40076d1445e8b79b23f13d1c714eda8a99f355946896be801fdf4a6b
[INFO] running `Command { std: "docker" "start" "fcbe1ebc40076d1445e8b79b23f13d1c714eda8a99f355946896be801fdf4a6b", kill_on_drop: false }`
[INFO] running `Command { std: "docker" "inspect" "fcbe1ebc40076d1445e8b79b23f13d1c714eda8a99f355946896be801fdf4a6b", kill_on_drop: false }`
[INFO] running `Command { std: "docker" "exec" "-e" "SOURCE_DIR=/opt/rustwide/workdir" "-e" "CARGO_HOME=/opt/rustwide/cargo-home" "-e" "RUSTUP_HOME=/opt/rustwide/rustup-home" "-e" "CARGO_TARGET_DIR=/opt/rustwide/target" "-w" "/opt/rustwide/workdir" "--user" "0:0" "fcbe1ebc40076d1445e8b79b23f13d1c714eda8a99f355946896be801fdf4a6b" "/opt/rustwide/cargo-home/bin/cargo" "+1.99.0-beta.8" "metadata" "--no-deps" "--format-version=1", kill_on_drop: false }`
[INFO] running `Command { std: "docker" "inspect" "fcbe1ebc40076d1445e8b79b23f13d1c714eda8a99f355946896be801fdf4a6b", kill_on_drop: false }`
[INFO] running `Command { std: "docker" "exec" "-e" "SOURCE_DIR=/opt/rustwide/workdir" "-e" "CARGO_HOME=/opt/rustwide/cargo-home" "-e" "RUSTUP_HOME=/opt/rustwide/rustup-home" "-e" "CARGO_TARGET_DIR=/opt/rustwide/target" "-e" "CARGO_INCREMENTAL=0" "-e" "RUST_BACKTRACE=full" "-e" "RUSTFLAGS=--cap-lints=warn" "-e" "RUSTDOCFLAGS=--cap-lints=warn" "-w" "/opt/rustwide/workdir" "--user" "0:0" "fcbe1ebc40076d1445e8b79b23f13d1c714eda8a99f355946896be801fdf4a6b" "/opt/rustwide/cargo-home/bin/cargo" "+1.99.0-beta.8" "build" "--frozen" "--message-format=json", kill_on_drop: false }`
[INFO] [stderr]    Compiling getrandom v0.3.4
[INFO] [stderr]    Compiling oxiri v0.2.11
[INFO] [stderr]    Compiling oxilangtag v0.1.5
[INFO] [stderr]    Compiling ryu-js v1.0.2
[INFO] [stderr]    Compiling quick-xml v0.37.5
[INFO] [stderr]    Compiling json-event-parser v0.2.3
[INFO] [stderr]    Compiling syn v2.0.117
[INFO] [stderr]    Compiling ppv-lite86 v0.2.21
[INFO] [stderr]    Compiling uuid v1.23.1
[INFO] [stderr]    Compiling rand_core v0.9.5
[INFO] [stderr]    Compiling rand_chacha v0.9.0
[INFO] [stderr]    Compiling rand v0.9.4
[INFO] [stderr]    Compiling thiserror-impl v2.0.18
[INFO] [stderr]    Compiling serde_derive v1.0.228
[INFO] [stderr]    Compiling async-trait v0.1.89
[INFO] [stderr]    Compiling tokio-macros v2.7.0
[INFO] [stderr]    Compiling tokio v1.52.3
[INFO] [stderr]    Compiling thiserror v2.0.18
[INFO] [stderr]    Compiling oxrdf v0.3.3
[INFO] [stderr]    Compiling oxttl v0.2.3
[INFO] [stderr]    Compiling oxrdfxml v0.2.3
[INFO] [stderr]    Compiling oxjsonld v0.2.5
[INFO] [stderr]    Compiling oxrdfio v0.2.5
[INFO] [stderr]    Compiling serde v1.0.228
[INFO] [stderr]    Compiling sbol-rdf v0.2.2
[INFO] [stderr]    Compiling chrono v0.4.44
[INFO] [stderr]    Compiling sbol-db-search-sdk v0.1.7
[INFO] [stderr]    Compiling sbol-db-core v0.1.7
[INFO] [stderr]    Compiling sbol-db-search v0.1.7 (/opt/rustwide/workdir)
[INFO] [stderr]     Finished `dev` profile [unoptimized + debuginfo] target(s) in 20.47s
[INFO] running `Command { std: "docker" "inspect" "fcbe1ebc40076d1445e8b79b23f13d1c714eda8a99f355946896be801fdf4a6b", kill_on_drop: false }`
[INFO] running `Command { std: "docker" "exec" "-e" "SOURCE_DIR=/opt/rustwide/workdir" "-e" "CARGO_HOME=/opt/rustwide/cargo-home" "-e" "RUSTUP_HOME=/opt/rustwide/rustup-home" "-e" "CARGO_TARGET_DIR=/opt/rustwide/target" "-e" "CARGO_INCREMENTAL=0" "-e" "RUST_BACKTRACE=full" "-e" "RUSTFLAGS=--cap-lints=warn" "-e" "RUSTDOCFLAGS=--cap-lints=warn" "-w" "/opt/rustwide/workdir" "--user" "0:0" "fcbe1ebc40076d1445e8b79b23f13d1c714eda8a99f355946896be801fdf4a6b" "/opt/rustwide/cargo-home/bin/cargo" "+1.99.0-beta.8" "test" "--frozen" "--no-run" "--message-format=json", kill_on_drop: false }`
[INFO] [stderr]    Compiling sbol-db-search v0.1.7 (/opt/rustwide/workdir)
[INFO] [stdout] error[E0432]: unresolved import `sbol_db_vector_flat`
[INFO] [stdout]    --> src/deployment.rs:600:9
[INFO] [stdout]     |
[INFO] [stdout] 600 |     use sbol_db_vector_flat::ExactFlatVectorBackend;
[INFO] [stdout]     |         ^^^^^^^^^^^^^^^^^^^ use of unresolved module or unlinked crate `sbol_db_vector_flat`
[INFO] [stdout]     |
[INFO] [stdout]     = help: if you wanted to use a crate named `sbol_db_vector_flat`, use `cargo add sbol_db_vector_flat` to add it to your `Cargo.toml`
[INFO] [stdout] 
[INFO] [stdout] 
[INFO] [stdout] error[E0432]: unresolved import `sbol_db_vector_flat`
[INFO] [stdout]    --> src/embedding_strategy.rs:383:9
[INFO] [stdout]     |
[INFO] [stdout] 383 |     use sbol_db_vector_flat::ExactFlatVectorBackend;
[INFO] [stdout]     |         ^^^^^^^^^^^^^^^^^^^ use of unresolved module or unlinked crate `sbol_db_vector_flat`
[INFO] [stdout]     |
[INFO] [stdout]     = help: if you wanted to use a crate named `sbol_db_vector_flat`, use `cargo add sbol_db_vector_flat` to add it to your `Cargo.toml`
[INFO] [stdout] 
[INFO] [stdout] 
[INFO] [stdout] error[E0432]: unresolved import `sbol_db_vector_flat`
[INFO] [stdout]    --> src/maintenance.rs:588:9
[INFO] [stdout]     |
[INFO] [stdout] 588 |     use sbol_db_vector_flat::ExactFlatVectorBackend;
[INFO] [stdout]     |         ^^^^^^^^^^^^^^^^^^^ use of unresolved module or unlinked crate `sbol_db_vector_flat`
[INFO] [stdout]     |
[INFO] [stdout]     = help: if you wanted to use a crate named `sbol_db_vector_flat`, use `cargo add sbol_db_vector_flat` to add it to your `Cargo.toml`
[INFO] [stdout] 
[INFO] [stdout] 
[INFO] [stdout] error[E0432]: unresolved import `sbol_db_vector_flat`
[INFO] [stdout]    --> src/vector_router.rs:122:9
[INFO] [stdout]     |
[INFO] [stdout] 122 |     use sbol_db_vector_flat::ExactFlatVectorBackend;
[INFO] [stdout]     |         ^^^^^^^^^^^^^^^^^^^ use of unresolved module or unlinked crate `sbol_db_vector_flat`
[INFO] [stdout]     |
[INFO] [stdout]     = help: if you wanted to use a crate named `sbol_db_vector_flat`, use `cargo add sbol_db_vector_flat` to add it to your `Cargo.toml`
[INFO] [stdout] 
[INFO] [stdout] 
[INFO] [stdout] For more information about this error, try `rustc --explain E0432`.
[INFO] [stdout] 
[INFO] [stderr] error: could not compile `sbol-db-search` (lib test) due to 4 previous errors
[INFO] running `Command { std: "docker" "inspect" "fcbe1ebc40076d1445e8b79b23f13d1c714eda8a99f355946896be801fdf4a6b", kill_on_drop: false }`
[INFO] running `Command { std: "docker" "rm" "-f" "fcbe1ebc40076d1445e8b79b23f13d1c714eda8a99f355946896be801fdf4a6b", kill_on_drop: false }`
[INFO] [stdout] fcbe1ebc40076d1445e8b79b23f13d1c714eda8a99f355946896be801fdf4a6b
