[INFO] fetching crate sayiir-postgres 1.0.0...
[INFO] testing sayiir-postgres-1.0.0 against 1.99.0-beta.8 for beta-1.100-2
[INFO] extracting crate sayiir-postgres 1.0.0 into /workspace/builds/worker-7-tc1/source
[INFO] started tweaking crates.io crate sayiir-postgres 1.0.0
[INFO] removed 0 missing tests
[INFO] finished tweaking crates.io crate sayiir-postgres 1.0.0
[INFO] tweaked toml for crates.io crate sayiir-postgres 1.0.0 written to /workspace/builds/worker-7-tc1/source/Cargo.toml
[INFO] validating manifest of crates.io crate sayiir-postgres 1.0.0 on toolchain 1.99.0-beta.8
[INFO] running `Command { std: CARGO_HOME="/workspace/cargo-home" RUSTUP_HOME="/workspace/rustup-home" "/workspace/cargo-home/bin/cargo" "+1.99.0-beta.8" "metadata" "--manifest-path" "Cargo.toml" "--no-deps", kill_on_drop: false }`
[INFO] crate crates.io crate sayiir-postgres 1.0.0 already has a lockfile, it will not be regenerated
[INFO] running `Command { std: CARGO_HOME="/workspace/cargo-home" RUSTUP_HOME="/workspace/rustup-home" "/workspace/cargo-home/bin/cargo" "+1.99.0-beta.8" "fetch" "--manifest-path" "Cargo.toml", kill_on_drop: false }`
[INFO] [stderr]     Updating crates.io index
[INFO] [stderr]  Downloading crates ...
[INFO] [stderr]   Downloaded zerocopy-derive v0.8.50
[INFO] [stderr]   Downloaded sayiir-persistence v1.0.0
[INFO] [stderr]   Downloaded nanoserde-derive v0.2.1
[INFO] [stderr]   Downloaded redox_syscall v0.8.1
[INFO] [stderr]   Downloaded nanoserde v0.2.1
[INFO] [stderr]   Downloaded flume v0.12.0
[INFO] [stderr]   Downloaded sayiir-core v1.0.0
[INFO] [stderr]   Downloaded zerocopy v0.8.50
[INFO] running `Command { std: "docker" "create" "-v" "/var/lib/crater-agent-workspace/builds/worker-7-tc1/source:/opt/rustwide/workdir:ro,Z" "-v" "/var/lib/crater-agent-workspace/builds/worker-7-tc1/target:/opt/rustwide/target:rw,Z" "-v" "/var/lib/crater-agent-workspace/cargo-home:/opt/rustwide/cargo-home:ro,Z" "-v" "/var/lib/crater-agent-workspace/rustup-home:/opt/rustwide/rustup-home:ro,Z" "-m" "1610612736" "--network" "none" "ghcr.io/rust-lang/crates-build-env/linux@sha256:3111399a4047eeb3a02b7a90e478d715f38a8c6669b5c4b49d30a17385265909" "sleep" "infinity", kill_on_drop: false }`
[INFO] [stdout] beda808dfd17e0450617aeead5278ba8f21314b8965f4f13b44746659befbac0
[INFO] running `Command { std: "docker" "start" "beda808dfd17e0450617aeead5278ba8f21314b8965f4f13b44746659befbac0", kill_on_drop: false }`
[INFO] running `Command { std: "docker" "inspect" "beda808dfd17e0450617aeead5278ba8f21314b8965f4f13b44746659befbac0", kill_on_drop: false }`
[INFO] running `Command { std: "docker" "exec" "-e" "SOURCE_DIR=/opt/rustwide/workdir" "-e" "CARGO_HOME=/opt/rustwide/cargo-home" "-e" "RUSTUP_HOME=/opt/rustwide/rustup-home" "-e" "CARGO_TARGET_DIR=/opt/rustwide/target" "-w" "/opt/rustwide/workdir" "--user" "0:0" "beda808dfd17e0450617aeead5278ba8f21314b8965f4f13b44746659befbac0" "/opt/rustwide/cargo-home/bin/cargo" "+1.99.0-beta.8" "metadata" "--no-deps" "--format-version=1", kill_on_drop: false }`
[INFO] running `Command { std: "docker" "inspect" "beda808dfd17e0450617aeead5278ba8f21314b8965f4f13b44746659befbac0", kill_on_drop: false }`
[INFO] running `Command { std: "docker" "exec" "-e" "SOURCE_DIR=/opt/rustwide/workdir" "-e" "CARGO_HOME=/opt/rustwide/cargo-home" "-e" "RUSTUP_HOME=/opt/rustwide/rustup-home" "-e" "CARGO_TARGET_DIR=/opt/rustwide/target" "-e" "CARGO_INCREMENTAL=0" "-e" "RUST_BACKTRACE=full" "-e" "RUSTFLAGS=--cap-lints=warn" "-e" "RUSTDOCFLAGS=--cap-lints=warn" "-w" "/opt/rustwide/workdir" "--user" "0:0" "beda808dfd17e0450617aeead5278ba8f21314b8965f4f13b44746659befbac0" "/opt/rustwide/cargo-home/bin/cargo" "+1.99.0-beta.8" "build" "--frozen" "--message-format=json", kill_on_drop: false }`
[INFO] [stderr]    Compiling syn v2.0.117
[INFO] [stderr]    Compiling socket2 v0.6.4
[INFO] [stderr]    Compiling mio v1.2.1
[INFO] [stderr]    Compiling memchr v2.8.1
[INFO] [stderr]    Compiling zerocopy v0.8.50
[INFO] [stderr]    Compiling sha2 v0.10.9
[INFO] [stderr]    Compiling futures-io v0.3.32
[INFO] [stderr]    Compiling serde_json v1.0.150
[INFO] [stderr]    Compiling form_urlencoded v1.2.2
[INFO] [stderr]    Compiling crc-catalog v2.5.0
[INFO] [stderr]    Compiling log v0.4.32
[INFO] [stderr]    Compiling tinyvec v1.11.0
[INFO] [stderr]    Compiling event-listener v5.4.1
[INFO] [stderr]    Compiling crc v3.4.0
[INFO] [stderr]    Compiling futures-sink v0.3.32
[INFO] [stderr]    Compiling bytes v1.11.1
[INFO] [stderr]    Compiling unicode-normalization v0.1.25
[INFO] [stderr]    Compiling hmac v0.12.1
[INFO] [stderr]    Compiling futures-util v0.3.32
[INFO] [stderr]    Compiling hkdf v0.12.4
[INFO] [stderr]    Compiling chrono v0.4.45
[INFO] [stderr]    Compiling md-5 v0.10.6
[INFO] [stderr]    Compiling atoi v2.0.0
[INFO] [stderr]    Compiling base64 v0.22.1
[INFO] [stderr]    Compiling stringprep v0.1.5
[INFO] [stderr]    Compiling tokio v1.52.3
[INFO] [stderr]    Compiling bitflags v2.13.0
[INFO] [stderr]    Compiling futures-channel v0.3.32
[INFO] [stderr]    Compiling fastrand v2.4.1
[INFO] [stderr]    Compiling rustc-hash v2.1.2
[INFO] [stderr]    Compiling nanoserde-derive v0.2.1
[INFO] [stderr]    Compiling spin v0.9.8
[INFO] [stderr]    Compiling flume v0.12.0
[INFO] [stderr]    Compiling nanoserde v0.2.1
[INFO] [stderr]    Compiling synstructure v0.13.2
[INFO] [stderr]    Compiling serde_derive v1.0.228
[INFO] [stderr]    Compiling zerofrom-derive v0.1.7
[INFO] [stderr]    Compiling yoke-derive v0.8.2
[INFO] [stderr]    Compiling zerovec-derive v0.11.3
[INFO] [stderr]    Compiling displaydoc v0.2.6
[INFO] [stderr]    Compiling thiserror-impl v2.0.18
[INFO] [stderr]    Compiling tracing-attributes v0.1.31
[INFO] [stderr]    Compiling ppv-lite86 v0.2.21
[INFO] [stderr]    Compiling strum_macros v0.28.0
[INFO] [stderr]    Compiling rand_chacha v0.3.1
[INFO] [stderr]    Compiling zerofrom v0.1.8
[INFO] [stderr]    Compiling tokio-stream v0.1.18
[INFO] [stderr]    Compiling yoke v0.8.3
[INFO] [stderr]    Compiling zerovec v0.11.6
[INFO] [stderr]    Compiling zerotrie v0.2.4
[INFO] [stderr]    Compiling thiserror v2.0.18
[INFO] [stderr]    Compiling rand v0.8.6
[INFO] [stderr]    Compiling tracing v0.1.44
[INFO] [stderr]    Compiling tinystr v0.8.3
[INFO] [stderr]    Compiling potential_utf v0.1.5
[INFO] [stderr]    Compiling icu_collections v2.2.0
[INFO] [stderr]    Compiling icu_locale_core v2.2.0
[INFO] [stderr]    Compiling serde v1.0.228
[INFO] [stderr]    Compiling strum v0.28.0
[INFO] [stderr]    Compiling smallvec v1.15.1
[INFO] [stderr]    Compiling either v1.16.0
[INFO] [stderr]    Compiling parking_lot_core v0.9.12
[INFO] [stderr]    Compiling parking_lot v0.12.5
[INFO] [stderr]    Compiling futures-intrusive v0.5.0
[INFO] [stderr]    Compiling icu_provider v2.2.0
[INFO] [stderr]    Compiling icu_normalizer v2.2.0
[INFO] [stderr]    Compiling icu_properties v2.2.0
[INFO] [stderr]    Compiling sayiir-core v1.0.0
[INFO] [stderr]    Compiling idna_adapter v1.2.2
[INFO] [stderr]    Compiling idna v1.1.0
[INFO] [stderr]    Compiling url v2.5.8
[INFO] [stderr]    Compiling sqlx-core v0.8.6
[INFO] [stderr]    Compiling sayiir-persistence v1.0.0
[INFO] [stderr]    Compiling tokio-util v0.7.18
[INFO] [stderr]    Compiling backon v1.6.0
[INFO] [stderr]    Compiling sqlx-postgres v0.8.6
[INFO] [stderr]    Compiling sqlx-macros-core v0.8.6
[INFO] [stderr]    Compiling sqlx-macros v0.8.6
[INFO] [stderr]    Compiling sqlx v0.8.6
[INFO] [stderr]    Compiling sayiir-postgres v1.0.0 (/opt/rustwide/workdir)
[INFO] [stderr]     Finished `dev` profile [unoptimized + debuginfo] target(s) in 1m 44s
[INFO] running `Command { std: "docker" "inspect" "beda808dfd17e0450617aeead5278ba8f21314b8965f4f13b44746659befbac0", kill_on_drop: false }`
[INFO] running `Command { std: "docker" "exec" "-e" "SOURCE_DIR=/opt/rustwide/workdir" "-e" "CARGO_HOME=/opt/rustwide/cargo-home" "-e" "RUSTUP_HOME=/opt/rustwide/rustup-home" "-e" "CARGO_TARGET_DIR=/opt/rustwide/target" "-e" "CARGO_INCREMENTAL=0" "-e" "RUST_BACKTRACE=full" "-e" "RUSTFLAGS=--cap-lints=warn" "-e" "RUSTDOCFLAGS=--cap-lints=warn" "-w" "/opt/rustwide/workdir" "--user" "0:0" "beda808dfd17e0450617aeead5278ba8f21314b8965f4f13b44746659befbac0" "/opt/rustwide/cargo-home/bin/cargo" "+1.99.0-beta.8" "test" "--frozen" "--no-run" "--message-format=json", kill_on_drop: false }`
[INFO] [stderr]    Compiling sayiir-postgres v1.0.0 (/opt/rustwide/workdir)
[INFO] [stdout] error[E0433]: cannot find module or crate `sayiir_runtime` in this scope
[INFO] [stdout]   --> tests/integration.rs:10:5
[INFO] [stdout]    |
[INFO] [stdout] 10 | use sayiir_runtime::serialization::JsonCodec;
[INFO] [stdout]    |     ^^^^^^^^^^^^^^ use of unresolved module or unlinked crate `sayiir_runtime`
[INFO] [stdout]    |
[INFO] [stdout]    = help: if you wanted to use a crate named `sayiir_runtime`, use `cargo add sayiir_runtime` to add it to your `Cargo.toml`
[INFO] [stdout] 
[INFO] [stdout] 
[INFO] [stdout] error[E0433]: cannot find module or crate `testcontainers` in this scope
[INFO] [stdout]   --> tests/integration.rs:13:5
[INFO] [stdout]    |
[INFO] [stdout] 13 | use testcontainers::runners::AsyncRunner;
[INFO] [stdout]    |     ^^^^^^^^^^^^^^ use of unresolved module or unlinked crate `testcontainers`
[INFO] [stdout]    |
[INFO] [stdout]    = help: if you wanted to use a crate named `testcontainers`, use `cargo add testcontainers` to add it to your `Cargo.toml`
[INFO] [stdout] 
[INFO] [stdout] 
[INFO] [stdout] error[E0433]: cannot find module or crate `testcontainers_modules` in this scope
[INFO] [stdout]   --> tests/integration.rs:14:5
[INFO] [stdout]    |
[INFO] [stdout] 14 | use testcontainers_modules::postgres::Postgres;
[INFO] [stdout]    |     ^^^^^^^^^^^^^^^^^^^^^^ use of unresolved module or unlinked crate `testcontainers_modules`
[INFO] [stdout]    |
[INFO] [stdout]    = help: if you wanted to use a crate named `testcontainers_modules`, use `cargo add testcontainers_modules` to add it to your `Cargo.toml`
[INFO] [stdout] 
[INFO] [stdout] 
[INFO] [stdout] error[E0432]: unresolved import `testcontainers`
[INFO] [stdout]   --> tests/integration.rs:12:5
[INFO] [stdout]    |
[INFO] [stdout] 12 | use testcontainers::ImageExt;
[INFO] [stdout]    |     ^^^^^^^^^^^^^^ use of unresolved module or unlinked crate `testcontainers`
[INFO] [stdout]    |
[INFO] [stdout]    = help: if you wanted to use a crate named `testcontainers`, use `cargo add testcontainers` to add it to your `Cargo.toml`
[INFO] [stdout] 
[INFO] [stdout] 
[INFO] [stdout] error[E0433]: cannot find `test` in `tokio`
[INFO] [stdout]   --> tests/integration.rs:74:10
[INFO] [stdout]    |
[INFO] [stdout] 74 | #[tokio::test]
[INFO] [stdout]    |          ^^^^ could not find `test` in `tokio`
[INFO] [stdout] 
[INFO] [stdout] 
[INFO] [stdout] error[E0433]: cannot find `test` in `tokio`
[INFO] [stdout]   --> tests/integration.rs:90:10
[INFO] [stdout]    |
[INFO] [stdout] 90 | #[tokio::test]
[INFO] [stdout]    |          ^^^^ could not find `test` in `tokio`
[INFO] [stdout] 
[INFO] [stdout] 
[INFO] [stdout] error[E0433]: cannot find `test` in `tokio`
[INFO] [stdout]   --> tests/integration.rs:97:10
[INFO] [stdout]    |
[INFO] [stdout] 97 | #[tokio::test]
[INFO] [stdout]    |          ^^^^ could not find `test` in `tokio`
[INFO] [stdout] 
[INFO] [stdout] 
[INFO] [stdout] error[E0433]: cannot find `test` in `tokio`
[INFO] [stdout]    --> tests/integration.rs:130:10
[INFO] [stdout]     |
[INFO] [stdout] 130 | #[tokio::test]
[INFO] [stdout]     |          ^^^^ could not find `test` in `tokio`
[INFO] [stdout] 
[INFO] [stdout] 
[INFO] [stdout] error[E0433]: cannot find `test` in `tokio`
[INFO] [stdout]    --> tests/integration.rs:161:10
[INFO] [stdout]     |
[INFO] [stdout] 161 | #[tokio::test]
[INFO] [stdout]     |          ^^^^ could not find `test` in `tokio`
[INFO] [stdout] 
[INFO] [stdout] 
[INFO] [stdout] error[E0433]: cannot find `test` in `tokio`
[INFO] [stdout]    --> tests/integration.rs:172:10
[INFO] [stdout]     |
[INFO] [stdout] 172 | #[tokio::test]
[INFO] [stdout]     |          ^^^^ could not find `test` in `tokio`
[INFO] [stdout] 
[INFO] [stdout] 
[INFO] [stdout] error[E0433]: cannot find `test` in `tokio`
[INFO] [stdout]    --> tests/integration.rs:179:10
[INFO] [stdout]     |
[INFO] [stdout] 179 | #[tokio::test]
[INFO] [stdout]     |          ^^^^ could not find `test` in `tokio`
[INFO] [stdout] 
[INFO] [stdout] 
[INFO] [stdout] error[E0433]: cannot find `test` in `tokio`
[INFO] [stdout]    --> tests/integration.rs:197:10
[INFO] [stdout]     |
[INFO] [stdout] 197 | #[tokio::test]
[INFO] [stdout]     |          ^^^^ could not find `test` in `tokio`
[INFO] [stdout] 
[INFO] [stdout] 
[INFO] [stdout] error[E0433]: cannot find `test` in `tokio`
[INFO] [stdout]    --> tests/integration.rs:225:10
[INFO] [stdout]     |
[INFO] [stdout] 225 | #[tokio::test]
[INFO] [stdout]     |          ^^^^ could not find `test` in `tokio`
[INFO] [stdout] 
[INFO] [stdout] 
[INFO] [stdout] error[E0433]: cannot find `test` in `tokio`
[INFO] [stdout]    --> tests/integration.rs:292:10
[INFO] [stdout]     |
[INFO] [stdout] 292 | #[tokio::test]
[INFO] [stdout]     |          ^^^^ could not find `test` in `tokio`
[INFO] [stdout] 
[INFO] [stdout] 
[INFO] [stdout] error[E0433]: cannot find `test` in `tokio`
[INFO] [stdout]    --> tests/integration.rs:346:10
[INFO] [stdout]     |
[INFO] [stdout] 346 | #[tokio::test]
[INFO] [stdout]     |          ^^^^ could not find `test` in `tokio`
[INFO] [stdout] 
[INFO] [stdout] 
[INFO] [stdout] error[E0433]: cannot find `test` in `tokio`
[INFO] [stdout]    --> tests/integration.rs:381:10
[INFO] [stdout]     |
[INFO] [stdout] 381 | #[tokio::test]
[INFO] [stdout]     |          ^^^^ could not find `test` in `tokio`
[INFO] [stdout] 
[INFO] [stdout] 
[INFO] [stdout] error[E0433]: cannot find `test` in `tokio`
[INFO] [stdout]    --> tests/integration.rs:406:10
[INFO] [stdout]     |
[INFO] [stdout] 406 | #[tokio::test]
[INFO] [stdout]     |          ^^^^ could not find `test` in `tokio`
[INFO] [stdout] 
[INFO] [stdout] 
[INFO] [stdout] error[E0433]: cannot find `test` in `tokio`
[INFO] [stdout]    --> tests/integration.rs:419:10
[INFO] [stdout]     |
[INFO] [stdout] 419 | #[tokio::test]
[INFO] [stdout]     |          ^^^^ could not find `test` in `tokio`
[INFO] [stdout] 
[INFO] [stdout] 
[INFO] [stdout] error[E0433]: cannot find `test` in `tokio`
[INFO] [stdout]    --> tests/integration.rs:432:10
[INFO] [stdout]     |
[INFO] [stdout] 432 | #[tokio::test]
[INFO] [stdout]     |          ^^^^ could not find `test` in `tokio`
[INFO] [stdout] 
[INFO] [stdout] 
[INFO] [stdout] error[E0433]: cannot find `test` in `tokio`
[INFO] [stdout]    --> tests/integration.rs:445:10
[INFO] [stdout]     |
[INFO] [stdout] 445 | #[tokio::test]
[INFO] [stdout]     |          ^^^^ could not find `test` in `tokio`
[INFO] [stdout] 
[INFO] [stdout] 
[INFO] [stdout] error[E0433]: cannot find `test` in `tokio`
[INFO] [stdout]    --> tests/integration.rs:472:10
[INFO] [stdout]     |
[INFO] [stdout] 472 | #[tokio::test]
[INFO] [stdout]     |          ^^^^ could not find `test` in `tokio`
[INFO] [stdout] 
[INFO] [stdout] 
[INFO] [stdout] error[E0433]: cannot find `test` in `tokio`
[INFO] [stdout]    --> tests/integration.rs:484:10
[INFO] [stdout]     |
[INFO] [stdout] 484 | #[tokio::test]
[INFO] [stdout]     |          ^^^^ could not find `test` in `tokio`
[INFO] [stdout] 
[INFO] [stdout] 
[INFO] [stdout] error[E0433]: cannot find `test` in `tokio`
[INFO] [stdout]    --> tests/integration.rs:520:10
[INFO] [stdout]     |
[INFO] [stdout] 520 | #[tokio::test]
[INFO] [stdout]     |          ^^^^ could not find `test` in `tokio`
[INFO] [stdout] 
[INFO] [stdout] 
[INFO] [stdout] error[E0433]: cannot find `test` in `tokio`
[INFO] [stdout]    --> tests/integration.rs:533:10
[INFO] [stdout]     |
[INFO] [stdout] 533 | #[tokio::test]
[INFO] [stdout]     |          ^^^^ could not find `test` in `tokio`
[INFO] [stdout] 
[INFO] [stdout] 
[INFO] [stdout] error[E0433]: cannot find `test` in `tokio`
[INFO] [stdout]    --> tests/integration.rs:559:10
[INFO] [stdout]     |
[INFO] [stdout] 559 | #[tokio::test]
[INFO] [stdout]     |          ^^^^ could not find `test` in `tokio`
[INFO] [stdout] 
[INFO] [stdout] 
[INFO] [stdout] error[E0433]: cannot find `test` in `tokio`
[INFO] [stdout]    --> tests/integration.rs:586:10
[INFO] [stdout]     |
[INFO] [stdout] 586 | #[tokio::test]
[INFO] [stdout]     |          ^^^^ could not find `test` in `tokio`
[INFO] [stdout] 
[INFO] [stdout] 
[INFO] [stdout] error[E0433]: cannot find `test` in `tokio`
[INFO] [stdout]    --> tests/integration.rs:609:10
[INFO] [stdout]     |
[INFO] [stdout] 609 | #[tokio::test]
[INFO] [stdout]     |          ^^^^ could not find `test` in `tokio`
[INFO] [stdout] 
[INFO] [stdout] 
[INFO] [stdout] error[E0433]: cannot find `test` in `tokio`
[INFO] [stdout]    --> tests/integration.rs:638:10
[INFO] [stdout]     |
[INFO] [stdout] 638 | #[tokio::test]
[INFO] [stdout]     |          ^^^^ could not find `test` in `tokio`
[INFO] [stdout] 
[INFO] [stdout] 
[INFO] [stdout] error[E0433]: cannot find `test` in `tokio`
[INFO] [stdout]    --> tests/integration.rs:670:10
[INFO] [stdout]     |
[INFO] [stdout] 670 | #[tokio::test]
[INFO] [stdout]     |          ^^^^ could not find `test` in `tokio`
[INFO] [stdout] 
[INFO] [stdout] 
[INFO] [stdout] error[E0433]: cannot find `test` in `tokio`
[INFO] [stdout]    --> tests/integration.rs:691:10
[INFO] [stdout]     |
[INFO] [stdout] 691 | #[tokio::test]
[INFO] [stdout]     |          ^^^^ could not find `test` in `tokio`
[INFO] [stdout] 
[INFO] [stdout] 
[INFO] [stdout] error[E0433]: cannot find `test` in `tokio`
[INFO] [stdout]    --> tests/integration.rs:724:10
[INFO] [stdout]     |
[INFO] [stdout] 724 | #[tokio::test]
[INFO] [stdout]     |          ^^^^ could not find `test` in `tokio`
[INFO] [stdout] 
[INFO] [stdout] 
[INFO] [stdout] error[E0433]: cannot find `test` in `tokio`
[INFO] [stdout]    --> tests/integration.rs:745:10
[INFO] [stdout]     |
[INFO] [stdout] 745 | #[tokio::test]
[INFO] [stdout]     |          ^^^^ could not find `test` in `tokio`
[INFO] [stdout] 
[INFO] [stdout] 
[INFO] [stdout] error[E0433]: cannot find `test` in `tokio`
[INFO] [stdout]    --> tests/integration.rs:795:10
[INFO] [stdout]     |
[INFO] [stdout] 795 | #[tokio::test]
[INFO] [stdout]     |          ^^^^ could not find `test` in `tokio`
[INFO] [stdout] 
[INFO] [stdout] 
[INFO] [stdout] error[E0433]: cannot find `test` in `tokio`
[INFO] [stdout]    --> tests/integration.rs:821:10
[INFO] [stdout]     |
[INFO] [stdout] 821 | #[tokio::test]
[INFO] [stdout]     |          ^^^^ could not find `test` in `tokio`
[INFO] [stdout] 
[INFO] [stdout] 
[INFO] [stdout] error[E0433]: cannot find `test` in `tokio`
[INFO] [stdout]    --> tests/integration.rs:841:10
[INFO] [stdout]     |
[INFO] [stdout] 841 | #[tokio::test]
[INFO] [stdout]     |          ^^^^ could not find `test` in `tokio`
[INFO] [stdout] 
[INFO] [stdout] 
[INFO] [stdout] error[E0433]: cannot find `test` in `tokio`
[INFO] [stdout]    --> tests/integration.rs:873:10
[INFO] [stdout]     |
[INFO] [stdout] 873 | #[tokio::test]
[INFO] [stdout]     |          ^^^^ could not find `test` in `tokio`
[INFO] [stdout] 
[INFO] [stdout] 
[INFO] [stdout] error[E0433]: cannot find `test` in `tokio`
[INFO] [stdout]    --> tests/integration.rs:890:10
[INFO] [stdout]     |
[INFO] [stdout] 890 | #[tokio::test]
[INFO] [stdout]     |          ^^^^ could not find `test` in `tokio`
[INFO] [stdout] 
[INFO] [stdout] 
[INFO] [stdout] error[E0433]: cannot find `test` in `tokio`
[INFO] [stdout]    --> tests/integration.rs:921:10
[INFO] [stdout]     |
[INFO] [stdout] 921 | #[tokio::test]
[INFO] [stdout]     |          ^^^^ could not find `test` in `tokio`
[INFO] [stdout] 
[INFO] [stdout] 
[INFO] [stdout] error[E0433]: cannot find `test` in `tokio`
[INFO] [stdout]    --> tests/integration.rs:948:10
[INFO] [stdout]     |
[INFO] [stdout] 948 | #[tokio::test]
[INFO] [stdout]     |          ^^^^ could not find `test` in `tokio`
[INFO] [stdout] 
[INFO] [stdout] 
[INFO] [stdout] error[E0433]: cannot find `test` in `tokio`
[INFO] [stdout]    --> tests/integration.rs:969:10
[INFO] [stdout]     |
[INFO] [stdout] 969 | #[tokio::test]
[INFO] [stdout]     |          ^^^^ could not find `test` in `tokio`
[INFO] [stdout] 
[INFO] [stdout] 
[INFO] [stdout] error[E0433]: cannot find `test` in `tokio`
[INFO] [stdout]     --> tests/integration.rs:1012:10
[INFO] [stdout]      |
[INFO] [stdout] 1012 | #[tokio::test]
[INFO] [stdout]      |          ^^^^ could not find `test` in `tokio`
[INFO] [stdout] 
[INFO] [stdout] 
[INFO] [stdout] error[E0433]: cannot find `test` in `tokio`
[INFO] [stdout]     --> tests/integration.rs:1032:10
[INFO] [stdout]      |
[INFO] [stdout] 1032 | #[tokio::test]
[INFO] [stdout]      |          ^^^^ could not find `test` in `tokio`
[INFO] [stdout] 
[INFO] [stdout] 
[INFO] [stdout] error[E0433]: cannot find `test` in `tokio`
[INFO] [stdout]     --> tests/integration.rs:1055:10
[INFO] [stdout]      |
[INFO] [stdout] 1055 | #[tokio::test]
[INFO] [stdout]      |          ^^^^ could not find `test` in `tokio`
[INFO] [stdout] 
[INFO] [stdout] 
[INFO] [stdout] error[E0433]: cannot find `test` in `tokio`
[INFO] [stdout]     --> tests/integration.rs:1072:10
[INFO] [stdout]      |
[INFO] [stdout] 1072 | #[tokio::test]
[INFO] [stdout]      |          ^^^^ could not find `test` in `tokio`
[INFO] [stdout] 
[INFO] [stdout] 
[INFO] [stdout] error[E0433]: cannot find `test` in `tokio`
[INFO] [stdout]     --> tests/integration.rs:1085:10
[INFO] [stdout]      |
[INFO] [stdout] 1085 | #[tokio::test]
[INFO] [stdout]      |          ^^^^ could not find `test` in `tokio`
[INFO] [stdout] 
[INFO] [stdout] 
[INFO] [stdout] error[E0433]: cannot find `test` in `tokio`
[INFO] [stdout]     --> tests/integration.rs:1094:10
[INFO] [stdout]      |
[INFO] [stdout] 1094 | #[tokio::test]
[INFO] [stdout]      |          ^^^^ could not find `test` in `tokio`
[INFO] [stdout] 
[INFO] [stdout] 
[INFO] [stdout] error[E0433]: cannot find `test` in `tokio`
[INFO] [stdout]     --> tests/integration.rs:1122:10
[INFO] [stdout]      |
[INFO] [stdout] 1122 | #[tokio::test]
[INFO] [stdout]      |          ^^^^ could not find `test` in `tokio`
[INFO] [stdout] 
[INFO] [stdout] 
[INFO] [stdout] error[E0433]: cannot find `test` in `tokio`
[INFO] [stdout]     --> tests/integration.rs:1171:10
[INFO] [stdout]      |
[INFO] [stdout] 1171 | #[tokio::test]
[INFO] [stdout]      |          ^^^^ could not find `test` in `tokio`
[INFO] [stdout] 
[INFO] [stdout] 
[INFO] [stdout] error[E0433]: cannot find `test` in `tokio`
[INFO] [stdout]     --> tests/integration.rs:1241:10
[INFO] [stdout]      |
[INFO] [stdout] 1241 | #[tokio::test]
[INFO] [stdout]      |          ^^^^ could not find `test` in `tokio`
[INFO] [stdout] 
[INFO] [stdout] 
[INFO] [stdout] error[E0433]: cannot find `test` in `tokio`
[INFO] [stdout]     --> tests/integration.rs:1280:10
[INFO] [stdout]      |
[INFO] [stdout] 1280 | #[tokio::test]
[INFO] [stdout]      |          ^^^^ could not find `test` in `tokio`
[INFO] [stdout] 
[INFO] [stdout] 
[INFO] [stdout] error[E0433]: cannot find `test` in `tokio`
[INFO] [stdout]     --> tests/integration.rs:1308:10
[INFO] [stdout]      |
[INFO] [stdout] 1308 | #[tokio::test]
[INFO] [stdout]      |          ^^^^ could not find `test` in `tokio`
[INFO] [stdout] 
[INFO] [stdout] 
[INFO] [stdout] error[E0433]: cannot find `test` in `tokio`
[INFO] [stdout]     --> tests/integration.rs:1346:10
[INFO] [stdout]      |
[INFO] [stdout] 1346 | #[tokio::test]
[INFO] [stdout]      |          ^^^^ could not find `test` in `tokio`
[INFO] [stdout] 
[INFO] [stdout] 
[INFO] [stdout] error[E0433]: cannot find `test` in `tokio`
[INFO] [stdout]     --> tests/integration.rs:1383:10
[INFO] [stdout]      |
[INFO] [stdout] 1383 | #[tokio::test]
[INFO] [stdout]      |          ^^^^ could not find `test` in `tokio`
[INFO] [stdout] 
[INFO] [stdout] 
[INFO] [stdout] error[E0433]: cannot find `test` in `tokio`
[INFO] [stdout]     --> tests/integration.rs:1407:10
[INFO] [stdout]      |
[INFO] [stdout] 1407 | #[tokio::test]
[INFO] [stdout]      |          ^^^^ could not find `test` in `tokio`
[INFO] [stdout] 
[INFO] [stdout] 
[INFO] [stdout] error[E0433]: cannot find `test` in `tokio`
[INFO] [stdout]     --> tests/integration.rs:1462:10
[INFO] [stdout]      |
[INFO] [stdout] 1462 | #[tokio::test]
[INFO] [stdout]      |          ^^^^ could not find `test` in `tokio`
[INFO] [stdout] 
[INFO] [stdout] 
[INFO] [stdout] error[E0433]: cannot find `test` in `tokio`
[INFO] [stdout]     --> tests/integration.rs:1505:10
[INFO] [stdout]      |
[INFO] [stdout] 1505 | #[tokio::test]
[INFO] [stdout]      |          ^^^^ could not find `test` in `tokio`
[INFO] [stdout] 
[INFO] [stdout] 
[INFO] [stdout] error[E0433]: cannot find `test` in `tokio`
[INFO] [stdout]     --> tests/integration.rs:1574:10
[INFO] [stdout]      |
[INFO] [stdout] 1574 | #[tokio::test]
[INFO] [stdout]      |          ^^^^ could not find `test` in `tokio`
[INFO] [stdout] 
[INFO] [stdout] 
[INFO] [stdout] error[E0433]: cannot find `test` in `tokio`
[INFO] [stdout]     --> tests/integration.rs:1631:10
[INFO] [stdout]      |
[INFO] [stdout] 1631 | #[tokio::test]
[INFO] [stdout]      |          ^^^^ could not find `test` in `tokio`
[INFO] [stdout] 
[INFO] [stdout] 
[INFO] [stdout] error[E0433]: cannot find `test` in `tokio`
[INFO] [stdout]     --> tests/integration.rs:1663:10
[INFO] [stdout]      |
[INFO] [stdout] 1663 | #[tokio::test]
[INFO] [stdout]      |          ^^^^ could not find `test` in `tokio`
[INFO] [stdout] 
[INFO] [stdout] 
[INFO] [stdout] error[E0614]: type `TaskId` cannot be dereferenced
[INFO] [stdout]    --> tests/integration.rs:113:28
[INFO] [stdout]     |
[INFO] [stdout] 113 |                 assert_eq!(*task_id, sayiir_core::TaskId::from("step-2"))
[INFO] [stdout]     |                            ^^^^^^^^ can't be dereferenced
[INFO] [stdout] 
[INFO] [stdout] 
[INFO] [stdout] error[E0614]: type `TaskId` cannot be dereferenced
[INFO] [stdout]     --> tests/integration.rs:1482:24
[INFO] [stdout]      |
[INFO] [stdout] 1482 |             assert_eq!(*task_id, next_task, "position must advance to next_task_id");
[INFO] [stdout]      |                        ^^^^^^^^ can't be dereferenced
[INFO] [stdout] 
[INFO] [stdout] 
[INFO] [stdout] error[E0433]: cannot find module or crate `testcontainers` in this scope
[INFO] [stdout]   --> tests/integration.rs:29:5
[INFO] [stdout]    |
[INFO] [stdout] 29 |     testcontainers::ContainerAsync<Postgres>,
[INFO] [stdout]    |     ^^^^^^^^^^^^^^ use of unresolved module or unlinked crate `testcontainers`
[INFO] [stdout]    |
[INFO] [stdout]    = help: if you wanted to use a crate named `testcontainers`, use `cargo add testcontainers` to add it to your `Cargo.toml`
[INFO] [stdout] 
[INFO] [stdout] 
[INFO] [stdout] error[E0433]: cannot find module or crate `testcontainers` in this scope
[INFO] [stdout]   --> tests/integration.rs:39:5
[INFO] [stdout]    |
[INFO] [stdout] 39 |     testcontainers::ContainerAsync<Postgres>,
[INFO] [stdout]    |     ^^^^^^^^^^^^^^ use of unresolved module or unlinked crate `testcontainers`
[INFO] [stdout]    |
[INFO] [stdout]    = help: if you wanted to use a crate named `testcontainers`, use `cargo add testcontainers` to add it to your `Cargo.toml`
[INFO] [stdout] 
[INFO] [stdout] 
[INFO] [stdout] error[E0433]: cannot find module or crate `testcontainers` in this scope
[INFO] [stdout]   --> tests/integration.rs:54:5
[INFO] [stdout]    |
[INFO] [stdout] 54 |     testcontainers::ContainerAsync<Postgres>,
[INFO] [stdout]    |     ^^^^^^^^^^^^^^ use of unresolved module or unlinked crate `testcontainers`
[INFO] [stdout]    |
[INFO] [stdout]    = help: if you wanted to use a crate named `testcontainers`, use `cargo add testcontainers` to add it to your `Cargo.toml`
[INFO] [stdout] 
[INFO] [stdout] 
[INFO] [stdout] Some errors have detailed explanations: E0432, E0433, E0614.
[INFO] [stdout] 
[INFO] [stdout] For more information about an error, try `rustc --explain E0432`.
[INFO] [stdout] 
[INFO] [stderr] error: could not compile `sayiir-postgres` (test "integration") due to 64 previous errors
[INFO] [stderr] warning: build failed, waiting for other jobs to finish...
[INFO] running `Command { std: "docker" "inspect" "beda808dfd17e0450617aeead5278ba8f21314b8965f4f13b44746659befbac0", kill_on_drop: false }`
[INFO] running `Command { std: "docker" "rm" "-f" "beda808dfd17e0450617aeead5278ba8f21314b8965f4f13b44746659befbac0", kill_on_drop: false }`
[INFO] [stdout] beda808dfd17e0450617aeead5278ba8f21314b8965f4f13b44746659befbac0
