[INFO] fetching crate satori-rs 0.1.1...
[INFO] testing satori-rs-0.1.1 against 1.100.0-beta.1 for beta-1.100-2
[INFO] extracting crate satori-rs 0.1.1 into /workspace/builds/worker-0-tc2/source
[INFO] started tweaking crates.io crate satori-rs 0.1.1
[INFO] removed 0 missing examples
[INFO] removed 0 missing tests
[INFO] finished tweaking crates.io crate satori-rs 0.1.1
[INFO] tweaked toml for crates.io crate satori-rs 0.1.1 written to /workspace/builds/worker-0-tc2/source/Cargo.toml
[INFO] validating manifest of crates.io crate satori-rs 0.1.1 on toolchain 1.100.0-beta.1
[INFO] running `Command { std: CARGO_HOME="/workspace/cargo-home" RUSTUP_HOME="/workspace/rustup-home" "/workspace/cargo-home/bin/cargo" "+1.100.0-beta.1" "metadata" "--manifest-path" "Cargo.toml" "--no-deps", kill_on_drop: false }`
[INFO] crate crates.io crate satori-rs 0.1.1 already has a lockfile, it will not be regenerated
[INFO] running `Command { std: CARGO_HOME="/workspace/cargo-home" RUSTUP_HOME="/workspace/rustup-home" "/workspace/cargo-home/bin/cargo" "+1.100.0-beta.1" "fetch" "--manifest-path" "Cargo.toml", kill_on_drop: false }`
[INFO] running `Command { std: "docker" "create" "-v" "/var/lib/crater-agent-workspace/builds/worker-0-tc2/source:/opt/rustwide/workdir:ro,Z" "-v" "/var/lib/crater-agent-workspace/builds/worker-0-tc2/target:/opt/rustwide/target:rw,Z" "-v" "/var/lib/crater-agent-workspace/cargo-home:/opt/rustwide/cargo-home:ro,Z" "-v" "/var/lib/crater-agent-workspace/rustup-home:/opt/rustwide/rustup-home:ro,Z" "-m" "1610612736" "--network" "none" "ghcr.io/rust-lang/crates-build-env/linux@sha256:3111399a4047eeb3a02b7a90e478d715f38a8c6669b5c4b49d30a17385265909" "sleep" "infinity", kill_on_drop: false }`
[INFO] [stdout] d7bb6b3fa876ace6f7e4887b73f86ec04cb98840ac8f1ddf7263cc4a879eccbd
[INFO] running `Command { std: "docker" "start" "d7bb6b3fa876ace6f7e4887b73f86ec04cb98840ac8f1ddf7263cc4a879eccbd", kill_on_drop: false }`
[INFO] running `Command { std: "docker" "inspect" "d7bb6b3fa876ace6f7e4887b73f86ec04cb98840ac8f1ddf7263cc4a879eccbd", kill_on_drop: false }`
[INFO] running `Command { std: "docker" "exec" "-e" "SOURCE_DIR=/opt/rustwide/workdir" "-e" "CARGO_HOME=/opt/rustwide/cargo-home" "-e" "RUSTUP_HOME=/opt/rustwide/rustup-home" "-e" "CARGO_TARGET_DIR=/opt/rustwide/target" "-w" "/opt/rustwide/workdir" "--user" "0:0" "d7bb6b3fa876ace6f7e4887b73f86ec04cb98840ac8f1ddf7263cc4a879eccbd" "/opt/rustwide/cargo-home/bin/cargo" "+1.100.0-beta.1" "metadata" "--no-deps" "--format-version=1", kill_on_drop: false }`
[INFO] running `Command { std: "docker" "inspect" "d7bb6b3fa876ace6f7e4887b73f86ec04cb98840ac8f1ddf7263cc4a879eccbd", kill_on_drop: false }`
[INFO] running `Command { std: "docker" "exec" "-e" "SOURCE_DIR=/opt/rustwide/workdir" "-e" "CARGO_HOME=/opt/rustwide/cargo-home" "-e" "RUSTUP_HOME=/opt/rustwide/rustup-home" "-e" "CARGO_TARGET_DIR=/opt/rustwide/target" "-e" "CARGO_INCREMENTAL=0" "-e" "RUST_BACKTRACE=full" "-e" "RUSTFLAGS=--cap-lints=warn" "-e" "RUSTDOCFLAGS=--cap-lints=warn" "-w" "/opt/rustwide/workdir" "--user" "0:0" "d7bb6b3fa876ace6f7e4887b73f86ec04cb98840ac8f1ddf7263cc4a879eccbd" "/opt/rustwide/cargo-home/bin/cargo" "+1.100.0-beta.1" "build" "--frozen" "--message-format=json", kill_on_drop: false }`
[INFO] [stderr]    Compiling siphasher v1.0.3
[INFO] [stderr]    Compiling syn v1.0.109
[INFO] [stderr]    Compiling smallvec v1.15.1
[INFO] [stderr]    Compiling crossbeam-utils v0.8.21
[INFO] [stderr]    Compiling dtoa v1.0.11
[INFO] [stderr]    Compiling libm v0.2.16
[INFO] [stderr]    Compiling rand v0.8.6
[INFO] [stderr]    Compiling ahash v0.7.8
[INFO] [stderr]    Compiling rkyv v0.7.46
[INFO] [stderr]    Compiling serde_json v1.0.149
[INFO] [stderr]    Compiling outref v0.1.0
[INFO] [stderr]    Compiling getrandom v0.3.4
[INFO] [stderr]    Compiling getrandom v0.2.17
[INFO] [stderr]    Compiling rayon-core v1.13.0
[INFO] [stderr]    Compiling cssparser-macros v0.6.1
[INFO] [stderr]    Compiling serde_derive v1.0.228
[INFO] [stderr]    Compiling indexmap v2.14.0
[INFO] [stderr]    Compiling phf_shared v0.11.3
[INFO] [stderr]    Compiling dtoa-short v0.3.5
[INFO] [stderr]    Compiling simd-abstraction v0.7.1
[INFO] [stderr]    Compiling ahash v0.8.12
[INFO] [stderr]    Compiling slotmap v1.1.1
[INFO] [stderr]    Compiling bitflags v2.11.1
[INFO] [stderr]    Compiling memchr v2.8.0
[INFO] [stderr]    Compiling matches v0.1.10
[INFO] [stderr]    Compiling seahash v4.1.0
[INFO] [stderr]    Compiling data-url v0.1.1
[INFO] [stderr]    Compiling base64-simd v0.7.0
[INFO] [stderr]    Compiling convert_case v0.6.0
[INFO] [stderr]    Compiling parking_lot_core v0.9.12
[INFO] [stderr]    Compiling precomputed-hash v0.1.1
[INFO] [stderr]    Compiling hashbrown v0.14.5
[INFO] [stderr]    Compiling hashbrown v0.12.3
[INFO] [stderr]    Compiling vlq v0.5.1
[INFO] [stderr]    Compiling roxmltree v0.20.0
[INFO] [stderr]    Compiling rustc-hash v2.1.2
[INFO] [stderr]    Compiling phf_generator v0.11.3
[INFO] [stderr]    Compiling itertools v0.10.5
[INFO] [stderr]    Compiling memmap2 v0.9.10
[INFO] [stderr]    Compiling phf_macros v0.11.3
[INFO] [stderr]    Compiling phf_codegen v0.11.3
[INFO] [stderr]    Compiling dashmap v5.5.3
[INFO] [stderr]    Compiling unicode-bidi-mirroring v0.4.0
[INFO] [stderr]    Compiling parcel_selectors v0.28.2
[INFO] [stderr]    Compiling pastey v0.1.1
[INFO] [stderr]    Compiling unicode-ccc v0.4.0
[INFO] [stderr]    Compiling crossbeam-epoch v0.9.18
[INFO] [stderr]    Compiling pathdiff v0.2.3
[INFO] [stderr]    Compiling bytemuck v1.25.0
[INFO] [stderr]    Compiling data-encoding v2.11.0
[INFO] [stderr]    Compiling unicode-script v0.5.8
[INFO] [stderr]    Compiling thiserror v2.0.18
[INFO] [stderr]    Compiling phf v0.11.3
[INFO] [stderr]    Compiling unicode-linebreak v0.1.5
[INFO] [stderr]    Compiling yoga-rs v0.1.0
[INFO] [stderr]    Compiling crossbeam-deque v0.8.6
[INFO] [stderr]    Compiling cssparser v0.33.0
[INFO] [stderr]    Compiling fontconfig-parser v0.5.8
[INFO] [stderr]    Compiling cssparser v0.34.0
[INFO] [stderr]    Compiling core_maths v0.1.1
[INFO] [stderr]    Compiling ttf-parser v0.25.1
[INFO] [stderr]    Compiling rayon v1.12.0
[INFO] [stderr]    Compiling cssparser-color v0.1.0
[INFO] [stderr]    Compiling serde v1.0.228
[INFO] [stderr]    Compiling serde-content v0.1.2
[INFO] [stderr]    Compiling fontdb v0.23.0
[INFO] [stderr]    Compiling rustybuzz v0.20.1
[INFO] [stderr]    Compiling ptr_meta_derive v0.1.4
[INFO] [stderr]    Compiling rkyv_derive v0.7.46
[INFO] [stderr]    Compiling const-str-proc-macro v0.3.2
[INFO] [stderr]    Compiling lightningcss-derive v1.0.0-alpha.43
[INFO] [stderr]    Compiling ptr_meta v0.1.4
[INFO] [stderr]    Compiling const-str v0.3.2
[INFO] [stderr]    Compiling parcel_sourcemap v2.1.1
[INFO] [stderr]    Compiling lightningcss v1.0.0-alpha.71
[INFO] [stderr]    Compiling satori-rs v0.1.1 (/opt/rustwide/workdir)
[INFO] [stderr] warning: unused dependency `cssparser`
[INFO] [stderr]  --> Cargo.toml:4:15
[INFO] [stderr]   |
[INFO] [stderr] 4 | [dependencies.cssparser]
[INFO] [stderr]   |               ^^^^^^^^^^
[INFO] [stderr]   |
[INFO] [stderr]   = note: `cargo::unused_dependencies` is set to `warn` by default
[INFO] [stderr] help: consider removing the dependency on `cssparser`
[INFO] [stderr] warning: unused dependency `fontdb`
[INFO] [stderr]  --> Cargo.toml:7:15
[INFO] [stderr]   |
[INFO] [stderr] 7 | [dependencies.fontdb]
[INFO] [stderr]   |               ^^^^^^^
[INFO] [stderr]   |
[INFO] [stderr] help: consider removing the dependency on `fontdb`
[INFO] [stderr] warning: unused dependency `lightningcss`
[INFO] [stderr]   --> Cargo.toml:17:15
[INFO] [stderr]    |
[INFO] [stderr] 17 | [dependencies.lightningcss]
[INFO] [stderr]    |               ^^^^^^^^^^^^^
[INFO] [stderr]    |
[INFO] [stderr] help: consider removing the dependency on `lightningcss`
[INFO] [stderr] warning: unused dependency `rustybuzz`
[INFO] [stderr]   --> Cargo.toml:23:15
[INFO] [stderr]    |
[INFO] [stderr] 23 | [dependencies.rustybuzz]
[INFO] [stderr]    |               ^^^^^^^^^^
[INFO] [stderr]    |
[INFO] [stderr] help: consider removing the dependency on `rustybuzz`
[INFO] [stderr] warning: unused dependency `unicode-bidi`
[INFO] [stderr]   --> Cargo.toml:40:15
[INFO] [stderr]    |
[INFO] [stderr] 40 | [dependencies.unicode-bidi]
[INFO] [stderr]    |               ^^^^^^^^^^^^^
[INFO] [stderr]    |
[INFO] [stderr] help: consider removing the dependency on `unicode-bidi`
[INFO] [stderr] warning: `satori-rs` (manifest) generated 5 warnings
[INFO] [stderr]     Finished `dev` profile [unoptimized + debuginfo] target(s) in 54.38s
[INFO] running `Command { std: "docker" "inspect" "d7bb6b3fa876ace6f7e4887b73f86ec04cb98840ac8f1ddf7263cc4a879eccbd", kill_on_drop: false }`
[INFO] running `Command { std: "docker" "exec" "-e" "SOURCE_DIR=/opt/rustwide/workdir" "-e" "CARGO_HOME=/opt/rustwide/cargo-home" "-e" "RUSTUP_HOME=/opt/rustwide/rustup-home" "-e" "CARGO_TARGET_DIR=/opt/rustwide/target" "-e" "CARGO_INCREMENTAL=0" "-e" "RUST_BACKTRACE=full" "-e" "RUSTFLAGS=--cap-lints=warn" "-e" "RUSTDOCFLAGS=--cap-lints=warn" "-w" "/opt/rustwide/workdir" "--user" "0:0" "d7bb6b3fa876ace6f7e4887b73f86ec04cb98840ac8f1ddf7263cc4a879eccbd" "/opt/rustwide/cargo-home/bin/cargo" "+1.100.0-beta.1" "test" "--frozen" "--no-run" "--message-format=json", kill_on_drop: false }`
[INFO] [stderr]    Compiling log v0.4.29
[INFO] [stderr]    Compiling simd-adler32 v0.3.9
[INFO] [stderr]    Compiling unicode-general-category v0.4.0
[INFO] [stderr]    Compiling bitflags v1.3.2
[INFO] [stderr]    Compiling memmap2 v0.5.10
[INFO] [stderr]    Compiling float-cmp v0.9.0
[INFO] [stderr]    Compiling ttf-parser v0.17.1
[INFO] [stderr]    Compiling xmlparser v0.13.6
[INFO] [stderr]    Compiling ttf-parser v0.15.2
[INFO] [stderr]    Compiling arrayvec v0.7.6
[INFO] [stderr]    Compiling unicode-bidi-mirroring v0.1.0
[INFO] [stderr]    Compiling unicode-ccc v0.1.2
[INFO] [stderr]    Compiling svgtypes v0.8.2
[INFO] [stderr]    Compiling safe_arch v0.5.2
[INFO] [stderr]    Compiling rgb v0.8.53
[INFO] [stderr]    Compiling color_quant v1.1.0
[INFO] [stderr]    Compiling rctree v0.4.0
[INFO] [stderr]    Compiling weezl v0.1.12
[INFO] [stderr]    Compiling base64 v0.13.1
[INFO] [stderr]    Compiling parcel_selectors v0.28.2
[INFO] [stderr]    Compiling miniz_oxide v0.8.9
[INFO] [stderr]    Compiling fdeflate v0.3.7
[INFO] [stderr]    Compiling simplecss v0.2.2
[INFO] [stderr]    Compiling arrayvec v0.5.2
[INFO] [stderr]    Compiling unicode-vo v0.1.0
[INFO] [stderr]    Compiling pico-args v0.4.2
[INFO] [stderr]    Compiling rustybuzz v0.20.1
[INFO] [stderr]    Compiling svgfilters v0.4.0
[INFO] [stderr]    Compiling fontdb v0.23.0
[INFO] [stderr]    Compiling jpeg-decoder v0.2.6
[INFO] [stderr]    Compiling kurbo v0.8.3
[INFO] [stderr]    Compiling gif v0.11.4
[INFO] [stderr]    Compiling roxmltree v0.14.1
[INFO] [stderr]    Compiling flate2 v1.1.9
[INFO] [stderr]    Compiling png v0.17.16
[INFO] [stderr]    Compiling lightningcss v1.0.0-alpha.71
[INFO] [stderr]    Compiling tiny-skia v0.6.3
[INFO] [stderr]    Compiling rustybuzz v0.5.1
[INFO] [stderr]    Compiling fontdb v0.9.3
[INFO] [stderr]    Compiling usvg v0.22.0
[INFO] [stderr]    Compiling resvg v0.22.0
[INFO] [stderr]    Compiling satori-rs v0.1.1 (/opt/rustwide/workdir)
[INFO] [stdout] error[E0433]: cannot find module or crate `satori` in this scope
[INFO] [stdout]   --> tests/common/harness.rs:28:28
[INFO] [stdout]    |
[INFO] [stdout] 28 | pub fn init_fonts() -> Vec<satori::font::FontDescriptor> {
[INFO] [stdout]    |                            ^^^^^^ use of unresolved module or unlinked crate `satori`
[INFO] [stdout]    |
[INFO] [stdout]    = help: if you wanted to use a crate named `satori`, use `cargo add satori` to add it to your `Cargo.toml`
[INFO] [stdout] 
[INFO] [stdout] 
[INFO] [stdout] error[E0433]: cannot find module or crate `satori` in this scope
[INFO] [stdout]   --> tests/common/harness.rs:28:28
[INFO] [stdout]    |
[INFO] [stdout] 28 | pub fn init_fonts() -> Vec<satori::font::FontDescriptor> {
[INFO] [stdout]    |                            ^^^^^^ use of unresolved module or unlinked crate `satori`
[INFO] [stdout]    |
[INFO] [stdout]    = help: if you wanted to use a crate named `satori`, use `cargo add satori` to add it to your `Cargo.toml`
[INFO] [stdout] 
[INFO] [stdout] 
[INFO] [stdout] error[E0433]: cannot find module or crate `satori` in this scope
[INFO] [stdout]   --> tests/common/harness.rs:30:10
[INFO] [stdout]    |
[INFO] [stdout] 30 |     vec![satori::font::FontDescriptor {
[INFO] [stdout]    |          ^^^^^^ use of unresolved module or unlinked crate `satori`
[INFO] [stdout]    |
[INFO] [stdout]    = help: if you wanted to use a crate named `satori`, use `cargo add satori` to add it to your `Cargo.toml`
[INFO] [stdout] 
[INFO] [stdout] 
[INFO] [stdout] error[E0433]: cannot find module or crate `satori` in this scope
[INFO] [stdout]   --> tests/common/harness.rs:30:10
[INFO] [stdout]    |
[INFO] [stdout] 30 |     vec![satori::font::FontDescriptor {
[INFO] [stdout]    |          ^^^^^^ use of unresolved module or unlinked crate `satori`
[INFO] [stdout]    |
[INFO] [stdout]    = help: if you wanted to use a crate named `satori`, use `cargo add satori` to add it to your `Cargo.toml`
[INFO] [stdout] 
[INFO] [stdout] 
[INFO] [stdout] error[E0433]: cannot find module or crate `satori` in this scope
[INFO] [stdout]   --> tests/common/harness.rs:34:21
[INFO] [stdout]    |
[INFO] [stdout] 34 |         style: Some(satori::font::FontStyle::Normal),
[INFO] [stdout]    |                     ^^^^^^ use of unresolved module or unlinked crate `satori`
[INFO] [stdout]    |
[INFO] [stdout]    = help: if you wanted to use a crate named `satori`, use `cargo add satori` to add it to your `Cargo.toml`
[INFO] [stdout] 
[INFO] [stdout] 
[INFO] [stdout] error[E0433]: cannot find module or crate `satori` in this scope
[INFO] [stdout]   --> tests/common/harness.rs:34:21
[INFO] [stdout]    |
[INFO] [stdout] 34 |         style: Some(satori::font::FontStyle::Normal),
[INFO] [stdout]    |                     ^^^^^^ use of unresolved module or unlinked crate `satori`
[INFO] [stdout]    |
[INFO] [stdout]    = help: if you wanted to use a crate named `satori`, use `cargo add satori` to add it to your `Cargo.toml`
[INFO] [stdout] 
[INFO] [stdout] 
[INFO] [stdout] error[E0433]: cannot find module or crate `satori` in this scope
[INFO] [stdout]   --> tests/common/harness.rs:28:28
[INFO] [stdout]    |
[INFO] [stdout] 28 | pub fn init_fonts() -> Vec<satori::font::FontDescriptor> {
[INFO] [stdout]    |                            ^^^^^^ use of unresolved module or unlinked crate `satori`
[INFO] [stdout]    |
[INFO] [stdout]    = help: if you wanted to use a crate named `satori`, use `cargo add satori` to add it to your `Cargo.toml`
[INFO] [stdout] 
[INFO] [stdout] 
[INFO] [stdout] error[E0433]: cannot find module or crate `satori` in this scope
[INFO] [stdout]   --> tests/common/harness.rs:30:10
[INFO] [stdout]    |
[INFO] [stdout] 30 |     vec![satori::font::FontDescriptor {
[INFO] [stdout]    |          ^^^^^^ use of unresolved module or unlinked crate `satori`
[INFO] [stdout]    |
[INFO] [stdout]    = help: if you wanted to use a crate named `satori`, use `cargo add satori` to add it to your `Cargo.toml`
[INFO] [stdout] 
[INFO] [stdout] 
[INFO] [stdout] error[E0433]: cannot find module or crate `satori` in this scope
[INFO] [stdout]   --> tests/common/harness.rs:34:21
[INFO] [stdout]    |
[INFO] [stdout] 34 |         style: Some(satori::font::FontStyle::Normal),
[INFO] [stdout]    |                     ^^^^^^ use of unresolved module or unlinked crate `satori`
[INFO] [stdout]    |
[INFO] [stdout]    = help: if you wanted to use a crate named `satori`, use `cargo add satori` to add it to your `Cargo.toml`
[INFO] [stdout] 
[INFO] [stdout] 
[INFO] [stdout] error[E0433]: cannot find module or crate `satori` in this scope
[INFO] [stdout]    --> tests/common/harness.rs:110:57
[INFO] [stdout]     |
[INFO] [stdout] 110 | fn preload_callback_approximation_fonts(fonts: &mut Vec<satori::font::FontDescriptor>) {
[INFO] [stdout]     |                                                         ^^^^^^ use of unresolved module or unlinked crate `satori`
[INFO] [stdout]     |
[INFO] [stdout]     = help: if you wanted to use a crate named `satori`, use `cargo add satori` to add it to your `Cargo.toml`
[INFO] [stdout] 
[INFO] [stdout] 
[INFO] [stdout] error[E0433]: cannot find module or crate `satori` in this scope
[INFO] [stdout]    --> tests/common/harness.rs:110:57
[INFO] [stdout]     |
[INFO] [stdout] 110 | fn preload_callback_approximation_fonts(fonts: &mut Vec<satori::font::FontDescriptor>) {
[INFO] [stdout]     |                                                         ^^^^^^ use of unresolved module or unlinked crate `satori`
[INFO] [stdout]     |
[INFO] [stdout]     = help: if you wanted to use a crate named `satori`, use `cargo add satori` to add it to your `Cargo.toml`
[INFO] [stdout] 
[INFO] [stdout] 
[INFO] [stdout] error[E0433]: cannot find module or crate `satori` in this scope
[INFO] [stdout]    --> tests/common/harness.rs:110:57
[INFO] [stdout]     |
[INFO] [stdout] 110 | fn preload_callback_approximation_fonts(fonts: &mut Vec<satori::font::FontDescriptor>) {
[INFO] [stdout]     |                                                         ^^^^^^ use of unresolved module or unlinked crate `satori`
[INFO] [stdout]     |
[INFO] [stdout]     = help: if you wanted to use a crate named `satori`, use `cargo add satori` to add it to your `Cargo.toml`
[INFO] [stdout] 
[INFO] [stdout] 
[INFO] [stdout] error[E0433]: cannot find module or crate `satori` in this scope
[INFO] [stdout]    --> tests/common/harness.rs:137:20
[INFO] [stdout]     |
[INFO] [stdout] 137 |         fonts.push(satori::font::FontDescriptor {
[INFO] [stdout]     |                    ^^^^^^ use of unresolved module or unlinked crate `satori`
[INFO] [stdout]     |
[INFO] [stdout]     = help: if you wanted to use a crate named `satori`, use `cargo add satori` to add it to your `Cargo.toml`
[INFO] [stdout] 
[INFO] [stdout] 
[INFO] [stdout] error[E0433]: cannot find module or crate `satori` in this scope
[INFO] [stdout]    --> tests/common/harness.rs:137:20
[INFO] [stdout]     |
[INFO] [stdout] 137 |         fonts.push(satori::font::FontDescriptor {
[INFO] [stdout]     |                    ^^^^^^ use of unresolved module or unlinked crate `satori`
[INFO] [stdout]     |
[INFO] [stdout]     = help: if you wanted to use a crate named `satori`, use `cargo add satori` to add it to your `Cargo.toml`
[INFO] [stdout] 
[INFO] [stdout] 
[INFO] [stdout] error[E0433]: cannot find module or crate `satori` in this scope
[INFO] [stdout]    --> tests/common/harness.rs:137:20
[INFO] [stdout]     |
[INFO] [stdout] 137 |         fonts.push(satori::font::FontDescriptor {
[INFO] [stdout]     |                    ^^^^^^ use of unresolved module or unlinked crate `satori`
[INFO] [stdout]     |
[INFO] [stdout]     = help: if you wanted to use a crate named `satori`, use `cargo add satori` to add it to your `Cargo.toml`
[INFO] [stdout] 
[INFO] [stdout] 
[INFO] [stdout] error[E0433]: cannot find module or crate `satori` in this scope
[INFO] [stdout]    --> tests/common/harness.rs:141:25
[INFO] [stdout]     |
[INFO] [stdout] 141 |             style: Some(satori::font::FontStyle::Normal),
[INFO] [stdout]     |                         ^^^^^^ use of unresolved module or unlinked crate `satori`
[INFO] [stdout]     |
[INFO] [stdout]     = help: if you wanted to use a crate named `satori`, use `cargo add satori` to add it to your `Cargo.toml`
[INFO] [stdout] 
[INFO] [stdout] 
[INFO] [stdout] error[E0433]: cannot find module or crate `satori` in this scope
[INFO] [stdout]    --> tests/common/harness.rs:141:25
[INFO] [stdout]     |
[INFO] [stdout] 141 |             style: Some(satori::font::FontStyle::Normal),
[INFO] [stdout]     |                         ^^^^^^ use of unresolved module or unlinked crate `satori`
[INFO] [stdout]     |
[INFO] [stdout]     = help: if you wanted to use a crate named `satori`, use `cargo add satori` to add it to your `Cargo.toml`
[INFO] [stdout] 
[INFO] [stdout] 
[INFO] [stdout] error[E0433]: cannot find module or crate `satori` in this scope
[INFO] [stdout]    --> tests/common/harness.rs:141:25
[INFO] [stdout]     |
[INFO] [stdout] 141 |             style: Some(satori::font::FontStyle::Normal),
[INFO] [stdout]     |                         ^^^^^^ use of unresolved module or unlinked crate `satori`
[INFO] [stdout]     |
[INFO] [stdout]     = help: if you wanted to use a crate named `satori`, use `cargo add satori` to add it to your `Cargo.toml`
[INFO] [stdout] 
[INFO] [stdout] 
[INFO] [stdout] error[E0433]: cannot find module or crate `satori` in this scope
[INFO] [stdout]   --> tests/common/harness.rs:28:28
[INFO] [stdout]    |
[INFO] [stdout] 28 | pub fn init_fonts() -> Vec<satori::font::FontDescriptor> {
[INFO] [stdout]    |                            ^^^^^^ use of unresolved module or unlinked crate `satori`
[INFO] [stdout]    |
[INFO] [stdout]    = help: if you wanted to use a crate named `satori`, use `cargo add satori` to add it to your `Cargo.toml`
[INFO] [stdout] 
[INFO] [stdout] 
[INFO] [stdout] error[E0433]: cannot find module or crate `satori` in this scope
[INFO] [stdout]    --> tests/common/harness.rs:149:24
[INFO] [stdout]     |
[INFO] [stdout] 149 |         let fonts: Vec<satori::font::FontDescriptor> = if self.options.fonts.is_empty() {
[INFO] [stdout]     |                        ^^^^^^ use of unresolved module or unlinked crate `satori`
[INFO] [stdout]     |
[INFO] [stdout]     = help: if you wanted to use a crate named `satori`, use `cargo add satori` to add it to your `Cargo.toml`
[INFO] [stdout] 
[INFO] [stdout] 
[INFO] [stdout] error[E0433]: cannot find module or crate `satori` in this scope
[INFO] [stdout]   --> tests/common/harness.rs:28:28
[INFO] [stdout]    |
[INFO] [stdout] 28 | pub fn init_fonts() -> Vec<satori::font::FontDescriptor> {
[INFO] [stdout]    |                            ^^^^^^ use of unresolved module or unlinked crate `satori`
[INFO] [stdout]    |
[INFO] [stdout]    = help: if you wanted to use a crate named `satori`, use `cargo add satori` to add it to your `Cargo.toml`
[INFO] [stdout] 
[INFO] [stdout] 
[INFO] [stdout] error[E0433]: cannot find module or crate `satori` in this scope
[INFO] [stdout]    --> tests/common/harness.rs:168:22
[INFO] [stdout]     |
[INFO] [stdout] 168 |                 Some(satori::font::FontDescriptor {
[INFO] [stdout]     |                      ^^^^^^ use of unresolved module or unlinked crate `satori`
[INFO] [stdout]     |
[INFO] [stdout]     = help: if you wanted to use a crate named `satori`, use `cargo add satori` to add it to your `Cargo.toml`
[INFO] [stdout] 
[INFO] [stdout] 
[INFO] [stdout] error[E0433]: cannot find module or crate `satori` in this scope
[INFO] [stdout]   --> tests/common/harness.rs:28:28
[INFO] [stdout]    |
[INFO] [stdout] 28 | pub fn init_fonts() -> Vec<satori::font::FontDescriptor> {
[INFO] [stdout]    |                            ^^^^^^ use of unresolved module or unlinked crate `satori`
[INFO] [stdout]    |
[INFO] [stdout]    = help: if you wanted to use a crate named `satori`, use `cargo add satori` to add it to your `Cargo.toml`
[INFO] [stdout] 
[INFO] [stdout] 
[INFO] [stdout] error[E0433]: cannot find module or crate `satori` in this scope
[INFO] [stdout]    --> tests/common/harness.rs:149:24
[INFO] [stdout]     |
[INFO] [stdout] 149 |         let fonts: Vec<satori::font::FontDescriptor> = if self.options.fonts.is_empty() {
[INFO] [stdout]     |                        ^^^^^^ use of unresolved module or unlinked crate `satori`
[INFO] [stdout]     |
[INFO] [stdout]     = help: if you wanted to use a crate named `satori`, use `cargo add satori` to add it to your `Cargo.toml`
[INFO] [stdout] 
[INFO] [stdout] 
[INFO] [stdout] error[E0433]: cannot find module or crate `satori` in this scope
[INFO] [stdout]    --> tests/common/harness.rs:149:24
[INFO] [stdout]     |
[INFO] [stdout] 149 |         let fonts: Vec<satori::font::FontDescriptor> = if self.options.fonts.is_empty() {
[INFO] [stdout]     |                        ^^^^^^ use of unresolved module or unlinked crate `satori`
[INFO] [stdout]     |
[INFO] [stdout]     = help: if you wanted to use a crate named `satori`, use `cargo add satori` to add it to your `Cargo.toml`
[INFO] [stdout] 
[INFO] [stdout] 
[INFO] [stdout] error[E0433]: cannot find module or crate `satori` in this scope
[INFO] [stdout]   --> tests/common/harness.rs:28:28
[INFO] [stdout]    |
[INFO] [stdout] 28 | pub fn init_fonts() -> Vec<satori::font::FontDescriptor> {
[INFO] [stdout]    |                            ^^^^^^ use of unresolved module or unlinked crate `satori`
[INFO] [stdout]    |
[INFO] [stdout]    = help: if you wanted to use a crate named `satori`, use `cargo add satori` to add it to your `Cargo.toml`
[INFO] [stdout] 
[INFO] [stdout] 
[INFO] [stdout] error[E0433]: cannot find module or crate `satori` in this scope
[INFO] [stdout]   --> tests/common/harness.rs:28:28
[INFO] [stdout]    |
[INFO] [stdout] 28 | pub fn init_fonts() -> Vec<satori::font::FontDescriptor> {
[INFO] [stdout]    |                            ^^^^^^ use of unresolved module or unlinked crate `satori`
[INFO] [stdout]    |
[INFO] [stdout]    = help: if you wanted to use a crate named `satori`, use `cargo add satori` to add it to your `Cargo.toml`
[INFO] [stdout] 
[INFO] [stdout] 
[INFO] [stdout] error[E0433]: cannot find module or crate `satori` in this scope
[INFO] [stdout]   --> tests/common/harness.rs:28:28
[INFO] [stdout]    |
[INFO] [stdout] 28 | pub fn init_fonts() -> Vec<satori::font::FontDescriptor> {
[INFO] [stdout]    |                            ^^^^^^ use of unresolved module or unlinked crate `satori`
[INFO] [stdout]    |
[INFO] [stdout]    = help: if you wanted to use a crate named `satori`, use `cargo add satori` to add it to your `Cargo.toml`
[INFO] [stdout] 
[INFO] [stdout] 
[INFO] [stdout] error[E0433]: cannot find module or crate `satori` in this scope
[INFO] [stdout]   --> tests/common/harness.rs:28:28
[INFO] [stdout]    |
[INFO] [stdout] 28 | pub fn init_fonts() -> Vec<satori::font::FontDescriptor> {
[INFO] [stdout]    |                            ^^^^^^ use of unresolved module or unlinked crate `satori`
[INFO] [stdout]    |
[INFO] [stdout]    = help: if you wanted to use a crate named `satori`, use `cargo add satori` to add it to your `Cargo.toml`
[INFO] [stdout] 
[INFO] [stdout] 
[INFO] [stdout] error[E0433]: cannot find module or crate `satori` in this scope
[INFO] [stdout]   --> tests/common/harness.rs:28:28
[INFO] [stdout]    |
[INFO] [stdout] 28 | pub fn init_fonts() -> Vec<satori::font::FontDescriptor> {
[INFO] [stdout]    |                            ^^^^^^ use of unresolved module or unlinked crate `satori`
[INFO] [stdout]    |
[INFO] [stdout]    = help: if you wanted to use a crate named `satori`, use `cargo add satori` to add it to your `Cargo.toml`
[INFO] [stdout] 
[INFO] [stdout] 
[INFO] [stdout] error[E0433]: cannot find module or crate `satori` in this scope
[INFO] [stdout]   --> tests/common/harness.rs:28:28
[INFO] [stdout]    |
[INFO] [stdout] 28 | pub fn init_fonts() -> Vec<satori::font::FontDescriptor> {
[INFO] [stdout]    |                            ^^^^^^ use of unresolved module or unlinked crate `satori`
[INFO] [stdout]    |
[INFO] [stdout]    = help: if you wanted to use a crate named `satori`, use `cargo add satori` to add it to your `Cargo.toml`
[INFO] [stdout] 
[INFO] [stdout] 
[INFO] [stdout] error[E0433]: cannot find module or crate `satori` in this scope
[INFO] [stdout]    --> tests/common/harness.rs:168:22
[INFO] [stdout]     |
[INFO] [stdout] 168 |                 Some(satori::font::FontDescriptor {
[INFO] [stdout]     |                      ^^^^^^ use of unresolved module or unlinked crate `satori`
[INFO] [stdout]     |
[INFO] [stdout]     = help: if you wanted to use a crate named `satori`, use `cargo add satori` to add it to your `Cargo.toml`
[INFO] [stdout] 
[INFO] [stdout] 
[INFO] [stdout] error[E0433]: cannot find module or crate `satori` in this scope
[INFO] [stdout]    --> tests/common/harness.rs:168:22
[INFO] [stdout]     |
[INFO] [stdout] 168 |                 Some(satori::font::FontDescriptor {
[INFO] [stdout]     |                      ^^^^^^ use of unresolved module or unlinked crate `satori`
[INFO] [stdout]     |
[INFO] [stdout]     = help: if you wanted to use a crate named `satori`, use `cargo add satori` to add it to your `Cargo.toml`
[INFO] [stdout] 
[INFO] [stdout] 
[INFO] [stdout] error[E0433]: cannot find module or crate `satori` in this scope
[INFO] [stdout]   --> tests/common/harness.rs:28:28
[INFO] [stdout]    |
[INFO] [stdout] 28 | pub fn init_fonts() -> Vec<satori::font::FontDescriptor> {
[INFO] [stdout]    |                            ^^^^^^ use of unresolved module or unlinked crate `satori`
[INFO] [stdout]    |
[INFO] [stdout]    = help: if you wanted to use a crate named `satori`, use `cargo add satori` to add it to your `Cargo.toml`
[INFO] [stdout] 
[INFO] [stdout] 
[INFO] [stdout] error[E0433]: cannot find module or crate `satori` in this scope
[INFO] [stdout]   --> tests/common/harness.rs:28:28
[INFO] [stdout]    |
[INFO] [stdout] 28 | pub fn init_fonts() -> Vec<satori::font::FontDescriptor> {
[INFO] [stdout]    |                            ^^^^^^ use of unresolved module or unlinked crate `satori`
[INFO] [stdout]    |
[INFO] [stdout]    = help: if you wanted to use a crate named `satori`, use `cargo add satori` to add it to your `Cargo.toml`
[INFO] [stdout] 
[INFO] [stdout] 
[INFO] [stdout] error[E0433]: cannot find module or crate `satori` in this scope
[INFO] [stdout]   --> tests/common/harness.rs:28:28
[INFO] [stdout]    |
[INFO] [stdout] 28 | pub fn init_fonts() -> Vec<satori::font::FontDescriptor> {
[INFO] [stdout]    |                            ^^^^^^ use of unresolved module or unlinked crate `satori`
[INFO] [stdout]    |
[INFO] [stdout]    = help: if you wanted to use a crate named `satori`, use `cargo add satori` to add it to your `Cargo.toml`
[INFO] [stdout] 
[INFO] [stdout] 
[INFO] [stdout] error[E0433]: cannot find module or crate `satori` in this scope
[INFO] [stdout]    --> tests/common/harness.rs:173:48
[INFO] [stdout]     |
[INFO] [stdout] 173 |                         Some("italic") => Some(satori::font::FontStyle::Italic),
[INFO] [stdout]     |                                                ^^^^^^ use of unresolved module or unlinked crate `satori`
[INFO] [stdout]     |
[INFO] [stdout]     = help: if you wanted to use a crate named `satori`, use `cargo add satori` to add it to your `Cargo.toml`
[INFO] [stdout] 
[INFO] [stdout] 
[INFO] [stdout] error[E0433]: cannot find module or crate `satori` in this scope
[INFO] [stdout]    --> tests/common/harness.rs:173:48
[INFO] [stdout]     |
[INFO] [stdout] 173 |                         Some("italic") => Some(satori::font::FontStyle::Italic),
[INFO] [stdout]     |                                                ^^^^^^ use of unresolved module or unlinked crate `satori`
[INFO] [stdout]     |
[INFO] [stdout]     = help: if you wanted to use a crate named `satori`, use `cargo add satori` to add it to your `Cargo.toml`
[INFO] [stdout] 
[INFO] [stdout] 
[INFO] [stdout] error[E0433]: cannot find module or crate `satori` in this scope
[INFO] [stdout]    --> tests/common/harness.rs:174:35
[INFO] [stdout]     |
[INFO] [stdout] 174 |                         _ => Some(satori::font::FontStyle::Normal),
[INFO] [stdout]     |                                   ^^^^^^ use of unresolved module or unlinked crate `satori`
[INFO] [stdout]     |
[INFO] [stdout]     = help: if you wanted to use a crate named `satori`, use `cargo add satori` to add it to your `Cargo.toml`
[INFO] [stdout] 
[INFO] [stdout] 
[INFO] [stdout] error[E0433]: cannot find module or crate `satori` in this scope
[INFO] [stdout]   --> tests/common/harness.rs:30:10
[INFO] [stdout]    |
[INFO] [stdout] 30 |     vec![satori::font::FontDescriptor {
[INFO] [stdout]    |          ^^^^^^ use of unresolved module or unlinked crate `satori`
[INFO] [stdout]    |
[INFO] [stdout]    = help: if you wanted to use a crate named `satori`, use `cargo add satori` to add it to your `Cargo.toml`
[INFO] [stdout] 
[INFO] [stdout] 
[INFO] [stdout] error[E0433]: cannot find module or crate `satori` in this scope
[INFO] [stdout]    --> tests/common/harness.rs:174:35
[INFO] [stdout]     |
[INFO] [stdout] 174 |                         _ => Some(satori::font::FontStyle::Normal),
[INFO] [stdout]     |                                   ^^^^^^ use of unresolved module or unlinked crate `satori`
[INFO] [stdout]     |
[INFO] [stdout]     = help: if you wanted to use a crate named `satori`, use `cargo add satori` to add it to your `Cargo.toml`
[INFO] [stdout] 
[INFO] [stdout] 
[INFO] [stdout] error[E0433]: cannot find module or crate `satori` in this scope
[INFO] [stdout]   --> tests/common/harness.rs:30:10
[INFO] [stdout]    |
[INFO] [stdout] 30 |     vec![satori::font::FontDescriptor {
[INFO] [stdout]    |          ^^^^^^ use of unresolved module or unlinked crate `satori`
[INFO] [stdout]    |
[INFO] [stdout]    = help: if you wanted to use a crate named `satori`, use `cargo add satori` to add it to your `Cargo.toml`
[INFO] [stdout] 
[INFO] [stdout] 
[INFO] [stdout] error[E0433]: cannot find module or crate `satori` in this scope
[INFO] [stdout]    --> tests/common/harness.rs:274:22
[INFO] [stdout]     |
[INFO] [stdout] 274 |                 Some(satori::font::FontDescriptor {
[INFO] [stdout]     |                      ^^^^^^ use of unresolved module or unlinked crate `satori`
[INFO] [stdout]     |
[INFO] [stdout]     = help: if you wanted to use a crate named `satori`, use `cargo add satori` to add it to your `Cargo.toml`
[INFO] [stdout] 
[INFO] [stdout] 
[INFO] [stdout] error[E0433]: cannot find module or crate `satori` in this scope
[INFO] [stdout]   --> tests/common/harness.rs:30:10
[INFO] [stdout]    |
[INFO] [stdout] 30 |     vec![satori::font::FontDescriptor {
[INFO] [stdout]    |          ^^^^^^ use of unresolved module or unlinked crate `satori`
[INFO] [stdout]    |
[INFO] [stdout]    = help: if you wanted to use a crate named `satori`, use `cargo add satori` to add it to your `Cargo.toml`
[INFO] [stdout] 
[INFO] [stdout] 
[INFO] [stdout] error[E0433]: cannot find module or crate `satori` in this scope
[INFO] [stdout]    --> tests/common/harness.rs:284:48
[INFO] [stdout]     |
[INFO] [stdout] 284 |                         Some("italic") => Some(satori::font::FontStyle::Italic),
[INFO] [stdout]     |                                                ^^^^^^ use of unresolved module or unlinked crate `satori`
[INFO] [stdout]     |
[INFO] [stdout]     = help: if you wanted to use a crate named `satori`, use `cargo add satori` to add it to your `Cargo.toml`
[INFO] [stdout] 
[INFO] [stdout] 
[INFO] [stdout] error[E0433]: cannot find module or crate `satori` in this scope
[INFO] [stdout]    --> tests/common/harness.rs:274:22
[INFO] [stdout]     |
[INFO] [stdout] 274 |                 Some(satori::font::FontDescriptor {
[INFO] [stdout]     |                      ^^^^^^ use of unresolved module or unlinked crate `satori`
[INFO] [stdout]     |
[INFO] [stdout]     = help: if you wanted to use a crate named `satori`, use `cargo add satori` to add it to your `Cargo.toml`
[INFO] [stdout] 
[INFO] [stdout] 
[INFO] [stdout] error[E0433]: cannot find module or crate `satori` in this scope
[INFO] [stdout]    --> tests/common/harness.rs:285:35
[INFO] [stdout]     |
[INFO] [stdout] 285 |                         _ => Some(satori::font::FontStyle::Normal),
[INFO] [stdout]     |                                   ^^^^^^ use of unresolved module or unlinked crate `satori`
[INFO] [stdout]     |
[INFO] [stdout]     = help: if you wanted to use a crate named `satori`, use `cargo add satori` to add it to your `Cargo.toml`
[INFO] [stdout] 
[INFO] [stdout] 
[INFO] [stdout] error[E0433]: cannot find module or crate `satori` in this scope
[INFO] [stdout]    --> tests/common/harness.rs:284:48
[INFO] [stdout]     |
[INFO] [stdout] 284 |                         Some("italic") => Some(satori::font::FontStyle::Italic),
[INFO] [stdout]     |                                                ^^^^^^ use of unresolved module or unlinked crate `satori`
[INFO] [stdout]     |
[INFO] [stdout]     = help: if you wanted to use a crate named `satori`, use `cargo add satori` to add it to your `Cargo.toml`
[INFO] [stdout] 
[INFO] [stdout] 
[INFO] [stdout] error[E0433]: cannot find module or crate `satori` in this scope
[INFO] [stdout]   --> tests/common/harness.rs:30:10
[INFO] [stdout]    |
[INFO] [stdout] 30 |     vec![satori::font::FontDescriptor {
[INFO] [stdout]    |          ^^^^^^ use of unresolved module or unlinked crate `satori`
[INFO] [stdout]    |
[INFO] [stdout]    = help: if you wanted to use a crate named `satori`, use `cargo add satori` to add it to your `Cargo.toml`
[INFO] [stdout] 
[INFO] [stdout] 
[INFO] [stdout] error[E0433]: cannot find module or crate `satori` in this scope
[INFO] [stdout]    --> tests/common/harness.rs:285:35
[INFO] [stdout]     |
[INFO] [stdout] 285 |                         _ => Some(satori::font::FontStyle::Normal),
[INFO] [stdout]     |                                   ^^^^^^ use of unresolved module or unlinked crate `satori`
[INFO] [stdout]     |
[INFO] [stdout]     = help: if you wanted to use a crate named `satori`, use `cargo add satori` to add it to your `Cargo.toml`
[INFO] [stdout] 
[INFO] [stdout] 
[INFO] [stdout] error[E0433]: cannot find module or crate `satori` in this scope
[INFO] [stdout]   --> tests/common/harness.rs:30:10
[INFO] [stdout]    |
[INFO] [stdout] 30 |     vec![satori::font::FontDescriptor {
[INFO] [stdout]    |          ^^^^^^ use of unresolved module or unlinked crate `satori`
[INFO] [stdout]    |
[INFO] [stdout]    = help: if you wanted to use a crate named `satori`, use `cargo add satori` to add it to your `Cargo.toml`
[INFO] [stdout] 
[INFO] [stdout] 
[INFO] [stdout] error[E0433]: cannot find module or crate `satori` in this scope
[INFO] [stdout]   --> tests/common/harness.rs:30:10
[INFO] [stdout]    |
[INFO] [stdout] 30 |     vec![satori::font::FontDescriptor {
[INFO] [stdout]    |          ^^^^^^ use of unresolved module or unlinked crate `satori`
[INFO] [stdout]    |
[INFO] [stdout]    = help: if you wanted to use a crate named `satori`, use `cargo add satori` to add it to your `Cargo.toml`
[INFO] [stdout] 
[INFO] [stdout] 
[INFO] [stdout] error[E0433]: cannot find module or crate `satori` in this scope
[INFO] [stdout]   --> tests/common/harness.rs:30:10
[INFO] [stdout]    |
[INFO] [stdout] 30 |     vec![satori::font::FontDescriptor {
[INFO] [stdout]    |          ^^^^^^ use of unresolved module or unlinked crate `satori`
[INFO] [stdout]    |
[INFO] [stdout]    = help: if you wanted to use a crate named `satori`, use `cargo add satori` to add it to your `Cargo.toml`
[INFO] [stdout] 
[INFO] [stdout] 
[INFO] [stdout] error[E0433]: cannot find module or crate `satori` in this scope
[INFO] [stdout]   --> tests/common/harness.rs:30:10
[INFO] [stdout]    |
[INFO] [stdout] 30 |     vec![satori::font::FontDescriptor {
[INFO] [stdout]    |          ^^^^^^ use of unresolved module or unlinked crate `satori`
[INFO] [stdout]    |
[INFO] [stdout]    = help: if you wanted to use a crate named `satori`, use `cargo add satori` to add it to your `Cargo.toml`
[INFO] [stdout] 
[INFO] [stdout] 
[INFO] [stdout] error[E0433]: cannot find module or crate `satori` in this scope
[INFO] [stdout]   --> tests/common/harness.rs:30:10
[INFO] [stdout]    |
[INFO] [stdout] 30 |     vec![satori::font::FontDescriptor {
[INFO] [stdout]    |          ^^^^^^ use of unresolved module or unlinked crate `satori`
[INFO] [stdout]    |
[INFO] [stdout]    = help: if you wanted to use a crate named `satori`, use `cargo add satori` to add it to your `Cargo.toml`
[INFO] [stdout] 
[INFO] [stdout] 
[INFO] [stdout] error[E0433]: cannot find module or crate `satori` in this scope
[INFO] [stdout]   --> tests/common/harness.rs:30:10
[INFO] [stdout]    |
[INFO] [stdout] 30 |     vec![satori::font::FontDescriptor {
[INFO] [stdout]    |          ^^^^^^ use of unresolved module or unlinked crate `satori`
[INFO] [stdout]    |
[INFO] [stdout]    = help: if you wanted to use a crate named `satori`, use `cargo add satori` to add it to your `Cargo.toml`
[INFO] [stdout] 
[INFO] [stdout] 
[INFO] [stdout] error[E0433]: cannot find module or crate `satori` in this scope
[INFO] [stdout]   --> tests/common/harness.rs:30:10
[INFO] [stdout]    |
[INFO] [stdout] 30 |     vec![satori::font::FontDescriptor {
[INFO] [stdout]    |          ^^^^^^ use of unresolved module or unlinked crate `satori`
[INFO] [stdout]    |
[INFO] [stdout]    = help: if you wanted to use a crate named `satori`, use `cargo add satori` to add it to your `Cargo.toml`
[INFO] [stdout] 
[INFO] [stdout] 
[INFO] [stdout] error[E0433]: cannot find module or crate `satori` in this scope
[INFO] [stdout]   --> tests/common/harness.rs:34:21
[INFO] [stdout]    |
[INFO] [stdout] 34 |         style: Some(satori::font::FontStyle::Normal),
[INFO] [stdout]    |                     ^^^^^^ use of unresolved module or unlinked crate `satori`
[INFO] [stdout]    |
[INFO] [stdout]    = help: if you wanted to use a crate named `satori`, use `cargo add satori` to add it to your `Cargo.toml`
[INFO] [stdout] 
[INFO] [stdout] 
[INFO] [stdout] error[E0433]: cannot find module or crate `satori` in this scope
[INFO] [stdout]   --> tests/common/harness.rs:30:10
[INFO] [stdout]    |
[INFO] [stdout] 30 |     vec![satori::font::FontDescriptor {
[INFO] [stdout]    |          ^^^^^^ use of unresolved module or unlinked crate `satori`
[INFO] [stdout]    |
[INFO] [stdout]    = help: if you wanted to use a crate named `satori`, use `cargo add satori` to add it to your `Cargo.toml`
[INFO] [stdout] 
[INFO] [stdout] 
[INFO] [stdout] error[E0433]: cannot find module or crate `satori` in this scope
[INFO] [stdout]   --> tests/common/harness.rs:34:21
[INFO] [stdout]    |
[INFO] [stdout] 34 |         style: Some(satori::font::FontStyle::Normal),
[INFO] [stdout]    |                     ^^^^^^ use of unresolved module or unlinked crate `satori`
[INFO] [stdout]    |
[INFO] [stdout]    = help: if you wanted to use a crate named `satori`, use `cargo add satori` to add it to your `Cargo.toml`
[INFO] [stdout] 
[INFO] [stdout] 
[INFO] [stdout] error[E0433]: cannot find module or crate `satori` in this scope
[INFO] [stdout]   --> tests/common/harness.rs:34:21
[INFO] [stdout]    |
[INFO] [stdout] 34 |         style: Some(satori::font::FontStyle::Normal),
[INFO] [stdout]    |                     ^^^^^^ use of unresolved module or unlinked crate `satori`
[INFO] [stdout]    |
[INFO] [stdout]    = help: if you wanted to use a crate named `satori`, use `cargo add satori` to add it to your `Cargo.toml`
[INFO] [stdout] 
[INFO] [stdout] 
[INFO] [stdout] error[E0433]: cannot find module or crate `satori` in this scope
[INFO] [stdout]    --> tests/common/harness.rs:173:48
[INFO] [stdout]     |
[INFO] [stdout] 173 |                         Some("italic") => Some(satori::font::FontStyle::Italic),
[INFO] [stdout]     |                                                ^^^^^^ use of unresolved module or unlinked crate `satori`
[INFO] [stdout]     |
[INFO] [stdout]     = help: if you wanted to use a crate named `satori`, use `cargo add satori` to add it to your `Cargo.toml`
[INFO] [stdout] 
[INFO] [stdout] 
[INFO] [stdout] error[E0433]: cannot find module or crate `satori` in this scope
[INFO] [stdout]    --> tests/common/harness.rs:212:15
[INFO] [stdout]     |
[INFO] [stdout] 212 |     let svg = satori::satori_from_value(fx.element.clone(), opts).unwrap_or_else(|e| {
[INFO] [stdout]     |               ^^^^^^ use of unresolved module or unlinked crate `satori`
[INFO] [stdout]     |
[INFO] [stdout]     = help: if you wanted to use a crate named `satori`, use `cargo add satori` to add it to your `Cargo.toml`
[INFO] [stdout] 
[INFO] [stdout] 
[INFO] [stdout] error[E0433]: cannot find module or crate `satori` in this scope
[INFO] [stdout]    --> tests/common/harness.rs:212:15
[INFO] [stdout]     |
[INFO] [stdout] 212 |     let svg = satori::satori_from_value(fx.element.clone(), opts).unwrap_or_else(|e| {
[INFO] [stdout]     |               ^^^^^^ use of unresolved module or unlinked crate `satori`
[INFO] [stdout]     |
[INFO] [stdout]     = help: if you wanted to use a crate named `satori`, use `cargo add satori` to add it to your `Cargo.toml`
[INFO] [stdout] 
[INFO] [stdout] 
[INFO] [stdout] error[E0433]: cannot find module or crate `satori` in this scope
[INFO] [stdout]    --> tests/common/harness.rs:110:57
[INFO] [stdout]     |
[INFO] [stdout] 110 | fn preload_callback_approximation_fonts(fonts: &mut Vec<satori::font::FontDescriptor>) {
[INFO] [stdout]     |                                                         ^^^^^^ use of unresolved module or unlinked crate `satori`
[INFO] [stdout]     |
[INFO] [stdout]     = help: if you wanted to use a crate named `satori`, use `cargo add satori` to add it to your `Cargo.toml`
[INFO] [stdout] 
[INFO] [stdout] 
[INFO] [stdout] error[E0433]: cannot find module or crate `satori` in this scope
[INFO] [stdout]   --> tests/common/harness.rs:34:21
[INFO] [stdout]    |
[INFO] [stdout] 34 |         style: Some(satori::font::FontStyle::Normal),
[INFO] [stdout]    |                     ^^^^^^ use of unresolved module or unlinked crate `satori`
[INFO] [stdout]    |
[INFO] [stdout]    = help: if you wanted to use a crate named `satori`, use `cargo add satori` to add it to your `Cargo.toml`
[INFO] [stdout] 
[INFO] [stdout] 
[INFO] [stdout] error[E0433]: cannot find module or crate `satori` in this scope
[INFO] [stdout]   --> tests/common/harness.rs:34:21
[INFO] [stdout]    |
[INFO] [stdout] 34 |         style: Some(satori::font::FontStyle::Normal),
[INFO] [stdout]    |                     ^^^^^^ use of unresolved module or unlinked crate `satori`
[INFO] [stdout]    |
[INFO] [stdout]    = help: if you wanted to use a crate named `satori`, use `cargo add satori` to add it to your `Cargo.toml`
[INFO] [stdout] 
[INFO] [stdout] 
[INFO] [stdout] error[E0433]: cannot find module or crate `satori` in this scope
[INFO] [stdout]   --> tests/common/harness.rs:34:21
[INFO] [stdout]    |
[INFO] [stdout] 34 |         style: Some(satori::font::FontStyle::Normal),
[INFO] [stdout]    |                     ^^^^^^ use of unresolved module or unlinked crate `satori`
[INFO] [stdout]    |
[INFO] [stdout]    = help: if you wanted to use a crate named `satori`, use `cargo add satori` to add it to your `Cargo.toml`
[INFO] [stdout] 
[INFO] [stdout] 
[INFO] [stdout] error[E0433]: cannot find module or crate `satori` in this scope
[INFO] [stdout]    --> tests/common/harness.rs:174:35
[INFO] [stdout]     |
[INFO] [stdout] 174 |                         _ => Some(satori::font::FontStyle::Normal),
[INFO] [stdout]     |                                   ^^^^^^ use of unresolved module or unlinked crate `satori`
[INFO] [stdout]     |
[INFO] [stdout]     = help: if you wanted to use a crate named `satori`, use `cargo add satori` to add it to your `Cargo.toml`
[INFO] [stdout] 
[INFO] [stdout] 
[INFO] [stdout] error[E0433]: cannot find module or crate `satori` in this scope
[INFO] [stdout]   --> tests/common/harness.rs:34:21
[INFO] [stdout]    |
[INFO] [stdout] 34 |         style: Some(satori::font::FontStyle::Normal),
[INFO] [stdout]    |                     ^^^^^^ use of unresolved module or unlinked crate `satori`
[INFO] [stdout]    |
[INFO] [stdout]    = help: if you wanted to use a crate named `satori`, use `cargo add satori` to add it to your `Cargo.toml`
[INFO] [stdout] 
[INFO] [stdout] 
[INFO] [stdout] error[E0433]: cannot find module or crate `satori` in this scope
[INFO] [stdout]    --> tests/common/harness.rs:326:11
[INFO] [stdout]     |
[INFO] [stdout] 326 |     match satori::satori_from_value(el, opts) {
[INFO] [stdout]     |           ^^^^^^ use of unresolved module or unlinked crate `satori`
[INFO] [stdout]     |
[INFO] [stdout]     = help: if you wanted to use a crate named `satori`, use `cargo add satori` to add it to your `Cargo.toml`
[INFO] [stdout] 
[INFO] [stdout] 
[INFO] [stdout] error[E0433]: cannot find module or crate `satori` in this scope
[INFO] [stdout]   --> tests/common/harness.rs:34:21
[INFO] [stdout]    |
[INFO] [stdout] 34 |         style: Some(satori::font::FontStyle::Normal),
[INFO] [stdout]    |                     ^^^^^^ use of unresolved module or unlinked crate `satori`
[INFO] [stdout]    |
[INFO] [stdout]    = help: if you wanted to use a crate named `satori`, use `cargo add satori` to add it to your `Cargo.toml`
[INFO] [stdout] 
[INFO] [stdout] 
[INFO] [stdout] error[E0433]: cannot find module or crate `satori` in this scope
[INFO] [stdout]   --> tests/common/harness.rs:34:21
[INFO] [stdout]    |
[INFO] [stdout] 34 |         style: Some(satori::font::FontStyle::Normal),
[INFO] [stdout]    |                     ^^^^^^ use of unresolved module or unlinked crate `satori`
[INFO] [stdout]    |
[INFO] [stdout]    = help: if you wanted to use a crate named `satori`, use `cargo add satori` to add it to your `Cargo.toml`
[INFO] [stdout] 
[INFO] [stdout] 
[INFO] [stdout] error[E0433]: cannot find module or crate `satori` in this scope
[INFO] [stdout]    --> tests/common/harness.rs:326:11
[INFO] [stdout]     |
[INFO] [stdout] 326 |     match satori::satori_from_value(el, opts) {
[INFO] [stdout]     |           ^^^^^^ use of unresolved module or unlinked crate `satori`
[INFO] [stdout]     |
[INFO] [stdout]     = help: if you wanted to use a crate named `satori`, use `cargo add satori` to add it to your `Cargo.toml`
[INFO] [stdout] 
[INFO] [stdout] 
[INFO] [stdout] error[E0433]: cannot find module or crate `satori` in this scope
[INFO] [stdout]   --> tests/common/harness.rs:34:21
[INFO] [stdout]    |
[INFO] [stdout] 34 |         style: Some(satori::font::FontStyle::Normal),
[INFO] [stdout]    |                     ^^^^^^ use of unresolved module or unlinked crate `satori`
[INFO] [stdout]    |
[INFO] [stdout]    = help: if you wanted to use a crate named `satori`, use `cargo add satori` to add it to your `Cargo.toml`
[INFO] [stdout] 
[INFO] [stdout] 
[INFO] [stdout] error[E0433]: cannot find module or crate `satori` in this scope
[INFO] [stdout]   --> tests/common/harness.rs:34:21
[INFO] [stdout]    |
[INFO] [stdout] 34 |         style: Some(satori::font::FontStyle::Normal),
[INFO] [stdout]    |                     ^^^^^^ use of unresolved module or unlinked crate `satori`
[INFO] [stdout]    |
[INFO] [stdout]    = help: if you wanted to use a crate named `satori`, use `cargo add satori` to add it to your `Cargo.toml`
[INFO] [stdout] 
[INFO] [stdout] 
[INFO] [stdout] error[E0433]: cannot find module or crate `satori` in this scope
[INFO] [stdout]    --> tests/common/harness.rs:110:57
[INFO] [stdout]     |
[INFO] [stdout] 110 | fn preload_callback_approximation_fonts(fonts: &mut Vec<satori::font::FontDescriptor>) {
[INFO] [stdout]     |                                                         ^^^^^^ use of unresolved module or unlinked crate `satori`
[INFO] [stdout]     |
[INFO] [stdout]     = help: if you wanted to use a crate named `satori`, use `cargo add satori` to add it to your `Cargo.toml`
[INFO] [stdout] 
[INFO] [stdout] 
[INFO] [stdout] error[E0433]: cannot find module or crate `satori` in this scope
[INFO] [stdout]   --> tests/common/harness.rs:34:21
[INFO] [stdout]    |
[INFO] [stdout] 34 |         style: Some(satori::font::FontStyle::Normal),
[INFO] [stdout]    |                     ^^^^^^ use of unresolved module or unlinked crate `satori`
[INFO] [stdout]    |
[INFO] [stdout]    = help: if you wanted to use a crate named `satori`, use `cargo add satori` to add it to your `Cargo.toml`
[INFO] [stdout] 
[INFO] [stdout] 
[INFO] [stdout] error[E0433]: cannot find module or crate `satori` in this scope
[INFO] [stdout]    --> tests/common/harness.rs:110:57
[INFO] [stdout]     |
[INFO] [stdout] 110 | fn preload_callback_approximation_fonts(fonts: &mut Vec<satori::font::FontDescriptor>) {
[INFO] [stdout]     |                                                         ^^^^^^ use of unresolved module or unlinked crate `satori`
[INFO] [stdout]     |
[INFO] [stdout]     = help: if you wanted to use a crate named `satori`, use `cargo add satori` to add it to your `Cargo.toml`
[INFO] [stdout] 
[INFO] [stdout] 
[INFO] [stdout] error[E0433]: cannot find module or crate `satori` in this scope
[INFO] [stdout]    --> tests/common/harness.rs:137:20
[INFO] [stdout]     |
[INFO] [stdout] 137 |         fonts.push(satori::font::FontDescriptor {
[INFO] [stdout]     |                    ^^^^^^ use of unresolved module or unlinked crate `satori`
[INFO] [stdout]     |
[INFO] [stdout]     = help: if you wanted to use a crate named `satori`, use `cargo add satori` to add it to your `Cargo.toml`
[INFO] [stdout] 
[INFO] [stdout] 
[INFO] [stdout] error[E0433]: cannot find module or crate `satori` in this scope
[INFO] [stdout]    --> tests/common/harness.rs:274:22
[INFO] [stdout]     |
[INFO] [stdout] 274 |                 Some(satori::font::FontDescriptor {
[INFO] [stdout]     |                      ^^^^^^ use of unresolved module or unlinked crate `satori`
[INFO] [stdout]     |
[INFO] [stdout]     = help: if you wanted to use a crate named `satori`, use `cargo add satori` to add it to your `Cargo.toml`
[INFO] [stdout] 
[INFO] [stdout] 
[INFO] [stdout] error[E0433]: cannot find module or crate `satori` in this scope
[INFO] [stdout]    --> tests/common/harness.rs:110:57
[INFO] [stdout]     |
[INFO] [stdout] 110 | fn preload_callback_approximation_fonts(fonts: &mut Vec<satori::font::FontDescriptor>) {
[INFO] [stdout]     |                                                         ^^^^^^ use of unresolved module or unlinked crate `satori`
[INFO] [stdout]     |
[INFO] [stdout]     = help: if you wanted to use a crate named `satori`, use `cargo add satori` to add it to your `Cargo.toml`
[INFO] [stdout] 
[INFO] [stdout] 
[INFO] [stdout] error[E0433]: cannot find module or crate `satori` in this scope
[INFO] [stdout]    --> tests/common/harness.rs:110:57
[INFO] [stdout]     |
[INFO] [stdout] 110 | fn preload_callback_approximation_fonts(fonts: &mut Vec<satori::font::FontDescriptor>) {
[INFO] [stdout]     |                                                         ^^^^^^ use of unresolved module or unlinked crate `satori`
[INFO] [stdout]     |
[INFO] [stdout]     = help: if you wanted to use a crate named `satori`, use `cargo add satori` to add it to your `Cargo.toml`
[INFO] [stdout] 
[INFO] [stdout] 
[INFO] [stdout] error[E0433]: cannot find module or crate `satori` in this scope
[INFO] [stdout]    --> tests/common/harness.rs:137:20
[INFO] [stdout]     |
[INFO] [stdout] 137 |         fonts.push(satori::font::FontDescriptor {
[INFO] [stdout]     |                    ^^^^^^ use of unresolved module or unlinked crate `satori`
[INFO] [stdout]     |
[INFO] [stdout]     = help: if you wanted to use a crate named `satori`, use `cargo add satori` to add it to your `Cargo.toml`
[INFO] [stdout] 
[INFO] [stdout] 
[INFO] [stdout] error[E0433]: cannot find module or crate `satori` in this scope
[INFO] [stdout]    --> tests/common/harness.rs:110:57
[INFO] [stdout]     |
[INFO] [stdout] 110 | fn preload_callback_approximation_fonts(fonts: &mut Vec<satori::font::FontDescriptor>) {
[INFO] [stdout]     |                                                         ^^^^^^ use of unresolved module or unlinked crate `satori`
[INFO] [stdout]     |
[INFO] [stdout]     = help: if you wanted to use a crate named `satori`, use `cargo add satori` to add it to your `Cargo.toml`
[INFO] [stdout] 
[INFO] [stdout] 
[INFO] [stdout] error[E0433]: cannot find module or crate `satori` in this scope
[INFO] [stdout]    --> tests/common/harness.rs:110:57
[INFO] [stdout]     |
[INFO] [stdout] 110 | fn preload_callback_approximation_fonts(fonts: &mut Vec<satori::font::FontDescriptor>) {
[INFO] [stdout]     |                                                         ^^^^^^ use of unresolved module or unlinked crate `satori`
[INFO] [stdout]     |
[INFO] [stdout]     = help: if you wanted to use a crate named `satori`, use `cargo add satori` to add it to your `Cargo.toml`
[INFO] [stdout] 
[INFO] [stdout] 
[INFO] [stdout] error[E0433]: cannot find module or crate `satori` in this scope
[INFO] [stdout]    --> tests/common/harness.rs:110:57
[INFO] [stdout]     |
[INFO] [stdout] 110 | fn preload_callback_approximation_fonts(fonts: &mut Vec<satori::font::FontDescriptor>) {
[INFO] [stdout]     |                                                         ^^^^^^ use of unresolved module or unlinked crate `satori`
[INFO] [stdout]     |
[INFO] [stdout]     = help: if you wanted to use a crate named `satori`, use `cargo add satori` to add it to your `Cargo.toml`
[INFO] [stdout] 
[INFO] [stdout] 
[INFO] [stdout] error[E0433]: cannot find module or crate `satori` in this scope
[INFO] [stdout]    --> tests/common/harness.rs:110:57
[INFO] [stdout]     |
[INFO] [stdout] 110 | fn preload_callback_approximation_fonts(fonts: &mut Vec<satori::font::FontDescriptor>) {
[INFO] [stdout]     |                                                         ^^^^^^ use of unresolved module or unlinked crate `satori`
[INFO] [stdout]     |
[INFO] [stdout]     = help: if you wanted to use a crate named `satori`, use `cargo add satori` to add it to your `Cargo.toml`
[INFO] [stdout] 
[INFO] [stdout] 
[INFO] [stdout] error[E0433]: cannot find module or crate `satori` in this scope
[INFO] [stdout]    --> tests/common/harness.rs:284:48
[INFO] [stdout]     |
[INFO] [stdout] 284 |                         Some("italic") => Some(satori::font::FontStyle::Italic),
[INFO] [stdout]     |                                                ^^^^^^ use of unresolved module or unlinked crate `satori`
[INFO] [stdout]     |
[INFO] [stdout]     = help: if you wanted to use a crate named `satori`, use `cargo add satori` to add it to your `Cargo.toml`
[INFO] [stdout] 
[INFO] [stdout] 
[INFO] [stdout] error[E0433]: cannot find module or crate `satori` in this scope
[INFO] [stdout]    --> tests/common/harness.rs:110:57
[INFO] [stdout]     |
[INFO] [stdout] 110 | fn preload_callback_approximation_fonts(fonts: &mut Vec<satori::font::FontDescriptor>) {
[INFO] [stdout]     |                                                         ^^^^^^ use of unresolved module or unlinked crate `satori`
[INFO] [stdout]     |
[INFO] [stdout]     = help: if you wanted to use a crate named `satori`, use `cargo add satori` to add it to your `Cargo.toml`
[INFO] [stdout] 
[INFO] [stdout] 
[INFO] [stdout] error[E0433]: cannot find module or crate `satori` in this scope
[INFO] [stdout]    --> tests/common/harness.rs:148:40
[INFO] [stdout]     |
[INFO] [stdout] 148 |     pub fn to_satori_options(&self) -> satori::SatoriOptions {
[INFO] [stdout]     |                                        ^^^^^^ use of unresolved module or unlinked crate `satori`
[INFO] [stdout]     |
[INFO] [stdout]     = help: if you wanted to use a crate named `satori`, use `cargo add satori` to add it to your `Cargo.toml`
[INFO] [stdout] 
[INFO] [stdout] 
[INFO] [stdout] error[E0433]: cannot find module or crate `satori` in this scope
[INFO] [stdout]    --> tests/common/harness.rs:184:9
[INFO] [stdout]     |
[INFO] [stdout] 184 |         satori::SatoriOptions {
[INFO] [stdout]     |         ^^^^^^ use of unresolved module or unlinked crate `satori`
[INFO] [stdout]     |
[INFO] [stdout]     = help: if you wanted to use a crate named `satori`, use `cargo add satori` to add it to your `Cargo.toml`
[INFO] [stdout] 
[INFO] [stdout] 
[INFO] [stdout] error[E0433]: cannot find module or crate `satori` in this scope
[INFO] [stdout]    --> tests/common/harness.rs:292:9
[INFO] [stdout]     |
[INFO] [stdout] 292 |         satori::SatoriOptions {
[INFO] [stdout]     |         ^^^^^^ use of unresolved module or unlinked crate `satori`
[INFO] [stdout]     |
[INFO] [stdout]     = help: if you wanted to use a crate named `satori`, use `cargo add satori` to add it to your `Cargo.toml`
[INFO] [stdout] 
[INFO] [stdout] 
[INFO] [stdout] error[E0433]: cannot find module or crate `satori` in this scope
[INFO] [stdout]    --> tests/common/harness.rs:267:36
[INFO] [stdout]     |
[INFO] [stdout] 267 |     fn to_satori_options(&self) -> satori::SatoriOptions {
[INFO] [stdout]     |                                    ^^^^^^ use of unresolved module or unlinked crate `satori`
[INFO] [stdout]     |
[INFO] [stdout]     = help: if you wanted to use a crate named `satori`, use `cargo add satori` to add it to your `Cargo.toml`
[INFO] [stdout] 
[INFO] [stdout] 
[INFO] [stdout] For more information about this error, try `rustc --explain E0433`.
[INFO] [stdout] 
[INFO] [stdout] error[E0433]: cannot find module or crate `satori` in this scope
[INFO] [stdout]    --> tests/common/harness.rs:110:57
[INFO] [stdout]     |
[INFO] [stdout] 110 | fn preload_callback_approximation_fonts(fonts: &mut Vec<satori::font::FontDescriptor>) {
[INFO] [stdout]     |                                                         ^^^^^^ use of unresolved module or unlinked crate `satori`
[INFO] [stdout]     |
[INFO] [stdout]     = help: if you wanted to use a crate named `satori`, use `cargo add satori` to add it to your `Cargo.toml`
[INFO] [stdout] 
[INFO] [stdout] 
[INFO] [stdout] error[E0433]: cannot find module or crate `satori` in this scope
[INFO] [stdout]    --> tests/common/harness.rs:110:57
[INFO] [stdout]     |
[INFO] [stdout] 110 | fn preload_callback_approximation_fonts(fonts: &mut Vec<satori::font::FontDescriptor>) {
[INFO] [stdout]     |                                                         ^^^^^^ use of unresolved module or unlinked crate `satori`
[INFO] [stdout]     |
[INFO] [stdout]     = help: if you wanted to use a crate named `satori`, use `cargo add satori` to add it to your `Cargo.toml`
[INFO] [stdout] 
[INFO] [stdout] 
[INFO] [stderr] error: could not compile `satori-rs` (test "satori_load_additional") due to 19 previous errors
[INFO] [stderr] warning: build failed, waiting for other jobs to finish...
[INFO] [stdout] error[E0433]: cannot find module or crate `satori` in this scope
[INFO] [stdout]    --> tests/common/harness.rs:285:35
[INFO] [stdout]     |
[INFO] [stdout] 285 |                         _ => Some(satori::font::FontStyle::Normal),
[INFO] [stdout]     |                                   ^^^^^^ use of unresolved module or unlinked crate `satori`
[INFO] [stdout]     |
[INFO] [stdout]     = help: if you wanted to use a crate named `satori`, use `cargo add satori` to add it to your `Cargo.toml`
[INFO] [stdout] 
[INFO] [stdout] 
[INFO] [stdout] error[E0433]: cannot find module or crate `satori` in this scope
[INFO] [stdout]    --> tests/common/harness.rs:137:20
[INFO] [stdout]     |
[INFO] [stdout] 137 |         fonts.push(satori::font::FontDescriptor {
[INFO] [stdout]     |                    ^^^^^^ use of unresolved module or unlinked crate `satori`
[INFO] [stdout]     |
[INFO] [stdout]     = help: if you wanted to use a crate named `satori`, use `cargo add satori` to add it to your `Cargo.toml`
[INFO] [stdout] 
[INFO] [stdout] 
[INFO] [stdout] error[E0433]: cannot find module or crate `satori` in this scope
[INFO] [stdout]    --> tests/common/harness.rs:141:25
[INFO] [stdout]     |
[INFO] [stdout] 141 |             style: Some(satori::font::FontStyle::Normal),
[INFO] [stdout]     |                         ^^^^^^ use of unresolved module or unlinked crate `satori`
[INFO] [stdout]     |
[INFO] [stdout]     = help: if you wanted to use a crate named `satori`, use `cargo add satori` to add it to your `Cargo.toml`
[INFO] [stdout] 
[INFO] [stdout] 
[INFO] [stdout] error[E0433]: cannot find module or crate `satori` in this scope
[INFO] [stdout]    --> tests/common/harness.rs:148:40
[INFO] [stdout]     |
[INFO] [stdout] 148 |     pub fn to_satori_options(&self) -> satori::SatoriOptions {
[INFO] [stdout]     |                                        ^^^^^^ use of unresolved module or unlinked crate `satori`
[INFO] [stdout]     |
[INFO] [stdout]     = help: if you wanted to use a crate named `satori`, use `cargo add satori` to add it to your `Cargo.toml`
[INFO] [stdout] 
[INFO] [stdout] 
[INFO] [stdout] error[E0433]: cannot find module or crate `satori` in this scope
[INFO] [stdout]    --> tests/common/harness.rs:184:9
[INFO] [stdout]     |
[INFO] [stdout] 184 |         satori::SatoriOptions {
[INFO] [stdout]     |         ^^^^^^ use of unresolved module or unlinked crate `satori`
[INFO] [stdout]     |
[INFO] [stdout]     = help: if you wanted to use a crate named `satori`, use `cargo add satori` to add it to your `Cargo.toml`
[INFO] [stdout] 
[INFO] [stdout] 
[INFO] [stdout] error[E0433]: cannot find module or crate `satori` in this scope
[INFO] [stdout]    --> tests/common/harness.rs:292:9
[INFO] [stdout]     |
[INFO] [stdout] 292 |         satori::SatoriOptions {
[INFO] [stdout]     |         ^^^^^^ use of unresolved module or unlinked crate `satori`
[INFO] [stdout]     |
[INFO] [stdout]     = help: if you wanted to use a crate named `satori`, use `cargo add satori` to add it to your `Cargo.toml`
[INFO] [stdout] 
[INFO] [stdout] 
[INFO] [stdout] error[E0433]: cannot find module or crate `satori` in this scope
[INFO] [stdout]    --> tests/common/harness.rs:267:36
[INFO] [stdout]     |
[INFO] [stdout] 267 |     fn to_satori_options(&self) -> satori::SatoriOptions {
[INFO] [stdout]     |                                    ^^^^^^ use of unresolved module or unlinked crate `satori`
[INFO] [stdout]     |
[INFO] [stdout]     = help: if you wanted to use a crate named `satori`, use `cargo add satori` to add it to your `Cargo.toml`
[INFO] [stdout] 
[INFO] [stdout] 
[INFO] [stdout] For more information about this error, try `rustc --explain E0433`.
[INFO] [stdout] 
[INFO] [stdout] error[E0433]: cannot find module or crate `satori` in this scope
[INFO] [stdout]    --> tests/common/harness.rs:137:20
[INFO] [stdout]     |
[INFO] [stdout] 137 |         fonts.push(satori::font::FontDescriptor {
[INFO] [stdout]     |                    ^^^^^^ use of unresolved module or unlinked crate `satori`
[INFO] [stdout]     |
[INFO] [stdout]     = help: if you wanted to use a crate named `satori`, use `cargo add satori` to add it to your `Cargo.toml`
[INFO] [stdout] 
[INFO] [stdout] 
[INFO] [stdout] error[E0433]: cannot find module or crate `satori` in this scope
[INFO] [stdout]    --> tests/common/harness.rs:141:25
[INFO] [stdout]     |
[INFO] [stdout] 141 |             style: Some(satori::font::FontStyle::Normal),
[INFO] [stdout]     |                         ^^^^^^ use of unresolved module or unlinked crate `satori`
[INFO] [stdout]     |
[INFO] [stdout]     = help: if you wanted to use a crate named `satori`, use `cargo add satori` to add it to your `Cargo.toml`
[INFO] [stdout] 
[INFO] [stdout] 
[INFO] [stderr] error: could not compile `satori-rs` (test "handler_edges") due to 19 previous errors
[INFO] [stdout] error[E0433]: cannot find module or crate `satori` in this scope
[INFO] [stdout]    --> tests/common/harness.rs:137:20
[INFO] [stdout]     |
[INFO] [stdout] 137 |         fonts.push(satori::font::FontDescriptor {
[INFO] [stdout]     |                    ^^^^^^ use of unresolved module or unlinked crate `satori`
[INFO] [stdout]     |
[INFO] [stdout]     = help: if you wanted to use a crate named `satori`, use `cargo add satori` to add it to your `Cargo.toml`
[INFO] [stdout] 
[INFO] [stdout] 
[INFO] [stdout] error[E0433]: cannot find module or crate `satori` in this scope
[INFO] [stdout]    --> tests/common/harness.rs:137:20
[INFO] [stdout]     |
[INFO] [stdout] 137 |         fonts.push(satori::font::FontDescriptor {
[INFO] [stdout]     |                    ^^^^^^ use of unresolved module or unlinked crate `satori`
[INFO] [stdout]     |
[INFO] [stdout]     = help: if you wanted to use a crate named `satori`, use `cargo add satori` to add it to your `Cargo.toml`
[INFO] [stdout] 
[INFO] [stdout] 
[INFO] [stdout] error[E0433]: cannot find module or crate `satori` in this scope
[INFO] [stdout]    --> tests/common/harness.rs:137:20
[INFO] [stdout]     |
[INFO] [stdout] 137 |         fonts.push(satori::font::FontDescriptor {
[INFO] [stdout]     |                    ^^^^^^ use of unresolved module or unlinked crate `satori`
[INFO] [stdout]     |
[INFO] [stdout]     = help: if you wanted to use a crate named `satori`, use `cargo add satori` to add it to your `Cargo.toml`
[INFO] [stdout] 
[INFO] [stdout] 
[INFO] [stdout] error[E0433]: cannot find module or crate `satori` in this scope
[INFO] [stdout]    --> tests/common/harness.rs:137:20
[INFO] [stdout]     |
[INFO] [stdout] 137 |         fonts.push(satori::font::FontDescriptor {
[INFO] [stdout]     |                    ^^^^^^ use of unresolved module or unlinked crate `satori`
[INFO] [stdout]     |
[INFO] [stdout]     = help: if you wanted to use a crate named `satori`, use `cargo add satori` to add it to your `Cargo.toml`
[INFO] [stdout] 
[INFO] [stdout] 
[INFO] [stdout] error[E0433]: cannot find module or crate `satori` in this scope
[INFO] [stdout]    --> tests/common/harness.rs:137:20
[INFO] [stdout]     |
[INFO] [stdout] 137 |         fonts.push(satori::font::FontDescriptor {
[INFO] [stdout]     |                    ^^^^^^ use of unresolved module or unlinked crate `satori`
[INFO] [stdout]     |
[INFO] [stdout]     = help: if you wanted to use a crate named `satori`, use `cargo add satori` to add it to your `Cargo.toml`
[INFO] [stdout] 
[INFO] [stdout] 
[INFO] [stdout] error[E0433]: cannot find module or crate `satori` in this scope
[INFO] [stdout]    --> tests/common/harness.rs:137:20
[INFO] [stdout]     |
[INFO] [stdout] 137 |         fonts.push(satori::font::FontDescriptor {
[INFO] [stdout]     |                    ^^^^^^ use of unresolved module or unlinked crate `satori`
[INFO] [stdout]     |
[INFO] [stdout]     = help: if you wanted to use a crate named `satori`, use `cargo add satori` to add it to your `Cargo.toml`
[INFO] [stdout] 
[INFO] [stdout] 
[INFO] [stdout] error[E0433]: cannot find module or crate `satori` in this scope
[INFO] [stdout]    --> tests/common/harness.rs:137:20
[INFO] [stdout]     |
[INFO] [stdout] 137 |         fonts.push(satori::font::FontDescriptor {
[INFO] [stdout]     |                    ^^^^^^ use of unresolved module or unlinked crate `satori`
[INFO] [stdout]     |
[INFO] [stdout]     = help: if you wanted to use a crate named `satori`, use `cargo add satori` to add it to your `Cargo.toml`
[INFO] [stdout] 
[INFO] [stdout] 
[INFO] [stdout] error[E0433]: cannot find module or crate `satori` in this scope
[INFO] [stdout]    --> tests/common/harness.rs:137:20
[INFO] [stdout]     |
[INFO] [stdout] 137 |         fonts.push(satori::font::FontDescriptor {
[INFO] [stdout]     |                    ^^^^^^ use of unresolved module or unlinked crate `satori`
[INFO] [stdout]     |
[INFO] [stdout]     = help: if you wanted to use a crate named `satori`, use `cargo add satori` to add it to your `Cargo.toml`
[INFO] [stdout] 
[INFO] [stdout] 
[INFO] [stdout] error[E0433]: cannot find module or crate `satori` in this scope
[INFO] [stdout]    --> tests/common/harness.rs:212:15
[INFO] [stdout]     |
[INFO] [stdout] 212 |     let svg = satori::satori_from_value(fx.element.clone(), opts).unwrap_or_else(|e| {
[INFO] [stdout]     |               ^^^^^^ use of unresolved module or unlinked crate `satori`
[INFO] [stdout]     |
[INFO] [stdout]     = help: if you wanted to use a crate named `satori`, use `cargo add satori` to add it to your `Cargo.toml`
[INFO] [stdout] 
[INFO] [stdout] 
[INFO] [stdout] error[E0433]: cannot find module or crate `satori` in this scope
[INFO] [stdout]    --> tests/common/harness.rs:326:11
[INFO] [stdout]     |
[INFO] [stdout] 326 |     match satori::satori_from_value(el, opts) {
[INFO] [stdout]     |           ^^^^^^ use of unresolved module or unlinked crate `satori`
[INFO] [stdout]     |
[INFO] [stdout]     = help: if you wanted to use a crate named `satori`, use `cargo add satori` to add it to your `Cargo.toml`
[INFO] [stdout] 
[INFO] [stdout] 
[INFO] [stdout] error[E0433]: cannot find module or crate `satori` in this scope
[INFO] [stdout]    --> tests/common/harness.rs:141:25
[INFO] [stdout]     |
[INFO] [stdout] 141 |             style: Some(satori::font::FontStyle::Normal),
[INFO] [stdout]     |                         ^^^^^^ use of unresolved module or unlinked crate `satori`
[INFO] [stdout]     |
[INFO] [stdout]     = help: if you wanted to use a crate named `satori`, use `cargo add satori` to add it to your `Cargo.toml`
[INFO] [stdout] 
[INFO] [stdout] 
[INFO] [stdout] error[E0433]: cannot find module or crate `satori` in this scope
[INFO] [stdout]    --> tests/common/harness.rs:141:25
[INFO] [stdout]     |
[INFO] [stdout] 141 |             style: Some(satori::font::FontStyle::Normal),
[INFO] [stdout]     |                         ^^^^^^ use of unresolved module or unlinked crate `satori`
[INFO] [stdout]     |
[INFO] [stdout]     = help: if you wanted to use a crate named `satori`, use `cargo add satori` to add it to your `Cargo.toml`
[INFO] [stdout] 
[INFO] [stdout] 
[INFO] [stdout] error[E0433]: cannot find module or crate `satori` in this scope
[INFO] [stdout]    --> tests/common/harness.rs:141:25
[INFO] [stdout]     |
[INFO] [stdout] 141 |             style: Some(satori::font::FontStyle::Normal),
[INFO] [stdout]     |                         ^^^^^^ use of unresolved module or unlinked crate `satori`
[INFO] [stdout]     |
[INFO] [stdout]     = help: if you wanted to use a crate named `satori`, use `cargo add satori` to add it to your `Cargo.toml`
[INFO] [stdout] 
[INFO] [stdout] 
[INFO] [stdout] error[E0433]: cannot find module or crate `satori` in this scope
[INFO] [stdout]    --> tests/common/harness.rs:141:25
[INFO] [stdout]     |
[INFO] [stdout] 141 |             style: Some(satori::font::FontStyle::Normal),
[INFO] [stdout]     |                         ^^^^^^ use of unresolved module or unlinked crate `satori`
[INFO] [stdout]     |
[INFO] [stdout]     = help: if you wanted to use a crate named `satori`, use `cargo add satori` to add it to your `Cargo.toml`
[INFO] [stdout] 
[INFO] [stdout] 
[INFO] [stdout] error[E0433]: cannot find module or crate `satori` in this scope
[INFO] [stdout]    --> tests/common/harness.rs:141:25
[INFO] [stdout]     |
[INFO] [stdout] 141 |             style: Some(satori::font::FontStyle::Normal),
[INFO] [stdout]     |                         ^^^^^^ use of unresolved module or unlinked crate `satori`
[INFO] [stdout]     |
[INFO] [stdout]     = help: if you wanted to use a crate named `satori`, use `cargo add satori` to add it to your `Cargo.toml`
[INFO] [stdout] 
[INFO] [stdout] 
[INFO] [stdout] error[E0433]: cannot find module or crate `satori` in this scope
[INFO] [stdout]    --> tests/common/harness.rs:141:25
[INFO] [stdout]     |
[INFO] [stdout] 141 |             style: Some(satori::font::FontStyle::Normal),
[INFO] [stdout]     |                         ^^^^^^ use of unresolved module or unlinked crate `satori`
[INFO] [stdout]     |
[INFO] [stdout]     = help: if you wanted to use a crate named `satori`, use `cargo add satori` to add it to your `Cargo.toml`
[INFO] [stdout] 
[INFO] [stdout] 
[INFO] [stdout] error[E0433]: cannot find module or crate `satori` in this scope
[INFO] [stdout]    --> tests/common/harness.rs:141:25
[INFO] [stdout]     |
[INFO] [stdout] 141 |             style: Some(satori::font::FontStyle::Normal),
[INFO] [stdout]     |                         ^^^^^^ use of unresolved module or unlinked crate `satori`
[INFO] [stdout]     |
[INFO] [stdout]     = help: if you wanted to use a crate named `satori`, use `cargo add satori` to add it to your `Cargo.toml`
[INFO] [stdout] 
[INFO] [stdout] 
[INFO] [stdout] error[E0433]: cannot find module or crate `satori` in this scope
[INFO] [stdout]    --> tests/common/harness.rs:141:25
[INFO] [stdout]     |
[INFO] [stdout] 141 |             style: Some(satori::font::FontStyle::Normal),
[INFO] [stdout]     |                         ^^^^^^ use of unresolved module or unlinked crate `satori`
[INFO] [stdout]     |
[INFO] [stdout]     = help: if you wanted to use a crate named `satori`, use `cargo add satori` to add it to your `Cargo.toml`
[INFO] [stdout] 
[INFO] [stdout] 
[INFO] [stdout] error[E0433]: cannot find module or crate `satori` in this scope
[INFO] [stdout]    --> tests/common/harness.rs:141:25
[INFO] [stdout]     |
[INFO] [stdout] 141 |             style: Some(satori::font::FontStyle::Normal),
[INFO] [stdout]     |                         ^^^^^^ use of unresolved module or unlinked crate `satori`
[INFO] [stdout]     |
[INFO] [stdout]     = help: if you wanted to use a crate named `satori`, use `cargo add satori` to add it to your `Cargo.toml`
[INFO] [stdout] 
[INFO] [stdout] 
[INFO] [stdout] error[E0433]: cannot find module or crate `satori` in this scope
[INFO] [stdout]    --> tests/common/harness.rs:141:25
[INFO] [stdout]     |
[INFO] [stdout] 141 |             style: Some(satori::font::FontStyle::Normal),
[INFO] [stdout]     |                         ^^^^^^ use of unresolved module or unlinked crate `satori`
[INFO] [stdout]     |
[INFO] [stdout]     = help: if you wanted to use a crate named `satori`, use `cargo add satori` to add it to your `Cargo.toml`
[INFO] [stdout] 
[INFO] [stdout] 
[INFO] [stdout] error[E0433]: cannot find module or crate `satori` in this scope
[INFO] [stdout]    --> tests/common/harness.rs:149:24
[INFO] [stdout]     |
[INFO] [stdout] 149 |         let fonts: Vec<satori::font::FontDescriptor> = if self.options.fonts.is_empty() {
[INFO] [stdout]     |                        ^^^^^^ use of unresolved module or unlinked crate `satori`
[INFO] [stdout]     |
[INFO] [stdout]     = help: if you wanted to use a crate named `satori`, use `cargo add satori` to add it to your `Cargo.toml`
[INFO] [stdout] 
[INFO] [stdout] 
[INFO] [stdout] error[E0433]: cannot find module or crate `satori` in this scope
[INFO] [stdout]    --> tests/common/harness.rs:149:24
[INFO] [stdout]     |
[INFO] [stdout] 149 |         let fonts: Vec<satori::font::FontDescriptor> = if self.options.fonts.is_empty() {
[INFO] [stdout]     |                        ^^^^^^ use of unresolved module or unlinked crate `satori`
[INFO] [stdout]     |
[INFO] [stdout]     = help: if you wanted to use a crate named `satori`, use `cargo add satori` to add it to your `Cargo.toml`
[INFO] [stdout] 
[INFO] [stdout] 
[INFO] [stdout] error[E0433]: cannot find module or crate `satori` in this scope
[INFO] [stdout]    --> tests/common/harness.rs:148:40
[INFO] [stdout]     |
[INFO] [stdout] 148 |     pub fn to_satori_options(&self) -> satori::SatoriOptions {
[INFO] [stdout]     |                                        ^^^^^^ use of unresolved module or unlinked crate `satori`
[INFO] [stdout]     |
[INFO] [stdout]     = help: if you wanted to use a crate named `satori`, use `cargo add satori` to add it to your `Cargo.toml`
[INFO] [stdout] 
[INFO] [stdout] 
[INFO] [stdout] error[E0433]: cannot find module or crate `satori` in this scope
[INFO] [stdout]    --> tests/common/harness.rs:184:9
[INFO] [stdout]     |
[INFO] [stdout] 184 |         satori::SatoriOptions {
[INFO] [stdout]     |         ^^^^^^ use of unresolved module or unlinked crate `satori`
[INFO] [stdout]     |
[INFO] [stdout]     = help: if you wanted to use a crate named `satori`, use `cargo add satori` to add it to your `Cargo.toml`
[INFO] [stdout] 
[INFO] [stdout] 
[INFO] [stdout] error[E0433]: cannot find module or crate `satori` in this scope
[INFO] [stdout]    --> tests/common/harness.rs:292:9
[INFO] [stdout]     |
[INFO] [stdout] 292 |         satori::SatoriOptions {
[INFO] [stdout]     |         ^^^^^^ use of unresolved module or unlinked crate `satori`
[INFO] [stdout]     |
[INFO] [stdout]     = help: if you wanted to use a crate named `satori`, use `cargo add satori` to add it to your `Cargo.toml`
[INFO] [stdout] 
[INFO] [stdout] 
[INFO] [stdout] error[E0433]: cannot find module or crate `satori` in this scope
[INFO] [stdout]    --> tests/common/harness.rs:267:36
[INFO] [stdout]     |
[INFO] [stdout] 267 |     fn to_satori_options(&self) -> satori::SatoriOptions {
[INFO] [stdout]     |                                    ^^^^^^ use of unresolved module or unlinked crate `satori`
[INFO] [stdout]     |
[INFO] [stdout]     = help: if you wanted to use a crate named `satori`, use `cargo add satori` to add it to your `Cargo.toml`
[INFO] [stdout] 
[INFO] [stdout] 
[INFO] [stdout] For more information about this error, try `rustc --explain E0433`.
[INFO] [stdout] 
[INFO] [stderr] error: could not compile `satori-rs` (test "tab_size") due to 19 previous errors
[INFO] [stdout] error[E0433]: cannot find module or crate `satori` in this scope
[INFO] [stdout]    --> tests/common/harness.rs:168:22
[INFO] [stdout]     |
[INFO] [stdout] 168 |                 Some(satori::font::FontDescriptor {
[INFO] [stdout]     |                      ^^^^^^ use of unresolved module or unlinked crate `satori`
[INFO] [stdout]     |
[INFO] [stdout]     = help: if you wanted to use a crate named `satori`, use `cargo add satori` to add it to your `Cargo.toml`
[INFO] [stdout] 
[INFO] [stdout] 
[INFO] [stdout] error[E0433]: cannot find module or crate `satori` in this scope
[INFO] [stdout]    --> tests/common/harness.rs:168:22
[INFO] [stdout]     |
[INFO] [stdout] 168 |                 Some(satori::font::FontDescriptor {
[INFO] [stdout]     |                      ^^^^^^ use of unresolved module or unlinked crate `satori`
[INFO] [stdout]     |
[INFO] [stdout]     = help: if you wanted to use a crate named `satori`, use `cargo add satori` to add it to your `Cargo.toml`
[INFO] [stdout] 
[INFO] [stdout] 
[INFO] [stdout] error[E0433]: cannot find module or crate `satori` in this scope
[INFO] [stdout]    --> tests/common/harness.rs:149:24
[INFO] [stdout]     |
[INFO] [stdout] 149 |         let fonts: Vec<satori::font::FontDescriptor> = if self.options.fonts.is_empty() {
[INFO] [stdout]     |                        ^^^^^^ use of unresolved module or unlinked crate `satori`
[INFO] [stdout]     |
[INFO] [stdout]     = help: if you wanted to use a crate named `satori`, use `cargo add satori` to add it to your `Cargo.toml`
[INFO] [stdout] 
[INFO] [stdout] 
[INFO] [stdout] error[E0433]: cannot find module or crate `satori` in this scope
[INFO] [stdout]    --> tests/common/harness.rs:149:24
[INFO] [stdout]     |
[INFO] [stdout] 149 |         let fonts: Vec<satori::font::FontDescriptor> = if self.options.fonts.is_empty() {
[INFO] [stdout]     |                        ^^^^^^ use of unresolved module or unlinked crate `satori`
[INFO] [stdout]     |
[INFO] [stdout]     = help: if you wanted to use a crate named `satori`, use `cargo add satori` to add it to your `Cargo.toml`
[INFO] [stdout] 
[INFO] [stdout] 
[INFO] [stdout] error[E0433]: cannot find module or crate `satori` in this scope
[INFO] [stdout]    --> tests/common/harness.rs:149:24
[INFO] [stdout]     |
[INFO] [stdout] 149 |         let fonts: Vec<satori::font::FontDescriptor> = if self.options.fonts.is_empty() {
[INFO] [stdout]     |                        ^^^^^^ use of unresolved module or unlinked crate `satori`
[INFO] [stdout]     |
[INFO] [stdout]     = help: if you wanted to use a crate named `satori`, use `cargo add satori` to add it to your `Cargo.toml`
[INFO] [stdout] 
[INFO] [stdout] 
[INFO] [stdout] error[E0433]: cannot find module or crate `satori` in this scope
[INFO] [stdout]    --> tests/common/harness.rs:149:24
[INFO] [stdout]     |
[INFO] [stdout] 149 |         let fonts: Vec<satori::font::FontDescriptor> = if self.options.fonts.is_empty() {
[INFO] [stdout]     |                        ^^^^^^ use of unresolved module or unlinked crate `satori`
[INFO] [stdout]     |
[INFO] [stdout]     = help: if you wanted to use a crate named `satori`, use `cargo add satori` to add it to your `Cargo.toml`
[INFO] [stdout] 
[INFO] [stdout] 
[INFO] [stdout] error[E0433]: cannot find module or crate `satori` in this scope
[INFO] [stdout]    --> tests/common/harness.rs:149:24
[INFO] [stdout]     |
[INFO] [stdout] 149 |         let fonts: Vec<satori::font::FontDescriptor> = if self.options.fonts.is_empty() {
[INFO] [stdout]     |                        ^^^^^^ use of unresolved module or unlinked crate `satori`
[INFO] [stdout]     |
[INFO] [stdout]     = help: if you wanted to use a crate named `satori`, use `cargo add satori` to add it to your `Cargo.toml`
[INFO] [stdout] 
[INFO] [stdout] 
[INFO] [stdout] error[E0433]: cannot find module or crate `satori` in this scope
[INFO] [stdout]    --> tests/common/harness.rs:149:24
[INFO] [stdout]     |
[INFO] [stdout] 149 |         let fonts: Vec<satori::font::FontDescriptor> = if self.options.fonts.is_empty() {
[INFO] [stdout]     |                        ^^^^^^ use of unresolved module or unlinked crate `satori`
[INFO] [stdout]     |
[INFO] [stdout]     = help: if you wanted to use a crate named `satori`, use `cargo add satori` to add it to your `Cargo.toml`
[INFO] [stdout] 
[INFO] [stdout] 
[INFO] [stdout] error[E0433]: cannot find module or crate `satori` in this scope
[INFO] [stdout]    --> tests/common/harness.rs:149:24
[INFO] [stdout]     |
[INFO] [stdout] 149 |         let fonts: Vec<satori::font::FontDescriptor> = if self.options.fonts.is_empty() {
[INFO] [stdout]     |                        ^^^^^^ use of unresolved module or unlinked crate `satori`
[INFO] [stdout]     |
[INFO] [stdout]     = help: if you wanted to use a crate named `satori`, use `cargo add satori` to add it to your `Cargo.toml`
[INFO] [stdout] 
[INFO] [stdout] 
[INFO] [stdout] error[E0433]: cannot find module or crate `satori` in this scope
[INFO] [stdout]    --> tests/common/harness.rs:149:24
[INFO] [stdout]     |
[INFO] [stdout] 149 |         let fonts: Vec<satori::font::FontDescriptor> = if self.options.fonts.is_empty() {
[INFO] [stdout]     |                        ^^^^^^ use of unresolved module or unlinked crate `satori`
[INFO] [stdout]     |
[INFO] [stdout]     = help: if you wanted to use a crate named `satori`, use `cargo add satori` to add it to your `Cargo.toml`
[INFO] [stdout] 
[INFO] [stdout] 
[INFO] [stdout] error[E0433]: cannot find module or crate `satori` in this scope
[INFO] [stdout]    --> tests/common/harness.rs:149:24
[INFO] [stdout]     |
[INFO] [stdout] 149 |         let fonts: Vec<satori::font::FontDescriptor> = if self.options.fonts.is_empty() {
[INFO] [stdout]     |                        ^^^^^^ use of unresolved module or unlinked crate `satori`
[INFO] [stdout]     |
[INFO] [stdout]     = help: if you wanted to use a crate named `satori`, use `cargo add satori` to add it to your `Cargo.toml`
[INFO] [stdout] 
[INFO] [stdout] 
[INFO] [stdout] error[E0433]: cannot find module or crate `satori` in this scope
[INFO] [stdout]    --> tests/common/harness.rs:149:24
[INFO] [stdout]     |
[INFO] [stdout] 149 |         let fonts: Vec<satori::font::FontDescriptor> = if self.options.fonts.is_empty() {
[INFO] [stdout]     |                        ^^^^^^ use of unresolved module or unlinked crate `satori`
[INFO] [stdout]     |
[INFO] [stdout]     = help: if you wanted to use a crate named `satori`, use `cargo add satori` to add it to your `Cargo.toml`
[INFO] [stdout] 
[INFO] [stdout] 
[INFO] [stdout] error[E0433]: cannot find module or crate `satori` in this scope
[INFO] [stdout]    --> tests/common/harness.rs:173:48
[INFO] [stdout]     |
[INFO] [stdout] 173 |                         Some("italic") => Some(satori::font::FontStyle::Italic),
[INFO] [stdout]     |                                                ^^^^^^ use of unresolved module or unlinked crate `satori`
[INFO] [stdout]     |
[INFO] [stdout]     = help: if you wanted to use a crate named `satori`, use `cargo add satori` to add it to your `Cargo.toml`
[INFO] [stdout] 
[INFO] [stdout] 
[INFO] [stdout] error[E0433]: cannot find module or crate `satori` in this scope
[INFO] [stdout]    --> tests/common/harness.rs:168:22
[INFO] [stdout]     |
[INFO] [stdout] 168 |                 Some(satori::font::FontDescriptor {
[INFO] [stdout]     |                      ^^^^^^ use of unresolved module or unlinked crate `satori`
[INFO] [stdout]     |
[INFO] [stdout]     = help: if you wanted to use a crate named `satori`, use `cargo add satori` to add it to your `Cargo.toml`
[INFO] [stdout] 
[INFO] [stdout] 
[INFO] [stdout] error[E0433]: cannot find module or crate `satori` in this scope
[INFO] [stdout]    --> tests/common/harness.rs:173:48
[INFO] [stdout]     |
[INFO] [stdout] 173 |                         Some("italic") => Some(satori::font::FontStyle::Italic),
[INFO] [stdout]     |                                                ^^^^^^ use of unresolved module or unlinked crate `satori`
[INFO] [stdout]     |
[INFO] [stdout]     = help: if you wanted to use a crate named `satori`, use `cargo add satori` to add it to your `Cargo.toml`
[INFO] [stdout] 
[INFO] [stdout] 
[INFO] [stdout] error[E0433]: cannot find module or crate `satori` in this scope
[INFO] [stdout]    --> tests/common/harness.rs:168:22
[INFO] [stdout]     |
[INFO] [stdout] 168 |                 Some(satori::font::FontDescriptor {
[INFO] [stdout]     |                      ^^^^^^ use of unresolved module or unlinked crate `satori`
[INFO] [stdout]     |
[INFO] [stdout]     = help: if you wanted to use a crate named `satori`, use `cargo add satori` to add it to your `Cargo.toml`
[INFO] [stdout] 
[INFO] [stdout] 
[INFO] [stdout] error[E0433]: cannot find module or crate `satori` in this scope
[INFO] [stdout]    --> tests/common/harness.rs:168:22
[INFO] [stdout]     |
[INFO] [stdout] 168 |                 Some(satori::font::FontDescriptor {
[INFO] [stdout]     |                      ^^^^^^ use of unresolved module or unlinked crate `satori`
[INFO] [stdout]     |
[INFO] [stdout]     = help: if you wanted to use a crate named `satori`, use `cargo add satori` to add it to your `Cargo.toml`
[INFO] [stdout] 
[INFO] [stdout] 
[INFO] [stdout] error[E0433]: cannot find module or crate `satori` in this scope
[INFO] [stdout]    --> tests/common/harness.rs:168:22
[INFO] [stdout]     |
[INFO] [stdout] 168 |                 Some(satori::font::FontDescriptor {
[INFO] [stdout]     |                      ^^^^^^ use of unresolved module or unlinked crate `satori`
[INFO] [stdout]     |
[INFO] [stdout]     = help: if you wanted to use a crate named `satori`, use `cargo add satori` to add it to your `Cargo.toml`
[INFO] [stdout] 
[INFO] [stdout] 
[INFO] [stdout] error[E0433]: cannot find module or crate `satori` in this scope
[INFO] [stdout]    --> tests/common/harness.rs:168:22
[INFO] [stdout]     |
[INFO] [stdout] 168 |                 Some(satori::font::FontDescriptor {
[INFO] [stdout]     |                      ^^^^^^ use of unresolved module or unlinked crate `satori`
[INFO] [stdout]     |
[INFO] [stdout]     = help: if you wanted to use a crate named `satori`, use `cargo add satori` to add it to your `Cargo.toml`
[INFO] [stdout] 
[INFO] [stdout] 
[INFO] [stdout] error[E0433]: cannot find module or crate `satori` in this scope
[INFO] [stdout]    --> tests/common/harness.rs:168:22
[INFO] [stdout]     |
[INFO] [stdout] 168 |                 Some(satori::font::FontDescriptor {
[INFO] [stdout]     |                      ^^^^^^ use of unresolved module or unlinked crate `satori`
[INFO] [stdout]     |
[INFO] [stdout]     = help: if you wanted to use a crate named `satori`, use `cargo add satori` to add it to your `Cargo.toml`
[INFO] [stdout] 
[INFO] [stdout] 
[INFO] [stdout] error[E0433]: cannot find module or crate `satori` in this scope
[INFO] [stdout]    --> tests/common/harness.rs:168:22
[INFO] [stdout]     |
[INFO] [stdout] 168 |                 Some(satori::font::FontDescriptor {
[INFO] [stdout]     |                      ^^^^^^ use of unresolved module or unlinked crate `satori`
[INFO] [stdout]     |
[INFO] [stdout]     = help: if you wanted to use a crate named `satori`, use `cargo add satori` to add it to your `Cargo.toml`
[INFO] [stdout] 
[INFO] [stdout] 
[INFO] [stdout] error[E0433]: cannot find module or crate `satori` in this scope
[INFO] [stdout]    --> tests/common/harness.rs:168:22
[INFO] [stdout]     |
[INFO] [stdout] 168 |                 Some(satori::font::FontDescriptor {
[INFO] [stdout]     |                      ^^^^^^ use of unresolved module or unlinked crate `satori`
[INFO] [stdout]     |
[INFO] [stdout]     = help: if you wanted to use a crate named `satori`, use `cargo add satori` to add it to your `Cargo.toml`
[INFO] [stdout] 
[INFO] [stdout] 
[INFO] [stdout] error[E0433]: cannot find module or crate `satori` in this scope
[INFO] [stdout]    --> tests/common/harness.rs:168:22
[INFO] [stdout]     |
[INFO] [stdout] 168 |                 Some(satori::font::FontDescriptor {
[INFO] [stdout]     |                      ^^^^^^ use of unresolved module or unlinked crate `satori`
[INFO] [stdout]     |
[INFO] [stdout]     = help: if you wanted to use a crate named `satori`, use `cargo add satori` to add it to your `Cargo.toml`
[INFO] [stdout] 
[INFO] [stdout] 
[INFO] [stdout] error[E0433]: cannot find module or crate `satori` in this scope
[INFO] [stdout]    --> tests/common/harness.rs:174:35
[INFO] [stdout]     |
[INFO] [stdout] 174 |                         _ => Some(satori::font::FontStyle::Normal),
[INFO] [stdout]     |                                   ^^^^^^ use of unresolved module or unlinked crate `satori`
[INFO] [stdout]     |
[INFO] [stdout]     = help: if you wanted to use a crate named `satori`, use `cargo add satori` to add it to your `Cargo.toml`
[INFO] [stdout] 
[INFO] [stdout] 
[INFO] [stdout] error[E0433]: cannot find module or crate `satori` in this scope
[INFO] [stdout]    --> tests/common/harness.rs:168:22
[INFO] [stdout]     |
[INFO] [stdout] 168 |                 Some(satori::font::FontDescriptor {
[INFO] [stdout]     |                      ^^^^^^ use of unresolved module or unlinked crate `satori`
[INFO] [stdout]     |
[INFO] [stdout]     = help: if you wanted to use a crate named `satori`, use `cargo add satori` to add it to your `Cargo.toml`
[INFO] [stdout] 
[INFO] [stdout] 
[INFO] [stdout] error[E0433]: cannot find module or crate `satori` in this scope
[INFO] [stdout]    --> tests/common/harness.rs:173:48
[INFO] [stdout]     |
[INFO] [stdout] 173 |                         Some("italic") => Some(satori::font::FontStyle::Italic),
[INFO] [stdout]     |                                                ^^^^^^ use of unresolved module or unlinked crate `satori`
[INFO] [stdout]     |
[INFO] [stdout]     = help: if you wanted to use a crate named `satori`, use `cargo add satori` to add it to your `Cargo.toml`
[INFO] [stdout] 
[INFO] [stdout] 
[INFO] [stdout] error[E0433]: cannot find module or crate `satori` in this scope
[INFO] [stdout]    --> tests/common/harness.rs:174:35
[INFO] [stdout]     |
[INFO] [stdout] 174 |                         _ => Some(satori::font::FontStyle::Normal),
[INFO] [stdout]     |                                   ^^^^^^ use of unresolved module or unlinked crate `satori`
[INFO] [stdout]     |
[INFO] [stdout]     = help: if you wanted to use a crate named `satori`, use `cargo add satori` to add it to your `Cargo.toml`
[INFO] [stdout] 
[INFO] [stdout] 
[INFO] [stdout] error[E0433]: cannot find module or crate `satori` in this scope
[INFO] [stdout]    --> tests/common/harness.rs:173:48
[INFO] [stdout]     |
[INFO] [stdout] 173 |                         Some("italic") => Some(satori::font::FontStyle::Italic),
[INFO] [stdout]     |                                                ^^^^^^ use of unresolved module or unlinked crate `satori`
[INFO] [stdout]     |
[INFO] [stdout]     = help: if you wanted to use a crate named `satori`, use `cargo add satori` to add it to your `Cargo.toml`
[INFO] [stdout] 
[INFO] [stdout] 
[INFO] [stdout] error[E0433]: cannot find module or crate `satori` in this scope
[INFO] [stdout]    --> tests/common/harness.rs:173:48
[INFO] [stdout]     |
[INFO] [stdout] 173 |                         Some("italic") => Some(satori::font::FontStyle::Italic),
[INFO] [stdout]     |                                                ^^^^^^ use of unresolved module or unlinked crate `satori`
[INFO] [stdout]     |
[INFO] [stdout]     = help: if you wanted to use a crate named `satori`, use `cargo add satori` to add it to your `Cargo.toml`
[INFO] [stdout] 
[INFO] [stdout] 
[INFO] [stdout] error[E0433]: cannot find module or crate `satori` in this scope
[INFO] [stdout]    --> tests/common/harness.rs:174:35
[INFO] [stdout]     |
[INFO] [stdout] 174 |                         _ => Some(satori::font::FontStyle::Normal),
[INFO] [stdout]     |                                   ^^^^^^ use of unresolved module or unlinked crate `satori`
[INFO] [stdout]     |
[INFO] [stdout]     = help: if you wanted to use a crate named `satori`, use `cargo add satori` to add it to your `Cargo.toml`
[INFO] [stdout] 
[INFO] [stdout] 
[INFO] [stdout] error[E0433]: cannot find module or crate `satori` in this scope
[INFO] [stdout]    --> tests/common/harness.rs:173:48
[INFO] [stdout]     |
[INFO] [stdout] 173 |                         Some("italic") => Some(satori::font::FontStyle::Italic),
[INFO] [stdout]     |                                                ^^^^^^ use of unresolved module or unlinked crate `satori`
[INFO] [stdout]     |
[INFO] [stdout]     = help: if you wanted to use a crate named `satori`, use `cargo add satori` to add it to your `Cargo.toml`
[INFO] [stdout] 
[INFO] [stdout] 
[INFO] [stdout] error[E0433]: cannot find module or crate `satori` in this scope
[INFO] [stdout]    --> tests/common/harness.rs:173:48
[INFO] [stdout]     |
[INFO] [stdout] 173 |                         Some("italic") => Some(satori::font::FontStyle::Italic),
[INFO] [stdout]     |                                                ^^^^^^ use of unresolved module or unlinked crate `satori`
[INFO] [stdout]     |
[INFO] [stdout]     = help: if you wanted to use a crate named `satori`, use `cargo add satori` to add it to your `Cargo.toml`
[INFO] [stdout] 
[INFO] [stdout] 
[INFO] [stdout] error[E0433]: cannot find module or crate `satori` in this scope
[INFO] [stdout]    --> tests/common/harness.rs:173:48
[INFO] [stdout]     |
[INFO] [stdout] 173 |                         Some("italic") => Some(satori::font::FontStyle::Italic),
[INFO] [stdout]     |                                                ^^^^^^ use of unresolved module or unlinked crate `satori`
[INFO] [stdout]     |
[INFO] [stdout]     = help: if you wanted to use a crate named `satori`, use `cargo add satori` to add it to your `Cargo.toml`
[INFO] [stdout] 
[INFO] [stdout] 
[INFO] [stdout] error[E0433]: cannot find module or crate `satori` in this scope
[INFO] [stdout]    --> tests/common/harness.rs:174:35
[INFO] [stdout]     |
[INFO] [stdout] 174 |                         _ => Some(satori::font::FontStyle::Normal),
[INFO] [stdout]     |                                   ^^^^^^ use of unresolved module or unlinked crate `satori`
[INFO] [stdout]     |
[INFO] [stdout]     = help: if you wanted to use a crate named `satori`, use `cargo add satori` to add it to your `Cargo.toml`
[INFO] [stdout] 
[INFO] [stdout] 
[INFO] [stdout] error[E0433]: cannot find module or crate `satori` in this scope
[INFO] [stdout]    --> tests/common/harness.rs:173:48
[INFO] [stdout]     |
[INFO] [stdout] 173 |                         Some("italic") => Some(satori::font::FontStyle::Italic),
[INFO] [stdout]     |                                                ^^^^^^ use of unresolved module or unlinked crate `satori`
[INFO] [stdout]     |
[INFO] [stdout]     = help: if you wanted to use a crate named `satori`, use `cargo add satori` to add it to your `Cargo.toml`
[INFO] [stdout] 
[INFO] [stdout] 
[INFO] [stdout] error[E0433]: cannot find module or crate `satori` in this scope
[INFO] [stdout]    --> tests/common/harness.rs:173:48
[INFO] [stdout]     |
[INFO] [stdout] 173 |                         Some("italic") => Some(satori::font::FontStyle::Italic),
[INFO] [stdout]     |                                                ^^^^^^ use of unresolved module or unlinked crate `satori`
[INFO] [stdout]     |
[INFO] [stdout]     = help: if you wanted to use a crate named `satori`, use `cargo add satori` to add it to your `Cargo.toml`
[INFO] [stdout] 
[INFO] [stdout] 
[INFO] [stdout] error[E0433]: cannot find module or crate `satori` in this scope
[INFO] [stdout]    --> tests/common/harness.rs:173:48
[INFO] [stdout]     |
[INFO] [stdout] 173 |                         Some("italic") => Some(satori::font::FontStyle::Italic),
[INFO] [stdout]     |                                                ^^^^^^ use of unresolved module or unlinked crate `satori`
[INFO] [stdout]     |
[INFO] [stdout]     = help: if you wanted to use a crate named `satori`, use `cargo add satori` to add it to your `Cargo.toml`
[INFO] [stdout] 
[INFO] [stdout] 
[INFO] [stdout] error[E0433]: cannot find module or crate `satori` in this scope
[INFO] [stdout]    --> tests/common/harness.rs:173:48
[INFO] [stdout]     |
[INFO] [stdout] 173 |                         Some("italic") => Some(satori::font::FontStyle::Italic),
[INFO] [stdout]     |                                                ^^^^^^ use of unresolved module or unlinked crate `satori`
[INFO] [stdout]     |
[INFO] [stdout]     = help: if you wanted to use a crate named `satori`, use `cargo add satori` to add it to your `Cargo.toml`
[INFO] [stdout] 
[INFO] [stdout] 
[INFO] [stdout] error[E0433]: cannot find module or crate `satori` in this scope
[INFO] [stdout]    --> tests/common/harness.rs:274:22
[INFO] [stdout]     |
[INFO] [stdout] 274 |                 Some(satori::font::FontDescriptor {
[INFO] [stdout]     |                      ^^^^^^ use of unresolved module or unlinked crate `satori`
[INFO] [stdout]     |
[INFO] [stdout]     = help: if you wanted to use a crate named `satori`, use `cargo add satori` to add it to your `Cargo.toml`
[INFO] [stdout] 
[INFO] [stdout] 
[INFO] [stdout] error[E0433]: cannot find module or crate `satori` in this scope
[INFO] [stdout]    --> tests/common/harness.rs:284:48
[INFO] [stdout]     |
[INFO] [stdout] 284 |                         Some("italic") => Some(satori::font::FontStyle::Italic),
[INFO] [stdout]     |                                                ^^^^^^ use of unresolved module or unlinked crate `satori`
[INFO] [stdout]     |
[INFO] [stdout]     = help: if you wanted to use a crate named `satori`, use `cargo add satori` to add it to your `Cargo.toml`
[INFO] [stdout] 
[INFO] [stdout] 
[INFO] [stdout] error[E0433]: cannot find module or crate `satori` in this scope
[INFO] [stdout]    --> tests/common/harness.rs:174:35
[INFO] [stdout]     |
[INFO] [stdout] 174 |                         _ => Some(satori::font::FontStyle::Normal),
[INFO] [stdout]     |                                   ^^^^^^ use of unresolved module or unlinked crate `satori`
[INFO] [stdout]     |
[INFO] [stdout]     = help: if you wanted to use a crate named `satori`, use `cargo add satori` to add it to your `Cargo.toml`
[INFO] [stdout] 
[INFO] [stdout] 
[INFO] [stdout] error[E0433]: cannot find module or crate `satori` in this scope
[INFO] [stdout]    --> tests/common/harness.rs:285:35
[INFO] [stdout]     |
[INFO] [stdout] 285 |                         _ => Some(satori::font::FontStyle::Normal),
[INFO] [stdout]     |                                   ^^^^^^ use of unresolved module or unlinked crate `satori`
[INFO] [stdout]     |
[INFO] [stdout]     = help: if you wanted to use a crate named `satori`, use `cargo add satori` to add it to your `Cargo.toml`
[INFO] [stdout] 
[INFO] [stdout] 
[INFO] [stdout] error[E0433]: cannot find module or crate `satori` in this scope
[INFO] [stdout]    --> tests/common/harness.rs:174:35
[INFO] [stdout]     |
[INFO] [stdout] 174 |                         _ => Some(satori::font::FontStyle::Normal),
[INFO] [stdout]     |                                   ^^^^^^ use of unresolved module or unlinked crate `satori`
[INFO] [stdout]     |
[INFO] [stdout]     = help: if you wanted to use a crate named `satori`, use `cargo add satori` to add it to your `Cargo.toml`
[INFO] [stdout] 
[INFO] [stdout] 
[INFO] [stdout] error[E0433]: cannot find module or crate `satori` in this scope
[INFO] [stdout]    --> tests/common/harness.rs:174:35
[INFO] [stdout]     |
[INFO] [stdout] 174 |                         _ => Some(satori::font::FontStyle::Normal),
[INFO] [stdout]     |                                   ^^^^^^ use of unresolved module or unlinked crate `satori`
[INFO] [stdout]     |
[INFO] [stdout]     = help: if you wanted to use a crate named `satori`, use `cargo add satori` to add it to your `Cargo.toml`
[INFO] [stdout] 
[INFO] [stdout] 
[INFO] [stdout] error[E0433]: cannot find module or crate `satori` in this scope
[INFO] [stdout]    --> tests/common/harness.rs:174:35
[INFO] [stdout]     |
[INFO] [stdout] 174 |                         _ => Some(satori::font::FontStyle::Normal),
[INFO] [stdout]     |                                   ^^^^^^ use of unresolved module or unlinked crate `satori`
[INFO] [stdout]     |
[INFO] [stdout]     = help: if you wanted to use a crate named `satori`, use `cargo add satori` to add it to your `Cargo.toml`
[INFO] [stdout] 
[INFO] [stdout] 
[INFO] [stdout] error[E0433]: cannot find module or crate `satori` in this scope
[INFO] [stdout]    --> tests/common/harness.rs:174:35
[INFO] [stdout]     |
[INFO] [stdout] 174 |                         _ => Some(satori::font::FontStyle::Normal),
[INFO] [stdout]     |                                   ^^^^^^ use of unresolved module or unlinked crate `satori`
[INFO] [stdout]     |
[INFO] [stdout]     = help: if you wanted to use a crate named `satori`, use `cargo add satori` to add it to your `Cargo.toml`
[INFO] [stdout] 
[INFO] [stdout] 
[INFO] [stdout] error[E0433]: cannot find module or crate `satori` in this scope
[INFO] [stdout]    --> tests/common/harness.rs:174:35
[INFO] [stdout]     |
[INFO] [stdout] 174 |                         _ => Some(satori::font::FontStyle::Normal),
[INFO] [stdout]     |                                   ^^^^^^ use of unresolved module or unlinked crate `satori`
[INFO] [stdout]     |
[INFO] [stdout]     = help: if you wanted to use a crate named `satori`, use `cargo add satori` to add it to your `Cargo.toml`
[INFO] [stdout] 
[INFO] [stdout] 
[INFO] [stdout] error[E0433]: cannot find module or crate `satori` in this scope
[INFO] [stdout]    --> tests/common/harness.rs:174:35
[INFO] [stdout]     |
[INFO] [stdout] 174 |                         _ => Some(satori::font::FontStyle::Normal),
[INFO] [stdout]     |                                   ^^^^^^ use of unresolved module or unlinked crate `satori`
[INFO] [stdout]     |
[INFO] [stdout]     = help: if you wanted to use a crate named `satori`, use `cargo add satori` to add it to your `Cargo.toml`
[INFO] [stdout] 
[INFO] [stdout] 
[INFO] [stdout] error[E0433]: cannot find module or crate `satori` in this scope
[INFO] [stdout]    --> tests/common/harness.rs:174:35
[INFO] [stdout]     |
[INFO] [stdout] 174 |                         _ => Some(satori::font::FontStyle::Normal),
[INFO] [stdout]     |                                   ^^^^^^ use of unresolved module or unlinked crate `satori`
[INFO] [stdout]     |
[INFO] [stdout]     = help: if you wanted to use a crate named `satori`, use `cargo add satori` to add it to your `Cargo.toml`
[INFO] [stdout] 
[INFO] [stdout] 
[INFO] [stdout] error[E0433]: cannot find module or crate `satori` in this scope
[INFO] [stdout]    --> tests/common/harness.rs:274:22
[INFO] [stdout]     |
[INFO] [stdout] 274 |                 Some(satori::font::FontDescriptor {
[INFO] [stdout]     |                      ^^^^^^ use of unresolved module or unlinked crate `satori`
[INFO] [stdout]     |
[INFO] [stdout]     = help: if you wanted to use a crate named `satori`, use `cargo add satori` to add it to your `Cargo.toml`
[INFO] [stdout] 
[INFO] [stdout] 
[INFO] [stdout] error[E0433]: cannot find module or crate `satori` in this scope
[INFO] [stdout]    --> tests/common/harness.rs:274:22
[INFO] [stdout]     |
[INFO] [stdout] 274 |                 Some(satori::font::FontDescriptor {
[INFO] [stdout]     |                      ^^^^^^ use of unresolved module or unlinked crate `satori`
[INFO] [stdout]     |
[INFO] [stdout]     = help: if you wanted to use a crate named `satori`, use `cargo add satori` to add it to your `Cargo.toml`
[INFO] [stdout] 
[INFO] [stdout] 
[INFO] [stdout] error[E0433]: cannot find module or crate `satori` in this scope
[INFO] [stdout]    --> tests/common/harness.rs:284:48
[INFO] [stdout]     |
[INFO] [stdout] 284 |                         Some("italic") => Some(satori::font::FontStyle::Italic),
[INFO] [stdout]     |                                                ^^^^^^ use of unresolved module or unlinked crate `satori`
[INFO] [stdout]     |
[INFO] [stdout]     = help: if you wanted to use a crate named `satori`, use `cargo add satori` to add it to your `Cargo.toml`
[INFO] [stdout] 
[INFO] [stdout] 
[INFO] [stdout] error[E0433]: cannot find module or crate `satori` in this scope
[INFO] [stdout]    --> tests/common/harness.rs:274:22
[INFO] [stdout]     |
[INFO] [stdout] 274 |                 Some(satori::font::FontDescriptor {
[INFO] [stdout]     |                      ^^^^^^ use of unresolved module or unlinked crate `satori`
[INFO] [stdout]     |
[INFO] [stdout]     = help: if you wanted to use a crate named `satori`, use `cargo add satori` to add it to your `Cargo.toml`
[INFO] [stdout] 
[INFO] [stdout] 
[INFO] [stdout] error[E0433]: cannot find module or crate `satori` in this scope
[INFO] [stdout]    --> tests/common/harness.rs:284:48
[INFO] [stdout]     |
[INFO] [stdout] 284 |                         Some("italic") => Some(satori::font::FontStyle::Italic),
[INFO] [stdout]     |                                                ^^^^^^ use of unresolved module or unlinked crate `satori`
[INFO] [stdout]     |
[INFO] [stdout]     = help: if you wanted to use a crate named `satori`, use `cargo add satori` to add it to your `Cargo.toml`
[INFO] [stdout] 
[INFO] [stdout] 
[INFO] [stdout] error[E0433]: cannot find module or crate `satori` in this scope
[INFO] [stdout]    --> tests/common/harness.rs:285:35
[INFO] [stdout]     |
[INFO] [stdout] 285 |                         _ => Some(satori::font::FontStyle::Normal),
[INFO] [stdout]     |                                   ^^^^^^ use of unresolved module or unlinked crate `satori`
[INFO] [stdout]     |
[INFO] [stdout]     = help: if you wanted to use a crate named `satori`, use `cargo add satori` to add it to your `Cargo.toml`
[INFO] [stdout] 
[INFO] [stdout] 
[INFO] [stdout] error[E0433]: cannot find module or crate `satori` in this scope
[INFO] [stdout]    --> tests/common/harness.rs:285:35
[INFO] [stdout]     |
[INFO] [stdout] 285 |                         _ => Some(satori::font::FontStyle::Normal),
[INFO] [stdout]     |                                   ^^^^^^ use of unresolved module or unlinked crate `satori`
[INFO] [stdout]     |
[INFO] [stdout]     = help: if you wanted to use a crate named `satori`, use `cargo add satori` to add it to your `Cargo.toml`
[INFO] [stdout] 
[INFO] [stdout] 
[INFO] [stdout] error[E0433]: cannot find module or crate `satori` in this scope
[INFO] [stdout]    --> tests/common/harness.rs:274:22
[INFO] [stdout]     |
[INFO] [stdout] 274 |                 Some(satori::font::FontDescriptor {
[INFO] [stdout]     |                      ^^^^^^ use of unresolved module or unlinked crate `satori`
[INFO] [stdout]     |
[INFO] [stdout]     = help: if you wanted to use a crate named `satori`, use `cargo add satori` to add it to your `Cargo.toml`
[INFO] [stdout] 
[INFO] [stdout] 
[INFO] [stdout] error[E0433]: cannot find module or crate `satori` in this scope
[INFO] [stdout]    --> tests/common/harness.rs:284:48
[INFO] [stdout]     |
[INFO] [stdout] 284 |                         Some("italic") => Some(satori::font::FontStyle::Italic),
[INFO] [stdout]     |                                                ^^^^^^ use of unresolved module or unlinked crate `satori`
[INFO] [stdout]     |
[INFO] [stdout]     = help: if you wanted to use a crate named `satori`, use `cargo add satori` to add it to your `Cargo.toml`
[INFO] [stdout] 
[INFO] [stdout] 
[INFO] [stdout] error[E0433]: cannot find module or crate `satori` in this scope
[INFO] [stdout]    --> tests/common/harness.rs:274:22
[INFO] [stdout]     |
[INFO] [stdout] 274 |                 Some(satori::font::FontDescriptor {
[INFO] [stdout]     |                      ^^^^^^ use of unresolved module or unlinked crate `satori`
[INFO] [stdout]     |
[INFO] [stdout]     = help: if you wanted to use a crate named `satori`, use `cargo add satori` to add it to your `Cargo.toml`
[INFO] [stdout] 
[INFO] [stdout] 
[INFO] [stdout] error[E0433]: cannot find module or crate `satori` in this scope
[INFO] [stdout]    --> tests/common/harness.rs:284:48
[INFO] [stdout]     |
[INFO] [stdout] 284 |                         Some("italic") => Some(satori::font::FontStyle::Italic),
[INFO] [stdout]     |                                                ^^^^^^ use of unresolved module or unlinked crate `satori`
[INFO] [stdout]     |
[INFO] [stdout]     = help: if you wanted to use a crate named `satori`, use `cargo add satori` to add it to your `Cargo.toml`
[INFO] [stdout] 
[INFO] [stdout] 
[INFO] [stdout] error[E0433]: cannot find module or crate `satori` in this scope
[INFO] [stdout]    --> tests/common/harness.rs:285:35
[INFO] [stdout]     |
[INFO] [stdout] 285 |                         _ => Some(satori::font::FontStyle::Normal),
[INFO] [stdout]     |                                   ^^^^^^ use of unresolved module or unlinked crate `satori`
[INFO] [stdout]     |
[INFO] [stdout]     = help: if you wanted to use a crate named `satori`, use `cargo add satori` to add it to your `Cargo.toml`
[INFO] [stdout] 
[INFO] [stdout] 
[INFO] [stdout] error[E0433]: cannot find module or crate `satori` in this scope
[INFO] [stdout]    --> tests/common/harness.rs:212:15
[INFO] [stdout]     |
[INFO] [stdout] 212 |     let svg = satori::satori_from_value(fx.element.clone(), opts).unwrap_or_else(|e| {
[INFO] [stdout]     |               ^^^^^^ use of unresolved module or unlinked crate `satori`
[INFO] [stdout]     |
[INFO] [stdout]     = help: if you wanted to use a crate named `satori`, use `cargo add satori` to add it to your `Cargo.toml`
[INFO] [stdout] 
[INFO] [stdout] 
[INFO] [stdout] error[E0433]: cannot find module or crate `satori` in this scope
[INFO] [stdout]    --> tests/common/harness.rs:284:48
[INFO] [stdout]     |
[INFO] [stdout] 284 |                         Some("italic") => Some(satori::font::FontStyle::Italic),
[INFO] [stdout]     |                                                ^^^^^^ use of unresolved module or unlinked crate `satori`
[INFO] [stdout]     |
[INFO] [stdout]     = help: if you wanted to use a crate named `satori`, use `cargo add satori` to add it to your `Cargo.toml`
[INFO] [stdout] 
[INFO] [stdout] 
[INFO] [stdout] error[E0433]: cannot find module or crate `satori` in this scope
[INFO] [stdout]    --> tests/common/harness.rs:285:35
[INFO] [stdout]     |
[INFO] [stdout] 285 |                         _ => Some(satori::font::FontStyle::Normal),
[INFO] [stdout]     |                                   ^^^^^^ use of unresolved module or unlinked crate `satori`
[INFO] [stdout]     |
[INFO] [stdout]     = help: if you wanted to use a crate named `satori`, use `cargo add satori` to add it to your `Cargo.toml`
[INFO] [stdout] 
[INFO] [stdout] 
[INFO] [stdout] error[E0433]: cannot find module or crate `satori` in this scope
[INFO] [stdout]    --> tests/common/harness.rs:326:11
[INFO] [stdout]     |
[INFO] [stdout] 326 |     match satori::satori_from_value(el, opts) {
[INFO] [stdout]     |           ^^^^^^ use of unresolved module or unlinked crate `satori`
[INFO] [stdout]     |
[INFO] [stdout]     = help: if you wanted to use a crate named `satori`, use `cargo add satori` to add it to your `Cargo.toml`
[INFO] [stdout] 
[INFO] [stdout] 
[INFO] [stdout] error[E0433]: cannot find module or crate `satori` in this scope
[INFO] [stdout]    --> tests/common/harness.rs:212:15
[INFO] [stdout]     |
[INFO] [stdout] 212 |     let svg = satori::satori_from_value(fx.element.clone(), opts).unwrap_or_else(|e| {
[INFO] [stdout]     |               ^^^^^^ use of unresolved module or unlinked crate `satori`
[INFO] [stdout]     |
[INFO] [stdout]     = help: if you wanted to use a crate named `satori`, use `cargo add satori` to add it to your `Cargo.toml`
[INFO] [stdout] 
[INFO] [stdout] 
[INFO] [stdout] error[E0433]: cannot find module or crate `satori` in this scope
[INFO] [stdout]    --> tests/common/harness.rs:326:11
[INFO] [stdout]     |
[INFO] [stdout] 326 |     match satori::satori_from_value(el, opts) {
[INFO] [stdout]     |           ^^^^^^ use of unresolved module or unlinked crate `satori`
[INFO] [stdout]     |
[INFO] [stdout]     = help: if you wanted to use a crate named `satori`, use `cargo add satori` to add it to your `Cargo.toml`
[INFO] [stdout] 
[INFO] [stdout] 
[INFO] [stdout] error[E0433]: cannot find module or crate `satori` in this scope
[INFO] [stdout]    --> tests/common/harness.rs:274:22
[INFO] [stdout]     |
[INFO] [stdout] 274 |                 Some(satori::font::FontDescriptor {
[INFO] [stdout]     |                      ^^^^^^ use of unresolved module or unlinked crate `satori`
[INFO] [stdout]     |
[INFO] [stdout]     = help: if you wanted to use a crate named `satori`, use `cargo add satori` to add it to your `Cargo.toml`
[INFO] [stdout] 
[INFO] [stdout] 
[INFO] [stdout] error[E0433]: cannot find module or crate `satori` in this scope
[INFO] [stdout]    --> tests/common/harness.rs:274:22
[INFO] [stdout]     |
[INFO] [stdout] 274 |                 Some(satori::font::FontDescriptor {
[INFO] [stdout]     |                      ^^^^^^ use of unresolved module or unlinked crate `satori`
[INFO] [stdout]     |
[INFO] [stdout]     = help: if you wanted to use a crate named `satori`, use `cargo add satori` to add it to your `Cargo.toml`
[INFO] [stdout] 
[INFO] [stdout] 
[INFO] [stdout] error[E0433]: cannot find module or crate `satori` in this scope
[INFO] [stdout]    --> tests/common/harness.rs:274:22
[INFO] [stdout]     |
[INFO] [stdout] 274 |                 Some(satori::font::FontDescriptor {
[INFO] [stdout]     |                      ^^^^^^ use of unresolved module or unlinked crate `satori`
[INFO] [stdout]     |
[INFO] [stdout]     = help: if you wanted to use a crate named `satori`, use `cargo add satori` to add it to your `Cargo.toml`
[INFO] [stdout] 
[INFO] [stdout] 
[INFO] [stdout] error[E0433]: cannot find module or crate `satori` in this scope
[INFO] [stdout]    --> tests/common/harness.rs:274:22
[INFO] [stdout]     |
[INFO] [stdout] 274 |                 Some(satori::font::FontDescriptor {
[INFO] [stdout]     |                      ^^^^^^ use of unresolved module or unlinked crate `satori`
[INFO] [stdout]     |
[INFO] [stdout]     = help: if you wanted to use a crate named `satori`, use `cargo add satori` to add it to your `Cargo.toml`
[INFO] [stdout] 
[INFO] [stdout] 
[INFO] [stdout] error[E0433]: cannot find module or crate `satori` in this scope
[INFO] [stdout]    --> tests/common/harness.rs:274:22
[INFO] [stdout]     |
[INFO] [stdout] 274 |                 Some(satori::font::FontDescriptor {
[INFO] [stdout]     |                      ^^^^^^ use of unresolved module or unlinked crate `satori`
[INFO] [stdout]     |
[INFO] [stdout]     = help: if you wanted to use a crate named `satori`, use `cargo add satori` to add it to your `Cargo.toml`
[INFO] [stdout] 
[INFO] [stdout] 
[INFO] [stdout] error[E0433]: cannot find module or crate `satori` in this scope
[INFO] [stdout]    --> tests/common/harness.rs:285:35
[INFO] [stdout]     |
[INFO] [stdout] 285 |                         _ => Some(satori::font::FontStyle::Normal),
[INFO] [stdout]     |                                   ^^^^^^ use of unresolved module or unlinked crate `satori`
[INFO] [stdout]     |
[INFO] [stdout]     = help: if you wanted to use a crate named `satori`, use `cargo add satori` to add it to your `Cargo.toml`
[INFO] [stdout] 
[INFO] [stdout] 
[INFO] [stdout] error[E0433]: cannot find module or crate `satori` in this scope
[INFO] [stdout]    --> tests/common/harness.rs:274:22
[INFO] [stdout]     |
[INFO] [stdout] 274 |                 Some(satori::font::FontDescriptor {
[INFO] [stdout]     |                      ^^^^^^ use of unresolved module or unlinked crate `satori`
[INFO] [stdout]     |
[INFO] [stdout]     = help: if you wanted to use a crate named `satori`, use `cargo add satori` to add it to your `Cargo.toml`
[INFO] [stdout] 
[INFO] [stdout] 
[INFO] [stdout] error[E0433]: cannot find module or crate `satori` in this scope
[INFO] [stdout]    --> tests/common/harness.rs:284:48
[INFO] [stdout]     |
[INFO] [stdout] 284 |                         Some("italic") => Some(satori::font::FontStyle::Italic),
[INFO] [stdout]     |                                                ^^^^^^ use of unresolved module or unlinked crate `satori`
[INFO] [stdout]     |
[INFO] [stdout]     = help: if you wanted to use a crate named `satori`, use `cargo add satori` to add it to your `Cargo.toml`
[INFO] [stdout] 
[INFO] [stdout] 
[INFO] [stdout] error[E0433]: cannot find module or crate `satori` in this scope
[INFO] [stdout]    --> tests/common/harness.rs:284:48
[INFO] [stdout]     |
[INFO] [stdout] 284 |                         Some("italic") => Some(satori::font::FontStyle::Italic),
[INFO] [stdout]     |                                                ^^^^^^ use of unresolved module or unlinked crate `satori`
[INFO] [stdout]     |
[INFO] [stdout]     = help: if you wanted to use a crate named `satori`, use `cargo add satori` to add it to your `Cargo.toml`
[INFO] [stdout] 
[INFO] [stdout] 
[INFO] [stdout] error[E0433]: cannot find module or crate `satori` in this scope
[INFO] [stdout]    --> tests/common/harness.rs:284:48
[INFO] [stdout]     |
[INFO] [stdout] 284 |                         Some("italic") => Some(satori::font::FontStyle::Italic),
[INFO] [stdout]     |                                                ^^^^^^ use of unresolved module or unlinked crate `satori`
[INFO] [stdout]     |
[INFO] [stdout]     = help: if you wanted to use a crate named `satori`, use `cargo add satori` to add it to your `Cargo.toml`
[INFO] [stdout] 
[INFO] [stdout] 
[INFO] [stdout] error[E0433]: cannot find module or crate `satori` in this scope
[INFO] [stdout]    --> tests/common/harness.rs:284:48
[INFO] [stdout]     |
[INFO] [stdout] 284 |                         Some("italic") => Some(satori::font::FontStyle::Italic),
[INFO] [stdout]     |                                                ^^^^^^ use of unresolved module or unlinked crate `satori`
[INFO] [stdout]     |
[INFO] [stdout]     = help: if you wanted to use a crate named `satori`, use `cargo add satori` to add it to your `Cargo.toml`
[INFO] [stdout] 
[INFO] [stdout] 
[INFO] [stdout] error[E0433]: cannot find module or crate `satori` in this scope
[INFO] [stdout]    --> tests/common/harness.rs:284:48
[INFO] [stdout]     |
[INFO] [stdout] 284 |                         Some("italic") => Some(satori::font::FontStyle::Italic),
[INFO] [stdout]     |                                                ^^^^^^ use of unresolved module or unlinked crate `satori`
[INFO] [stdout]     |
[INFO] [stdout]     = help: if you wanted to use a crate named `satori`, use `cargo add satori` to add it to your `Cargo.toml`
[INFO] [stdout] 
[INFO] [stdout] 
[INFO] [stdout] error[E0433]: cannot find module or crate `satori` in this scope
[INFO] [stdout]    --> tests/common/harness.rs:285:35
[INFO] [stdout]     |
[INFO] [stdout] 285 |                         _ => Some(satori::font::FontStyle::Normal),
[INFO] [stdout]     |                                   ^^^^^^ use of unresolved module or unlinked crate `satori`
[INFO] [stdout]     |
[INFO] [stdout]     = help: if you wanted to use a crate named `satori`, use `cargo add satori` to add it to your `Cargo.toml`
[INFO] [stdout] 
[INFO] [stdout] 
[INFO] [stdout] error[E0433]: cannot find module or crate `satori` in this scope
[INFO] [stdout]    --> tests/common/harness.rs:285:35
[INFO] [stdout]     |
[INFO] [stdout] 285 |                         _ => Some(satori::font::FontStyle::Normal),
[INFO] [stdout]     |                                   ^^^^^^ use of unresolved module or unlinked crate `satori`
[INFO] [stdout]     |
[INFO] [stdout]     = help: if you wanted to use a crate named `satori`, use `cargo add satori` to add it to your `Cargo.toml`
[INFO] [stdout] 
[INFO] [stdout] 
[INFO] [stdout] error[E0433]: cannot find module or crate `satori` in this scope
[INFO] [stdout]    --> tests/common/harness.rs:285:35
[INFO] [stdout]     |
[INFO] [stdout] 285 |                         _ => Some(satori::font::FontStyle::Normal),
[INFO] [stdout]     |                                   ^^^^^^ use of unresolved module or unlinked crate `satori`
[INFO] [stdout]     |
[INFO] [stdout]     = help: if you wanted to use a crate named `satori`, use `cargo add satori` to add it to your `Cargo.toml`
[INFO] [stdout] 
[INFO] [stdout] 
[INFO] [stdout] error[E0433]: cannot find module or crate `satori` in this scope
[INFO] [stdout]    --> tests/common/harness.rs:285:35
[INFO] [stdout]     |
[INFO] [stdout] 285 |                         _ => Some(satori::font::FontStyle::Normal),
[INFO] [stdout]     |                                   ^^^^^^ use of unresolved module or unlinked crate `satori`
[INFO] [stdout]     |
[INFO] [stdout]     = help: if you wanted to use a crate named `satori`, use `cargo add satori` to add it to your `Cargo.toml`
[INFO] [stdout] 
[INFO] [stdout] 
[INFO] [stdout] error[E0433]: cannot find module or crate `satori` in this scope
[INFO] [stdout]    --> tests/common/harness.rs:284:48
[INFO] [stdout]     |
[INFO] [stdout] 284 |                         Some("italic") => Some(satori::font::FontStyle::Italic),
[INFO] [stdout]     |                                                ^^^^^^ use of unresolved module or unlinked crate `satori`
[INFO] [stdout]     |
[INFO] [stdout]     = help: if you wanted to use a crate named `satori`, use `cargo add satori` to add it to your `Cargo.toml`
[INFO] [stdout] 
[INFO] [stdout] 
[INFO] [stdout] error[E0433]: cannot find module or crate `satori` in this scope
[INFO] [stdout]    --> tests/common/harness.rs:285:35
[INFO] [stdout]     |
[INFO] [stdout] 285 |                         _ => Some(satori::font::FontStyle::Normal),
[INFO] [stdout]     |                                   ^^^^^^ use of unresolved module or unlinked crate `satori`
[INFO] [stdout]     |
[INFO] [stdout]     = help: if you wanted to use a crate named `satori`, use `cargo add satori` to add it to your `Cargo.toml`
[INFO] [stdout] 
[INFO] [stdout] 
[INFO] [stdout] error[E0433]: cannot find module or crate `satori` in this scope
[INFO] [stdout]    --> tests/common/harness.rs:212:15
[INFO] [stdout]     |
[INFO] [stdout] 212 |     let svg = satori::satori_from_value(fx.element.clone(), opts).unwrap_or_else(|e| {
[INFO] [stdout]     |               ^^^^^^ use of unresolved module or unlinked crate `satori`
[INFO] [stdout]     |
[INFO] [stdout]     = help: if you wanted to use a crate named `satori`, use `cargo add satori` to add it to your `Cargo.toml`
[INFO] [stdout] 
[INFO] [stdout] 
[INFO] [stdout] error[E0433]: cannot find module or crate `satori` in this scope
[INFO] [stdout]    --> tests/common/harness.rs:326:11
[INFO] [stdout]     |
[INFO] [stdout] 326 |     match satori::satori_from_value(el, opts) {
[INFO] [stdout]     |           ^^^^^^ use of unresolved module or unlinked crate `satori`
[INFO] [stdout]     |
[INFO] [stdout]     = help: if you wanted to use a crate named `satori`, use `cargo add satori` to add it to your `Cargo.toml`
[INFO] [stdout] 
[INFO] [stdout] 
[INFO] [stdout] error[E0433]: cannot find module or crate `satori` in this scope
[INFO] [stdout]    --> tests/common/harness.rs:285:35
[INFO] [stdout]     |
[INFO] [stdout] 285 |                         _ => Some(satori::font::FontStyle::Normal),
[INFO] [stdout]     |                                   ^^^^^^ use of unresolved module or unlinked crate `satori`
[INFO] [stdout]     |
[INFO] [stdout]     = help: if you wanted to use a crate named `satori`, use `cargo add satori` to add it to your `Cargo.toml`
[INFO] [stdout] 
[INFO] [stdout] 
[INFO] [stdout] error[E0433]: cannot find module or crate `satori` in this scope
[INFO] [stdout]    --> tests/common/harness.rs:148:40
[INFO] [stdout]     |
[INFO] [stdout] 148 |     pub fn to_satori_options(&self) -> satori::SatoriOptions {
[INFO] [stdout]     |                                        ^^^^^^ use of unresolved module or unlinked crate `satori`
[INFO] [stdout]     |
[INFO] [stdout]     = help: if you wanted to use a crate named `satori`, use `cargo add satori` to add it to your `Cargo.toml`
[INFO] [stdout] 
[INFO] [stdout] 
[INFO] [stdout] error[E0433]: cannot find module or crate `satori` in this scope
[INFO] [stdout]    --> tests/common/harness.rs:184:9
[INFO] [stdout]     |
[INFO] [stdout] 184 |         satori::SatoriOptions {
[INFO] [stdout]     |         ^^^^^^ use of unresolved module or unlinked crate `satori`
[INFO] [stdout]     |
[INFO] [stdout]     = help: if you wanted to use a crate named `satori`, use `cargo add satori` to add it to your `Cargo.toml`
[INFO] [stdout] 
[INFO] [stdout] 
[INFO] [stdout] error[E0433]: cannot find module or crate `satori` in this scope
[INFO] [stdout]    --> tests/common/harness.rs:292:9
[INFO] [stdout]     |
[INFO] [stdout] 292 |         satori::SatoriOptions {
[INFO] [stdout]     |         ^^^^^^ use of unresolved module or unlinked crate `satori`
[INFO] [stdout]     |
[INFO] [stdout]     = help: if you wanted to use a crate named `satori`, use `cargo add satori` to add it to your `Cargo.toml`
[INFO] [stdout] 
[INFO] [stdout] 
[INFO] [stdout] error[E0433]: cannot find module or crate `satori` in this scope
[INFO] [stdout]    --> tests/common/harness.rs:267:36
[INFO] [stdout]     |
[INFO] [stdout] 267 |     fn to_satori_options(&self) -> satori::SatoriOptions {
[INFO] [stdout]     |                                    ^^^^^^ use of unresolved module or unlinked crate `satori`
[INFO] [stdout]     |
[INFO] [stdout]     = help: if you wanted to use a crate named `satori`, use `cargo add satori` to add it to your `Cargo.toml`
[INFO] [stdout] 
[INFO] [stdout] 
[INFO] [stdout] For more information about this error, try `rustc --explain E0433`.
[INFO] [stdout] 
[INFO] [stderr] error: could not compile `satori-rs` (test "coverage_layout") due to 19 previous errors
[INFO] [stdout] error[E0433]: cannot find module or crate `satori` in this scope
[INFO] [stdout]    --> tests/common/harness.rs:212:15
[INFO] [stdout]     |
[INFO] [stdout] 212 |     let svg = satori::satori_from_value(fx.element.clone(), opts).unwrap_or_else(|e| {
[INFO] [stdout]     |               ^^^^^^ use of unresolved module or unlinked crate `satori`
[INFO] [stdout]     |
[INFO] [stdout]     = help: if you wanted to use a crate named `satori`, use `cargo add satori` to add it to your `Cargo.toml`
[INFO] [stdout] 
[INFO] [stdout] 
[INFO] [stdout] error[E0433]: cannot find module or crate `satori` in this scope
[INFO] [stdout]    --> tests/common/harness.rs:326:11
[INFO] [stdout]     |
[INFO] [stdout] 326 |     match satori::satori_from_value(el, opts) {
[INFO] [stdout]     |           ^^^^^^ use of unresolved module or unlinked crate `satori`
[INFO] [stdout]     |
[INFO] [stdout]     = help: if you wanted to use a crate named `satori`, use `cargo add satori` to add it to your `Cargo.toml`
[INFO] [stdout] 
[INFO] [stdout] 
[INFO] [stdout] error[E0433]: cannot find module or crate `satori` in this scope
[INFO] [stdout]    --> tests/common/harness.rs:148:40
[INFO] [stdout]     |
[INFO] [stdout] 148 |     pub fn to_satori_options(&self) -> satori::SatoriOptions {
[INFO] [stdout]     |                                        ^^^^^^ use of unresolved module or unlinked crate `satori`
[INFO] [stdout]     |
[INFO] [stdout]     = help: if you wanted to use a crate named `satori`, use `cargo add satori` to add it to your `Cargo.toml`
[INFO] [stdout] 
[INFO] [stdout] 
[INFO] [stdout] error[E0433]: cannot find module or crate `satori` in this scope
[INFO] [stdout]    --> tests/common/harness.rs:184:9
[INFO] [stdout]     |
[INFO] [stdout] 184 |         satori::SatoriOptions {
[INFO] [stdout]     |         ^^^^^^ use of unresolved module or unlinked crate `satori`
[INFO] [stdout]     |
[INFO] [stdout]     = help: if you wanted to use a crate named `satori`, use `cargo add satori` to add it to your `Cargo.toml`
[INFO] [stdout] 
[INFO] [stdout] 
[INFO] [stdout] error[E0433]: cannot find module or crate `satori` in this scope
[INFO] [stdout]    --> tests/common/harness.rs:292:9
[INFO] [stdout]     |
[INFO] [stdout] 292 |         satori::SatoriOptions {
[INFO] [stdout]     |         ^^^^^^ use of unresolved module or unlinked crate `satori`
[INFO] [stdout]     |
[INFO] [stdout]     = help: if you wanted to use a crate named `satori`, use `cargo add satori` to add it to your `Cargo.toml`
[INFO] [stdout] 
[INFO] [stdout] 
[INFO] [stdout] error[E0433]: cannot find module or crate `satori` in this scope
[INFO] [stdout]    --> tests/common/harness.rs:267:36
[INFO] [stdout]     |
[INFO] [stdout] 267 |     fn to_satori_options(&self) -> satori::SatoriOptions {
[INFO] [stdout]     |                                    ^^^^^^ use of unresolved module or unlinked crate `satori`
[INFO] [stdout]     |
[INFO] [stdout]     = help: if you wanted to use a crate named `satori`, use `cargo add satori` to add it to your `Cargo.toml`
[INFO] [stdout] 
[INFO] [stdout] 
[INFO] [stdout] For more information about this error, try `rustc --explain E0433`.
[INFO] [stdout] 
[INFO] [stderr] error: could not compile `satori-rs` (test "coverage_images") due to 19 previous errors
[INFO] [stdout] error[E0433]: cannot find module or crate `satori` in this scope
[INFO] [stdout]    --> tests/common/harness.rs:148:40
[INFO] [stdout]     |
[INFO] [stdout] 148 |     pub fn to_satori_options(&self) -> satori::SatoriOptions {
[INFO] [stdout]     |                                        ^^^^^^ use of unresolved module or unlinked crate `satori`
[INFO] [stdout]     |
[INFO] [stdout]     = help: if you wanted to use a crate named `satori`, use `cargo add satori` to add it to your `Cargo.toml`
[INFO] [stdout] 
[INFO] [stdout] 
[INFO] [stdout] error[E0433]: cannot find module or crate `satori` in this scope
[INFO] [stdout]    --> tests/common/harness.rs:184:9
[INFO] [stdout]     |
[INFO] [stdout] 184 |         satori::SatoriOptions {
[INFO] [stdout]     |         ^^^^^^ use of unresolved module or unlinked crate `satori`
[INFO] [stdout]     |
[INFO] [stdout]     = help: if you wanted to use a crate named `satori`, use `cargo add satori` to add it to your `Cargo.toml`
[INFO] [stdout] 
[INFO] [stdout] 
[INFO] [stdout] error[E0433]: cannot find module or crate `satori` in this scope
[INFO] [stdout]    --> tests/common/harness.rs:292:9
[INFO] [stdout]     |
[INFO] [stdout] 292 |         satori::SatoriOptions {
[INFO] [stdout]     |         ^^^^^^ use of unresolved module or unlinked crate `satori`
[INFO] [stdout]     |
[INFO] [stdout]     = help: if you wanted to use a crate named `satori`, use `cargo add satori` to add it to your `Cargo.toml`
[INFO] [stdout] 
[INFO] [stdout] 
[INFO] [stdout] error[E0433]: cannot find module or crate `satori` in this scope
[INFO] [stdout]    --> tests/common/harness.rs:267:36
[INFO] [stdout]     |
[INFO] [stdout] 267 |     fn to_satori_options(&self) -> satori::SatoriOptions {
[INFO] [stdout]     |                                    ^^^^^^ use of unresolved module or unlinked crate `satori`
[INFO] [stdout]     |
[INFO] [stdout]     = help: if you wanted to use a crate named `satori`, use `cargo add satori` to add it to your `Cargo.toml`
[INFO] [stdout] 
[INFO] [stdout] 
[INFO] [stdout] For more information about this error, try `rustc --explain E0433`.
[INFO] [stdout] 
[INFO] [stderr] error: could not compile `satori-rs` (test "shadow") due to 19 previous errors
[INFO] [stdout] error[E0433]: cannot find module or crate `satori` in this scope
[INFO] [stdout]    --> tests/common/harness.rs:212:15
[INFO] [stdout]     |
[INFO] [stdout] 212 |     let svg = satori::satori_from_value(fx.element.clone(), opts).unwrap_or_else(|e| {
[INFO] [stdout]     |               ^^^^^^ use of unresolved module or unlinked crate `satori`
[INFO] [stdout]     |
[INFO] [stdout]     = help: if you wanted to use a crate named `satori`, use `cargo add satori` to add it to your `Cargo.toml`
[INFO] [stdout] 
[INFO] [stdout] 
[INFO] [stdout] error[E0433]: cannot find module or crate `satori` in this scope
[INFO] [stdout]    --> tests/common/harness.rs:212:15
[INFO] [stdout]     |
[INFO] [stdout] 212 |     let svg = satori::satori_from_value(fx.element.clone(), opts).unwrap_or_else(|e| {
[INFO] [stdout]     |               ^^^^^^ use of unresolved module or unlinked crate `satori`
[INFO] [stdout]     |
[INFO] [stdout]     = help: if you wanted to use a crate named `satori`, use `cargo add satori` to add it to your `Cargo.toml`
[INFO] [stdout] 
[INFO] [stdout] 
[INFO] [stdout] error[E0433]: cannot find module or crate `satori` in this scope
[INFO] [stdout]    --> tests/common/harness.rs:326:11
[INFO] [stdout]     |
[INFO] [stdout] 326 |     match satori::satori_from_value(el, opts) {
[INFO] [stdout]     |           ^^^^^^ use of unresolved module or unlinked crate `satori`
[INFO] [stdout]     |
[INFO] [stdout]     = help: if you wanted to use a crate named `satori`, use `cargo add satori` to add it to your `Cargo.toml`
[INFO] [stdout] 
[INFO] [stdout] 
[INFO] [stdout] error[E0433]: cannot find module or crate `satori` in this scope
[INFO] [stdout]    --> tests/common/harness.rs:326:11
[INFO] [stdout]     |
[INFO] [stdout] 326 |     match satori::satori_from_value(el, opts) {
[INFO] [stdout]     |           ^^^^^^ use of unresolved module or unlinked crate `satori`
[INFO] [stdout]     |
[INFO] [stdout]     = help: if you wanted to use a crate named `satori`, use `cargo add satori` to add it to your `Cargo.toml`
[INFO] [stdout] 
[INFO] [stdout] 
[INFO] [stdout] error[E0433]: cannot find module or crate `satori` in this scope
[INFO] [stdout]    --> tests/common/harness.rs:212:15
[INFO] [stdout]     |
[INFO] [stdout] 212 |     let svg = satori::satori_from_value(fx.element.clone(), opts).unwrap_or_else(|e| {
[INFO] [stdout]     |               ^^^^^^ use of unresolved module or unlinked crate `satori`
[INFO] [stdout]     |
[INFO] [stdout]     = help: if you wanted to use a crate named `satori`, use `cargo add satori` to add it to your `Cargo.toml`
[INFO] [stdout] 
[INFO] [stdout] 
[INFO] [stdout] error[E0433]: cannot find module or crate `satori` in this scope
[INFO] [stdout]    --> tests/common/harness.rs:212:15
[INFO] [stdout]     |
[INFO] [stdout] 212 |     let svg = satori::satori_from_value(fx.element.clone(), opts).unwrap_or_else(|e| {
[INFO] [stdout]     |               ^^^^^^ use of unresolved module or unlinked crate `satori`
[INFO] [stdout]     |
[INFO] [stdout]     = help: if you wanted to use a crate named `satori`, use `cargo add satori` to add it to your `Cargo.toml`
[INFO] [stdout] 
[INFO] [stdout] 
[INFO] [stdout] error[E0433]: cannot find module or crate `satori` in this scope
[INFO] [stdout]    --> tests/common/harness.rs:212:15
[INFO] [stdout]     |
[INFO] [stdout] 212 |     let svg = satori::satori_from_value(fx.element.clone(), opts).unwrap_or_else(|e| {
[INFO] [stdout]     |               ^^^^^^ use of unresolved module or unlinked crate `satori`
[INFO] [stdout]     |
[INFO] [stdout]     = help: if you wanted to use a crate named `satori`, use `cargo add satori` to add it to your `Cargo.toml`
[INFO] [stdout] 
[INFO] [stdout] 
[INFO] [stdout] error[E0433]: cannot find module or crate `satori` in this scope
[INFO] [stdout]    --> tests/common/harness.rs:326:11
[INFO] [stdout]     |
[INFO] [stdout] 326 |     match satori::satori_from_value(el, opts) {
[INFO] [stdout]     |           ^^^^^^ use of unresolved module or unlinked crate `satori`
[INFO] [stdout]     |
[INFO] [stdout]     = help: if you wanted to use a crate named `satori`, use `cargo add satori` to add it to your `Cargo.toml`
[INFO] [stdout] 
[INFO] [stdout] 
[INFO] [stdout] error[E0433]: cannot find module or crate `satori` in this scope
[INFO] [stdout]    --> tests/common/harness.rs:326:11
[INFO] [stdout]     |
[INFO] [stdout] 326 |     match satori::satori_from_value(el, opts) {
[INFO] [stdout]     |           ^^^^^^ use of unresolved module or unlinked crate `satori`
[INFO] [stdout]     |
[INFO] [stdout]     = help: if you wanted to use a crate named `satori`, use `cargo add satori` to add it to your `Cargo.toml`
[INFO] [stdout] 
[INFO] [stdout] 
[INFO] [stdout] error[E0433]: cannot find module or crate `satori` in this scope
[INFO] [stdout]    --> tests/common/harness.rs:148:40
[INFO] [stdout]     |
[INFO] [stdout] 148 |     pub fn to_satori_options(&self) -> satori::SatoriOptions {
[INFO] [stdout]     |                                        ^^^^^^ use of unresolved module or unlinked crate `satori`
[INFO] [stdout]     |
[INFO] [stdout]     = help: if you wanted to use a crate named `satori`, use `cargo add satori` to add it to your `Cargo.toml`
[INFO] [stdout] 
[INFO] [stdout] 
[INFO] [stdout] error[E0433]: cannot find module or crate `satori` in this scope
[INFO] [stdout]    --> tests/common/harness.rs:184:9
[INFO] [stdout]     |
[INFO] [stdout] 184 |         satori::SatoriOptions {
[INFO] [stdout]     |         ^^^^^^ use of unresolved module or unlinked crate `satori`
[INFO] [stdout]     |
[INFO] [stdout]     = help: if you wanted to use a crate named `satori`, use `cargo add satori` to add it to your `Cargo.toml`
[INFO] [stdout] 
[INFO] [stdout] 
[INFO] [stdout] error[E0433]: cannot find module or crate `satori` in this scope
[INFO] [stdout]    --> tests/common/harness.rs:292:9
[INFO] [stdout]     |
[INFO] [stdout] 292 |         satori::SatoriOptions {
[INFO] [stdout]     |         ^^^^^^ use of unresolved module or unlinked crate `satori`
[INFO] [stdout]     |
[INFO] [stdout]     = help: if you wanted to use a crate named `satori`, use `cargo add satori` to add it to your `Cargo.toml`
[INFO] [stdout] 
[INFO] [stdout] 
[INFO] [stdout] error[E0433]: cannot find module or crate `satori` in this scope
[INFO] [stdout]    --> tests/common/harness.rs:267:36
[INFO] [stdout]     |
[INFO] [stdout] 267 |     fn to_satori_options(&self) -> satori::SatoriOptions {
[INFO] [stdout]     |                                    ^^^^^^ use of unresolved module or unlinked crate `satori`
[INFO] [stdout]     |
[INFO] [stdout]     = help: if you wanted to use a crate named `satori`, use `cargo add satori` to add it to your `Cargo.toml`
[INFO] [stdout] 
[INFO] [stdout] 
[INFO] [stdout] For more information about this error, try `rustc --explain E0433`.
[INFO] [stdout] 
[INFO] [stderr] error: could not compile `satori-rs` (test "color_models") due to 19 previous errors
[INFO] [stdout] error[E0433]: cannot find module or crate `satori` in this scope
[INFO] [stdout]    --> tests/common/harness.rs:326:11
[INFO] [stdout]     |
[INFO] [stdout] 326 |     match satori::satori_from_value(el, opts) {
[INFO] [stdout]     |           ^^^^^^ use of unresolved module or unlinked crate `satori`
[INFO] [stdout]     |
[INFO] [stdout]     = help: if you wanted to use a crate named `satori`, use `cargo add satori` to add it to your `Cargo.toml`
[INFO] [stdout] 
[INFO] [stdout] 
[INFO] [stdout] error[E0433]: cannot find module or crate `satori` in this scope
[INFO] [stdout]    --> tests/common/harness.rs:212:15
[INFO] [stdout]     |
[INFO] [stdout] 212 |     let svg = satori::satori_from_value(fx.element.clone(), opts).unwrap_or_else(|e| {
[INFO] [stdout]     |               ^^^^^^ use of unresolved module or unlinked crate `satori`
[INFO] [stdout]     |
[INFO] [stdout]     = help: if you wanted to use a crate named `satori`, use `cargo add satori` to add it to your `Cargo.toml`
[INFO] [stdout] 
[INFO] [stdout] 
[INFO] [stdout] error[E0433]: cannot find module or crate `satori` in this scope
[INFO] [stdout]    --> tests/common/harness.rs:326:11
[INFO] [stdout]     |
[INFO] [stdout] 326 |     match satori::satori_from_value(el, opts) {
[INFO] [stdout]     |           ^^^^^^ use of unresolved module or unlinked crate `satori`
[INFO] [stdout]     |
[INFO] [stdout]     = help: if you wanted to use a crate named `satori`, use `cargo add satori` to add it to your `Cargo.toml`
[INFO] [stdout] 
[INFO] [stdout] 
[INFO] [stdout] error[E0433]: cannot find module or crate `satori` in this scope
[INFO] [stdout]    --> tests/common/harness.rs:212:15
[INFO] [stdout]     |
[INFO] [stdout] 212 |     let svg = satori::satori_from_value(fx.element.clone(), opts).unwrap_or_else(|e| {
[INFO] [stdout]     |               ^^^^^^ use of unresolved module or unlinked crate `satori`
[INFO] [stdout]     |
[INFO] [stdout]     = help: if you wanted to use a crate named `satori`, use `cargo add satori` to add it to your `Cargo.toml`
[INFO] [stdout] 
[INFO] [stdout] 
[INFO] [stdout] error[E0433]: cannot find module or crate `satori` in this scope
[INFO] [stdout]    --> tests/common/harness.rs:148:40
[INFO] [stdout]     |
[INFO] [stdout] 148 |     pub fn to_satori_options(&self) -> satori::SatoriOptions {
[INFO] [stdout]     |                                        ^^^^^^ use of unresolved module or unlinked crate `satori`
[INFO] [stdout]     |
[INFO] [stdout]     = help: if you wanted to use a crate named `satori`, use `cargo add satori` to add it to your `Cargo.toml`
[INFO] [stdout] 
[INFO] [stdout] 
[INFO] [stdout] error[E0433]: cannot find module or crate `satori` in this scope
[INFO] [stdout]    --> tests/common/harness.rs:184:9
[INFO] [stdout]     |
[INFO] [stdout] 184 |         satori::SatoriOptions {
[INFO] [stdout]     |         ^^^^^^ use of unresolved module or unlinked crate `satori`
[INFO] [stdout]     |
[INFO] [stdout]     = help: if you wanted to use a crate named `satori`, use `cargo add satori` to add it to your `Cargo.toml`
[INFO] [stdout] 
[INFO] [stdout] 
[INFO] [stdout] error[E0433]: cannot find module or crate `satori` in this scope
[INFO] [stdout]    --> tests/common/harness.rs:292:9
[INFO] [stdout]     |
[INFO] [stdout] 292 |         satori::SatoriOptions {
[INFO] [stdout]     |         ^^^^^^ use of unresolved module or unlinked crate `satori`
[INFO] [stdout]     |
[INFO] [stdout]     = help: if you wanted to use a crate named `satori`, use `cargo add satori` to add it to your `Cargo.toml`
[INFO] [stdout] 
[INFO] [stdout] 
[INFO] [stdout] error[E0433]: cannot find module or crate `satori` in this scope
[INFO] [stdout]    --> tests/common/harness.rs:267:36
[INFO] [stdout]     |
[INFO] [stdout] 267 |     fn to_satori_options(&self) -> satori::SatoriOptions {
[INFO] [stdout]     |                                    ^^^^^^ use of unresolved module or unlinked crate `satori`
[INFO] [stdout]     |
[INFO] [stdout]     = help: if you wanted to use a crate named `satori`, use `cargo add satori` to add it to your `Cargo.toml`
[INFO] [stdout] 
[INFO] [stdout] 
[INFO] [stdout] For more information about this error, try `rustc --explain E0433`.
[INFO] [stdout] 
[INFO] [stdout] error[E0433]: cannot find module or crate `satori` in this scope
[INFO] [stdout]    --> tests/common/harness.rs:326:11
[INFO] [stdout]     |
[INFO] [stdout] 326 |     match satori::satori_from_value(el, opts) {
[INFO] [stdout]     |           ^^^^^^ use of unresolved module or unlinked crate `satori`
[INFO] [stdout]     |
[INFO] [stdout]     = help: if you wanted to use a crate named `satori`, use `cargo add satori` to add it to your `Cargo.toml`
[INFO] [stdout] 
[INFO] [stdout] 
[INFO] [stderr] error: could not compile `satori-rs` (test "coverage_gradients") due to 19 previous errors
[INFO] [stdout] error[E0433]: cannot find module or crate `satori` in this scope
[INFO] [stdout]    --> tests/common/harness.rs:148:40
[INFO] [stdout]     |
[INFO] [stdout] 148 |     pub fn to_satori_options(&self) -> satori::SatoriOptions {
[INFO] [stdout]     |                                        ^^^^^^ use of unresolved module or unlinked crate `satori`
[INFO] [stdout]     |
[INFO] [stdout]     = help: if you wanted to use a crate named `satori`, use `cargo add satori` to add it to your `Cargo.toml`
[INFO] [stdout] 
[INFO] [stdout] 
[INFO] [stdout] error[E0433]: cannot find module or crate `satori` in this scope
[INFO] [stdout]    --> tests/common/harness.rs:184:9
[INFO] [stdout]     |
[INFO] [stdout] 184 |         satori::SatoriOptions {
[INFO] [stdout]     |         ^^^^^^ use of unresolved module or unlinked crate `satori`
[INFO] [stdout]     |
[INFO] [stdout]     = help: if you wanted to use a crate named `satori`, use `cargo add satori` to add it to your `Cargo.toml`
[INFO] [stdout] 
[INFO] [stdout] 
[INFO] [stdout] error[E0433]: cannot find module or crate `satori` in this scope
[INFO] [stdout]    --> tests/common/harness.rs:292:9
[INFO] [stdout]     |
[INFO] [stdout] 292 |         satori::SatoriOptions {
[INFO] [stdout]     |         ^^^^^^ use of unresolved module or unlinked crate `satori`
[INFO] [stdout]     |
[INFO] [stdout]     = help: if you wanted to use a crate named `satori`, use `cargo add satori` to add it to your `Cargo.toml`
[INFO] [stdout] 
[INFO] [stdout] 
[INFO] [stdout] error[E0433]: cannot find module or crate `satori` in this scope
[INFO] [stdout]    --> tests/common/harness.rs:267:36
[INFO] [stdout]     |
[INFO] [stdout] 267 |     fn to_satori_options(&self) -> satori::SatoriOptions {
[INFO] [stdout]     |                                    ^^^^^^ use of unresolved module or unlinked crate `satori`
[INFO] [stdout]     |
[INFO] [stdout]     = help: if you wanted to use a crate named `satori`, use `cargo add satori` to add it to your `Cargo.toml`
[INFO] [stdout] 
[INFO] [stdout] 
[INFO] [stdout] For more information about this error, try `rustc --explain E0433`.
[INFO] [stdout] 
[INFO] [stderr] error: could not compile `satori-rs` (test "coverage_builders") due to 19 previous errors
[INFO] [stdout] error[E0433]: cannot find module or crate `satori` in this scope
[INFO] [stdout]    --> tests/common/harness.rs:148:40
[INFO] [stdout]     |
[INFO] [stdout] 148 |     pub fn to_satori_options(&self) -> satori::SatoriOptions {
[INFO] [stdout]     |                                        ^^^^^^ use of unresolved module or unlinked crate `satori`
[INFO] [stdout]     |
[INFO] [stdout]     = help: if you wanted to use a crate named `satori`, use `cargo add satori` to add it to your `Cargo.toml`
[INFO] [stdout] 
[INFO] [stdout] 
[INFO] [stdout] error[E0433]: cannot find module or crate `satori` in this scope
[INFO] [stdout]    --> tests/common/harness.rs:184:9
[INFO] [stdout]     |
[INFO] [stdout] 184 |         satori::SatoriOptions {
[INFO] [stdout]     |         ^^^^^^ use of unresolved module or unlinked crate `satori`
[INFO] [stdout]     |
[INFO] [stdout]     = help: if you wanted to use a crate named `satori`, use `cargo add satori` to add it to your `Cargo.toml`
[INFO] [stdout] 
[INFO] [stdout] 
[INFO] [stdout] error[E0433]: cannot find module or crate `satori` in this scope
[INFO] [stdout]    --> tests/common/harness.rs:292:9
[INFO] [stdout]     |
[INFO] [stdout] 292 |         satori::SatoriOptions {
[INFO] [stdout]     |         ^^^^^^ use of unresolved module or unlinked crate `satori`
[INFO] [stdout]     |
[INFO] [stdout]     = help: if you wanted to use a crate named `satori`, use `cargo add satori` to add it to your `Cargo.toml`
[INFO] [stdout] 
[INFO] [stdout] 
[INFO] [stdout] error[E0433]: cannot find module or crate `satori` in this scope
[INFO] [stdout]    --> tests/common/harness.rs:267:36
[INFO] [stdout]     |
[INFO] [stdout] 267 |     fn to_satori_options(&self) -> satori::SatoriOptions {
[INFO] [stdout]     |                                    ^^^^^^ use of unresolved module or unlinked crate `satori`
[INFO] [stdout]     |
[INFO] [stdout]     = help: if you wanted to use a crate named `satori`, use `cargo add satori` to add it to your `Cargo.toml`
[INFO] [stdout] 
[INFO] [stdout] 
[INFO] [stdout] For more information about this error, try `rustc --explain E0433`.
[INFO] [stdout] 
[INFO] [stderr] error: could not compile `satori-rs` (test "gradient") due to 19 previous errors
[INFO] [stdout] error[E0433]: cannot find module or crate `satori` in this scope
[INFO] [stdout]    --> tests/common/harness.rs:212:15
[INFO] [stdout]     |
[INFO] [stdout] 212 |     let svg = satori::satori_from_value(fx.element.clone(), opts).unwrap_or_else(|e| {
[INFO] [stdout]     |               ^^^^^^ use of unresolved module or unlinked crate `satori`
[INFO] [stdout]     |
[INFO] [stdout]     = help: if you wanted to use a crate named `satori`, use `cargo add satori` to add it to your `Cargo.toml`
[INFO] [stdout] 
[INFO] [stdout] 
[INFO] [stdout] error[E0433]: cannot find module or crate `satori` in this scope
[INFO] [stdout]    --> tests/common/harness.rs:148:40
[INFO] [stdout]     |
[INFO] [stdout] 148 |     pub fn to_satori_options(&self) -> satori::SatoriOptions {
[INFO] [stdout]     |                                        ^^^^^^ use of unresolved module or unlinked crate `satori`
[INFO] [stdout]     |
[INFO] [stdout]     = help: if you wanted to use a crate named `satori`, use `cargo add satori` to add it to your `Cargo.toml`
[INFO] [stdout] 
[INFO] [stdout] 
[INFO] [stdout] error[E0433]: cannot find module or crate `satori` in this scope
[INFO] [stdout]    --> tests/common/harness.rs:184:9
[INFO] [stdout]     |
[INFO] [stdout] 184 |         satori::SatoriOptions {
[INFO] [stdout]     |         ^^^^^^ use of unresolved module or unlinked crate `satori`
[INFO] [stdout]     |
[INFO] [stdout]     = help: if you wanted to use a crate named `satori`, use `cargo add satori` to add it to your `Cargo.toml`
[INFO] [stdout] 
[INFO] [stdout] 
[INFO] [stdout] error[E0433]: cannot find module or crate `satori` in this scope
[INFO] [stdout]    --> tests/common/harness.rs:292:9
[INFO] [stdout]     |
[INFO] [stdout] 292 |         satori::SatoriOptions {
[INFO] [stdout]     |         ^^^^^^ use of unresolved module or unlinked crate `satori`
[INFO] [stdout]     |
[INFO] [stdout]     = help: if you wanted to use a crate named `satori`, use `cargo add satori` to add it to your `Cargo.toml`
[INFO] [stdout] 
[INFO] [stdout] 
[INFO] [stdout] error[E0433]: cannot find module or crate `satori` in this scope
[INFO] [stdout]    --> tests/common/harness.rs:267:36
[INFO] [stdout]     |
[INFO] [stdout] 267 |     fn to_satori_options(&self) -> satori::SatoriOptions {
[INFO] [stdout]     |                                    ^^^^^^ use of unresolved module or unlinked crate `satori`
[INFO] [stdout]     |
[INFO] [stdout]     = help: if you wanted to use a crate named `satori`, use `cargo add satori` to add it to your `Cargo.toml`
[INFO] [stdout] 
[INFO] [stdout] 
[INFO] [stdout] For more information about this error, try `rustc --explain E0433`.
[INFO] [stdout] 
[INFO] [stdout] error[E0433]: cannot find module or crate `satori` in this scope
[INFO] [stdout]    --> tests/common/harness.rs:326:11
[INFO] [stdout]     |
[INFO] [stdout] 326 |     match satori::satori_from_value(el, opts) {
[INFO] [stdout]     |           ^^^^^^ use of unresolved module or unlinked crate `satori`
[INFO] [stdout]     |
[INFO] [stdout]     = help: if you wanted to use a crate named `satori`, use `cargo add satori` to add it to your `Cargo.toml`
[INFO] [stdout] 
[INFO] [stdout] 
[INFO] [stderr] error: could not compile `satori-rs` (test "gap") due to 19 previous errors
[INFO] [stdout] error[E0433]: cannot find module or crate `satori` in this scope
[INFO] [stdout]    --> tests/common/harness.rs:148:40
[INFO] [stdout]     |
[INFO] [stdout] 148 |     pub fn to_satori_options(&self) -> satori::SatoriOptions {
[INFO] [stdout]     |                                        ^^^^^^ use of unresolved module or unlinked crate `satori`
[INFO] [stdout]     |
[INFO] [stdout]     = help: if you wanted to use a crate named `satori`, use `cargo add satori` to add it to your `Cargo.toml`
[INFO] [stdout] 
[INFO] [stdout] 
[INFO] [stdout] error[E0433]: cannot find module or crate `satori` in this scope
[INFO] [stdout]    --> tests/common/harness.rs:184:9
[INFO] [stdout]     |
[INFO] [stdout] 184 |         satori::SatoriOptions {
[INFO] [stdout]     |         ^^^^^^ use of unresolved module or unlinked crate `satori`
[INFO] [stdout]     |
[INFO] [stdout]     = help: if you wanted to use a crate named `satori`, use `cargo add satori` to add it to your `Cargo.toml`
[INFO] [stdout] 
[INFO] [stdout] 
[INFO] [stdout] error[E0433]: cannot find module or crate `satori` in this scope
[INFO] [stdout]    --> tests/common/harness.rs:292:9
[INFO] [stdout]     |
[INFO] [stdout] 292 |         satori::SatoriOptions {
[INFO] [stdout]     |         ^^^^^^ use of unresolved module or unlinked crate `satori`
[INFO] [stdout]     |
[INFO] [stdout]     = help: if you wanted to use a crate named `satori`, use `cargo add satori` to add it to your `Cargo.toml`
[INFO] [stdout] 
[INFO] [stdout] 
[INFO] [stdout] error[E0433]: cannot find module or crate `satori` in this scope
[INFO] [stdout]    --> tests/common/harness.rs:267:36
[INFO] [stdout]     |
[INFO] [stdout] 267 |     fn to_satori_options(&self) -> satori::SatoriOptions {
[INFO] [stdout]     |                                    ^^^^^^ use of unresolved module or unlinked crate `satori`
[INFO] [stdout]     |
[INFO] [stdout]     = help: if you wanted to use a crate named `satori`, use `cargo add satori` to add it to your `Cargo.toml`
[INFO] [stdout] 
[INFO] [stdout] 
[INFO] [stdout] For more information about this error, try `rustc --explain E0433`.
[INFO] [stdout] 
[INFO] [stderr] error: could not compile `satori-rs` (test "svg") due to 19 previous errors
[INFO] [stdout] error[E0433]: cannot find module or crate `satori` in this scope
[INFO] [stdout]    --> tests/common/harness.rs:148:40
[INFO] [stdout]     |
[INFO] [stdout] 148 |     pub fn to_satori_options(&self) -> satori::SatoriOptions {
[INFO] [stdout]     |                                        ^^^^^^ use of unresolved module or unlinked crate `satori`
[INFO] [stdout]     |
[INFO] [stdout]     = help: if you wanted to use a crate named `satori`, use `cargo add satori` to add it to your `Cargo.toml`
[INFO] [stdout] 
[INFO] [stdout] 
[INFO] [stdout] error[E0433]: cannot find module or crate `satori` in this scope
[INFO] [stdout]    --> tests/common/harness.rs:184:9
[INFO] [stdout]     |
[INFO] [stdout] 184 |         satori::SatoriOptions {
[INFO] [stdout]     |         ^^^^^^ use of unresolved module or unlinked crate `satori`
[INFO] [stdout]     |
[INFO] [stdout]     = help: if you wanted to use a crate named `satori`, use `cargo add satori` to add it to your `Cargo.toml`
[INFO] [stdout] 
[INFO] [stdout] 
[INFO] [stdout] error[E0433]: cannot find module or crate `satori` in this scope
[INFO] [stdout]    --> tests/common/harness.rs:292:9
[INFO] [stdout]     |
[INFO] [stdout] 292 |         satori::SatoriOptions {
[INFO] [stdout]     |         ^^^^^^ use of unresolved module or unlinked crate `satori`
[INFO] [stdout]     |
[INFO] [stdout]     = help: if you wanted to use a crate named `satori`, use `cargo add satori` to add it to your `Cargo.toml`
[INFO] [stdout] 
[INFO] [stdout] 
[INFO] [stdout] error[E0433]: cannot find module or crate `satori` in this scope
[INFO] [stdout]    --> tests/common/harness.rs:267:36
[INFO] [stdout]     |
[INFO] [stdout] 267 |     fn to_satori_options(&self) -> satori::SatoriOptions {
[INFO] [stdout]     |                                    ^^^^^^ use of unresolved module or unlinked crate `satori`
[INFO] [stdout]     |
[INFO] [stdout]     = help: if you wanted to use a crate named `satori`, use `cargo add satori` to add it to your `Cargo.toml`
[INFO] [stdout] 
[INFO] [stdout] 
[INFO] [stdout] For more information about this error, try `rustc --explain E0433`.
[INFO] [stdout] 
[INFO] [stderr] error: could not compile `satori-rs` (test "font_units") due to 19 previous errors
[INFO] [stdout] error[E0433]: cannot find module or crate `satori` in this scope
[INFO] [stdout]    --> tests/common/harness.rs:148:40
[INFO] [stdout]     |
[INFO] [stdout] 148 |     pub fn to_satori_options(&self) -> satori::SatoriOptions {
[INFO] [stdout]     |                                        ^^^^^^ use of unresolved module or unlinked crate `satori`
[INFO] [stdout]     |
[INFO] [stdout]     = help: if you wanted to use a crate named `satori`, use `cargo add satori` to add it to your `Cargo.toml`
[INFO] [stdout] 
[INFO] [stdout] 
[INFO] [stdout] error[E0433]: cannot find module or crate `satori` in this scope
[INFO] [stdout]    --> tests/common/harness.rs:184:9
[INFO] [stdout]     |
[INFO] [stdout] 184 |         satori::SatoriOptions {
[INFO] [stdout]     |         ^^^^^^ use of unresolved module or unlinked crate `satori`
[INFO] [stdout]     |
[INFO] [stdout]     = help: if you wanted to use a crate named `satori`, use `cargo add satori` to add it to your `Cargo.toml`
[INFO] [stdout] 
[INFO] [stdout] 
[INFO] [stdout] error[E0433]: cannot find module or crate `satori` in this scope
[INFO] [stdout]    --> tests/common/harness.rs:292:9
[INFO] [stdout]     |
[INFO] [stdout] 292 |         satori::SatoriOptions {
[INFO] [stdout]     |         ^^^^^^ use of unresolved module or unlinked crate `satori`
[INFO] [stdout]     |
[INFO] [stdout]     = help: if you wanted to use a crate named `satori`, use `cargo add satori` to add it to your `Cargo.toml`
[INFO] [stdout] 
[INFO] [stdout] 
[INFO] [stdout] error[E0433]: cannot find module or crate `satori` in this scope
[INFO] [stdout]    --> tests/common/harness.rs:267:36
[INFO] [stdout]     |
[INFO] [stdout] 267 |     fn to_satori_options(&self) -> satori::SatoriOptions {
[INFO] [stdout]     |                                    ^^^^^^ use of unresolved module or unlinked crate `satori`
[INFO] [stdout]     |
[INFO] [stdout]     = help: if you wanted to use a crate named `satori`, use `cargo add satori` to add it to your `Cargo.toml`
[INFO] [stdout] 
[INFO] [stdout] 
[INFO] [stdout] For more information about this error, try `rustc --explain E0433`.
[INFO] [stdout] 
[INFO] [stderr] error: could not compile `satori-rs` (test "language") due to 19 previous errors
[INFO] [stdout] error[E0433]: cannot find module or crate `satori` in this scope
[INFO] [stdout]    --> tests/common/harness.rs:148:40
[INFO] [stdout]     |
[INFO] [stdout] 148 |     pub fn to_satori_options(&self) -> satori::SatoriOptions {
[INFO] [stdout]     |                                        ^^^^^^ use of unresolved module or unlinked crate `satori`
[INFO] [stdout]     |
[INFO] [stdout]     = help: if you wanted to use a crate named `satori`, use `cargo add satori` to add it to your `Cargo.toml`
[INFO] [stdout] 
[INFO] [stdout] 
[INFO] [stdout] error[E0433]: cannot find module or crate `satori` in this scope
[INFO] [stdout]    --> tests/common/harness.rs:184:9
[INFO] [stdout]     |
[INFO] [stdout] 184 |         satori::SatoriOptions {
[INFO] [stdout]     |         ^^^^^^ use of unresolved module or unlinked crate `satori`
[INFO] [stdout]     |
[INFO] [stdout]     = help: if you wanted to use a crate named `satori`, use `cargo add satori` to add it to your `Cargo.toml`
[INFO] [stdout] 
[INFO] [stdout] 
[INFO] [stdout] error[E0433]: cannot find module or crate `satori` in this scope
[INFO] [stdout]    --> tests/common/harness.rs:292:9
[INFO] [stdout]     |
[INFO] [stdout] 292 |         satori::SatoriOptions {
[INFO] [stdout]     |         ^^^^^^ use of unresolved module or unlinked crate `satori`
[INFO] [stdout]     |
[INFO] [stdout]     = help: if you wanted to use a crate named `satori`, use `cargo add satori` to add it to your `Cargo.toml`
[INFO] [stdout] 
[INFO] [stdout] 
[INFO] [stdout] error[E0433]: cannot find module or crate `satori` in this scope
[INFO] [stdout]    --> tests/common/harness.rs:267:36
[INFO] [stdout]     |
[INFO] [stdout] 267 |     fn to_satori_options(&self) -> satori::SatoriOptions {
[INFO] [stdout]     |                                    ^^^^^^ use of unresolved module or unlinked crate `satori`
[INFO] [stdout]     |
[INFO] [stdout]     = help: if you wanted to use a crate named `satori`, use `cargo add satori` to add it to your `Cargo.toml`
[INFO] [stdout] 
[INFO] [stdout] 
[INFO] [stdout] For more information about this error, try `rustc --explain E0433`.
[INFO] [stdout] 
[INFO] [stderr] error: could not compile `satori-rs` (test "tailwind") due to 19 previous errors
[INFO] [stderr] warning: unused dependency `cssparser`
[INFO] [stderr]  --> Cargo.toml:4:15
[INFO] [stderr]   |
[INFO] [stderr] 4 | [dependencies.cssparser]
[INFO] [stderr]   |               ^^^^^^^^^^
[INFO] [stderr]   |
[INFO] [stderr]   = note: `cargo::unused_dependencies` is set to `warn` by default
[INFO] [stderr] help: consider removing the dependency on `cssparser`
[INFO] [stderr] warning: unused dependency `fontdb`
[INFO] [stderr]  --> Cargo.toml:7:15
[INFO] [stderr]   |
[INFO] [stderr] 7 | [dependencies.fontdb]
[INFO] [stderr]   |               ^^^^^^^
[INFO] [stderr]   |
[INFO] [stderr] help: consider removing the dependency on `fontdb`
[INFO] [stderr] warning: unused dependency `lightningcss`
[INFO] [stderr]   --> Cargo.toml:17:15
[INFO] [stderr]    |
[INFO] [stderr] 17 | [dependencies.lightningcss]
[INFO] [stderr]    |               ^^^^^^^^^^^^^
[INFO] [stderr]    |
[INFO] [stderr] help: consider removing the dependency on `lightningcss`
[INFO] [stderr] warning: unused dependency `rustybuzz`
[INFO] [stderr]   --> Cargo.toml:23:15
[INFO] [stderr]    |
[INFO] [stderr] 23 | [dependencies.rustybuzz]
[INFO] [stderr]    |               ^^^^^^^^^^
[INFO] [stderr]    |
[INFO] [stderr] help: consider removing the dependency on `rustybuzz`
[INFO] [stderr] warning: unused dependency `unicode-bidi`
[INFO] [stderr]   --> Cargo.toml:40:15
[INFO] [stderr]    |
[INFO] [stderr] 40 | [dependencies.unicode-bidi]
[INFO] [stderr]    |               ^^^^^^^^^^^^^
[INFO] [stderr]    |
[INFO] [stderr] help: consider removing the dependency on `unicode-bidi`
[INFO] [stderr] warning: `satori-rs` (manifest) generated 5 warnings
[INFO] running `Command { std: "docker" "inspect" "d7bb6b3fa876ace6f7e4887b73f86ec04cb98840ac8f1ddf7263cc4a879eccbd", kill_on_drop: false }`
[INFO] running `Command { std: "docker" "rm" "-f" "d7bb6b3fa876ace6f7e4887b73f86ec04cb98840ac8f1ddf7263cc4a879eccbd", kill_on_drop: false }`
[INFO] [stdout] d7bb6b3fa876ace6f7e4887b73f86ec04cb98840ac8f1ddf7263cc4a879eccbd
