[INFO] fetching crate sas7bdat 0.9.1...
[INFO] testing sas7bdat-0.9.1 against 1.100.0-beta.1 for beta-1.100-2
[INFO] extracting crate sas7bdat 0.9.1 into /workspace/builds/worker-0-tc2/source
[INFO] started tweaking crates.io crate sas7bdat 0.9.1
[INFO] removed 0 missing examples
[INFO] removed 0 missing tests
[INFO] finished tweaking crates.io crate sas7bdat 0.9.1
[INFO] tweaked toml for crates.io crate sas7bdat 0.9.1 written to /workspace/builds/worker-0-tc2/source/Cargo.toml
[INFO] validating manifest of crates.io crate sas7bdat 0.9.1 on toolchain 1.100.0-beta.1
[INFO] running `Command { std: CARGO_HOME="/workspace/cargo-home" RUSTUP_HOME="/workspace/rustup-home" "/workspace/cargo-home/bin/cargo" "+1.100.0-beta.1" "metadata" "--manifest-path" "Cargo.toml" "--no-deps", kill_on_drop: false }`
[INFO] crate crates.io crate sas7bdat 0.9.1 already has a lockfile, it will not be regenerated
[INFO] running `Command { std: CARGO_HOME="/workspace/cargo-home" RUSTUP_HOME="/workspace/rustup-home" "/workspace/cargo-home/bin/cargo" "+1.100.0-beta.1" "fetch" "--manifest-path" "Cargo.toml", kill_on_drop: false }`
[INFO] [stderr]     Blocking waiting for file lock on package cache
[INFO] running `Command { std: "docker" "create" "-v" "/var/lib/crater-agent-workspace/builds/worker-0-tc2/source:/opt/rustwide/workdir:ro,Z" "-v" "/var/lib/crater-agent-workspace/builds/worker-0-tc2/target:/opt/rustwide/target:rw,Z" "-v" "/var/lib/crater-agent-workspace/cargo-home:/opt/rustwide/cargo-home:ro,Z" "-v" "/var/lib/crater-agent-workspace/rustup-home:/opt/rustwide/rustup-home:ro,Z" "-m" "1610612736" "--network" "none" "ghcr.io/rust-lang/crates-build-env/linux@sha256:3111399a4047eeb3a02b7a90e478d715f38a8c6669b5c4b49d30a17385265909" "sleep" "infinity", kill_on_drop: false }`
[INFO] [stdout] 0d53ca9379b6808575561bb10b3662fb2427b8da13c37859ead1fe7af5611a94
[INFO] running `Command { std: "docker" "start" "0d53ca9379b6808575561bb10b3662fb2427b8da13c37859ead1fe7af5611a94", kill_on_drop: false }`
[INFO] running `Command { std: "docker" "inspect" "0d53ca9379b6808575561bb10b3662fb2427b8da13c37859ead1fe7af5611a94", kill_on_drop: false }`
[INFO] running `Command { std: "docker" "exec" "-e" "SOURCE_DIR=/opt/rustwide/workdir" "-e" "CARGO_HOME=/opt/rustwide/cargo-home" "-e" "RUSTUP_HOME=/opt/rustwide/rustup-home" "-e" "CARGO_TARGET_DIR=/opt/rustwide/target" "-w" "/opt/rustwide/workdir" "--user" "0:0" "0d53ca9379b6808575561bb10b3662fb2427b8da13c37859ead1fe7af5611a94" "/opt/rustwide/cargo-home/bin/cargo" "+1.100.0-beta.1" "metadata" "--no-deps" "--format-version=1", kill_on_drop: false }`
[INFO] running `Command { std: "docker" "inspect" "0d53ca9379b6808575561bb10b3662fb2427b8da13c37859ead1fe7af5611a94", kill_on_drop: false }`
[INFO] running `Command { std: "docker" "exec" "-e" "SOURCE_DIR=/opt/rustwide/workdir" "-e" "CARGO_HOME=/opt/rustwide/cargo-home" "-e" "RUSTUP_HOME=/opt/rustwide/rustup-home" "-e" "CARGO_TARGET_DIR=/opt/rustwide/target" "-e" "CARGO_INCREMENTAL=0" "-e" "RUST_BACKTRACE=full" "-e" "RUSTFLAGS=--cap-lints=warn" "-e" "RUSTDOCFLAGS=--cap-lints=warn" "-w" "/opt/rustwide/workdir" "--user" "0:0" "0d53ca9379b6808575561bb10b3662fb2427b8da13c37859ead1fe7af5611a94" "/opt/rustwide/cargo-home/bin/cargo" "+1.100.0-beta.1" "build" "--frozen" "--message-format=json", kill_on_drop: false }`
[INFO] [stderr]    Compiling either v1.18.0
[INFO] [stderr]    Compiling simdutf8 v0.1.5
[INFO] [stderr]    Compiling fearless_simd v0.7.0
[INFO] [stderr]    Compiling syn v3.0.5
[INFO] [stderr]    Compiling encoding_rs v0.8.41
[INFO] [stderr]    Compiling memmap2 v0.9.11
[INFO] [stderr]    Compiling rayon v1.12.0
[INFO] [stderr]    Compiling multiversion-macros v0.9.0
[INFO] [stderr]    Compiling serde_derive v1.0.229
[INFO] [stderr]    Compiling bytemuck_derive v1.12.0
[INFO] [stderr]    Compiling multiversion v0.9.0
[INFO] [stderr]    Compiling bytemuck v1.25.2
[INFO] [stderr]    Compiling serde v1.0.229
[INFO] [stderr]    Compiling sas7bdat v0.9.1 (/opt/rustwide/workdir)
[INFO] [stderr]     Finished `dev` profile [unoptimized + debuginfo] target(s) in 17.36s
[INFO] running `Command { std: "docker" "inspect" "0d53ca9379b6808575561bb10b3662fb2427b8da13c37859ead1fe7af5611a94", kill_on_drop: false }`
[INFO] running `Command { std: "docker" "exec" "-e" "SOURCE_DIR=/opt/rustwide/workdir" "-e" "CARGO_HOME=/opt/rustwide/cargo-home" "-e" "RUSTUP_HOME=/opt/rustwide/rustup-home" "-e" "CARGO_TARGET_DIR=/opt/rustwide/target" "-e" "CARGO_INCREMENTAL=0" "-e" "RUST_BACKTRACE=full" "-e" "RUSTFLAGS=--cap-lints=warn" "-e" "RUSTDOCFLAGS=--cap-lints=warn" "-w" "/opt/rustwide/workdir" "--user" "0:0" "0d53ca9379b6808575561bb10b3662fb2427b8da13c37859ead1fe7af5611a94" "/opt/rustwide/cargo-home/bin/cargo" "+1.100.0-beta.1" "test" "--frozen" "--no-run" "--message-format=json", kill_on_drop: false }`
[INFO] [stderr]    Compiling serde_core v1.0.229
[INFO] [stderr]    Compiling zerocopy v0.8.57
[INFO] [stderr]    Compiling serde v1.0.229
[INFO] [stderr]    Compiling find-msvc-tools v0.1.12
[INFO] [stderr]    Compiling syn v2.0.119
[INFO] [stderr]    Compiling regex-automata v0.4.18
[INFO] [stderr]    Compiling clap_builder v4.6.6
[INFO] [stderr]    Compiling criterion-plot v0.8.2
[INFO] [stderr]    Compiling page_size v0.6.0
[INFO] [stderr]    Compiling rayon v1.12.0
[INFO] [stderr]    Compiling csv-core v0.1.13
[INFO] [stderr]    Compiling cc v1.4.5
[INFO] [stderr]    Compiling alloca v0.4.0
[INFO] [stderr]    Compiling regex v1.13.1
[INFO] [stderr]    Compiling zerocopy-derive v0.8.57
[INFO] [stderr]    Compiling clap v4.6.6
[INFO] [stderr]    Compiling serde_json v1.0.151
[INFO] [stderr]    Compiling csv v1.4.0
[INFO] [stderr]    Compiling sas7bdat v0.9.1 (/opt/rustwide/workdir)
[INFO] [stderr]    Compiling tinytemplate v1.2.1
[INFO] [stderr]    Compiling half v2.7.1
[INFO] [stderr]    Compiling ciborium-ll v0.2.2
[INFO] [stderr]    Compiling ciborium v0.2.2
[INFO] [stderr]    Compiling criterion v0.8.2
[INFO] [stdout] error[E0432]: unresolved import `sas7bdat::discover_fixture_paths`
[INFO] [stdout]    --> tests/fixture_smoke.rs:7:52
[INFO] [stdout]     |
[INFO] [stdout]   7 | use sas7bdat::{BatchHint, Dataset, TrustedOffsets, discover_fixture_paths};
[INFO] [stdout]     |                                                    ^^^^^^^^^^^^^^^^^^^^^^ no `discover_fixture_paths` in the root
[INFO] [stdout]     |
[INFO] [stdout] note: found an item that was configured out
[INFO] [stdout]    --> src/lib.rs:102:38
[INFO] [stdout]     |
[INFO] [stdout]  98 | #[cfg(any(test, feature = "fixture-catalog"))]
[INFO] [stdout]     |          ----------------------------------- the item is gated here
[INFO] [stdout] ...
[INFO] [stdout] 102 |     build_catalog, build_projection, discover_fixture_paths, profile_dataset_with_sample,
[INFO] [stdout]     |                                      ^^^^^^^^^^^^^^^^^^^^^^
[INFO] [stdout] 
[INFO] [stdout] 
[INFO] [stdout] For more information about this error, try `rustc --explain E0432`.
[INFO] [stdout] 
[INFO] [stderr] error: could not compile `sas7bdat` (test "fixture_smoke") due to 1 previous error
[INFO] [stderr] warning: build failed, waiting for other jobs to finish...
[INFO] [stdout] error[E0432]: unresolved import `sas7bdat::discover_fixture_paths`
[INFO] [stdout]    --> examples/common/mod.rs:3:5
[INFO] [stdout]     |
[INFO] [stdout]   3 | use sas7bdat::discover_fixture_paths;
[INFO] [stdout]     |     ^^^^^^^^^^----------------------
[INFO] [stdout]     |               |
[INFO] [stdout]     |               no `discover_fixture_paths` in the root
[INFO] [stdout]     |
[INFO] [stdout] note: found an item that was configured out
[INFO] [stdout]    --> src/lib.rs:102:38
[INFO] [stdout]     |
[INFO] [stdout]  98 | #[cfg(any(test, feature = "fixture-catalog"))]
[INFO] [stdout]     |          ----------------------------------- the item is gated here
[INFO] [stdout] ...
[INFO] [stdout] 102 |     build_catalog, build_projection, discover_fixture_paths, profile_dataset_with_sample,
[INFO] [stdout]     |                                      ^^^^^^^^^^^^^^^^^^^^^^
[INFO] [stdout] 
[INFO] [stdout] 
[INFO] [stdout] error[E0432]: unresolved import `sas7bdat::discover_fixture_paths`
[INFO] [stdout]    --> examples/common/mod.rs:3:5
[INFO] [stdout]     |
[INFO] [stdout]   3 | use sas7bdat::discover_fixture_paths;
[INFO] [stdout]     |     ^^^^^^^^^^----------------------
[INFO] [stdout]     |               |
[INFO] [stdout]     |               no `discover_fixture_paths` in the root
[INFO] [stdout]     |
[INFO] [stdout] note: found an item that was configured out
[INFO] [stdout]    --> src/lib.rs:102:38
[INFO] [stdout]     |
[INFO] [stdout]  98 | #[cfg(any(test, feature = "fixture-catalog"))]
[INFO] [stdout]     |          ----------------------------------- the item is gated here
[INFO] [stdout] ...
[INFO] [stdout] 102 |     build_catalog, build_projection, discover_fixture_paths, profile_dataset_with_sample,
[INFO] [stdout]     |                                      ^^^^^^^^^^^^^^^^^^^^^^
[INFO] [stdout] 
[INFO] [stdout] 
[INFO] [stdout] error[E0432]: unresolved import `sas7bdat::discover_fixture_paths`
[INFO] [stdout]    --> examples/common/mod.rs:3:5
[INFO] [stdout]     |
[INFO] [stdout]   3 | use sas7bdat::discover_fixture_paths;
[INFO] [stdout]     |     ^^^^^^^^^^----------------------
[INFO] [stdout]     |               |
[INFO] [stdout]     |               no `discover_fixture_paths` in the root
[INFO] [stdout]     |
[INFO] [stdout] note: found an item that was configured out
[INFO] [stdout]    --> src/lib.rs:102:38
[INFO] [stdout]     |
[INFO] [stdout]  98 | #[cfg(any(test, feature = "fixture-catalog"))]
[INFO] [stdout]     |          ----------------------------------- the item is gated here
[INFO] [stdout] ...
[INFO] [stdout] 102 |     build_catalog, build_projection, discover_fixture_paths, profile_dataset_with_sample,
[INFO] [stdout]     |                                      ^^^^^^^^^^^^^^^^^^^^^^
[INFO] [stdout] 
[INFO] [stdout] 
[INFO] [stdout] For more information about this error, try `rustc --explain E0432`.
[INFO] [stdout] 
[INFO] [stderr] error: could not compile `sas7bdat` (example "hotpath_typed_batches_target") due to 1 previous error
[INFO] [stdout] For more information about this error, try `rustc --explain E0432`.
[INFO] [stdout] 
[INFO] [stdout] For more information about this error, try `rustc --explain E0432`.
[INFO] [stdout] 
[INFO] [stderr] error: could not compile `sas7bdat` (example "batch_family_stats_target") due to 1 previous error
[INFO] [stderr] error: could not compile `sas7bdat` (example "breakdown") due to 1 previous error
[INFO] running `Command { std: "docker" "inspect" "0d53ca9379b6808575561bb10b3662fb2427b8da13c37859ead1fe7af5611a94", kill_on_drop: false }`
[INFO] running `Command { std: "docker" "rm" "-f" "0d53ca9379b6808575561bb10b3662fb2427b8da13c37859ead1fe7af5611a94", kill_on_drop: false }`
[INFO] [stdout] 0d53ca9379b6808575561bb10b3662fb2427b8da13c37859ead1fe7af5611a94
