[INFO] fetching crate saola-quaint 0.2.0-alpha.14...
[INFO] testing saola-quaint-0.2.0-alpha.14 against 1.100.0-beta.1 for beta-1.100-2
[INFO] extracting crate saola-quaint 0.2.0-alpha.14 into /workspace/builds/worker-5-tc2/source
[INFO] started tweaking crates.io crate saola-quaint 0.2.0-alpha.14
[INFO] finished tweaking crates.io crate saola-quaint 0.2.0-alpha.14
[INFO] tweaked toml for crates.io crate saola-quaint 0.2.0-alpha.14 written to /workspace/builds/worker-5-tc2/source/Cargo.toml
[INFO] validating manifest of crates.io crate saola-quaint 0.2.0-alpha.14 on toolchain 1.100.0-beta.1
[INFO] running `Command { std: CARGO_HOME="/workspace/cargo-home" RUSTUP_HOME="/workspace/rustup-home" "/workspace/cargo-home/bin/cargo" "+1.100.0-beta.1" "metadata" "--manifest-path" "Cargo.toml" "--no-deps", kill_on_drop: false }`
[INFO] crate crates.io crate saola-quaint 0.2.0-alpha.14 already has a lockfile, it will not be regenerated
[INFO] running `Command { std: CARGO_HOME="/workspace/cargo-home" RUSTUP_HOME="/workspace/rustup-home" "/workspace/cargo-home/bin/cargo" "+1.100.0-beta.1" "fetch" "--manifest-path" "Cargo.toml", kill_on_drop: false }`
[INFO] [stderr] warning: `package.homepage` is redundant with `package.repository`
[INFO] [stderr]    --> Cargo.toml:225:12
[INFO] [stderr]     |
[INFO] [stderr] 225 | homepage = "https://github.com/ravi-sivaraaman/prisma"
[INFO] [stderr]     |            ^^^^^^^^^^^^^^^^^^^^^^^^^^^^^^^^^^^^^^^^^^^
[INFO] [stderr] ...
[INFO] [stderr] 230 | repository = "https://github.com/ravi-sivaraaman/prisma"
[INFO] [stderr]     |              -------------------------------------------
[INFO] [stderr]     |
[INFO] [stderr]     = note: `cargo::redundant_homepage` is set to `warn` by default
[INFO] [stderr] help: consider removing `package.homepage`
[INFO] [stderr] warning: `saola-quaint` (manifest) generated 1 warning
[INFO] running `Command { std: "docker" "create" "-v" "/var/lib/crater-agent-workspace/builds/worker-5-tc2/source:/opt/rustwide/workdir:ro,Z" "-v" "/var/lib/crater-agent-workspace/builds/worker-5-tc2/target:/opt/rustwide/target:rw,Z" "-v" "/var/lib/crater-agent-workspace/cargo-home:/opt/rustwide/cargo-home:ro,Z" "-v" "/var/lib/crater-agent-workspace/rustup-home:/opt/rustwide/rustup-home:ro,Z" "-m" "1610612736" "--network" "none" "ghcr.io/rust-lang/crates-build-env/linux@sha256:3111399a4047eeb3a02b7a90e478d715f38a8c6669b5c4b49d30a17385265909" "sleep" "infinity", kill_on_drop: false }`
[INFO] [stdout] 745e058ee020896400daf96fdc79da6168c7a4690f7b59c6a9566ecce206831d
[INFO] running `Command { std: "docker" "start" "745e058ee020896400daf96fdc79da6168c7a4690f7b59c6a9566ecce206831d", kill_on_drop: false }`
[INFO] running `Command { std: "docker" "inspect" "745e058ee020896400daf96fdc79da6168c7a4690f7b59c6a9566ecce206831d", kill_on_drop: false }`
[INFO] running `Command { std: "docker" "exec" "-e" "SOURCE_DIR=/opt/rustwide/workdir" "-e" "CARGO_HOME=/opt/rustwide/cargo-home" "-e" "RUSTUP_HOME=/opt/rustwide/rustup-home" "-e" "CARGO_TARGET_DIR=/opt/rustwide/target" "-w" "/opt/rustwide/workdir" "--user" "0:0" "745e058ee020896400daf96fdc79da6168c7a4690f7b59c6a9566ecce206831d" "/opt/rustwide/cargo-home/bin/cargo" "+1.100.0-beta.1" "metadata" "--no-deps" "--format-version=1", kill_on_drop: false }`
[INFO] running `Command { std: "docker" "inspect" "745e058ee020896400daf96fdc79da6168c7a4690f7b59c6a9566ecce206831d", kill_on_drop: false }`
[INFO] running `Command { std: "docker" "exec" "-e" "SOURCE_DIR=/opt/rustwide/workdir" "-e" "CARGO_HOME=/opt/rustwide/cargo-home" "-e" "RUSTUP_HOME=/opt/rustwide/rustup-home" "-e" "CARGO_TARGET_DIR=/opt/rustwide/target" "-e" "CARGO_INCREMENTAL=0" "-e" "RUST_BACKTRACE=full" "-e" "RUSTFLAGS=--cap-lints=warn" "-e" "RUSTDOCFLAGS=--cap-lints=warn" "-w" "/opt/rustwide/workdir" "--user" "0:0" "745e058ee020896400daf96fdc79da6168c7a4690f7b59c6a9566ecce206831d" "/opt/rustwide/cargo-home/bin/cargo" "+1.100.0-beta.1" "build" "--frozen" "--message-format=json", kill_on_drop: false }`
[INFO] [stderr] warning: `package.homepage` is redundant with `package.repository`
[INFO] [stderr]    --> Cargo.toml:225:12
[INFO] [stderr]     |
[INFO] [stderr] 225 | homepage = "https://github.com/ravi-sivaraaman/prisma"
[INFO] [stderr]     |            ^^^^^^^^^^^^^^^^^^^^^^^^^^^^^^^^^^^^^^^^^^^
[INFO] [stderr] ...
[INFO] [stderr] 230 | repository = "https://github.com/ravi-sivaraaman/prisma"
[INFO] [stderr]     |              -------------------------------------------
[INFO] [stderr]     |
[INFO] [stderr]     = note: `cargo::redundant_homepage` is set to `warn` by default
[INFO] [stderr] help: consider removing `package.homepage`
[INFO] [stderr] warning: `saola-quaint` (manifest) generated 1 warning
[INFO] [stderr]    Compiling smallvec v1.15.1
[INFO] [stderr]    Compiling num-traits v0.2.19
[INFO] [stderr]    Compiling icu_locale_core v2.2.0
[INFO] [stderr]    Compiling futures-sink v0.3.32
[INFO] [stderr]    Compiling futures-core v0.3.32
[INFO] [stderr]    Compiling cc v1.2.59
[INFO] [stderr]    Compiling ahash v0.8.12
[INFO] [stderr]    Compiling aho-corasick v1.1.4
[INFO] [stderr]    Compiling mio v1.2.0
[INFO] [stderr]    Compiling futures-channel v0.3.32
[INFO] [stderr]    Compiling hashbrown v0.14.5
[INFO] [stderr]    Compiling parking_lot_core v0.9.12
[INFO] [stderr]    Compiling futures-util v0.3.32
[INFO] [stderr]    Compiling parking_lot v0.12.5
[INFO] [stderr]    Compiling pin-project-internal v1.1.11
[INFO] [stderr]    Compiling enumflags2_derive v0.7.12
[INFO] [stderr]    Compiling serde_json v1.0.149
[INFO] [stderr]    Compiling tokio v1.51.1
[INFO] [stderr]    Compiling num-integer v0.1.46
[INFO] [stderr]    Compiling chrono v0.4.44
[INFO] [stderr]    Compiling icu_provider v2.2.0
[INFO] [stderr]    Compiling libsqlite3-sys v0.30.1
[INFO] [stderr]    Compiling regex-automata v0.4.14
[INFO] [stderr]    Compiling icu_properties v2.2.0
[INFO] [stderr]    Compiling icu_normalizer v2.2.0
[INFO] [stderr]    Compiling pin-project v1.1.11
[INFO] [stderr]    Compiling num-bigint v0.4.6
[INFO] [stderr]    Compiling idna_adapter v1.2.1
[INFO] [stderr]    Compiling idna v1.1.0
[INFO] [stderr]    Compiling enumflags2 v0.7.12
[INFO] [stderr]    Compiling form_urlencoded v1.2.2
[INFO] [stderr]    Compiling derive_more v0.99.20
[INFO] [stderr]    Compiling saola-quaint v0.2.0-alpha.14 (/opt/rustwide/workdir)
[INFO] [stdout] warning: trailing semicolon in macro used in expression position
[INFO] [stdout]   --> build.rs:4:5
[INFO] [stdout]    |
[INFO] [stdout]  4 | /     cfg_aliases! {
[INFO] [stdout]  5 | |         native: {
[INFO] [stdout]  6 | |             any(
[INFO] [stdout]  7 | |                 feature = "mssql-native",
[INFO] [stdout] ...  |
[INFO] [stdout] 13 | |     }
[INFO] [stdout]    | |_____^
[INFO] [stdout]    |
[INFO] [stdout]    = warning: this was previously accepted by the compiler but is being phased out; it will become a hard error in a future release!
[INFO] [stdout]    = note: for more information, see issue #79813 <https://github.com/rust-lang/rust/issues/79813>
[INFO] [stdout]    = note: `#[warn(semicolon_in_expressions_from_non_local_macros)]` (part of `#[warn(future_incompatible)]`) on by default
[INFO] [stdout]    = note: this warning originates in the macro `$crate::cfg_aliases` which comes from the expansion of the macro `cfg_aliases` (in Nightly builds, run with -Z macro-backtrace for more info)
[INFO] [stdout] 
[INFO] [stdout] 
[INFO] [stdout] warning: trailing semicolon in macro used in expression position
[INFO] [stdout]   --> build.rs:4:5
[INFO] [stdout]    |
[INFO] [stdout]  4 | /     cfg_aliases! {
[INFO] [stdout]  5 | |         native: {
[INFO] [stdout]  6 | |             any(
[INFO] [stdout]  7 | |                 feature = "mssql-native",
[INFO] [stdout] ...  |
[INFO] [stdout] 13 | |     }
[INFO] [stdout]    | |_____^
[INFO] [stdout]    |
[INFO] [stdout]    = warning: this was previously accepted by the compiler but is being phased out; it will become a hard error in a future release!
[INFO] [stdout]    = note: for more information, see issue #79813 <https://github.com/rust-lang/rust/issues/79813>
[INFO] [stdout]    = note: this warning originates in the macro `$crate::cfg_aliases` which comes from the expansion of the macro `cfg_aliases` (in Nightly builds, run with -Z macro-backtrace for more info)
[INFO] [stdout] 
[INFO] [stdout] 
[INFO] [stdout] warning: trailing semicolon in macro used in expression position
[INFO] [stdout]   --> build.rs:4:5
[INFO] [stdout]    |
[INFO] [stdout]  4 | /     cfg_aliases! {
[INFO] [stdout]  5 | |         native: {
[INFO] [stdout]  6 | |             any(
[INFO] [stdout]  7 | |                 feature = "mssql-native",
[INFO] [stdout] ...  |
[INFO] [stdout] 13 | |     }
[INFO] [stdout]    | |_____^
[INFO] [stdout]    |
[INFO] [stdout]    = warning: this was previously accepted by the compiler but is being phased out; it will become a hard error in a future release!
[INFO] [stdout]    = note: for more information, see issue #79813 <https://github.com/rust-lang/rust/issues/79813>
[INFO] [stdout]    = note: this warning originates in the macro `$crate::cfg_aliases` which comes from the expansion of the macro `cfg_aliases` (in Nightly builds, run with -Z macro-backtrace for more info)
[INFO] [stdout] 
[INFO] [stdout] 
[INFO] [stdout] warning: trailing semicolon in macro used in expression position
[INFO] [stdout]   --> build.rs:4:5
[INFO] [stdout]    |
[INFO] [stdout]  4 | /     cfg_aliases! {
[INFO] [stdout]  5 | |         native: {
[INFO] [stdout]  6 | |             any(
[INFO] [stdout]  7 | |                 feature = "mssql-native",
[INFO] [stdout] ...  |
[INFO] [stdout] 13 | |     }
[INFO] [stdout]    | |_____^
[INFO] [stdout]    |
[INFO] [stdout]    = warning: this was previously accepted by the compiler but is being phased out; it will become a hard error in a future release!
[INFO] [stdout]    = note: for more information, see issue #79813 <https://github.com/rust-lang/rust/issues/79813>
[INFO] [stdout]    = note: this warning originates in the macro `$crate::cfg_aliases` which comes from the expansion of the macro `cfg_aliases` (in Nightly builds, run with -Z macro-backtrace for more info)
[INFO] [stdout] 
[INFO] [stdout] 
[INFO] [stdout] warning: trailing semicolon in macro used in expression position
[INFO] [stdout]   --> build.rs:4:5
[INFO] [stdout]    |
[INFO] [stdout]  4 | /     cfg_aliases! {
[INFO] [stdout]  5 | |         native: {
[INFO] [stdout]  6 | |             any(
[INFO] [stdout]  7 | |                 feature = "mssql-native",
[INFO] [stdout] ...  |
[INFO] [stdout] 13 | |     }
[INFO] [stdout]    | |_____^
[INFO] [stdout]    |
[INFO] [stdout]    = warning: this was previously accepted by the compiler but is being phased out; it will become a hard error in a future release!
[INFO] [stdout]    = note: for more information, see issue #79813 <https://github.com/rust-lang/rust/issues/79813>
[INFO] [stdout]    = note: this warning originates in the macro `$crate::cfg_aliases` which comes from the expansion of the macro `cfg_aliases` (in Nightly builds, run with -Z macro-backtrace for more info)
[INFO] [stdout] 
[INFO] [stdout] 
[INFO] [stdout] warning: trailing semicolon in macro used in expression position
[INFO] [stdout]   --> build.rs:4:5
[INFO] [stdout]    |
[INFO] [stdout]  4 | /     cfg_aliases! {
[INFO] [stdout]  5 | |         native: {
[INFO] [stdout]  6 | |             any(
[INFO] [stdout]  7 | |                 feature = "mssql-native",
[INFO] [stdout] ...  |
[INFO] [stdout] 13 | |     }
[INFO] [stdout]    | |_____^
[INFO] [stdout]    |
[INFO] [stdout]    = warning: this was previously accepted by the compiler but is being phased out; it will become a hard error in a future release!
[INFO] [stdout]    = note: for more information, see issue #79813 <https://github.com/rust-lang/rust/issues/79813>
[INFO] [stdout]    = note: this warning originates in the macro `$crate::cfg_aliases` which comes from the expansion of the macro `cfg_aliases` (in Nightly builds, run with -Z macro-backtrace for more info)
[INFO] [stdout] 
[INFO] [stdout] 
[INFO] [stdout] warning: trailing semicolon in macro used in expression position
[INFO] [stdout]   --> build.rs:4:5
[INFO] [stdout]    |
[INFO] [stdout]  4 | /     cfg_aliases! {
[INFO] [stdout]  5 | |         native: {
[INFO] [stdout]  6 | |             any(
[INFO] [stdout]  7 | |                 feature = "mssql-native",
[INFO] [stdout] ...  |
[INFO] [stdout] 13 | |     }
[INFO] [stdout]    | |_____^
[INFO] [stdout]    |
[INFO] [stdout]    = warning: this was previously accepted by the compiler but is being phased out; it will become a hard error in a future release!
[INFO] [stdout]    = note: for more information, see issue #79813 <https://github.com/rust-lang/rust/issues/79813>
[INFO] [stdout]    = note: this warning originates in the macro `$crate::cfg_aliases` which comes from the expansion of the macro `cfg_aliases` (in Nightly builds, run with -Z macro-backtrace for more info)
[INFO] [stdout] 
[INFO] [stdout] 
[INFO] [stdout] warning: trailing semicolon in macro used in expression position
[INFO] [stdout]   --> build.rs:4:5
[INFO] [stdout]    |
[INFO] [stdout]  4 | /     cfg_aliases! {
[INFO] [stdout]  5 | |         native: {
[INFO] [stdout]  6 | |             any(
[INFO] [stdout]  7 | |                 feature = "mssql-native",
[INFO] [stdout] ...  |
[INFO] [stdout] 13 | |     }
[INFO] [stdout]    | |_____^
[INFO] [stdout]    |
[INFO] [stdout]    = warning: this was previously accepted by the compiler but is being phased out; it will become a hard error in a future release!
[INFO] [stdout]    = note: for more information, see issue #79813 <https://github.com/rust-lang/rust/issues/79813>
[INFO] [stdout]    = note: this warning originates in the macro `$crate::cfg_aliases` which comes from the expansion of the macro `cfg_aliases` (in Nightly builds, run with -Z macro-backtrace for more info)
[INFO] [stdout] 
[INFO] [stdout] 
[INFO] [stdout] warning: trailing semicolon in macro used in expression position
[INFO] [stdout]   --> build.rs:4:5
[INFO] [stdout]    |
[INFO] [stdout]  4 | /     cfg_aliases! {
[INFO] [stdout]  5 | |         native: {
[INFO] [stdout]  6 | |             any(
[INFO] [stdout]  7 | |                 feature = "mssql-native",
[INFO] [stdout] ...  |
[INFO] [stdout] 13 | |     }
[INFO] [stdout]    | |_____^
[INFO] [stdout]    |
[INFO] [stdout]    = warning: this was previously accepted by the compiler but is being phased out; it will become a hard error in a future release!
[INFO] [stdout]    = note: for more information, see issue #79813 <https://github.com/rust-lang/rust/issues/79813>
[INFO] [stdout]    = note: this warning originates in the macro `$crate::cfg_aliases` which comes from the expansion of the macro `cfg_aliases` (in Nightly builds, run with -Z macro-backtrace for more info)
[INFO] [stdout] 
[INFO] [stdout] 
[INFO] [stdout] warning: trailing semicolon in macro used in expression position
[INFO] [stdout]   --> build.rs:4:5
[INFO] [stdout]    |
[INFO] [stdout]  4 | /     cfg_aliases! {
[INFO] [stdout]  5 | |         native: {
[INFO] [stdout]  6 | |             any(
[INFO] [stdout]  7 | |                 feature = "mssql-native",
[INFO] [stdout] ...  |
[INFO] [stdout] 13 | |     }
[INFO] [stdout]    | |_____^
[INFO] [stdout]    |
[INFO] [stdout]    = warning: this was previously accepted by the compiler but is being phased out; it will become a hard error in a future release!
[INFO] [stdout]    = note: for more information, see issue #79813 <https://github.com/rust-lang/rust/issues/79813>
[INFO] [stdout]    = note: this warning originates in the macro `$crate::cfg_aliases` which comes from the expansion of the macro `cfg_aliases` (in Nightly builds, run with -Z macro-backtrace for more info)
[INFO] [stdout] 
[INFO] [stdout] 
[INFO] [stdout] warning: trailing semicolon in macro used in expression position
[INFO] [stdout]   --> build.rs:4:5
[INFO] [stdout]    |
[INFO] [stdout]  4 | /     cfg_aliases! {
[INFO] [stdout]  5 | |         native: {
[INFO] [stdout]  6 | |             any(
[INFO] [stdout]  7 | |                 feature = "mssql-native",
[INFO] [stdout] ...  |
[INFO] [stdout] 13 | |     }
[INFO] [stdout]    | |_____^
[INFO] [stdout]    |
[INFO] [stdout]    = warning: this was previously accepted by the compiler but is being phased out; it will become a hard error in a future release!
[INFO] [stdout]    = note: for more information, see issue #79813 <https://github.com/rust-lang/rust/issues/79813>
[INFO] [stdout]    = note: this warning originates in the macro `$crate::cfg_aliases` which comes from the expansion of the macro `cfg_aliases` (in Nightly builds, run with -Z macro-backtrace for more info)
[INFO] [stdout] 
[INFO] [stdout] 
[INFO] [stdout] warning: trailing semicolon in macro used in expression position
[INFO] [stdout]   --> build.rs:4:5
[INFO] [stdout]    |
[INFO] [stdout]  4 | /     cfg_aliases! {
[INFO] [stdout]  5 | |         native: {
[INFO] [stdout]  6 | |             any(
[INFO] [stdout]  7 | |                 feature = "mssql-native",
[INFO] [stdout] ...  |
[INFO] [stdout] 13 | |     }
[INFO] [stdout]    | |_____^
[INFO] [stdout]    |
[INFO] [stdout]    = warning: this was previously accepted by the compiler but is being phased out; it will become a hard error in a future release!
[INFO] [stdout]    = note: for more information, see issue #79813 <https://github.com/rust-lang/rust/issues/79813>
[INFO] [stdout]    = note: this warning originates in the macro `$crate::cfg_aliases` which comes from the expansion of the macro `cfg_aliases` (in Nightly builds, run with -Z macro-backtrace for more info)
[INFO] [stdout] 
[INFO] [stdout] 
[INFO] [stdout] warning: trailing semicolon in macro used in expression position
[INFO] [stdout]   --> build.rs:4:5
[INFO] [stdout]    |
[INFO] [stdout]  4 | /     cfg_aliases! {
[INFO] [stdout]  5 | |         native: {
[INFO] [stdout]  6 | |             any(
[INFO] [stdout]  7 | |                 feature = "mssql-native",
[INFO] [stdout] ...  |
[INFO] [stdout] 13 | |     }
[INFO] [stdout]    | |_____^
[INFO] [stdout]    |
[INFO] [stdout]    = warning: this was previously accepted by the compiler but is being phased out; it will become a hard error in a future release!
[INFO] [stdout]    = note: for more information, see issue #79813 <https://github.com/rust-lang/rust/issues/79813>
[INFO] [stdout]    = note: this warning originates in the macro `$crate::cfg_aliases` which comes from the expansion of the macro `cfg_aliases` (in Nightly builds, run with -Z macro-backtrace for more info)
[INFO] [stdout] 
[INFO] [stdout] 
[INFO] [stdout] warning: trailing semicolon in macro used in expression position
[INFO] [stdout]   --> build.rs:4:5
[INFO] [stdout]    |
[INFO] [stdout]  4 | /     cfg_aliases! {
[INFO] [stdout]  5 | |         native: {
[INFO] [stdout]  6 | |             any(
[INFO] [stdout]  7 | |                 feature = "mssql-native",
[INFO] [stdout] ...  |
[INFO] [stdout] 13 | |     }
[INFO] [stdout]    | |_____^
[INFO] [stdout]    |
[INFO] [stdout]    = warning: this was previously accepted by the compiler but is being phased out; it will become a hard error in a future release!
[INFO] [stdout]    = note: for more information, see issue #79813 <https://github.com/rust-lang/rust/issues/79813>
[INFO] [stdout]    = note: this warning originates in the macro `$crate::cfg_aliases` which comes from the expansion of the macro `cfg_aliases` (in Nightly builds, run with -Z macro-backtrace for more info)
[INFO] [stdout] 
[INFO] [stdout] 
[INFO] [stdout] warning: trailing semicolon in macro used in expression position
[INFO] [stdout]   --> build.rs:4:5
[INFO] [stdout]    |
[INFO] [stdout]  4 | /     cfg_aliases! {
[INFO] [stdout]  5 | |         native: {
[INFO] [stdout]  6 | |             any(
[INFO] [stdout]  7 | |                 feature = "mssql-native",
[INFO] [stdout] ...  |
[INFO] [stdout] 13 | |     }
[INFO] [stdout]    | |_____^
[INFO] [stdout]    |
[INFO] [stdout]    = warning: this was previously accepted by the compiler but is being phased out; it will become a hard error in a future release!
[INFO] [stdout]    = note: for more information, see issue #79813 <https://github.com/rust-lang/rust/issues/79813>
[INFO] [stdout]    = note: this warning originates in the macro `$crate::cfg_aliases` which comes from the expansion of the macro `cfg_aliases` (in Nightly builds, run with -Z macro-backtrace for more info)
[INFO] [stdout] 
[INFO] [stdout] 
[INFO] [stdout] warning: trailing semicolon in macro used in expression position
[INFO] [stdout]   --> build.rs:4:5
[INFO] [stdout]    |
[INFO] [stdout]  4 | /     cfg_aliases! {
[INFO] [stdout]  5 | |         native: {
[INFO] [stdout]  6 | |             any(
[INFO] [stdout]  7 | |                 feature = "mssql-native",
[INFO] [stdout] ...  |
[INFO] [stdout] 13 | |     }
[INFO] [stdout]    | |_____^
[INFO] [stdout]    |
[INFO] [stdout]    = warning: this was previously accepted by the compiler but is being phased out; it will become a hard error in a future release!
[INFO] [stdout]    = note: for more information, see issue #79813 <https://github.com/rust-lang/rust/issues/79813>
[INFO] [stdout]    = note: this warning originates in the macro `$crate::cfg_aliases` which comes from the expansion of the macro `cfg_aliases` (in Nightly builds, run with -Z macro-backtrace for more info)
[INFO] [stdout] 
[INFO] [stdout] 
[INFO] [stderr]    Compiling futures-executor v0.3.32
[INFO] [stderr]    Compiling futures v0.3.32
[INFO] [stderr]    Compiling hashlink v0.9.1
[INFO] [stderr]    Compiling fallible-iterator v0.3.0
[INFO] [stderr]    Compiling fallible-streaming-iterator v0.1.9
[INFO] [stderr]    Compiling bitflags v2.11.0
[INFO] [stderr]    Compiling itertools v0.13.0
[INFO] [stderr]    Compiling bigdecimal v0.3.1
[INFO] [stderr]    Compiling uuid v1.23.0
[INFO] [stderr]    Compiling regex v1.12.3
[INFO] [stderr]    Compiling tracing-futures v0.2.5
[INFO] [stderr]    Compiling url v2.5.8
[INFO] [stderr]    Compiling saola-query-template v0.1.0
[INFO] [stderr]    Compiling num_cpus v1.17.0
[INFO] [stderr]    Compiling concat-idents v1.1.5
[INFO] [stderr]    Compiling connection-string v0.2.0
[INFO] [stderr]    Compiling saola-crosstarget-utils v0.1.0
[INFO] [stderr]    Compiling rusqlite v0.32.1
[INFO] [stderr] warning: unused dependency `concat-idents`
[INFO] [stderr]   --> Cargo.toml:30:15
[INFO] [stderr]    |
[INFO] [stderr] 30 | [dependencies.concat-idents]
[INFO] [stderr]    |               ^^^^^^^^^^^^^^
[INFO] [stderr]    |
[INFO] [stderr]    = note: `cargo::unused_dependencies` is set to `warn` by default
[INFO] [stderr] help: consider removing the dependency on `concat-idents`
[INFO] [stderr] warning: unused dependency `itertools`
[INFO] [stderr]   --> Cargo.toml:56:15
[INFO] [stderr]    |
[INFO] [stderr] 56 | [dependencies.itertools]
[INFO] [stderr]    |               ^^^^^^^^^^
[INFO] [stderr]    |
[INFO] [stderr] help: consider removing the dependency on `itertools`
[INFO] [stderr] warning: unused dependency `num_cpus`
[INFO] [stderr]   --> Cargo.toml:76:15
[INFO] [stderr]    |
[INFO] [stderr] 76 | [dependencies.num_cpus]
[INFO] [stderr]    |               ^^^^^^^^^
[INFO] [stderr]    |
[INFO] [stderr] help: consider removing the dependency on `num_cpus`
[INFO] [stderr] warning: unused dependency `tracing-futures`
[INFO] [stderr]    --> Cargo.toml:157:15
[INFO] [stderr]     |
[INFO] [stderr] 157 | [dependencies.tracing-futures]
[INFO] [stderr]     |               ^^^^^^^^^^^^^^^^
[INFO] [stderr]     |
[INFO] [stderr] help: consider removing the dependency on `tracing-futures`
[INFO] [stderr] warning: `saola-quaint` (manifest) generated 4 warnings
[INFO] [stderr]     Finished `dev` profile [unoptimized + debuginfo] target(s) in 1m 02s
[INFO] [stderr] warning: the following packages contain code that will be rejected by a future version of Rust: saola-quaint v0.2.0-alpha.14 (/opt/rustwide/workdir)
[INFO] [stderr] note: to see what the problems were, use the option `--future-incompat-report`, or run `cargo report future-incompatibilities --id 6`
[INFO] running `Command { std: "docker" "inspect" "745e058ee020896400daf96fdc79da6168c7a4690f7b59c6a9566ecce206831d", kill_on_drop: false }`
[INFO] running `Command { std: "docker" "exec" "-e" "SOURCE_DIR=/opt/rustwide/workdir" "-e" "CARGO_HOME=/opt/rustwide/cargo-home" "-e" "RUSTUP_HOME=/opt/rustwide/rustup-home" "-e" "CARGO_TARGET_DIR=/opt/rustwide/target" "-e" "CARGO_INCREMENTAL=0" "-e" "RUST_BACKTRACE=full" "-e" "RUSTFLAGS=--cap-lints=warn" "-e" "RUSTDOCFLAGS=--cap-lints=warn" "-w" "/opt/rustwide/workdir" "--user" "0:0" "745e058ee020896400daf96fdc79da6168c7a4690f7b59c6a9566ecce206831d" "/opt/rustwide/cargo-home/bin/cargo" "+1.100.0-beta.1" "test" "--frozen" "--no-run" "--message-format=json", kill_on_drop: false }`
[INFO] [stderr] warning: `package.homepage` is redundant with `package.repository`
[INFO] [stderr]    --> Cargo.toml:225:12
[INFO] [stderr]     |
[INFO] [stderr] 225 | homepage = "https://github.com/ravi-sivaraaman/prisma"
[INFO] [stderr]     |            ^^^^^^^^^^^^^^^^^^^^^^^^^^^^^^^^^^^^^^^^^^^
[INFO] [stderr] ...
[INFO] [stderr] 230 | repository = "https://github.com/ravi-sivaraaman/prisma"
[INFO] [stderr]     |              -------------------------------------------
[INFO] [stderr]     |
[INFO] [stderr]     = note: `cargo::redundant_homepage` is set to `warn` by default
[INFO] [stderr] help: consider removing `package.homepage`
[INFO] [stderr] warning: `saola-quaint` (manifest) generated 1 warning
[INFO] [stderr]    Compiling regex-automata v0.4.14
[INFO] [stderr]    Compiling tracing v0.1.44
[INFO] [stdout] warning: trailing semicolon in macro used in expression position
[INFO] [stdout]   --> build.rs:4:5
[INFO] [stdout]    |
[INFO] [stdout]  4 | /     cfg_aliases! {
[INFO] [stdout]  5 | |         native: {
[INFO] [stdout]  6 | |             any(
[INFO] [stdout]  7 | |                 feature = "mssql-native",
[INFO] [stdout] ...  |
[INFO] [stdout] 13 | |     }
[INFO] [stdout]    | |_____^
[INFO] [stdout]    |
[INFO] [stdout]    = warning: this was previously accepted by the compiler but is being phased out; it will become a hard error in a future release!
[INFO] [stdout]    = note: for more information, see issue #79813 <https://github.com/rust-lang/rust/issues/79813>
[INFO] [stdout]    = note: `#[warn(semicolon_in_expressions_from_non_local_macros)]` (part of `#[warn(future_incompatible)]`) on by default
[INFO] [stdout]    = note: this warning originates in the macro `$crate::cfg_aliases` which comes from the expansion of the macro `cfg_aliases` (in Nightly builds, run with -Z macro-backtrace for more info)
[INFO] [stdout] 
[INFO] [stdout] 
[INFO] [stdout] warning: trailing semicolon in macro used in expression position
[INFO] [stdout]   --> build.rs:4:5
[INFO] [stdout]    |
[INFO] [stdout]  4 | /     cfg_aliases! {
[INFO] [stdout]  5 | |         native: {
[INFO] [stdout]  6 | |             any(
[INFO] [stdout]  7 | |                 feature = "mssql-native",
[INFO] [stdout] ...  |
[INFO] [stdout] 13 | |     }
[INFO] [stdout]    | |_____^
[INFO] [stdout]    |
[INFO] [stdout]    = warning: this was previously accepted by the compiler but is being phased out; it will become a hard error in a future release!
[INFO] [stdout]    = note: for more information, see issue #79813 <https://github.com/rust-lang/rust/issues/79813>
[INFO] [stdout]    = note: this warning originates in the macro `$crate::cfg_aliases` which comes from the expansion of the macro `cfg_aliases` (in Nightly builds, run with -Z macro-backtrace for more info)
[INFO] [stdout] 
[INFO] [stdout] 
[INFO] [stdout] warning: trailing semicolon in macro used in expression position
[INFO] [stdout]   --> build.rs:4:5
[INFO] [stdout]    |
[INFO] [stdout]  4 | /     cfg_aliases! {
[INFO] [stdout]  5 | |         native: {
[INFO] [stdout]  6 | |             any(
[INFO] [stdout]  7 | |                 feature = "mssql-native",
[INFO] [stdout] ...  |
[INFO] [stdout] 13 | |     }
[INFO] [stdout]    | |_____^
[INFO] [stdout]    |
[INFO] [stdout]    = warning: this was previously accepted by the compiler but is being phased out; it will become a hard error in a future release!
[INFO] [stdout]    = note: for more information, see issue #79813 <https://github.com/rust-lang/rust/issues/79813>
[INFO] [stdout]    = note: this warning originates in the macro `$crate::cfg_aliases` which comes from the expansion of the macro `cfg_aliases` (in Nightly builds, run with -Z macro-backtrace for more info)
[INFO] [stdout] 
[INFO] [stdout] 
[INFO] [stdout] warning: trailing semicolon in macro used in expression position
[INFO] [stdout]   --> build.rs:4:5
[INFO] [stdout]    |
[INFO] [stdout]  4 | /     cfg_aliases! {
[INFO] [stdout]  5 | |         native: {
[INFO] [stdout]  6 | |             any(
[INFO] [stdout]  7 | |                 feature = "mssql-native",
[INFO] [stdout] ...  |
[INFO] [stdout] 13 | |     }
[INFO] [stdout]    | |_____^
[INFO] [stdout]    |
[INFO] [stdout]    = warning: this was previously accepted by the compiler but is being phased out; it will become a hard error in a future release!
[INFO] [stdout]    = note: for more information, see issue #79813 <https://github.com/rust-lang/rust/issues/79813>
[INFO] [stdout]    = note: this warning originates in the macro `$crate::cfg_aliases` which comes from the expansion of the macro `cfg_aliases` (in Nightly builds, run with -Z macro-backtrace for more info)
[INFO] [stdout] 
[INFO] [stdout] 
[INFO] [stdout] warning: trailing semicolon in macro used in expression position
[INFO] [stdout]   --> build.rs:4:5
[INFO] [stdout]    |
[INFO] [stdout]  4 | /     cfg_aliases! {
[INFO] [stdout]  5 | |         native: {
[INFO] [stdout]  6 | |             any(
[INFO] [stdout]  7 | |                 feature = "mssql-native",
[INFO] [stdout] ...  |
[INFO] [stdout] 13 | |     }
[INFO] [stdout]    | |_____^
[INFO] [stdout]    |
[INFO] [stdout]    = warning: this was previously accepted by the compiler but is being phased out; it will become a hard error in a future release!
[INFO] [stdout]    = note: for more information, see issue #79813 <https://github.com/rust-lang/rust/issues/79813>
[INFO] [stdout]    = note: this warning originates in the macro `$crate::cfg_aliases` which comes from the expansion of the macro `cfg_aliases` (in Nightly builds, run with -Z macro-backtrace for more info)
[INFO] [stdout] 
[INFO] [stdout] 
[INFO] [stdout] warning: trailing semicolon in macro used in expression position
[INFO] [stdout]   --> build.rs:4:5
[INFO] [stdout]    |
[INFO] [stdout]  4 | /     cfg_aliases! {
[INFO] [stdout]  5 | |         native: {
[INFO] [stdout]  6 | |             any(
[INFO] [stdout]  7 | |                 feature = "mssql-native",
[INFO] [stdout] ...  |
[INFO] [stdout] 13 | |     }
[INFO] [stdout]    | |_____^
[INFO] [stdout]    |
[INFO] [stdout]    = warning: this was previously accepted by the compiler but is being phased out; it will become a hard error in a future release!
[INFO] [stdout]    = note: for more information, see issue #79813 <https://github.com/rust-lang/rust/issues/79813>
[INFO] [stdout]    = note: this warning originates in the macro `$crate::cfg_aliases` which comes from the expansion of the macro `cfg_aliases` (in Nightly builds, run with -Z macro-backtrace for more info)
[INFO] [stdout] 
[INFO] [stdout] 
[INFO] [stdout] warning: trailing semicolon in macro used in expression position
[INFO] [stdout]   --> build.rs:4:5
[INFO] [stdout]    |
[INFO] [stdout]  4 | /     cfg_aliases! {
[INFO] [stdout]  5 | |         native: {
[INFO] [stdout]  6 | |             any(
[INFO] [stdout]  7 | |                 feature = "mssql-native",
[INFO] [stdout] ...  |
[INFO] [stdout] 13 | |     }
[INFO] [stdout]    | |_____^
[INFO] [stdout]    |
[INFO] [stdout]    = warning: this was previously accepted by the compiler but is being phased out; it will become a hard error in a future release!
[INFO] [stdout]    = note: for more information, see issue #79813 <https://github.com/rust-lang/rust/issues/79813>
[INFO] [stdout]    = note: this warning originates in the macro `$crate::cfg_aliases` which comes from the expansion of the macro `cfg_aliases` (in Nightly builds, run with -Z macro-backtrace for more info)
[INFO] [stdout] 
[INFO] [stdout] 
[INFO] [stdout] warning: trailing semicolon in macro used in expression position
[INFO] [stdout]   --> build.rs:4:5
[INFO] [stdout]    |
[INFO] [stdout]  4 | /     cfg_aliases! {
[INFO] [stdout]  5 | |         native: {
[INFO] [stdout]  6 | |             any(
[INFO] [stdout]  7 | |                 feature = "mssql-native",
[INFO] [stdout] ...  |
[INFO] [stdout] 13 | |     }
[INFO] [stdout]    | |_____^
[INFO] [stdout]    |
[INFO] [stdout]    = warning: this was previously accepted by the compiler but is being phased out; it will become a hard error in a future release!
[INFO] [stdout]    = note: for more information, see issue #79813 <https://github.com/rust-lang/rust/issues/79813>
[INFO] [stdout]    = note: this warning originates in the macro `$crate::cfg_aliases` which comes from the expansion of the macro `cfg_aliases` (in Nightly builds, run with -Z macro-backtrace for more info)
[INFO] [stdout] 
[INFO] [stdout] 
[INFO] [stdout] warning: trailing semicolon in macro used in expression position
[INFO] [stdout]   --> build.rs:4:5
[INFO] [stdout]    |
[INFO] [stdout]  4 | /     cfg_aliases! {
[INFO] [stdout]  5 | |         native: {
[INFO] [stdout]  6 | |             any(
[INFO] [stdout]  7 | |                 feature = "mssql-native",
[INFO] [stdout] ...  |
[INFO] [stdout] 13 | |     }
[INFO] [stdout]    | |_____^
[INFO] [stdout]    |
[INFO] [stdout]    = warning: this was previously accepted by the compiler but is being phased out; it will become a hard error in a future release!
[INFO] [stdout]    = note: for more information, see issue #79813 <https://github.com/rust-lang/rust/issues/79813>
[INFO] [stdout]    = note: this warning originates in the macro `$crate::cfg_aliases` which comes from the expansion of the macro `cfg_aliases` (in Nightly builds, run with -Z macro-backtrace for more info)
[INFO] [stdout] 
[INFO] [stdout] 
[INFO] [stdout] warning: trailing semicolon in macro used in expression position
[INFO] [stdout]   --> build.rs:4:5
[INFO] [stdout]    |
[INFO] [stdout]  4 | /     cfg_aliases! {
[INFO] [stdout]  5 | |         native: {
[INFO] [stdout]  6 | |             any(
[INFO] [stdout]  7 | |                 feature = "mssql-native",
[INFO] [stdout] ...  |
[INFO] [stdout] 13 | |     }
[INFO] [stdout]    | |_____^
[INFO] [stdout]    |
[INFO] [stdout]    = warning: this was previously accepted by the compiler but is being phased out; it will become a hard error in a future release!
[INFO] [stdout]    = note: for more information, see issue #79813 <https://github.com/rust-lang/rust/issues/79813>
[INFO] [stdout]    = note: this warning originates in the macro `$crate::cfg_aliases` which comes from the expansion of the macro `cfg_aliases` (in Nightly builds, run with -Z macro-backtrace for more info)
[INFO] [stdout] 
[INFO] [stdout] 
[INFO] [stdout] warning: trailing semicolon in macro used in expression position
[INFO] [stdout]   --> build.rs:4:5
[INFO] [stdout]    |
[INFO] [stdout]  4 | /     cfg_aliases! {
[INFO] [stdout]  5 | |         native: {
[INFO] [stdout]  6 | |             any(
[INFO] [stdout]  7 | |                 feature = "mssql-native",
[INFO] [stdout] ...  |
[INFO] [stdout] 13 | |     }
[INFO] [stdout]    | |_____^
[INFO] [stdout]    |
[INFO] [stdout]    = warning: this was previously accepted by the compiler but is being phased out; it will become a hard error in a future release!
[INFO] [stdout]    = note: for more information, see issue #79813 <https://github.com/rust-lang/rust/issues/79813>
[INFO] [stdout]    = note: this warning originates in the macro `$crate::cfg_aliases` which comes from the expansion of the macro `cfg_aliases` (in Nightly builds, run with -Z macro-backtrace for more info)
[INFO] [stdout] 
[INFO] [stdout] 
[INFO] [stdout] warning: trailing semicolon in macro used in expression position
[INFO] [stdout]   --> build.rs:4:5
[INFO] [stdout]    |
[INFO] [stdout]  4 | /     cfg_aliases! {
[INFO] [stdout]  5 | |         native: {
[INFO] [stdout]  6 | |             any(
[INFO] [stdout]  7 | |                 feature = "mssql-native",
[INFO] [stdout] ...  |
[INFO] [stdout] 13 | |     }
[INFO] [stdout]    | |_____^
[INFO] [stdout]    |
[INFO] [stdout]    = warning: this was previously accepted by the compiler but is being phased out; it will become a hard error in a future release!
[INFO] [stdout]    = note: for more information, see issue #79813 <https://github.com/rust-lang/rust/issues/79813>
[INFO] [stdout]    = note: this warning originates in the macro `$crate::cfg_aliases` which comes from the expansion of the macro `cfg_aliases` (in Nightly builds, run with -Z macro-backtrace for more info)
[INFO] [stdout] 
[INFO] [stdout] 
[INFO] [stdout] warning: trailing semicolon in macro used in expression position
[INFO] [stdout]   --> build.rs:4:5
[INFO] [stdout]    |
[INFO] [stdout]  4 | /     cfg_aliases! {
[INFO] [stdout]  5 | |         native: {
[INFO] [stdout]  6 | |             any(
[INFO] [stdout]  7 | |                 feature = "mssql-native",
[INFO] [stdout] ...  |
[INFO] [stdout] 13 | |     }
[INFO] [stdout]    | |_____^
[INFO] [stdout]    |
[INFO] [stdout]    = warning: this was previously accepted by the compiler but is being phased out; it will become a hard error in a future release!
[INFO] [stdout]    = note: for more information, see issue #79813 <https://github.com/rust-lang/rust/issues/79813>
[INFO] [stdout]    = note: this warning originates in the macro `$crate::cfg_aliases` which comes from the expansion of the macro `cfg_aliases` (in Nightly builds, run with -Z macro-backtrace for more info)
[INFO] [stdout] 
[INFO] [stdout] 
[INFO] [stdout] warning: trailing semicolon in macro used in expression position
[INFO] [stdout]   --> build.rs:4:5
[INFO] [stdout]    |
[INFO] [stdout]  4 | /     cfg_aliases! {
[INFO] [stdout]  5 | |         native: {
[INFO] [stdout]  6 | |             any(
[INFO] [stdout]  7 | |                 feature = "mssql-native",
[INFO] [stdout] ...  |
[INFO] [stdout] 13 | |     }
[INFO] [stdout]    | |_____^
[INFO] [stdout]    |
[INFO] [stdout]    = warning: this was previously accepted by the compiler but is being phased out; it will become a hard error in a future release!
[INFO] [stdout]    = note: for more information, see issue #79813 <https://github.com/rust-lang/rust/issues/79813>
[INFO] [stdout]    = note: this warning originates in the macro `$crate::cfg_aliases` which comes from the expansion of the macro `cfg_aliases` (in Nightly builds, run with -Z macro-backtrace for more info)
[INFO] [stdout] 
[INFO] [stdout] 
[INFO] [stdout] warning: trailing semicolon in macro used in expression position
[INFO] [stdout]   --> build.rs:4:5
[INFO] [stdout]    |
[INFO] [stdout]  4 | /     cfg_aliases! {
[INFO] [stdout]  5 | |         native: {
[INFO] [stdout]  6 | |             any(
[INFO] [stdout]  7 | |                 feature = "mssql-native",
[INFO] [stdout] ...  |
[INFO] [stdout] 13 | |     }
[INFO] [stdout]    | |_____^
[INFO] [stdout]    |
[INFO] [stdout]    = warning: this was previously accepted by the compiler but is being phased out; it will become a hard error in a future release!
[INFO] [stdout]    = note: for more information, see issue #79813 <https://github.com/rust-lang/rust/issues/79813>
[INFO] [stdout]    = note: this warning originates in the macro `$crate::cfg_aliases` which comes from the expansion of the macro `cfg_aliases` (in Nightly builds, run with -Z macro-backtrace for more info)
[INFO] [stdout] 
[INFO] [stdout] 
[INFO] [stdout] warning: trailing semicolon in macro used in expression position
[INFO] [stdout]   --> build.rs:4:5
[INFO] [stdout]    |
[INFO] [stdout]  4 | /     cfg_aliases! {
[INFO] [stdout]  5 | |         native: {
[INFO] [stdout]  6 | |             any(
[INFO] [stdout]  7 | |                 feature = "mssql-native",
[INFO] [stdout] ...  |
[INFO] [stdout] 13 | |     }
[INFO] [stdout]    | |_____^
[INFO] [stdout]    |
[INFO] [stdout]    = warning: this was previously accepted by the compiler but is being phased out; it will become a hard error in a future release!
[INFO] [stdout]    = note: for more information, see issue #79813 <https://github.com/rust-lang/rust/issues/79813>
[INFO] [stdout]    = note: this warning originates in the macro `$crate::cfg_aliases` which comes from the expansion of the macro `cfg_aliases` (in Nightly builds, run with -Z macro-backtrace for more info)
[INFO] [stdout] 
[INFO] [stdout] 
[INFO] [stderr]    Compiling tracing-log v0.2.0
[INFO] [stderr]    Compiling rand v0.4.6
[INFO] [stderr]    Compiling thread_local v1.1.9
[INFO] [stderr]    Compiling names v0.11.0
[INFO] [stderr]    Compiling tracing-test-macro v0.2.6
[INFO] [stderr]    Compiling dissimilar v1.0.11
[INFO] [stderr]    Compiling tracing-futures v0.2.5
[INFO] [stderr]    Compiling expect-test v1.5.1
[INFO] [stderr]    Compiling indoc v2.0.7
[INFO] [stderr]    Compiling rand v0.3.23
[INFO] [stderr]    Compiling regex v1.12.3
[INFO] [stderr]    Compiling matchers v0.2.0
[INFO] [stderr]    Compiling tracing-subscriber v0.3.23
[INFO] [stderr]    Compiling saola-crosstarget-utils v0.1.0
[INFO] [stderr]    Compiling saola-quaint v0.2.0-alpha.14 (/opt/rustwide/workdir)
[INFO] [stderr]    Compiling tracing-test v0.2.6
[INFO] [stdout] error[E0432]: unresolved import `quaint_test_setup`
[INFO] [stdout]  --> src/tests/test_api.rs:1:5
[INFO] [stdout]   |
[INFO] [stdout] 1 | use quaint_test_setup::Tags;
[INFO] [stdout]   |     ^^^^^^^^^^^^^^^^^ use of unresolved module or unlinked crate `quaint_test_setup`
[INFO] [stdout]   |
[INFO] [stdout]   = help: if you wanted to use a crate named `quaint_test_setup`, use `cargo add quaint_test_setup` to add it to your `Cargo.toml`
[INFO] [stdout] 
[INFO] [stdout] 
[INFO] [stdout] error[E0432]: unresolved import `quaint_test_setup`
[INFO] [stdout]  --> src/tests/test_api/sqlite.rs:4:5
[INFO] [stdout]   |
[INFO] [stdout] 4 | use quaint_test_setup::Tags;
[INFO] [stdout]   |     ^^^^^^^^^^^^^^^^^ use of unresolved module or unlinked crate `quaint_test_setup`
[INFO] [stdout]   |
[INFO] [stdout]   = help: if you wanted to use a crate named `quaint_test_setup`, use `cargo add quaint_test_setup` to add it to your `Cargo.toml`
[INFO] [stdout] 
[INFO] [stdout] 
[INFO] [stdout] error[E0432]: unresolved import `quaint_test_macros`
[INFO] [stdout]  --> src/tests/query/error.rs:6:5
[INFO] [stdout]   |
[INFO] [stdout] 6 | use quaint_test_macros::test_each_connector;
[INFO] [stdout]   |     ^^^^^^^^^^^^^^^^^^ use of unresolved module or unlinked crate `quaint_test_macros`
[INFO] [stdout]   |
[INFO] [stdout]   = help: if you wanted to use a crate named `quaint_test_macros`, use `cargo add quaint_test_macros` to add it to your `Cargo.toml`
[INFO] [stdout] 
[INFO] [stdout] 
[INFO] [stdout] error[E0432]: unresolved import `quaint_test_macros`
[INFO] [stdout]   --> src/tests/query.rs:11:5
[INFO] [stdout]    |
[INFO] [stdout] 11 | use quaint_test_macros::test_each_connector;
[INFO] [stdout]    |     ^^^^^^^^^^^^^^^^^^ use of unresolved module or unlinked crate `quaint_test_macros`
[INFO] [stdout]    |
[INFO] [stdout]    = help: if you wanted to use a crate named `quaint_test_macros`, use `cargo add quaint_test_macros` to add it to your `Cargo.toml`
[INFO] [stdout] 
[INFO] [stdout] 
[INFO] [stdout] error[E0432]: unresolved import `quaint_test_setup`
[INFO] [stdout]   --> src/tests/query.rs:12:5
[INFO] [stdout]    |
[INFO] [stdout] 12 | use quaint_test_setup::Tags;
[INFO] [stdout]    |     ^^^^^^^^^^^^^^^^^ use of unresolved module or unlinked crate `quaint_test_setup`
[INFO] [stdout]    |
[INFO] [stdout]    = help: if you wanted to use a crate named `quaint_test_setup`, use `cargo add quaint_test_setup` to add it to your `Cargo.toml`
[INFO] [stdout] 
[INFO] [stdout] 
[INFO] [stdout] error[E0432]: unresolved import `quaint_test_macros`
[INFO] [stdout]  --> src/tests/upsert.rs:3:5
[INFO] [stdout]   |
[INFO] [stdout] 3 | use quaint_test_macros::test_each_connector;
[INFO] [stdout]   |     ^^^^^^^^^^^^^^^^^^ use of unresolved module or unlinked crate `quaint_test_macros`
[INFO] [stdout]   |
[INFO] [stdout]   = help: if you wanted to use a crate named `quaint_test_macros`, use `cargo add quaint_test_macros` to add it to your `Cargo.toml`
[INFO] [stdout] 
[INFO] [stdout] 
[INFO] [stdout] error[E0433]: cannot find module or crate `quaint_test_macros` in this scope
[INFO] [stdout]    --> src/tests/types/sqlite.rs:122:3
[INFO] [stdout]     |
[INFO] [stdout] 122 | #[quaint_test_macros::test_each_connector(tags("sqlite"))]
[INFO] [stdout]     |   ^^^^^^^^^^^^^^^^^^ use of unresolved module or unlinked crate `quaint_test_macros`
[INFO] [stdout] 
[INFO] [stdout] 
[INFO] [stdout] error[E0433]: cannot find module or crate `quaint_test_macros` in this scope
[INFO] [stdout]    --> src/tests/types/sqlite.rs:143:3
[INFO] [stdout]     |
[INFO] [stdout] 143 | #[quaint_test_macros::test_each_connector(tags("sqlite"))]
[INFO] [stdout]     |   ^^^^^^^^^^^^^^^^^^ use of unresolved module or unlinked crate `quaint_test_macros`
[INFO] [stdout] 
[INFO] [stdout] 
[INFO] [stdout] error[E0433]: cannot find module or crate `quaint_test_macros` in this scope
[INFO] [stdout]    --> src/tests/types/sqlite.rs:167:3
[INFO] [stdout]     |
[INFO] [stdout] 167 | #[quaint_test_macros::test_each_connector(tags("sqlite"))]
[INFO] [stdout]     |   ^^^^^^^^^^^^^^^^^^ use of unresolved module or unlinked crate `quaint_test_macros`
[INFO] [stdout] 
[INFO] [stdout] 
[INFO] [stdout] error[E0433]: cannot find module or crate `quaint_test_macros` in this scope
[INFO] [stdout]    --> src/tests/types/sqlite.rs:191:3
[INFO] [stdout]     |
[INFO] [stdout] 191 | #[quaint_test_macros::test_each_connector(tags("sqlite"))]
[INFO] [stdout]     |   ^^^^^^^^^^^^^^^^^^ use of unresolved module or unlinked crate `quaint_test_macros`
[INFO] [stdout] 
[INFO] [stdout] 
[INFO] [stdout] error[E0433]: cannot find `pooled` in the crate root
[INFO] [stdout]    --> src/tests/test_api/sqlite.rs:86:51
[INFO] [stdout]     |
[INFO] [stdout]  86 |     fn create_pool(&self) -> crate::Result<crate::pooled::Quaint> {
[INFO] [stdout]     |                                                   ^^^^^^ could not find `pooled` in the crate root
[INFO] [stdout]     |
[INFO] [stdout] note: found an item that was configured out
[INFO] [stdout]    --> src/lib.rs:123:9
[INFO] [stdout]     |
[INFO] [stdout] 122 | #[cfg(feature = "pooled")]
[INFO] [stdout]     |       ------------------ the item is gated behind the `pooled` feature
[INFO] [stdout] 123 | pub mod pooled;
[INFO] [stdout]     |         ^^^^^^
[INFO] [stdout] 
[INFO] [stdout] 
[INFO] [stdout] error[E0433]: cannot find `pooled` in the crate root
[INFO] [stdout]    --> src/tests/test_api.rs:38:51
[INFO] [stdout]     |
[INFO] [stdout]  38 |     fn create_pool(&self) -> crate::Result<crate::pooled::Quaint>;
[INFO] [stdout]     |                                                   ^^^^^^ could not find `pooled` in the crate root
[INFO] [stdout]     |
[INFO] [stdout] note: found an item that was configured out
[INFO] [stdout]    --> src/lib.rs:123:9
[INFO] [stdout]     |
[INFO] [stdout] 122 | #[cfg(feature = "pooled")]
[INFO] [stdout]     |       ------------------ the item is gated behind the `pooled` feature
[INFO] [stdout] 123 | pub mod pooled;
[INFO] [stdout]     |         ^^^^^^
[INFO] [stdout] 
[INFO] [stdout] 
[INFO] [stdout] error[E0433]: cannot find `pooled` in the crate root
[INFO] [stdout]    --> src/tests/test_api/sqlite.rs:87:19
[INFO] [stdout]     |
[INFO] [stdout]  87 |         Ok(crate::pooled::Quaint::builder(CONN_STR)?.build())
[INFO] [stdout]     |                   ^^^^^^ could not find `pooled` in the crate root
[INFO] [stdout]     |
[INFO] [stdout] note: found an item that was configured out
[INFO] [stdout]    --> src/lib.rs:123:9
[INFO] [stdout]     |
[INFO] [stdout] 122 | #[cfg(feature = "pooled")]
[INFO] [stdout]     |       ------------------ the item is gated behind the `pooled` feature
[INFO] [stdout] 123 | pub mod pooled;
[INFO] [stdout]     |         ^^^^^^
[INFO] [stdout] help: consider importing this struct
[INFO] [stdout]     |
[INFO] [stdout]   1 + use crate::single::Quaint;
[INFO] [stdout]     |
[INFO] [stdout] help: if you import `Quaint`, refer to it directly
[INFO] [stdout]     |
[INFO] [stdout]  87 -         Ok(crate::pooled::Quaint::builder(CONN_STR)?.build())
[INFO] [stdout]  87 +         Ok(Quaint::builder(CONN_STR)?.build())
[INFO] [stdout]     |
[INFO] [stdout] 
[INFO] [stdout] 
[INFO] [stdout] warning: unused import: `val`
[INFO] [stdout]    --> src/visitor/sqlite.rs:573:17
[INFO] [stdout]     |
[INFO] [stdout] 573 |     use crate::{val, visitor::*};
[INFO] [stdout]     |                 ^^^
[INFO] [stdout]     |
[INFO] [stdout]     = note: `#[warn(unused_imports)]` (part of `#[warn(unused)]`) on by default
[INFO] [stdout] 
[INFO] [stdout] 
[INFO] [stdout] warning: unused import: `crate::values`
[INFO] [stdout]    --> src/visitor/sqlite.rs:636:13
[INFO] [stdout]     |
[INFO] [stdout] 636 |         use crate::values;
[INFO] [stdout]     |             ^^^^^^^^^^^^^
[INFO] [stdout] 
[INFO] [stdout] 
[INFO] [stdout] warning: unused imports: `col` and `values`
[INFO] [stdout]    --> src/visitor/sqlite.rs:652:21
[INFO] [stdout]     |
[INFO] [stdout] 652 |         use crate::{col, values};
[INFO] [stdout]     |                     ^^^  ^^^^^^
[INFO] [stdout] 
[INFO] [stdout] 
[INFO] [stdout] error[E0433]: cannot find type `Postgres` in this scope
[INFO] [stdout]     --> src/visitor/sqlite.rs:1176:29
[INFO] [stdout]      |
[INFO] [stdout] 1176 |         let (sql, params) = Postgres::build(query.returning(vec!["foo"])).unwrap();
[INFO] [stdout]      |                             ^^^^^^^^ use of undeclared type `Postgres`
[INFO] [stdout] 
[INFO] [stdout] 
[INFO] [stdout] error[E0433]: cannot find module or crate `quaint_test_setup` in this scope
[INFO] [stdout]    --> src/tests/test_api/sqlite.rs:106:32
[INFO] [stdout]     |
[INFO] [stdout] 106 |     fn connector_tag(&self) -> quaint_test_setup::Tags {
[INFO] [stdout]     |                                ^^^^^^^^^^^^^^^^^ use of unresolved module or unlinked crate `quaint_test_setup`
[INFO] [stdout]     |
[INFO] [stdout]     = help: if you wanted to use a crate named `quaint_test_setup`, use `cargo add quaint_test_setup` to add it to your `Cargo.toml`
[INFO] [stdout] 
[INFO] [stdout] 
[INFO] [stdout] Some errors have detailed explanations: E0432, E0433.
[INFO] [stdout] 
[INFO] [stdout] For more information about an error, try `rustc --explain E0432`.
[INFO] [stdout] 
[INFO] [stderr] error: could not compile `saola-quaint` (lib test) due to 15 previous errors; 3 warnings emitted
[INFO] [stderr] warning: unused dependency `concat-idents`
[INFO] [stderr]   --> Cargo.toml:30:15
[INFO] [stderr]    |
[INFO] [stderr] 30 | [dependencies.concat-idents]
[INFO] [stderr]    |               ^^^^^^^^^^^^^^
[INFO] [stderr]    |
[INFO] [stderr]    = note: `cargo::unused_dependencies` is set to `warn` by default
[INFO] [stderr] help: consider removing the dependency on `concat-idents`
[INFO] [stderr] warning: unused dependency `itertools`
[INFO] [stderr]   --> Cargo.toml:56:15
[INFO] [stderr]    |
[INFO] [stderr] 56 | [dependencies.itertools]
[INFO] [stderr]    |               ^^^^^^^^^^
[INFO] [stderr]    |
[INFO] [stderr] help: consider removing the dependency on `itertools`
[INFO] [stderr] warning: unused dependency `num_cpus`
[INFO] [stderr]   --> Cargo.toml:76:15
[INFO] [stderr]    |
[INFO] [stderr] 76 | [dependencies.num_cpus]
[INFO] [stderr]    |               ^^^^^^^^^
[INFO] [stderr]    |
[INFO] [stderr] help: consider removing the dependency on `num_cpus`
[INFO] [stderr] warning: unused dependency `tracing-futures`
[INFO] [stderr]    --> Cargo.toml:157:15
[INFO] [stderr]     |
[INFO] [stderr] 157 | [dependencies.tracing-futures]
[INFO] [stderr]     |               ^^^^^^^^^^^^^^^^
[INFO] [stderr]     |
[INFO] [stderr] help: consider removing the dependency on `tracing-futures`
[INFO] [stderr] warning: `saola-quaint` (manifest) generated 4 warnings
[INFO] running `Command { std: "docker" "inspect" "745e058ee020896400daf96fdc79da6168c7a4690f7b59c6a9566ecce206831d", kill_on_drop: false }`
[INFO] running `Command { std: "docker" "rm" "-f" "745e058ee020896400daf96fdc79da6168c7a4690f7b59c6a9566ecce206831d", kill_on_drop: false }`
[INFO] [stdout] 745e058ee020896400daf96fdc79da6168c7a4690f7b59c6a9566ecce206831d
