[INFO] fetching crate salvo-oapi-macros 1.0.0...
[INFO] testing salvo-oapi-macros-1.0.0 against 1.99.0-beta.8 for beta-1.100-2
[INFO] extracting crate salvo-oapi-macros 1.0.0 into /workspace/builds/worker-7-tc1/source
[INFO] started tweaking crates.io crate salvo-oapi-macros 1.0.0
[INFO] removed 0 missing tests
[INFO] finished tweaking crates.io crate salvo-oapi-macros 1.0.0
[INFO] tweaked toml for crates.io crate salvo-oapi-macros 1.0.0 written to /workspace/builds/worker-7-tc1/source/Cargo.toml
[INFO] validating manifest of crates.io crate salvo-oapi-macros 1.0.0 on toolchain 1.99.0-beta.8
[INFO] running `Command { std: CARGO_HOME="/workspace/cargo-home" RUSTUP_HOME="/workspace/rustup-home" "/workspace/cargo-home/bin/cargo" "+1.99.0-beta.8" "metadata" "--manifest-path" "Cargo.toml" "--no-deps", kill_on_drop: false }`
[INFO] crate crates.io crate salvo-oapi-macros 1.0.0 already has a lockfile, it will not be regenerated
[INFO] running `Command { std: CARGO_HOME="/workspace/cargo-home" RUSTUP_HOME="/workspace/rustup-home" "/workspace/cargo-home/bin/cargo" "+1.99.0-beta.8" "fetch" "--manifest-path" "Cargo.toml", kill_on_drop: false }`
[INFO] [stderr]     Updating crates.io index
[INFO] [stderr]  Downloading crates ...
[INFO] [stderr]   Downloaded darling_macro v0.24.1
[INFO] [stderr]   Downloaded salvo-serde-util v1.0.0
[INFO] [stderr]   Downloaded ref-cast-impl v1.0.27
[INFO] [stderr]   Downloaded jiff-static v0.2.37
[INFO] [stderr]   Downloaded salvo_macros v1.0.0
[INFO] [stderr]   Downloaded content_inspector v0.2.4
[INFO] [stderr]   Downloaded ref-cast v1.0.27
[INFO] [stderr]   Downloaded serde_with_macros v3.23.0
[INFO] [stderr]   Downloaded multiversion-macros v0.9.0
[INFO] [stderr]   Downloaded multiversion v0.9.0
[INFO] [stderr]   Downloaded defmt-macros v1.1.1
[INFO] [stderr]   Downloaded multra v1.1.0
[INFO] [stderr]   Downloaded mime-infer v4.0.1
[INFO] [stderr]   Downloaded find-msvc-tools v0.1.13
[INFO] [stderr]   Downloaded darling v0.24.1
[INFO] [stderr]   Downloaded defmt v1.1.1
[INFO] [stderr]   Downloaded portable-atomic-util v0.2.8
[INFO] [stderr]   Downloaded jiff-tzdb v0.1.8
[INFO] [stderr]   Downloaded serde_with v3.23.0
[INFO] [stderr]   Downloaded xml v1.4.0
[INFO] [stderr]   Downloaded chardetng v1.0.0
[INFO] [stderr]   Downloaded darling_core v0.24.1
[INFO] [stderr]   Downloaded cc v1.4.7
[INFO] [stderr]   Downloaded jiff-core v0.1.1
[INFO] [stderr]   Downloaded serde-xml-rs v0.8.2
[INFO] [stderr]   Downloaded compact_str v0.10.0
[INFO] [stderr]   Downloaded salvo_core v1.0.0
[INFO] [stderr]   Downloaded encoding_rs v0.8.41
[INFO] [stderr]   Downloaded jiff v0.2.37
[INFO] running `Command { std: "docker" "create" "-v" "/var/lib/crater-agent-workspace/builds/worker-7-tc1/source:/opt/rustwide/workdir:ro,Z" "-v" "/var/lib/crater-agent-workspace/builds/worker-7-tc1/target:/opt/rustwide/target:rw,Z" "-v" "/var/lib/crater-agent-workspace/cargo-home:/opt/rustwide/cargo-home:ro,Z" "-v" "/var/lib/crater-agent-workspace/rustup-home:/opt/rustwide/rustup-home:ro,Z" "-m" "1610612736" "--network" "none" "ghcr.io/rust-lang/crates-build-env/linux@sha256:3111399a4047eeb3a02b7a90e478d715f38a8c6669b5c4b49d30a17385265909" "sleep" "infinity", kill_on_drop: false }`
[INFO] [stdout] 4f73768f21711e5dd8c4865f417a3120acaf0bc0c17846443c7026af9a52448f
[INFO] running `Command { std: "docker" "start" "4f73768f21711e5dd8c4865f417a3120acaf0bc0c17846443c7026af9a52448f", kill_on_drop: false }`
[INFO] running `Command { std: "docker" "inspect" "4f73768f21711e5dd8c4865f417a3120acaf0bc0c17846443c7026af9a52448f", kill_on_drop: false }`
[INFO] running `Command { std: "docker" "exec" "-e" "SOURCE_DIR=/opt/rustwide/workdir" "-e" "CARGO_HOME=/opt/rustwide/cargo-home" "-e" "RUSTUP_HOME=/opt/rustwide/rustup-home" "-e" "CARGO_TARGET_DIR=/opt/rustwide/target" "-w" "/opt/rustwide/workdir" "--user" "0:0" "4f73768f21711e5dd8c4865f417a3120acaf0bc0c17846443c7026af9a52448f" "/opt/rustwide/cargo-home/bin/cargo" "+1.99.0-beta.8" "metadata" "--no-deps" "--format-version=1", kill_on_drop: false }`
[INFO] running `Command { std: "docker" "inspect" "4f73768f21711e5dd8c4865f417a3120acaf0bc0c17846443c7026af9a52448f", kill_on_drop: false }`
[INFO] running `Command { std: "docker" "exec" "-e" "SOURCE_DIR=/opt/rustwide/workdir" "-e" "CARGO_HOME=/opt/rustwide/cargo-home" "-e" "RUSTUP_HOME=/opt/rustwide/rustup-home" "-e" "CARGO_TARGET_DIR=/opt/rustwide/target" "-e" "CARGO_INCREMENTAL=0" "-e" "RUST_BACKTRACE=full" "-e" "RUSTFLAGS=--cap-lints=warn" "-e" "RUSTDOCFLAGS=--cap-lints=warn" "-w" "/opt/rustwide/workdir" "--user" "0:0" "4f73768f21711e5dd8c4865f417a3120acaf0bc0c17846443c7026af9a52448f" "/opt/rustwide/cargo-home/bin/cargo" "+1.99.0-beta.8" "build" "--frozen" "--message-format=json", kill_on_drop: false }`
[INFO] [stderr]    Compiling itoa v1.0.18
[INFO] [stderr]    Compiling pin-project-lite v0.2.17
[INFO] [stderr]    Compiling memchr v2.8.3
[INFO] [stderr]    Compiling futures-core v0.3.34
[INFO] [stderr]    Compiling libc v0.2.189
[INFO] [stderr]    Compiling slab v0.4.12
[INFO] [stderr]    Compiling scopeguard v1.2.0
[INFO] [stderr]    Compiling syn v3.0.6
[INFO] [stderr]    Compiling syn v2.0.119
[INFO] [stderr]    Compiling generic-array v0.14.7
[INFO] [stderr]    Compiling tracing-core v0.1.36
[INFO] [stderr]    Compiling httparse v1.10.1
[INFO] [stderr]    Compiling smallvec v1.16.1
[INFO] [stderr]    Compiling rand_core v0.10.1
[INFO] [stderr]    Compiling encoding_rs v0.8.41
[INFO] [stderr]    Compiling futures-sink v0.3.34
[INFO] [stderr]    Compiling http v1.5.0
[INFO] [stderr]    Compiling getrandom v0.4.3
[INFO] [stderr]    Compiling serde v1.0.229
[INFO] [stderr]    Compiling atomic-waker v1.1.2
[INFO] [stderr]    Compiling try-lock v0.2.5
[INFO] [stderr]    Compiling httpdate v1.0.3
[INFO] [stderr]    Compiling core_detect v1.0.0
[INFO] [stderr]    Compiling simdutf8 v0.1.5
[INFO] [stderr]    Compiling unicase v2.9.0
[INFO] [stderr]    Compiling mime v0.3.17
[INFO] [stderr]    Compiling toml_edit v0.25.15+spec-1.1.0
[INFO] [stderr]    Compiling parking_lot_core v0.9.12
[INFO] [stderr]    Compiling want v0.3.1
[INFO] [stderr]    Compiling zmij v1.0.23
[INFO] [stderr]    Compiling mime-infer v4.0.1
[INFO] [stderr]    Compiling futures-channel v0.3.34
[INFO] [stderr]    Compiling thiserror v2.0.21
[INFO] [stderr]    Compiling cpufeatures v0.3.1
[INFO] [stderr]    Compiling futures-io v0.3.34
[INFO] [stderr]    Compiling futures-task v0.3.34
[INFO] [stderr]    Compiling cpufeatures v0.2.17
[INFO] [stderr]    Compiling serde_json v1.0.151
[INFO] [stderr]    Compiling chacha20 v0.10.2
[INFO] [stderr]    Compiling lock_api v0.4.14
[INFO] [stderr]    Compiling xml v1.4.0
[INFO] [stderr]    Compiling base64 v0.22.1
[INFO] [stderr]    Compiling percent-encoding v2.3.2
[INFO] [stderr]    Compiling sync_wrapper v1.0.2
[INFO] [stderr]    Compiling base64 v0.23.1
[INFO] [stderr]    Compiling aho-corasick v1.1.5
[INFO] [stderr]    Compiling futures-util v0.3.34
[INFO] [stderr]    Compiling content_inspector v0.2.4
[INFO] [stderr]    Compiling block-buffer v0.10.4
[INFO] [stderr]    Compiling crypto-common v0.1.7
[INFO] [stderr]    Compiling form_urlencoded v1.2.2
[INFO] [stderr]    Compiling digest v0.10.7
[INFO] [stderr]    Compiling proc-macro-crate v3.5.0
[INFO] [stderr]    Compiling http-body v1.1.0
[INFO] [stderr]    Compiling headers-core v0.3.0
[INFO] [stderr]    Compiling http-body-util v0.1.5
[INFO] [stderr]    Compiling sha1 v0.10.7
[INFO] [stderr]    Compiling socket2 v0.6.5
[INFO] [stderr]    Compiling mio v1.2.3
[INFO] [stderr]    Compiling headers v0.4.1
[INFO] [stderr]    Compiling regex-automata v0.4.18
[INFO] [stderr]    Compiling tempfile v3.27.0
[INFO] [stderr]    Compiling rand v0.10.3
[INFO] [stderr]    Compiling parking_lot v0.12.5
[INFO] [stderr]    Compiling regex v1.13.1
[INFO] [stderr]    Compiling tracing-attributes v0.1.31
[INFO] [stderr]    Compiling pin-project-internal v1.1.13
[INFO] [stderr]    Compiling enumflags2_derive v0.7.12
[INFO] [stderr]    Compiling salvo-serde-util v1.0.0
[INFO] [stderr]    Compiling pin-project v1.1.13
[INFO] [stderr]    Compiling enumflags2 v0.7.12
[INFO] [stderr]    Compiling tokio-macros v2.7.2
[INFO] [stderr]    Compiling multiversion-macros v0.9.0
[INFO] [stderr]    Compiling serde_derive v1.0.229
[INFO] [stderr]    Compiling thiserror-impl v2.0.21
[INFO] [stderr]    Compiling async-trait v0.1.92
[INFO] [stderr]    Compiling salvo_macros v1.0.0
[INFO] [stderr]    Compiling tracing v0.1.44
[INFO] [stderr]    Compiling tokio v1.53.1
[INFO] [stderr]    Compiling multiversion v0.9.0
[INFO] [stderr]    Compiling multra v1.1.0
[INFO] [stderr]    Compiling chardetng v1.0.0
[INFO] [stderr]    Compiling serde-xml-rs v0.8.2
[INFO] [stderr]    Compiling multimap v0.10.1
[INFO] [stderr]    Compiling tokio-util v0.7.19
[INFO] [stderr]    Compiling h2 v0.4.19
[INFO] [stderr]    Compiling hyper v1.11.1
[INFO] [stderr]    Compiling hyper-util v0.1.20
[INFO] [stderr]    Compiling salvo_core v1.0.0
[INFO] [stderr]    Compiling salvo-oapi-macros v1.0.0 (/opt/rustwide/workdir)
[INFO] [stderr]     Finished `dev` profile [unoptimized + debuginfo] target(s) in 48.28s
[INFO] running `Command { std: "docker" "inspect" "4f73768f21711e5dd8c4865f417a3120acaf0bc0c17846443c7026af9a52448f", kill_on_drop: false }`
[INFO] running `Command { std: "docker" "exec" "-e" "SOURCE_DIR=/opt/rustwide/workdir" "-e" "CARGO_HOME=/opt/rustwide/cargo-home" "-e" "RUSTUP_HOME=/opt/rustwide/rustup-home" "-e" "CARGO_TARGET_DIR=/opt/rustwide/target" "-e" "CARGO_INCREMENTAL=0" "-e" "RUST_BACKTRACE=full" "-e" "RUSTFLAGS=--cap-lints=warn" "-e" "RUSTDOCFLAGS=--cap-lints=warn" "-w" "/opt/rustwide/workdir" "--user" "0:0" "4f73768f21711e5dd8c4865f417a3120acaf0bc0c17846443c7026af9a52448f" "/opt/rustwide/cargo-home/bin/cargo" "+1.99.0-beta.8" "test" "--frozen" "--no-run" "--message-format=json", kill_on_drop: false }`
[INFO] [stderr]    Compiling proc-macro2 v1.0.107
[INFO] [stderr]    Compiling quote v1.0.47
[INFO] [stderr]    Compiling serde_core v1.0.229
[INFO] [stderr]    Compiling serde v1.0.229
[INFO] [stderr]    Compiling http v1.5.0
[INFO] [stderr]    Compiling winnow v1.0.4
[INFO] [stderr]    Compiling smallvec v1.16.1
[INFO] [stderr]    Compiling toml_datetime v1.1.1+spec-1.1.0
[INFO] [stderr]    Compiling mio v1.2.3
[INFO] [stderr]    Compiling encoding_rs v0.8.41
[INFO] [stderr]    Compiling atomic-waker v1.1.2
[INFO] [stderr]    Compiling mime-infer v4.0.1
[INFO] [stderr]    Compiling serde_json v1.0.151
[INFO] [stderr]    Compiling digest v0.10.7
[INFO] [stderr]    Compiling getrandom v0.4.3
[INFO] [stderr]    Compiling futures-util v0.3.34
[INFO] [stderr]    Compiling chacha20 v0.10.2
[INFO] [stderr]    Compiling xml v1.4.0
[INFO] [stderr]    Compiling content_inspector v0.2.4
[INFO] [stderr]    Compiling sync_wrapper v1.0.2
[INFO] [stderr]    Compiling parking_lot_core v0.9.12
[INFO] [stderr]    Compiling base64 v0.23.1
[INFO] [stderr]    Compiling castaway v0.2.4
[INFO] [stderr]    Compiling rand v0.10.3
[INFO] [stderr]    Compiling tempfile v3.27.0
[INFO] [stderr]    Compiling sha1 v0.10.7
[INFO] [stderr]    Compiling static_assertions v1.1.0
[INFO] [stderr]    Compiling parking_lot v0.12.5
[INFO] [stderr]    Compiling http-body v1.1.0
[INFO] [stderr]    Compiling headers-core v0.3.0
[INFO] [stderr]    Compiling headers v0.4.1
[INFO] [stderr]    Compiling http-body-util v0.1.5
[INFO] [stderr]    Compiling syn v3.0.6
[INFO] [stderr]    Compiling syn v2.0.119
[INFO] [stderr]    Compiling toml_parser v1.1.3+spec-1.1.0
[INFO] [stderr]    Compiling toml_edit v0.25.15+spec-1.1.0
[INFO] [stderr]    Compiling proc-macro-crate v3.5.0
[INFO] [stderr]    Compiling deranged v0.5.8
[INFO] [stderr]    Compiling salvo-serde-util v1.0.0
[INFO] [stderr]    Compiling time v0.3.55
[INFO] [stderr]    Compiling tracing-attributes v0.1.31
[INFO] [stderr]    Compiling enumflags2_derive v0.7.12
[INFO] [stderr]    Compiling pin-project-internal v1.1.13
[INFO] [stderr]    Compiling enumflags2 v0.7.12
[INFO] [stderr]    Compiling darling_core v0.24.1
[INFO] [stderr]    Compiling pin-project v1.1.13
[INFO] [stderr]    Compiling tracing v0.1.44
[INFO] [stderr]    Compiling serde_derive v1.0.229
[INFO] [stderr]    Compiling tokio-macros v2.7.2
[INFO] [stderr]    Compiling multiversion-macros v0.9.0
[INFO] [stderr]    Compiling thiserror-impl v2.0.21
[INFO] [stderr]    Compiling async-trait v0.1.92
[INFO] [stderr]    Compiling salvo_macros v1.0.0
[INFO] [stderr]    Compiling tokio v1.53.1
[INFO] [stderr]    Compiling multiversion v0.9.0
[INFO] [stderr]    Compiling thiserror v2.0.21
[INFO] [stderr]    Compiling multra v1.1.0
[INFO] [stderr]    Compiling chardetng v1.0.0
[INFO] [stderr]    Compiling darling_macro v0.24.1
[INFO] [stderr]    Compiling darling v0.24.1
[INFO] [stderr]    Compiling serde_with_macros v3.23.0
[INFO] [stderr]    Compiling serde_with v3.23.0
[INFO] [stderr]    Compiling serde-xml-rs v0.8.2
[INFO] [stderr]    Compiling multimap v0.10.1
[INFO] [stderr]    Compiling chrono v0.4.45
[INFO] [stderr]    Compiling assert-json-diff v2.0.2
[INFO] [stderr]    Compiling compact_str v0.10.0
[INFO] [stderr]    Compiling tokio-util v0.7.19
[INFO] [stderr]    Compiling h2 v0.4.19
[INFO] [stderr]    Compiling hyper v1.11.1
[INFO] [stderr]    Compiling hyper-util v0.1.20
[INFO] [stderr]    Compiling salvo_core v1.0.0
[INFO] [stderr]    Compiling salvo-oapi-macros v1.0.0 (/opt/rustwide/workdir)
[INFO] [stdout] error[E0433]: cannot find module or crate `salvo` in this scope
[INFO] [stdout]  --> tests/endpoint_tests.rs:3:5
[INFO] [stdout]   |
[INFO] [stdout] 3 | use salvo::oapi::extract::*;
[INFO] [stdout]   |     ^^^^^ use of unresolved module or unlinked crate `salvo`
[INFO] [stdout]   |
[INFO] [stdout]   = help: if you wanted to use a crate named `salvo`, use `cargo add salvo` to add it to your `Cargo.toml`
[INFO] [stdout] 
[INFO] [stdout] 
[INFO] [stdout] error[E0433]: cannot find module or crate `salvo` in this scope
[INFO] [stdout]  --> tests/endpoint_tests.rs:4:5
[INFO] [stdout]   |
[INFO] [stdout] 4 | use salvo::prelude::*;
[INFO] [stdout]   |     ^^^^^ use of unresolved module or unlinked crate `salvo`
[INFO] [stdout]   |
[INFO] [stdout]   = help: if you wanted to use a crate named `salvo`, use `cargo add salvo` to add it to your `Cargo.toml`
[INFO] [stdout] 
[INFO] [stdout] 
[INFO] [stdout] error[E0432]: unresolved imports `salvo::oapi::extract::*`, `salvo::prelude::*`
[INFO] [stdout]  --> tests/endpoint_tests.rs:3:5
[INFO] [stdout]   |
[INFO] [stdout] 3 | use salvo::oapi::extract::*;
[INFO] [stdout]   |     ^^^^^^^^^^^^^^^^^^^^^^^
[INFO] [stdout] 4 | use salvo::prelude::*;
[INFO] [stdout]   |     ^^^^^^^^^^^^^^^^^
[INFO] [stdout] 
[INFO] [stdout] 
[INFO] [stdout] error[E0433]: cannot find module or crate `salvo` in this scope
[INFO] [stdout]  --> tests/compose_schema_tests.rs:4:5
[INFO] [stdout]   |
[INFO] [stdout] 4 | use salvo::oapi::extract::*;
[INFO] [stdout]   |     ^^^^^ use of unresolved module or unlinked crate `salvo`
[INFO] [stdout]   |
[INFO] [stdout]   = help: if you wanted to use a crate named `salvo`, use `cargo add salvo` to add it to your `Cargo.toml`
[INFO] [stdout] 
[INFO] [stdout] 
[INFO] [stdout] error[E0433]: cannot find module or crate `salvo` in this scope
[INFO] [stdout]  --> tests/compose_schema_tests.rs:5:5
[INFO] [stdout]   |
[INFO] [stdout] 5 | use salvo::oapi::{Components, ComposeSchema, RefOr};
[INFO] [stdout]   |     ^^^^^ use of unresolved module or unlinked crate `salvo`
[INFO] [stdout]   |
[INFO] [stdout]   = help: if you wanted to use a crate named `salvo`, use `cargo add salvo` to add it to your `Cargo.toml`
[INFO] [stdout] 
[INFO] [stdout] 
[INFO] [stdout] error[E0433]: cannot find module or crate `salvo` in this scope
[INFO] [stdout]  --> tests/compose_schema_tests.rs:6:5
[INFO] [stdout]   |
[INFO] [stdout] 6 | use salvo::prelude::*;
[INFO] [stdout]   |     ^^^^^ use of unresolved module or unlinked crate `salvo`
[INFO] [stdout]   |
[INFO] [stdout]   = help: if you wanted to use a crate named `salvo`, use `cargo add salvo` to add it to your `Cargo.toml`
[INFO] [stdout] 
[INFO] [stdout] 
[INFO] [stdout] error[E0433]: cannot find module or crate `salvo` in this scope
[INFO] [stdout]    --> tests/compose_schema_tests.rs:362:9
[INFO] [stdout]     |
[INFO] [stdout] 362 |     use salvo::oapi::SchemaReference;
[INFO] [stdout]     |         ^^^^^ use of unresolved module or unlinked crate `salvo`
[INFO] [stdout]     |
[INFO] [stdout]     = help: if you wanted to use a crate named `salvo`, use `cargo add salvo` to add it to your `Cargo.toml`
[INFO] [stdout] 
[INFO] [stdout] 
[INFO] [stdout] error[E0432]: unresolved imports `salvo::oapi::extract::*`, `salvo::oapi::Components`, `salvo::oapi::ComposeSchema`, `salvo::oapi::RefOr`, `salvo::prelude::*`, `salvo::oapi::SchemaReference`
[INFO] [stdout]    --> tests/compose_schema_tests.rs:4:5
[INFO] [stdout]     |
[INFO] [stdout]   4 | use salvo::oapi::extract::*;
[INFO] [stdout]     |     ^^^^^^^^^^^^^^^^^^^^^^^
[INFO] [stdout]   5 | use salvo::oapi::{Components, ComposeSchema, RefOr};
[INFO] [stdout]     |                   ^^^^^^^^^^  ^^^^^^^^^^^^^  ^^^^^
[INFO] [stdout]   6 | use salvo::prelude::*;
[INFO] [stdout]     |     ^^^^^^^^^^^^^^^^^
[INFO] [stdout] ...
[INFO] [stdout] 362 |     use salvo::oapi::SchemaReference;
[INFO] [stdout]     |         ^^^^^^^^^^^^^^^^^^^^^^^^^^^^
[INFO] [stdout] 
[INFO] [stdout] 
[INFO] [stdout] error[E0433]: cannot find module or crate `salvo` in this scope
[INFO] [stdout]  --> tests/derive_to_schema_tests.rs:3:5
[INFO] [stdout]   |
[INFO] [stdout] 3 | use salvo::oapi::extract::*;
[INFO] [stdout]   |     ^^^^^ use of unresolved module or unlinked crate `salvo`
[INFO] [stdout]   |
[INFO] [stdout]   = help: if you wanted to use a crate named `salvo`, use `cargo add salvo` to add it to your `Cargo.toml`
[INFO] [stdout] 
[INFO] [stdout] 
[INFO] [stdout] error[E0433]: cannot find module or crate `salvo` in this scope
[INFO] [stdout]  --> tests/derive_to_schema_tests.rs:4:5
[INFO] [stdout]   |
[INFO] [stdout] 4 | use salvo::prelude::*;
[INFO] [stdout]   |     ^^^^^ use of unresolved module or unlinked crate `salvo`
[INFO] [stdout]   |
[INFO] [stdout]   = help: if you wanted to use a crate named `salvo`, use `cargo add salvo` to add it to your `Cargo.toml`
[INFO] [stdout] 
[INFO] [stdout] 
[INFO] [stdout] error[E0432]: unresolved imports `salvo::oapi::extract::*`, `salvo::prelude::*`
[INFO] [stdout]  --> tests/derive_to_schema_tests.rs:3:5
[INFO] [stdout]   |
[INFO] [stdout] 3 | use salvo::oapi::extract::*;
[INFO] [stdout]   |     ^^^^^^^^^^^^^^^^^^^^^^^
[INFO] [stdout] 4 | use salvo::prelude::*;
[INFO] [stdout]   |     ^^^^^^^^^^^^^^^^^
[INFO] [stdout] 
[INFO] [stdout] 
[INFO] [stdout] error: cannot find derive macro `ToSchema` in this scope
[INFO] [stdout]   --> tests/compose_schema_tests.rs:13:38
[INFO] [stdout]    |
[INFO] [stdout] 13 |     #[derive(Serialize, Deserialize, ToSchema, Debug)]
[INFO] [stdout]    |                                      ^^^^^^^^
[INFO] [stdout] 
[INFO] [stdout] 
[INFO] [stdout] error: cannot find attribute `endpoint` in this scope
[INFO] [stdout]   --> tests/compose_schema_tests.rs:18:7
[INFO] [stdout]    |
[INFO] [stdout] 18 |     #[endpoint]
[INFO] [stdout]    |       ^^^^^^^^
[INFO] [stdout] 
[INFO] [stdout] 
[INFO] [stdout] error: cannot find attribute `endpoint` in this scope
[INFO] [stdout]  --> tests/endpoint_tests.rs:9:7
[INFO] [stdout]   |
[INFO] [stdout] 9 |     #[endpoint]
[INFO] [stdout]   |       ^^^^^^^^
[INFO] [stdout] 
[INFO] [stdout] 
[INFO] [stdout] error: cannot find derive macro `ToSchema` in this scope
[INFO] [stdout]   --> tests/compose_schema_tests.rs:49:38
[INFO] [stdout]    |
[INFO] [stdout] 49 |     #[derive(Serialize, Deserialize, ToSchema, Debug)]
[INFO] [stdout]    |                                      ^^^^^^^^
[INFO] [stdout] 
[INFO] [stdout] 
[INFO] [stdout] error: cannot find attribute `endpoint` in this scope
[INFO] [stdout]   --> tests/compose_schema_tests.rs:55:7
[INFO] [stdout]    |
[INFO] [stdout] 55 |     #[endpoint]
[INFO] [stdout]    |       ^^^^^^^^
[INFO] [stdout] 
[INFO] [stdout] 
[INFO] [stdout] error: cannot find attribute `endpoint` in this scope
[INFO] [stdout]   --> tests/endpoint_tests.rs:50:7
[INFO] [stdout]    |
[INFO] [stdout] 50 |     #[endpoint(
[INFO] [stdout]    |       ^^^^^^^^
[INFO] [stdout] 
[INFO] [stdout] 
[INFO] [stdout] error: cannot find derive macro `ToSchema` in this scope
[INFO] [stdout]   --> tests/compose_schema_tests.rs:94:38
[INFO] [stdout]    |
[INFO] [stdout] 94 |     #[derive(Serialize, Deserialize, ToSchema, Debug)]
[INFO] [stdout]    |                                      ^^^^^^^^
[INFO] [stdout] 
[INFO] [stdout] 
[INFO] [stdout] error: cannot find attribute `endpoint` in this scope
[INFO] [stdout]    --> tests/compose_schema_tests.rs:100:7
[INFO] [stdout]     |
[INFO] [stdout] 100 |     #[endpoint]
[INFO] [stdout]     |       ^^^^^^^^
[INFO] [stdout] 
[INFO] [stdout] 
[INFO] [stdout] error: cannot find derive macro `ToSchema` in this scope
[INFO] [stdout]    --> tests/compose_schema_tests.rs:135:38
[INFO] [stdout]     |
[INFO] [stdout] 135 |     #[derive(Serialize, Deserialize, ToSchema, Debug)]
[INFO] [stdout]     |                                      ^^^^^^^^
[INFO] [stdout] 
[INFO] [stdout] 
[INFO] [stdout] error: cannot find derive macro `ToSchema` in this scope
[INFO] [stdout]    --> tests/compose_schema_tests.rs:140:38
[INFO] [stdout]     |
[INFO] [stdout] 140 |     #[derive(Serialize, Deserialize, ToSchema, Debug)]
[INFO] [stdout]     |                                      ^^^^^^^^
[INFO] [stdout] 
[INFO] [stdout] 
[INFO] [stdout] error: cannot find attribute `endpoint` in this scope
[INFO] [stdout]    --> tests/compose_schema_tests.rs:146:7
[INFO] [stdout]     |
[INFO] [stdout] 146 |     #[endpoint]
[INFO] [stdout]     |       ^^^^^^^^
[INFO] [stdout] 
[INFO] [stdout] 
[INFO] [stdout] error: cannot find derive macro `ToSchema` in this scope
[INFO] [stdout]    --> tests/compose_schema_tests.rs:194:38
[INFO] [stdout]     |
[INFO] [stdout] 194 |     #[derive(Serialize, Deserialize, ToSchema, Debug)]
[INFO] [stdout]     |                                      ^^^^^^^^
[INFO] [stdout] 
[INFO] [stdout] 
[INFO] [stdout] error: cannot find attribute `endpoint` in this scope
[INFO] [stdout]    --> tests/compose_schema_tests.rs:200:7
[INFO] [stdout]     |
[INFO] [stdout] 200 |     #[endpoint]
[INFO] [stdout]     |       ^^^^^^^^
[INFO] [stdout] 
[INFO] [stdout] 
[INFO] [stdout] error: cannot find derive macro `ToSchema` in this scope
[INFO] [stdout]    --> tests/compose_schema_tests.rs:232:38
[INFO] [stdout]     |
[INFO] [stdout] 232 |     #[derive(Serialize, Deserialize, ToSchema, Debug)]
[INFO] [stdout]     |                                      ^^^^^^^^
[INFO] [stdout] 
[INFO] [stdout] 
[INFO] [stdout] error: cannot find attribute `endpoint` in this scope
[INFO] [stdout]    --> tests/compose_schema_tests.rs:237:7
[INFO] [stdout]     |
[INFO] [stdout] 237 |     #[endpoint]
[INFO] [stdout]     |       ^^^^^^^^
[INFO] [stdout] 
[INFO] [stdout] 
[INFO] [stdout] error: cannot find derive macro `ToSchema` in this scope
[INFO] [stdout]   --> tests/derive_to_schema_tests.rs:11:14
[INFO] [stdout]    |
[INFO] [stdout] 11 |     #[derive(ToSchema)]
[INFO] [stdout]    |              ^^^^^^^^
[INFO] [stdout] 
[INFO] [stdout] 
[INFO] [stdout] error: cannot find derive macro `ToSchema` in this scope
[INFO] [stdout]    --> tests/compose_schema_tests.rs:268:38
[INFO] [stdout]     |
[INFO] [stdout] 268 |     #[derive(Serialize, Deserialize, ToSchema, Debug)]
[INFO] [stdout]     |                                      ^^^^^^^^
[INFO] [stdout] 
[INFO] [stdout] 
[INFO] [stdout] error: cannot find derive macro `ToSchema` in this scope
[INFO] [stdout]    --> tests/compose_schema_tests.rs:276:38
[INFO] [stdout]     |
[INFO] [stdout] 276 |     #[derive(Serialize, Deserialize, ToSchema, Debug)]
[INFO] [stdout]     |                                      ^^^^^^^^
[INFO] [stdout] 
[INFO] [stdout] 
[INFO] [stdout] error[E0425]: cannot find type `QueryParam` in this scope
[INFO] [stdout]   --> tests/endpoint_tests.rs:10:26
[INFO] [stdout]    |
[INFO] [stdout] 10 |     async fn hello(name: QueryParam<String, false>) -> String {
[INFO] [stdout]    |                          ^^^^^^^^^^ not found in this scope
[INFO] [stdout] 
[INFO] [stdout] 
[INFO] [stdout] error: cannot find attribute `endpoint` in this scope
[INFO] [stdout]    --> tests/compose_schema_tests.rs:282:7
[INFO] [stdout]     |
[INFO] [stdout] 282 |     #[endpoint]
[INFO] [stdout]     |       ^^^^^^^^
[INFO] [stdout] 
[INFO] [stdout] 
[INFO] [stdout] error: cannot find derive macro `ToSchema` in this scope
[INFO] [stdout]   --> tests/derive_to_schema_tests.rs:17:14
[INFO] [stdout]    |
[INFO] [stdout] 17 |     #[derive(ToSchema)]
[INFO] [stdout]    |              ^^^^^^^^
[INFO] [stdout] 
[INFO] [stdout] 
[INFO] [stdout] error[E0433]: cannot find type `Router` in this scope
[INFO] [stdout]   --> tests/endpoint_tests.rs:14:18
[INFO] [stdout]    |
[INFO] [stdout] 14 |     let router = Router::new().push(Router::with_path("hello").get(hello));
[INFO] [stdout]    |                  ^^^^^^ use of undeclared type `Router`
[INFO] [stdout] 
[INFO] [stdout] 
[INFO] [stdout] error[E0433]: cannot find type `Router` in this scope
[INFO] [stdout]   --> tests/endpoint_tests.rs:14:37
[INFO] [stdout]    |
[INFO] [stdout] 14 |     let router = Router::new().push(Router::with_path("hello").get(hello));
[INFO] [stdout]    |                                     ^^^^^^ use of undeclared type `Router`
[INFO] [stdout] 
[INFO] [stdout] 
[INFO] [stdout] error[E0433]: cannot find type `OpenApi` in this scope
[INFO] [stdout]   --> tests/endpoint_tests.rs:16:15
[INFO] [stdout]    |
[INFO] [stdout] 16 |     let doc = OpenApi::new("test api", "0.0.1").merge_router(&router);
[INFO] [stdout]    |               ^^^^^^^ use of undeclared type `OpenApi`
[INFO] [stdout] 
[INFO] [stdout] 
[INFO] [stdout] error[E0433]: cannot find type `Router` in this scope
[INFO] [stdout]   --> tests/endpoint_tests.rs:59:18
[INFO] [stdout]    |
[INFO] [stdout] 59 |     let router = Router::new().push(Router::with_path("pets/{id}").get(show_pet));
[INFO] [stdout]    |                  ^^^^^^ use of undeclared type `Router`
[INFO] [stdout] 
[INFO] [stdout] 
[INFO] [stdout] error[E0433]: cannot find type `Router` in this scope
[INFO] [stdout]   --> tests/endpoint_tests.rs:59:37
[INFO] [stdout]    |
[INFO] [stdout] 59 |     let router = Router::new().push(Router::with_path("pets/{id}").get(show_pet));
[INFO] [stdout]    |                                     ^^^^^^ use of undeclared type `Router`
[INFO] [stdout] 
[INFO] [stdout] 
[INFO] [stdout] error[E0433]: cannot find type `OpenApi` in this scope
[INFO] [stdout]   --> tests/endpoint_tests.rs:61:15
[INFO] [stdout]    |
[INFO] [stdout] 61 |     let doc = OpenApi::new("test api", "0.0.1").merge_router(&router);
[INFO] [stdout]    |               ^^^^^^^ use of undeclared type `OpenApi`
[INFO] [stdout] 
[INFO] [stdout] 
[INFO] [stdout] error: cannot find derive macro `ToSchema` in this scope
[INFO] [stdout]    --> tests/compose_schema_tests.rs:331:38
[INFO] [stdout]     |
[INFO] [stdout] 331 |     #[derive(Serialize, Deserialize, ToSchema, Debug)]
[INFO] [stdout]     |                                      ^^^^^^^^
[INFO] [stdout] 
[INFO] [stdout] 
[INFO] [stdout] Some errors have detailed explanations: E0425, E0432, E0433.
[INFO] [stdout] 
[INFO] [stdout] For more information about an error, try `rustc --explain E0425`.
[INFO] [stdout] 
[INFO] [stderr] error: could not compile `salvo-oapi-macros` (test "endpoint_tests") due to 12 previous errors
[INFO] [stderr] warning: build failed, waiting for other jobs to finish...
[INFO] [stdout] error: cannot find derive macro `ToSchema` in this scope
[INFO] [stdout]    --> tests/compose_schema_tests.rs:385:38
[INFO] [stdout]     |
[INFO] [stdout] 385 |     #[derive(Serialize, Deserialize, ToSchema, Debug)]
[INFO] [stdout]     |                                      ^^^^^^^^
[INFO] [stdout] 
[INFO] [stdout] 
[INFO] [stdout] error: cannot find attribute `endpoint` in this scope
[INFO] [stdout]    --> tests/compose_schema_tests.rs:390:7
[INFO] [stdout]     |
[INFO] [stdout] 390 |     #[endpoint]
[INFO] [stdout]     |       ^^^^^^^^
[INFO] [stdout] 
[INFO] [stdout] 
[INFO] [stdout] error: cannot find attribute `endpoint` in this scope
[INFO] [stdout]    --> tests/compose_schema_tests.rs:394:7
[INFO] [stdout]     |
[INFO] [stdout] 394 |     #[endpoint]
[INFO] [stdout]     |       ^^^^^^^^
[INFO] [stdout] 
[INFO] [stdout] 
[INFO] [stdout] error: cannot find attribute `endpoint` in this scope
[INFO] [stdout]    --> tests/compose_schema_tests.rs:398:7
[INFO] [stdout]     |
[INFO] [stdout] 398 |     #[endpoint]
[INFO] [stdout]     |       ^^^^^^^^
[INFO] [stdout] 
[INFO] [stdout] 
[INFO] [stdout] error: cannot find derive macro `ToSchema` in this scope
[INFO] [stdout]    --> tests/compose_schema_tests.rs:439:38
[INFO] [stdout]     |
[INFO] [stdout] 439 |     #[derive(Serialize, Deserialize, ToSchema, Debug)]
[INFO] [stdout]     |                                      ^^^^^^^^
[INFO] [stdout] 
[INFO] [stdout] 
[INFO] [stdout] error: cannot find derive macro `ToSchema` in this scope
[INFO] [stdout]   --> tests/derive_to_schema_tests.rs:23:14
[INFO] [stdout]    |
[INFO] [stdout] 23 |     #[derive(ToSchema)]
[INFO] [stdout]    |              ^^^^^^^^
[INFO] [stdout] 
[INFO] [stdout] 
[INFO] [stdout] error: cannot find derive macro `ToSchema` in this scope
[INFO] [stdout]    --> tests/compose_schema_tests.rs:445:38
[INFO] [stdout]     |
[INFO] [stdout] 445 |     #[derive(Serialize, Deserialize, ToSchema, Debug)]
[INFO] [stdout]     |                                      ^^^^^^^^
[INFO] [stdout] 
[INFO] [stdout] 
[INFO] [stdout] error: cannot find attribute `endpoint` in this scope
[INFO] [stdout]    --> tests/compose_schema_tests.rs:450:7
[INFO] [stdout]     |
[INFO] [stdout] 450 |     #[endpoint(
[INFO] [stdout]     |       ^^^^^^^^
[INFO] [stdout] 
[INFO] [stdout] 
[INFO] [stdout] error: cannot find derive macro `ToSchema` in this scope
[INFO] [stdout]   --> tests/derive_to_schema_tests.rs:29:14
[INFO] [stdout]    |
[INFO] [stdout] 29 |     #[derive(ToSchema)]
[INFO] [stdout]    |              ^^^^^^^^
[INFO] [stdout] 
[INFO] [stdout] 
[INFO] [stdout] error: cannot find derive macro `ToSchema` in this scope
[INFO] [stdout]   --> tests/derive_to_schema_tests.rs:35:14
[INFO] [stdout]    |
[INFO] [stdout] 35 |     #[derive(ToSchema)]
[INFO] [stdout]    |              ^^^^^^^^
[INFO] [stdout] 
[INFO] [stdout] 
[INFO] [stdout] error[E0433]: cannot find module or crate `salvo` in this scope
[INFO] [stdout]   --> tests/compose_schema_tests.rs:23:5
[INFO] [stdout]    |
[INFO] [stdout] 23 |     salvo::oapi::naming::set_namer(
[INFO] [stdout]    |     ^^^^^ use of unresolved module or unlinked crate `salvo`
[INFO] [stdout]    |
[INFO] [stdout]    = help: if you wanted to use a crate named `salvo`, use `cargo add salvo` to add it to your `Cargo.toml`
[INFO] [stdout] 
[INFO] [stdout] 
[INFO] [stdout] error: cannot find derive macro `ToSchema` in this scope
[INFO] [stdout]   --> tests/derive_to_schema_tests.rs:63:14
[INFO] [stdout]    |
[INFO] [stdout] 63 |     #[derive(ToSchema)]
[INFO] [stdout]    |              ^^^^^^^^
[INFO] [stdout] 
[INFO] [stdout] 
[INFO] [stdout] error[E0433]: cannot find module or crate `salvo` in this scope
[INFO] [stdout]   --> tests/compose_schema_tests.rs:24:9
[INFO] [stdout]    |
[INFO] [stdout] 24 |         salvo::oapi::naming::FlexNamer::new()
[INFO] [stdout]    |         ^^^^^ use of unresolved module or unlinked crate `salvo`
[INFO] [stdout]    |
[INFO] [stdout]    = help: if you wanted to use a crate named `salvo`, use `cargo add salvo` to add it to your `Cargo.toml`
[INFO] [stdout] 
[INFO] [stdout] 
[INFO] [stdout] error: cannot find attribute `salvo` in this scope
[INFO] [stdout]   --> tests/derive_to_schema_tests.rs:65:11
[INFO] [stdout]    |
[INFO] [stdout] 65 |         #[salvo(schema(max_length = 255))]
[INFO] [stdout]    |           ^^^^^
[INFO] [stdout] 
[INFO] [stdout] 
[INFO] [stdout] error: cannot find attribute `salvo` in this scope
[INFO] [stdout]   --> tests/derive_to_schema_tests.rs:67:11
[INFO] [stdout]    |
[INFO] [stdout] 67 |         #[salvo(schema(max_length = 255))]
[INFO] [stdout]    |           ^^^^^
[INFO] [stdout] 
[INFO] [stdout] 
[INFO] [stdout] error: cannot find attribute `salvo` in this scope
[INFO] [stdout]   --> tests/derive_to_schema_tests.rs:69:11
[INFO] [stdout]    |
[INFO] [stdout] 69 |         #[salvo(schema(max_length = 255))]
[INFO] [stdout]    |           ^^^^^
[INFO] [stdout] 
[INFO] [stdout] 
[INFO] [stdout] error: cannot find attribute `salvo` in this scope
[INFO] [stdout]   --> tests/derive_to_schema_tests.rs:71:11
[INFO] [stdout]    |
[INFO] [stdout] 71 |         #[salvo(schema(max_length = 255))]
[INFO] [stdout]    |           ^^^^^
[INFO] [stdout] 
[INFO] [stdout] 
[INFO] [stdout] error: cannot find derive macro `ToSchema` in this scope
[INFO] [stdout]   --> tests/derive_to_schema_tests.rs:95:14
[INFO] [stdout]    |
[INFO] [stdout] 95 |     #[derive(ToSchema)]
[INFO] [stdout]    |              ^^^^^^^^
[INFO] [stdout] 
[INFO] [stdout] 
[INFO] [stdout] error: cannot find attribute `salvo` in this scope
[INFO] [stdout]   --> tests/derive_to_schema_tests.rs:96:7
[INFO] [stdout]    |
[INFO] [stdout] 96 |     #[salvo(schema(max_length = 255))]
[INFO] [stdout]    |       ^^^^^
[INFO] [stdout] 
[INFO] [stdout] 
[INFO] [stdout] error: cannot find derive macro `ToSchema` in this scope
[INFO] [stdout]    --> tests/derive_to_schema_tests.rs:100:14
[INFO] [stdout]     |
[INFO] [stdout] 100 |     #[derive(ToSchema)]
[INFO] [stdout]     |              ^^^^^^^^
[INFO] [stdout] 
[INFO] [stdout] 
[INFO] [stdout] error[E0433]: cannot find module or crate `salvo` in this scope
[INFO] [stdout]   --> tests/compose_schema_tests.rs:60:5
[INFO] [stdout]    |
[INFO] [stdout] 60 |     salvo::oapi::naming::set_namer(
[INFO] [stdout]    |     ^^^^^ use of unresolved module or unlinked crate `salvo`
[INFO] [stdout]    |
[INFO] [stdout]    = help: if you wanted to use a crate named `salvo`, use `cargo add salvo` to add it to your `Cargo.toml`
[INFO] [stdout] 
[INFO] [stdout] 
[INFO] [stdout] error: cannot find attribute `salvo` in this scope
[INFO] [stdout]    --> tests/derive_to_schema_tests.rs:101:7
[INFO] [stdout]     |
[INFO] [stdout] 101 |     #[salvo(schema(max_length = 255))]
[INFO] [stdout]     |       ^^^^^
[INFO] [stdout] 
[INFO] [stdout] 
[INFO] [stdout] error[E0433]: cannot find module or crate `salvo` in this scope
[INFO] [stdout]   --> tests/compose_schema_tests.rs:61:9
[INFO] [stdout]    |
[INFO] [stdout] 61 |         salvo::oapi::naming::FlexNamer::new()
[INFO] [stdout]    |         ^^^^^ use of unresolved module or unlinked crate `salvo`
[INFO] [stdout]    |
[INFO] [stdout]    = help: if you wanted to use a crate named `salvo`, use `cargo add salvo` to add it to your `Cargo.toml`
[INFO] [stdout] 
[INFO] [stdout] 
[INFO] [stdout] error: cannot find derive macro `ToSchema` in this scope
[INFO] [stdout]    --> tests/derive_to_schema_tests.rs:122:38
[INFO] [stdout]     |
[INFO] [stdout] 122 |     #[derive(Serialize, Deserialize, ToSchema, Debug)]
[INFO] [stdout]     |                                      ^^^^^^^^
[INFO] [stdout] 
[INFO] [stdout] 
[INFO] [stdout] error: cannot find attribute `salvo` in this scope
[INFO] [stdout]    --> tests/derive_to_schema_tests.rs:123:7
[INFO] [stdout]     |
[INFO] [stdout] 123 |     #[salvo(schema(aliases(MyI32 = MyObject<i32>, MyStr = MyObject<String>)))]
[INFO] [stdout]     |       ^^^^^
[INFO] [stdout] 
[INFO] [stdout] 
[INFO] [stdout] error: cannot find attribute `endpoint` in this scope
[INFO] [stdout]    --> tests/derive_to_schema_tests.rs:129:7
[INFO] [stdout]     |
[INFO] [stdout] 129 |     #[endpoint]
[INFO] [stdout]     |       ^^^^^^^^
[INFO] [stdout] 
[INFO] [stdout] 
[INFO] [stdout] error: cannot find attribute `endpoint` in this scope
[INFO] [stdout]    --> tests/derive_to_schema_tests.rs:135:7
[INFO] [stdout]     |
[INFO] [stdout] 135 |     #[endpoint]
[INFO] [stdout]     |       ^^^^^^^^
[INFO] [stdout] 
[INFO] [stdout] 
[INFO] [stdout] error: cannot find attribute `endpoint` in this scope
[INFO] [stdout]    --> tests/derive_to_schema_tests.rs:141:7
[INFO] [stdout]     |
[INFO] [stdout] 141 |     #[endpoint]
[INFO] [stdout]     |       ^^^^^^^^
[INFO] [stdout] 
[INFO] [stdout] 
[INFO] [stdout] error[E0433]: cannot find module or crate `salvo` in this scope
[INFO] [stdout]    --> tests/compose_schema_tests.rs:105:5
[INFO] [stdout]     |
[INFO] [stdout] 105 |     salvo::oapi::naming::set_namer(
[INFO] [stdout]     |     ^^^^^ use of unresolved module or unlinked crate `salvo`
[INFO] [stdout]     |
[INFO] [stdout]     = help: if you wanted to use a crate named `salvo`, use `cargo add salvo` to add it to your `Cargo.toml`
[INFO] [stdout] 
[INFO] [stdout] 
[INFO] [stdout] error[E0433]: cannot find module or crate `salvo` in this scope
[INFO] [stdout]    --> tests/compose_schema_tests.rs:106:9
[INFO] [stdout]     |
[INFO] [stdout] 106 |         salvo::oapi::naming::FlexNamer::new()
[INFO] [stdout]     |         ^^^^^ use of unresolved module or unlinked crate `salvo`
[INFO] [stdout]     |
[INFO] [stdout]     = help: if you wanted to use a crate named `salvo`, use `cargo add salvo` to add it to your `Cargo.toml`
[INFO] [stdout] 
[INFO] [stdout] 
[INFO] [stdout] error: cannot find derive macro `ToSchema` in this scope
[INFO] [stdout]    --> tests/derive_to_schema_tests.rs:295:38
[INFO] [stdout]     |
[INFO] [stdout] 295 |     #[derive(Serialize, Deserialize, ToSchema, Debug)]
[INFO] [stdout]     |                                      ^^^^^^^^
[INFO] [stdout] 
[INFO] [stdout] 
[INFO] [stdout] error: cannot find attribute `salvo` in this scope
[INFO] [stdout]    --> tests/derive_to_schema_tests.rs:296:7
[INFO] [stdout]     |
[INFO] [stdout] 296 |     #[salvo(schema(rename_all = "camelCase"))]
[INFO] [stdout]     |       ^^^^^
[INFO] [stdout] 
[INFO] [stdout] 
[INFO] [stdout] error: cannot find attribute `endpoint` in this scope
[INFO] [stdout]    --> tests/derive_to_schema_tests.rs:302:7
[INFO] [stdout]     |
[INFO] [stdout] 302 |     #[endpoint]
[INFO] [stdout]     |       ^^^^^^^^
[INFO] [stdout] 
[INFO] [stdout] 
[INFO] [stdout] error: cannot find derive macro `ToSchema` in this scope
[INFO] [stdout]    --> tests/derive_to_schema_tests.rs:368:38
[INFO] [stdout]     |
[INFO] [stdout] 368 |     #[derive(Serialize, Deserialize, ToSchema, Debug)]
[INFO] [stdout]     |                                      ^^^^^^^^
[INFO] [stdout] 
[INFO] [stdout] 
[INFO] [stdout] error: cannot find attribute `salvo` in this scope
[INFO] [stdout]    --> tests/derive_to_schema_tests.rs:369:7
[INFO] [stdout]     |
[INFO] [stdout] 369 |     #[salvo(schema(multiple_of = 5))]
[INFO] [stdout]     |       ^^^^^
[INFO] [stdout] 
[INFO] [stdout] 
[INFO] [stdout] error: cannot find derive macro `ToSchema` in this scope
[INFO] [stdout]    --> tests/derive_to_schema_tests.rs:372:38
[INFO] [stdout]     |
[INFO] [stdout] 372 |     #[derive(Serialize, Deserialize, ToSchema, Debug)]
[INFO] [stdout]     |                                      ^^^^^^^^
[INFO] [stdout] 
[INFO] [stdout] 
[INFO] [stdout] error: cannot find attribute `salvo` in this scope
[INFO] [stdout]    --> tests/derive_to_schema_tests.rs:373:7
[INFO] [stdout]     |
[INFO] [stdout] 373 |     #[salvo(schema(maximum = 100))]
[INFO] [stdout]     |       ^^^^^
[INFO] [stdout] 
[INFO] [stdout] 
[INFO] [stdout] error: cannot find derive macro `ToSchema` in this scope
[INFO] [stdout]    --> tests/derive_to_schema_tests.rs:376:38
[INFO] [stdout]     |
[INFO] [stdout] 376 |     #[derive(Serialize, Deserialize, ToSchema, Debug)]
[INFO] [stdout]     |                                      ^^^^^^^^
[INFO] [stdout] 
[INFO] [stdout] 
[INFO] [stdout] error[E0433]: cannot find module or crate `salvo` in this scope
[INFO] [stdout]    --> tests/compose_schema_tests.rs:151:5
[INFO] [stdout]     |
[INFO] [stdout] 151 |     salvo::oapi::naming::set_namer(
[INFO] [stdout]     |     ^^^^^ use of unresolved module or unlinked crate `salvo`
[INFO] [stdout]     |
[INFO] [stdout]     = help: if you wanted to use a crate named `salvo`, use `cargo add salvo` to add it to your `Cargo.toml`
[INFO] [stdout] 
[INFO] [stdout] 
[INFO] [stdout] error[E0433]: cannot find module or crate `salvo` in this scope
[INFO] [stdout]    --> tests/compose_schema_tests.rs:152:9
[INFO] [stdout]     |
[INFO] [stdout] 152 |         salvo::oapi::naming::FlexNamer::new()
[INFO] [stdout]     |         ^^^^^ use of unresolved module or unlinked crate `salvo`
[INFO] [stdout]     |
[INFO] [stdout]     = help: if you wanted to use a crate named `salvo`, use `cargo add salvo` to add it to your `Cargo.toml`
[INFO] [stdout] 
[INFO] [stdout] 
[INFO] [stdout] error: cannot find attribute `salvo` in this scope
[INFO] [stdout]    --> tests/derive_to_schema_tests.rs:377:7
[INFO] [stdout]     |
[INFO] [stdout] 377 |     #[salvo(schema(minimum = -100))]
[INFO] [stdout]     |       ^^^^^
[INFO] [stdout] 
[INFO] [stdout] 
[INFO] [stdout] error: cannot find derive macro `ToSchema` in this scope
[INFO] [stdout]    --> tests/derive_to_schema_tests.rs:380:38
[INFO] [stdout]     |
[INFO] [stdout] 380 |     #[derive(Serialize, Deserialize, ToSchema, Debug)]
[INFO] [stdout]     |                                      ^^^^^^^^
[INFO] [stdout] 
[INFO] [stdout] 
[INFO] [stdout] error: cannot find attribute `salvo` in this scope
[INFO] [stdout]    --> tests/derive_to_schema_tests.rs:381:7
[INFO] [stdout]     |
[INFO] [stdout] 381 |     #[salvo(schema(exclusive_maximum = 100))]
[INFO] [stdout]     |       ^^^^^
[INFO] [stdout] 
[INFO] [stdout] 
[INFO] [stdout] error: cannot find derive macro `ToSchema` in this scope
[INFO] [stdout]    --> tests/derive_to_schema_tests.rs:384:38
[INFO] [stdout]     |
[INFO] [stdout] 384 |     #[derive(Serialize, Deserialize, ToSchema, Debug)]
[INFO] [stdout]     |                                      ^^^^^^^^
[INFO] [stdout] 
[INFO] [stdout] 
[INFO] [stdout] error[E0433]: cannot find module or crate `salvo` in this scope
[INFO] [stdout]    --> tests/compose_schema_tests.rs:205:5
[INFO] [stdout]     |
[INFO] [stdout] 205 |     salvo::oapi::naming::set_namer(
[INFO] [stdout]     |     ^^^^^ use of unresolved module or unlinked crate `salvo`
[INFO] [stdout]     |
[INFO] [stdout]     = help: if you wanted to use a crate named `salvo`, use `cargo add salvo` to add it to your `Cargo.toml`
[INFO] [stdout] 
[INFO] [stdout] 
[INFO] [stdout] error: cannot find attribute `salvo` in this scope
[INFO] [stdout]    --> tests/derive_to_schema_tests.rs:385:7
[INFO] [stdout]     |
[INFO] [stdout] 385 |     #[salvo(schema(exclusive_minimum = -100))]
[INFO] [stdout]     |       ^^^^^
[INFO] [stdout] 
[INFO] [stdout] 
[INFO] [stdout] error[E0433]: cannot find module or crate `salvo` in this scope
[INFO] [stdout]    --> tests/compose_schema_tests.rs:206:9
[INFO] [stdout]     |
[INFO] [stdout] 206 |         salvo::oapi::naming::FlexNamer::new()
[INFO] [stdout]     |         ^^^^^ use of unresolved module or unlinked crate `salvo`
[INFO] [stdout]     |
[INFO] [stdout]     = help: if you wanted to use a crate named `salvo`, use `cargo add salvo` to add it to your `Cargo.toml`
[INFO] [stdout] 
[INFO] [stdout] 
[INFO] [stdout] error: cannot find derive macro `ToSchema` in this scope
[INFO] [stdout]    --> tests/derive_to_schema_tests.rs:388:38
[INFO] [stdout]     |
[INFO] [stdout] 388 |     #[derive(Serialize, Deserialize, ToSchema, Debug)]
[INFO] [stdout]     |                                      ^^^^^^^^
[INFO] [stdout] 
[INFO] [stdout] 
[INFO] [stdout] error: cannot find attribute `salvo` in this scope
[INFO] [stdout]    --> tests/derive_to_schema_tests.rs:389:7
[INFO] [stdout]     |
[INFO] [stdout] 389 |     #[salvo(schema(min_length = 3))]
[INFO] [stdout]     |       ^^^^^
[INFO] [stdout] 
[INFO] [stdout] 
[INFO] [stdout] error: cannot find derive macro `ToSchema` in this scope
[INFO] [stdout]    --> tests/derive_to_schema_tests.rs:392:38
[INFO] [stdout]     |
[INFO] [stdout] 392 |     #[derive(Serialize, Deserialize, ToSchema, Debug)]
[INFO] [stdout]     |                                      ^^^^^^^^
[INFO] [stdout] 
[INFO] [stdout] 
[INFO] [stdout] error: cannot find attribute `salvo` in this scope
[INFO] [stdout]    --> tests/derive_to_schema_tests.rs:393:7
[INFO] [stdout]     |
[INFO] [stdout] 393 |     #[salvo(schema(max_length = 3))]
[INFO] [stdout]     |       ^^^^^
[INFO] [stdout] 
[INFO] [stdout] 
[INFO] [stdout] error: cannot find derive macro `ToSchema` in this scope
[INFO] [stdout]    --> tests/derive_to_schema_tests.rs:396:38
[INFO] [stdout]     |
[INFO] [stdout] 396 |     #[derive(Serialize, Deserialize, ToSchema, Debug)]
[INFO] [stdout]     |                                      ^^^^^^^^
[INFO] [stdout] 
[INFO] [stdout] 
[INFO] [stdout] error[E0433]: cannot find module or crate `salvo` in this scope
[INFO] [stdout]    --> tests/compose_schema_tests.rs:242:5
[INFO] [stdout]     |
[INFO] [stdout] 242 |     salvo::oapi::naming::set_namer(
[INFO] [stdout]     |     ^^^^^ use of unresolved module or unlinked crate `salvo`
[INFO] [stdout]     |
[INFO] [stdout]     = help: if you wanted to use a crate named `salvo`, use `cargo add salvo` to add it to your `Cargo.toml`
[INFO] [stdout] 
[INFO] [stdout] 
[INFO] [stdout] error[E0433]: cannot find module or crate `salvo` in this scope
[INFO] [stdout]    --> tests/compose_schema_tests.rs:243:9
[INFO] [stdout]     |
[INFO] [stdout] 243 |         salvo::oapi::naming::FlexNamer::new()
[INFO] [stdout]     |         ^^^^^ use of unresolved module or unlinked crate `salvo`
[INFO] [stdout]     |
[INFO] [stdout]     = help: if you wanted to use a crate named `salvo`, use `cargo add salvo` to add it to your `Cargo.toml`
[INFO] [stdout] 
[INFO] [stdout] 
[INFO] [stdout] error: cannot find attribute `salvo` in this scope
[INFO] [stdout]    --> tests/derive_to_schema_tests.rs:397:7
[INFO] [stdout]     |
[INFO] [stdout] 397 |     #[salvo(schema(pattern = r#"^([a-zA-Z0-9_\-]{3,32}$)"#))]
[INFO] [stdout]     |       ^^^^^
[INFO] [stdout] 
[INFO] [stdout] 
[INFO] [stdout] error: cannot find derive macro `ToSchema` in this scope
[INFO] [stdout]    --> tests/derive_to_schema_tests.rs:400:38
[INFO] [stdout]     |
[INFO] [stdout] 400 |     #[derive(Serialize, Deserialize, ToSchema, Debug)]
[INFO] [stdout]     |                                      ^^^^^^^^
[INFO] [stdout] 
[INFO] [stdout] 
[INFO] [stdout] error[E0433]: cannot find module or crate `salvo` in this scope
[INFO] [stdout]    --> tests/compose_schema_tests.rs:287:5
[INFO] [stdout]     |
[INFO] [stdout] 287 |     salvo::oapi::naming::set_namer(
[INFO] [stdout]     |     ^^^^^ use of unresolved module or unlinked crate `salvo`
[INFO] [stdout]     |
[INFO] [stdout]     = help: if you wanted to use a crate named `salvo`, use `cargo add salvo` to add it to your `Cargo.toml`
[INFO] [stdout] 
[INFO] [stdout] 
[INFO] [stdout] error[E0433]: cannot find module or crate `salvo` in this scope
[INFO] [stdout]    --> tests/compose_schema_tests.rs:288:9
[INFO] [stdout]     |
[INFO] [stdout] 288 |         salvo::oapi::naming::FlexNamer::new()
[INFO] [stdout]     |         ^^^^^ use of unresolved module or unlinked crate `salvo`
[INFO] [stdout]     |
[INFO] [stdout]     = help: if you wanted to use a crate named `salvo`, use `cargo add salvo` to add it to your `Cargo.toml`
[INFO] [stdout] 
[INFO] [stdout] 
[INFO] [stdout] error: cannot find attribute `salvo` in this scope
[INFO] [stdout]    --> tests/derive_to_schema_tests.rs:401:7
[INFO] [stdout]     |
[INFO] [stdout] 401 |     #[salvo(schema(max_items = 5))]
[INFO] [stdout]     |       ^^^^^
[INFO] [stdout] 
[INFO] [stdout] 
[INFO] [stdout] error: cannot find derive macro `ToSchema` in this scope
[INFO] [stdout]    --> tests/derive_to_schema_tests.rs:404:38
[INFO] [stdout]     |
[INFO] [stdout] 404 |     #[derive(Serialize, Deserialize, ToSchema, Debug)]
[INFO] [stdout]     |                                      ^^^^^^^^
[INFO] [stdout] 
[INFO] [stdout] 
[INFO] [stdout] error[E0433]: cannot find module or crate `salvo` in this scope
[INFO] [stdout]    --> tests/compose_schema_tests.rs:338:30
[INFO] [stdout]     |
[INFO] [stdout] 338 |     let custom_schema: RefOr<salvo::oapi::schema::Schema> = salvo::oapi::Object::new()
[INFO] [stdout]     |                              ^^^^^ use of unresolved module or unlinked crate `salvo`
[INFO] [stdout]     |
[INFO] [stdout]     = help: if you wanted to use a crate named `salvo`, use `cargo add salvo` to add it to your `Cargo.toml`
[INFO] [stdout] 
[INFO] [stdout] 
[INFO] [stdout] error: cannot find attribute `salvo` in this scope
[INFO] [stdout]    --> tests/derive_to_schema_tests.rs:405:7
[INFO] [stdout]     |
[INFO] [stdout] 405 |     #[salvo(schema(min_items = 1))]
[INFO] [stdout]     |       ^^^^^
[INFO] [stdout] 
[INFO] [stdout] 
[INFO] [stdout] error[E0433]: cannot find module or crate `salvo` in this scope
[INFO] [stdout]    --> tests/compose_schema_tests.rs:338:61
[INFO] [stdout]     |
[INFO] [stdout] 338 |     let custom_schema: RefOr<salvo::oapi::schema::Schema> = salvo::oapi::Object::new()
[INFO] [stdout]     |                                                             ^^^^^ use of unresolved module or unlinked crate `salvo`
[INFO] [stdout]     |
[INFO] [stdout]     = help: if you wanted to use a crate named `salvo`, use `cargo add salvo` to add it to your `Cargo.toml`
[INFO] [stdout] 
[INFO] [stdout] 
[INFO] [stdout] error[E0433]: cannot find module or crate `salvo` in this scope
[INFO] [stdout]    --> tests/compose_schema_tests.rs:339:22
[INFO] [stdout]     |
[INFO] [stdout] 339 |         .schema_type(salvo::oapi::BasicType::String)
[INFO] [stdout]     |                      ^^^^^ use of unresolved module or unlinked crate `salvo`
[INFO] [stdout]     |
[INFO] [stdout]     = help: if you wanted to use a crate named `salvo`, use `cargo add salvo` to add it to your `Cargo.toml`
[INFO] [stdout] 
[INFO] [stdout] 
[INFO] [stdout] error: cannot find derive macro `ToSchema` in this scope
[INFO] [stdout]    --> tests/derive_to_schema_tests.rs:408:38
[INFO] [stdout]     |
[INFO] [stdout] 408 |     #[derive(Serialize, Deserialize, ToSchema, Debug)]
[INFO] [stdout]     |                                      ^^^^^^^^
[INFO] [stdout] 
[INFO] [stdout] 
[INFO] [stdout] error: cannot find attribute `endpoint` in this scope
[INFO] [stdout]    --> tests/derive_to_schema_tests.rs:422:7
[INFO] [stdout]     |
[INFO] [stdout] 422 |     #[endpoint]
[INFO] [stdout]     |       ^^^^^^^^
[INFO] [stdout] 
[INFO] [stdout] 
[INFO] [stdout] error[E0433]: cannot find module or crate `salvo` in this scope
[INFO] [stdout]    --> tests/compose_schema_tests.rs:403:5
[INFO] [stdout]     |
[INFO] [stdout] 403 |     salvo::oapi::naming::set_namer(
[INFO] [stdout]     |     ^^^^^ use of unresolved module or unlinked crate `salvo`
[INFO] [stdout]     |
[INFO] [stdout]     = help: if you wanted to use a crate named `salvo`, use `cargo add salvo` to add it to your `Cargo.toml`
[INFO] [stdout] 
[INFO] [stdout] 
[INFO] [stdout] error: cannot find derive macro `ToSchema` in this scope
[INFO] [stdout]    --> tests/derive_to_schema_tests.rs:580:38
[INFO] [stdout]     |
[INFO] [stdout] 580 |     #[derive(Serialize, Deserialize, ToSchema, Debug, Default)]
[INFO] [stdout]     |                                      ^^^^^^^^
[INFO] [stdout] 
[INFO] [stdout] 
[INFO] [stdout] error[E0433]: cannot find module or crate `salvo` in this scope
[INFO] [stdout]    --> tests/compose_schema_tests.rs:404:9
[INFO] [stdout]     |
[INFO] [stdout] 404 |         salvo::oapi::naming::FlexNamer::new()
[INFO] [stdout]     |         ^^^^^ use of unresolved module or unlinked crate `salvo`
[INFO] [stdout]     |
[INFO] [stdout]     = help: if you wanted to use a crate named `salvo`, use `cargo add salvo` to add it to your `Cargo.toml`
[INFO] [stdout] 
[INFO] [stdout] 
[INFO] [stdout] error: cannot find derive macro `ToSchema` in this scope
[INFO] [stdout]    --> tests/derive_to_schema_tests.rs:586:38
[INFO] [stdout]     |
[INFO] [stdout] 586 |     #[derive(Serialize, Deserialize, ToSchema, Debug, Default)]
[INFO] [stdout]     |                                      ^^^^^^^^
[INFO] [stdout] 
[INFO] [stdout] 
[INFO] [stdout] error: cannot find derive macro `ToSchema` in this scope
[INFO] [stdout]    --> tests/derive_to_schema_tests.rs:591:38
[INFO] [stdout]     |
[INFO] [stdout] 591 |     #[derive(Serialize, Deserialize, ToSchema, Debug, Default)]
[INFO] [stdout]     |                                      ^^^^^^^^
[INFO] [stdout] 
[INFO] [stdout] 
[INFO] [stdout] error[E0433]: cannot find module or crate `salvo` in this scope
[INFO] [stdout]    --> tests/compose_schema_tests.rs:459:5
[INFO] [stdout]     |
[INFO] [stdout] 459 |     salvo::oapi::naming::set_namer(
[INFO] [stdout]     |     ^^^^^ use of unresolved module or unlinked crate `salvo`
[INFO] [stdout]     |
[INFO] [stdout]     = help: if you wanted to use a crate named `salvo`, use `cargo add salvo` to add it to your `Cargo.toml`
[INFO] [stdout] 
[INFO] [stdout] 
[INFO] [stdout] error[E0433]: cannot find module or crate `salvo` in this scope
[INFO] [stdout]    --> tests/compose_schema_tests.rs:460:9
[INFO] [stdout]     |
[INFO] [stdout] 460 |         salvo::oapi::naming::FlexNamer::new()
[INFO] [stdout]     |         ^^^^^ use of unresolved module or unlinked crate `salvo`
[INFO] [stdout]     |
[INFO] [stdout]     = help: if you wanted to use a crate named `salvo`, use `cargo add salvo` to add it to your `Cargo.toml`
[INFO] [stdout] 
[INFO] [stdout] 
[INFO] [stdout] error: cannot find attribute `endpoint` in this scope
[INFO] [stdout]    --> tests/derive_to_schema_tests.rs:600:7
[INFO] [stdout]     |
[INFO] [stdout] 600 |     #[endpoint]
[INFO] [stdout]     |       ^^^^^^^^
[INFO] [stdout] 
[INFO] [stdout] 
[INFO] [stdout] error[E0405]: cannot find trait `ToSchema` in this scope
[INFO] [stdout]   --> tests/compose_schema_tests.rs:14:23
[INFO] [stdout]    |
[INFO] [stdout] 14 |     struct Wrapper<T: ToSchema + ComposeSchema + 'static> {
[INFO] [stdout]    |                       ^^^^^^^^ not found in this scope
[INFO] [stdout] 
[INFO] [stdout] 
[INFO] [stdout] error[E0425]: cannot find type `JsonBody` in this scope
[INFO] [stdout]   --> tests/compose_schema_tests.rs:19:32
[INFO] [stdout]    |
[INFO] [stdout] 19 |     async fn use_wrapper(body: JsonBody<Wrapper<String>>) -> String {
[INFO] [stdout]    |                                ^^^^^^^^ not found in this scope
[INFO] [stdout] 
[INFO] [stdout] 
[INFO] [stdout] error[E0405]: cannot find trait `ToSchema` in this scope
[INFO] [stdout]   --> tests/compose_schema_tests.rs:50:20
[INFO] [stdout]    |
[INFO] [stdout] 50 |     struct Page<T: ToSchema + ComposeSchema + 'static> {
[INFO] [stdout]    |                    ^^^^^^^^ not found in this scope
[INFO] [stdout] 
[INFO] [stdout] 
[INFO] [stdout] error[E0425]: cannot find type `JsonBody` in this scope
[INFO] [stdout]   --> tests/compose_schema_tests.rs:56:33
[INFO] [stdout]    |
[INFO] [stdout] 56 |     async fn list_strings(body: JsonBody<Page<String>>) -> String {
[INFO] [stdout]    |                                 ^^^^^^^^ not found in this scope
[INFO] [stdout] 
[INFO] [stdout] 
[INFO] [stdout] error[E0405]: cannot find trait `ToSchema` in this scope
[INFO] [stdout]   --> tests/compose_schema_tests.rs:95:20
[INFO] [stdout]    |
[INFO] [stdout] 95 |     struct Pair<A: ToSchema + ComposeSchema + 'static, B: ToSchema + ComposeSchema + 'static> {
[INFO] [stdout]    |                    ^^^^^^^^ not found in this scope
[INFO] [stdout] 
[INFO] [stdout] 
[INFO] [stdout] error[E0405]: cannot find trait `ToSchema` in this scope
[INFO] [stdout]   --> tests/compose_schema_tests.rs:95:59
[INFO] [stdout]    |
[INFO] [stdout] 95 |     struct Pair<A: ToSchema + ComposeSchema + 'static, B: ToSchema + ComposeSchema + 'static> {
[INFO] [stdout]    |                                                           ^^^^^^^^ not found in this scope
[INFO] [stdout] 
[INFO] [stdout] 
[INFO] [stdout] error[E0425]: cannot find type `JsonBody` in this scope
[INFO] [stdout]    --> tests/compose_schema_tests.rs:101:29
[INFO] [stdout]     |
[INFO] [stdout] 101 |     async fn use_pair(body: JsonBody<Pair<String, i32>>) -> String {
[INFO] [stdout]     |                             ^^^^^^^^ not found in this scope
[INFO] [stdout] 
[INFO] [stdout] 
[INFO] [stdout] error[E0405]: cannot find trait `ToSchema` in this scope
[INFO] [stdout]    --> tests/compose_schema_tests.rs:136:21
[INFO] [stdout]     |
[INFO] [stdout] 136 |     struct Inner<T: ToSchema + ComposeSchema + 'static> {
[INFO] [stdout]     |                     ^^^^^^^^ not found in this scope
[INFO] [stdout] 
[INFO] [stdout] 
[INFO] [stdout] error[E0405]: cannot find trait `ToSchema` in this scope
[INFO] [stdout]    --> tests/compose_schema_tests.rs:141:21
[INFO] [stdout]     |
[INFO] [stdout] 141 |     struct Outer<T: ToSchema + ComposeSchema + 'static> {
[INFO] [stdout]     |                     ^^^^^^^^ not found in this scope
[INFO] [stdout] 
[INFO] [stdout] 
[INFO] [stdout] error[E0425]: cannot find type `JsonBody` in this scope
[INFO] [stdout]    --> tests/compose_schema_tests.rs:147:31
[INFO] [stdout]     |
[INFO] [stdout] 147 |     async fn use_nested(body: JsonBody<Outer<i64>>) -> String {
[INFO] [stdout]     |                               ^^^^^^^^ not found in this scope
[INFO] [stdout] 
[INFO] [stdout] 
[INFO] [stdout] error[E0405]: cannot find trait `ToSchema` in this scope
[INFO] [stdout]    --> tests/compose_schema_tests.rs:195:26
[INFO] [stdout]     |
[INFO] [stdout] 195 |     struct MaybeValue<T: ToSchema + ComposeSchema + 'static> {
[INFO] [stdout]     |                          ^^^^^^^^ not found in this scope
[INFO] [stdout] 
[INFO] [stdout] 
[INFO] [stdout] error[E0425]: cannot find type `JsonBody` in this scope
[INFO] [stdout]    --> tests/compose_schema_tests.rs:201:30
[INFO] [stdout]     |
[INFO] [stdout] 201 |     async fn use_maybe(body: JsonBody<MaybeValue<f64>>) -> String {
[INFO] [stdout]     |                              ^^^^^^^^ not found in this scope
[INFO] [stdout] 
[INFO] [stdout] 
[INFO] [stdout] error[E0405]: cannot find trait `ToSchema` in this scope
[INFO] [stdout]    --> tests/compose_schema_tests.rs:233:24
[INFO] [stdout]     |
[INFO] [stdout] 233 |     struct Registry<T: ToSchema + ComposeSchema + 'static> {
[INFO] [stdout]     |                        ^^^^^^^^ not found in this scope
[INFO] [stdout] 
[INFO] [stdout] 
[INFO] [stdout] error[E0425]: cannot find type `JsonBody` in this scope
[INFO] [stdout]    --> tests/compose_schema_tests.rs:238:33
[INFO] [stdout]     |
[INFO] [stdout] 238 |     async fn use_registry(body: JsonBody<Registry<bool>>) -> String {
[INFO] [stdout]     |                                 ^^^^^^^^ not found in this scope
[INFO] [stdout] 
[INFO] [stdout] 
[INFO] [stdout] error[E0405]: cannot find trait `ToSchema` in this scope
[INFO] [stdout]    --> tests/compose_schema_tests.rs:269:27
[INFO] [stdout]     |
[INFO] [stdout] 269 |     struct ApiResponse<T: ToSchema + ComposeSchema + 'static> {
[INFO] [stdout]     |                           ^^^^^^^^ not found in this scope
[INFO] [stdout] 
[INFO] [stdout] 
[INFO] [stdout] error[E0425]: cannot find type `JsonBody` in this scope
[INFO] [stdout]    --> tests/compose_schema_tests.rs:283:30
[INFO] [stdout]     |
[INFO] [stdout] 283 |     async fn get_user(_body: JsonBody<ApiResponse<User>>) -> String {
[INFO] [stdout]     |                              ^^^^^^^^ not found in this scope
[INFO] [stdout] 
[INFO] [stdout] 
[INFO] [stdout] error[E0405]: cannot find trait `ToSchema` in this scope
[INFO] [stdout]    --> tests/compose_schema_tests.rs:332:25
[INFO] [stdout]     |
[INFO] [stdout] 332 |     struct Container<T: ToSchema + ComposeSchema + 'static> {
[INFO] [stdout]     |                         ^^^^^^^^ not found in this scope
[INFO] [stdout] 
[INFO] [stdout] 
[INFO] [stdout] error[E0405]: cannot find trait `ToSchema` in this scope
[INFO] [stdout]    --> tests/compose_schema_tests.rs:386:20
[INFO] [stdout]     |
[INFO] [stdout] 386 |     struct Box2<T: ToSchema + ComposeSchema + 'static> {
[INFO] [stdout]     |                    ^^^^^^^^ not found in this scope
[INFO] [stdout] 
[INFO] [stdout] 
[INFO] [stdout] error[E0425]: cannot find type `JsonBody` in this scope
[INFO] [stdout]    --> tests/compose_schema_tests.rs:391:35
[INFO] [stdout]     |
[INFO] [stdout] 391 |     async fn use_box_string(body: JsonBody<Box2<String>>) -> String {
[INFO] [stdout]     |                                   ^^^^^^^^ not found in this scope
[INFO] [stdout] 
[INFO] [stdout] 
[INFO] [stdout] error[E0425]: cannot find type `JsonBody` in this scope
[INFO] [stdout]    --> tests/compose_schema_tests.rs:395:32
[INFO] [stdout]     |
[INFO] [stdout] 395 |     async fn use_box_i32(body: JsonBody<Box2<i32>>) -> String {
[INFO] [stdout]     |                                ^^^^^^^^ not found in this scope
[INFO] [stdout] 
[INFO] [stdout] 
[INFO] [stdout] error[E0425]: cannot find type `JsonBody` in this scope
[INFO] [stdout]    --> tests/compose_schema_tests.rs:399:33
[INFO] [stdout]     |
[INFO] [stdout] 399 |     async fn use_box_bool(body: JsonBody<Box2<bool>>) -> String {
[INFO] [stdout]     |                                 ^^^^^^^^ not found in this scope
[INFO] [stdout] 
[INFO] [stdout] 
[INFO] [stdout] error[E0405]: cannot find trait `ToSchema` in this scope
[INFO] [stdout]    --> tests/compose_schema_tests.rs:446:31
[INFO] [stdout]     |
[INFO] [stdout] 446 |     struct ResponsePayload<T: ToSchema + ComposeSchema + 'static> {
[INFO] [stdout]     |                               ^^^^^^^^ not found in this scope
[INFO] [stdout] 
[INFO] [stdout] 
[INFO] [stdout] error: cannot find derive macro `ToSchema` in this scope
[INFO] [stdout]    --> tests/derive_to_schema_tests.rs:659:38
[INFO] [stdout]     |
[INFO] [stdout] 659 |     #[derive(Serialize, Deserialize, ToSchema, Debug)]
[INFO] [stdout]     |                                      ^^^^^^^^
[INFO] [stdout] 
[INFO] [stdout] 
[INFO] [stdout] error[E0433]: cannot find type `Router` in this scope
[INFO] [stdout]   --> tests/compose_schema_tests.rs:29:18
[INFO] [stdout]    |
[INFO] [stdout] 29 |     let router = Router::new().push(Router::with_path("test").post(use_wrapper));
[INFO] [stdout]    |                  ^^^^^^ use of undeclared type `Router`
[INFO] [stdout] 
[INFO] [stdout] 
[INFO] [stdout] error[E0433]: cannot find type `Router` in this scope
[INFO] [stdout]   --> tests/compose_schema_tests.rs:29:37
[INFO] [stdout]    |
[INFO] [stdout] 29 |     let router = Router::new().push(Router::with_path("test").post(use_wrapper));
[INFO] [stdout]    |                                     ^^^^^^ use of undeclared type `Router`
[INFO] [stdout] 
[INFO] [stdout] 
[INFO] [stdout] error[E0433]: cannot find type `OpenApi` in this scope
[INFO] [stdout]   --> tests/compose_schema_tests.rs:30:15
[INFO] [stdout]    |
[INFO] [stdout] 30 |     let doc = OpenApi::new("test", "0.1.0").merge_router(&router);
[INFO] [stdout]    |               ^^^^^^^ use of undeclared type `OpenApi`
[INFO] [stdout] 
[INFO] [stdout] 
[INFO] [stdout] error[E0433]: cannot find type `Router` in this scope
[INFO] [stdout]   --> tests/compose_schema_tests.rs:66:18
[INFO] [stdout]    |
[INFO] [stdout] 66 |     let router = Router::new().push(Router::with_path("test").post(list_strings));
[INFO] [stdout]    |                  ^^^^^^ use of undeclared type `Router`
[INFO] [stdout] 
[INFO] [stdout] 
[INFO] [stdout] error[E0433]: cannot find type `Router` in this scope
[INFO] [stdout]   --> tests/compose_schema_tests.rs:66:37
[INFO] [stdout]    |
[INFO] [stdout] 66 |     let router = Router::new().push(Router::with_path("test").post(list_strings));
[INFO] [stdout]    |                                     ^^^^^^ use of undeclared type `Router`
[INFO] [stdout] 
[INFO] [stdout] 
[INFO] [stdout] error[E0433]: cannot find type `OpenApi` in this scope
[INFO] [stdout]   --> tests/compose_schema_tests.rs:67:15
[INFO] [stdout]    |
[INFO] [stdout] 67 |     let doc = OpenApi::new("test", "0.1.0").merge_router(&router);
[INFO] [stdout]    |               ^^^^^^^ use of undeclared type `OpenApi`
[INFO] [stdout] 
[INFO] [stdout] 
[INFO] [stdout] error[E0433]: cannot find type `Router` in this scope
[INFO] [stdout]    --> tests/compose_schema_tests.rs:111:18
[INFO] [stdout]     |
[INFO] [stdout] 111 |     let router = Router::new().push(Router::with_path("test").post(use_pair));
[INFO] [stdout]     |                  ^^^^^^ use of undeclared type `Router`
[INFO] [stdout] 
[INFO] [stdout] 
[INFO] [stdout] error[E0433]: cannot find type `Router` in this scope
[INFO] [stdout]    --> tests/compose_schema_tests.rs:111:37
[INFO] [stdout]     |
[INFO] [stdout] 111 |     let router = Router::new().push(Router::with_path("test").post(use_pair));
[INFO] [stdout]     |                                     ^^^^^^ use of undeclared type `Router`
[INFO] [stdout] 
[INFO] [stdout] 
[INFO] [stdout] error[E0433]: cannot find type `OpenApi` in this scope
[INFO] [stdout]    --> tests/compose_schema_tests.rs:112:15
[INFO] [stdout]     |
[INFO] [stdout] 112 |     let doc = OpenApi::new("test", "0.1.0").merge_router(&router);
[INFO] [stdout]     |               ^^^^^^^ use of undeclared type `OpenApi`
[INFO] [stdout] 
[INFO] [stdout] 
[INFO] [stdout] error[E0433]: cannot find type `Router` in this scope
[INFO] [stdout]    --> tests/compose_schema_tests.rs:157:18
[INFO] [stdout]     |
[INFO] [stdout] 157 |     let router = Router::new().push(Router::with_path("test").post(use_nested));
[INFO] [stdout]     |                  ^^^^^^ use of undeclared type `Router`
[INFO] [stdout]     |
[INFO] [stdout] help: a struct with a similar name exists
[INFO] [stdout]     |
[INFO] [stdout] 157 -     let router = Router::new().push(Router::with_path("test").post(use_nested));
[INFO] [stdout] 157 +     let router = Outer::new().push(Router::with_path("test").post(use_nested));
[INFO] [stdout]     |
[INFO] [stdout] 
[INFO] [stdout] 
[INFO] [stdout] error[E0433]: cannot find type `Router` in this scope
[INFO] [stdout]    --> tests/compose_schema_tests.rs:157:37
[INFO] [stdout]     |
[INFO] [stdout] 157 |     let router = Router::new().push(Router::with_path("test").post(use_nested));
[INFO] [stdout]     |                                     ^^^^^^ use of undeclared type `Router`
[INFO] [stdout]     |
[INFO] [stdout] help: a struct with a similar name exists
[INFO] [stdout]     |
[INFO] [stdout] 157 -     let router = Router::new().push(Router::with_path("test").post(use_nested));
[INFO] [stdout] 157 +     let router = Router::new().push(Outer::with_path("test").post(use_nested));
[INFO] [stdout]     |
[INFO] [stdout] 
[INFO] [stdout] 
[INFO] [stdout] error[E0433]: cannot find type `OpenApi` in this scope
[INFO] [stdout]    --> tests/compose_schema_tests.rs:158:15
[INFO] [stdout]     |
[INFO] [stdout] 158 |     let doc = OpenApi::new("test", "0.1.0").merge_router(&router);
[INFO] [stdout]     |               ^^^^^^^ use of undeclared type `OpenApi`
[INFO] [stdout] 
[INFO] [stdout] 
[INFO] [stdout] error[E0433]: cannot find type `Router` in this scope
[INFO] [stdout]    --> tests/compose_schema_tests.rs:211:18
[INFO] [stdout]     |
[INFO] [stdout] 211 |     let router = Router::new().push(Router::with_path("test").post(use_maybe));
[INFO] [stdout]     |                  ^^^^^^ use of undeclared type `Router`
[INFO] [stdout] 
[INFO] [stdout] 
[INFO] [stdout] error[E0433]: cannot find type `Router` in this scope
[INFO] [stdout]    --> tests/compose_schema_tests.rs:211:37
[INFO] [stdout]     |
[INFO] [stdout] 211 |     let router = Router::new().push(Router::with_path("test").post(use_maybe));
[INFO] [stdout]     |                                     ^^^^^^ use of undeclared type `Router`
[INFO] [stdout] 
[INFO] [stdout] 
[INFO] [stdout] error[E0433]: cannot find type `OpenApi` in this scope
[INFO] [stdout]    --> tests/compose_schema_tests.rs:212:15
[INFO] [stdout]     |
[INFO] [stdout] 212 |     let doc = OpenApi::new("test", "0.1.0").merge_router(&router);
[INFO] [stdout]     |               ^^^^^^^ use of undeclared type `OpenApi`
[INFO] [stdout] 
[INFO] [stdout] 
[INFO] [stdout] error[E0433]: cannot find type `Router` in this scope
[INFO] [stdout]    --> tests/compose_schema_tests.rs:248:18
[INFO] [stdout]     |
[INFO] [stdout] 248 |     let router = Router::new().push(Router::with_path("test").post(use_registry));
[INFO] [stdout]     |                  ^^^^^^ use of undeclared type `Router`
[INFO] [stdout] 
[INFO] [stdout] 
[INFO] [stdout] error[E0433]: cannot find type `Router` in this scope
[INFO] [stdout]    --> tests/compose_schema_tests.rs:248:37
[INFO] [stdout]     |
[INFO] [stdout] 248 |     let router = Router::new().push(Router::with_path("test").post(use_registry));
[INFO] [stdout]     |                                     ^^^^^^ use of undeclared type `Router`
[INFO] [stdout] 
[INFO] [stdout] 
[INFO] [stdout] error[E0433]: cannot find type `OpenApi` in this scope
[INFO] [stdout]    --> tests/compose_schema_tests.rs:249:15
[INFO] [stdout]     |
[INFO] [stdout] 249 |     let doc = OpenApi::new("test", "0.1.0").merge_router(&router);
[INFO] [stdout]     |               ^^^^^^^ use of undeclared type `OpenApi`
[INFO] [stdout] 
[INFO] [stdout] 
[INFO] [stdout] error[E0433]: cannot find type `Router` in this scope
[INFO] [stdout]    --> tests/compose_schema_tests.rs:293:18
[INFO] [stdout]     |
[INFO] [stdout] 293 |     let router = Router::new().push(Router::with_path("test").post(get_user));
[INFO] [stdout]     |                  ^^^^^^ use of undeclared type `Router`
[INFO] [stdout] 
[INFO] [stdout] 
[INFO] [stdout] error[E0433]: cannot find type `Router` in this scope
[INFO] [stdout]    --> tests/compose_schema_tests.rs:293:37
[INFO] [stdout]     |
[INFO] [stdout] 293 |     let router = Router::new().push(Router::with_path("test").post(get_user));
[INFO] [stdout]     |                                     ^^^^^^ use of undeclared type `Router`
[INFO] [stdout] 
[INFO] [stdout] 
[INFO] [stdout] error[E0433]: cannot find type `OpenApi` in this scope
[INFO] [stdout]    --> tests/compose_schema_tests.rs:294:15
[INFO] [stdout]     |
[INFO] [stdout] 294 |     let doc = OpenApi::new("test", "0.1.0").merge_router(&router);
[INFO] [stdout]     |               ^^^^^^^ use of undeclared type `OpenApi`
[INFO] [stdout] 
[INFO] [stdout] 
[INFO] [stdout] error[E0433]: cannot find type `Router` in this scope
[INFO] [stdout]    --> tests/compose_schema_tests.rs:409:18
[INFO] [stdout]     |
[INFO] [stdout] 409 |     let router = Router::new()
[INFO] [stdout]     |                  ^^^^^^ use of undeclared type `Router`
[INFO] [stdout] 
[INFO] [stdout] 
[INFO] [stdout] error[E0433]: cannot find type `Router` in this scope
[INFO] [stdout]    --> tests/compose_schema_tests.rs:410:15
[INFO] [stdout]     |
[INFO] [stdout] 410 |         .push(Router::with_path("string").post(use_box_string))
[INFO] [stdout]     |               ^^^^^^ use of undeclared type `Router`
[INFO] [stdout] 
[INFO] [stdout] 
[INFO] [stdout] error[E0433]: cannot find type `Router` in this scope
[INFO] [stdout]    --> tests/compose_schema_tests.rs:411:15
[INFO] [stdout]     |
[INFO] [stdout] 411 |         .push(Router::with_path("i32").post(use_box_i32))
[INFO] [stdout]     |               ^^^^^^ use of undeclared type `Router`
[INFO] [stdout] 
[INFO] [stdout] 
[INFO] [stdout] error[E0433]: cannot find type `Router` in this scope
[INFO] [stdout]    --> tests/compose_schema_tests.rs:412:15
[INFO] [stdout]     |
[INFO] [stdout] 412 |         .push(Router::with_path("bool").post(use_box_bool));
[INFO] [stdout]     |               ^^^^^^ use of undeclared type `Router`
[INFO] [stdout] 
[INFO] [stdout] 
[INFO] [stdout] error[E0433]: cannot find type `OpenApi` in this scope
[INFO] [stdout]    --> tests/compose_schema_tests.rs:413:15
[INFO] [stdout]     |
[INFO] [stdout] 413 |     let doc = OpenApi::new("test", "0.1.0").merge_router(&router);
[INFO] [stdout]     |               ^^^^^^^ use of undeclared type `OpenApi`
[INFO] [stdout] 
[INFO] [stdout] 
[INFO] [stdout] error[E0433]: cannot find type `Router` in this scope
[INFO] [stdout]    --> tests/compose_schema_tests.rs:465:18
[INFO] [stdout]     |
[INFO] [stdout] 465 |     let router = Router::new().push(Router::with_path("data").get(list_data));
[INFO] [stdout]     |                  ^^^^^^ use of undeclared type `Router`
[INFO] [stdout] 
[INFO] [stdout] 
[INFO] [stdout] error[E0433]: cannot find type `Router` in this scope
[INFO] [stdout]    --> tests/compose_schema_tests.rs:465:37
[INFO] [stdout]     |
[INFO] [stdout] 465 |     let router = Router::new().push(Router::with_path("data").get(list_data));
[INFO] [stdout]     |                                     ^^^^^^ use of undeclared type `Router`
[INFO] [stdout] 
[INFO] [stdout] 
[INFO] [stdout] error[E0433]: cannot find type `OpenApi` in this scope
[INFO] [stdout]    --> tests/compose_schema_tests.rs:466:15
[INFO] [stdout]     |
[INFO] [stdout] 466 |     let doc = OpenApi::new("test", "0.1.0").merge_router(&router);
[INFO] [stdout]     |               ^^^^^^^ use of undeclared type `OpenApi`
[INFO] [stdout] 
[INFO] [stdout] 
[INFO] [stdout] Some errors have detailed explanations: E0405, E0425, E0432, E0433.
[INFO] [stdout] 
[INFO] [stdout] For more information about an error, try `rustc --explain E0405`.
[INFO] [stdout] 
[INFO] [stderr] error: could not compile `salvo-oapi-macros` (test "compose_schema_tests") due to 101 previous errors
[INFO] [stdout] error: cannot find derive macro `ToSchema` in this scope
[INFO] [stdout]    --> tests/derive_to_schema_tests.rs:664:38
[INFO] [stdout]     |
[INFO] [stdout] 664 |     #[derive(Serialize, Deserialize, ToSchema, Debug)]
[INFO] [stdout]     |                                      ^^^^^^^^
[INFO] [stdout] 
[INFO] [stdout] 
[INFO] [stdout] error: cannot find attribute `salvo` in this scope
[INFO] [stdout]    --> tests/derive_to_schema_tests.rs:665:7
[INFO] [stdout]     |
[INFO] [stdout] 665 |     #[salvo(schema(
[INFO] [stdout]     |       ^^^^^
[INFO] [stdout] 
[INFO] [stdout] 
[INFO] [stdout] error: cannot find attribute `endpoint` in this scope
[INFO] [stdout]    --> tests/derive_to_schema_tests.rs:674:7
[INFO] [stdout]     |
[INFO] [stdout] 674 |     #[endpoint]
[INFO] [stdout]     |       ^^^^^^^^
[INFO] [stdout] 
[INFO] [stdout] 
[INFO] [stdout] error: cannot find derive macro `ToSchema` in this scope
[INFO] [stdout]    --> tests/derive_to_schema_tests.rs:721:38
[INFO] [stdout]     |
[INFO] [stdout] 721 |     #[derive(Serialize, Deserialize, ToSchema, Debug)]
[INFO] [stdout]     |                                      ^^^^^^^^
[INFO] [stdout] 
[INFO] [stdout] 
[INFO] [stdout] error: cannot find derive macro `ToSchema` in this scope
[INFO] [stdout]    --> tests/derive_to_schema_tests.rs:726:38
[INFO] [stdout]     |
[INFO] [stdout] 726 |     #[derive(Serialize, Deserialize, ToSchema, Debug)]
[INFO] [stdout]     |                                      ^^^^^^^^
[INFO] [stdout] 
[INFO] [stdout] 
[INFO] [stdout] error: cannot find attribute `salvo` in this scope
[INFO] [stdout]    --> tests/derive_to_schema_tests.rs:727:7
[INFO] [stdout]     |
[INFO] [stdout] 727 |     #[salvo(schema(
[INFO] [stdout]     |       ^^^^^
[INFO] [stdout] 
[INFO] [stdout] 
[INFO] [stdout] error: cannot find attribute `endpoint` in this scope
[INFO] [stdout]    --> tests/derive_to_schema_tests.rs:739:7
[INFO] [stdout]     |
[INFO] [stdout] 739 |     #[endpoint]
[INFO] [stdout]     |       ^^^^^^^^
[INFO] [stdout] 
[INFO] [stdout] 
[INFO] [stdout] error[E0433]: cannot find module or crate `salvo` in this scope
[INFO] [stdout]    --> tests/derive_to_schema_tests.rs:146:5
[INFO] [stdout]     |
[INFO] [stdout] 146 |     salvo::oapi::naming::set_namer(
[INFO] [stdout]     |     ^^^^^ use of unresolved module or unlinked crate `salvo`
[INFO] [stdout]     |
[INFO] [stdout]     = help: if you wanted to use a crate named `salvo`, use `cargo add salvo` to add it to your `Cargo.toml`
[INFO] [stdout] 
[INFO] [stdout] 
[INFO] [stdout] error[E0433]: cannot find module or crate `salvo` in this scope
[INFO] [stdout]    --> tests/derive_to_schema_tests.rs:147:9
[INFO] [stdout]     |
[INFO] [stdout] 147 |         salvo::oapi::naming::FlexNamer::new()
[INFO] [stdout]     |         ^^^^^ use of unresolved module or unlinked crate `salvo`
[INFO] [stdout]     |
[INFO] [stdout]     = help: if you wanted to use a crate named `salvo`, use `cargo add salvo` to add it to your `Cargo.toml`
[INFO] [stdout] 
[INFO] [stdout] 
[INFO] [stdout] error[E0433]: cannot find module or crate `salvo` in this scope
[INFO] [stdout]    --> tests/derive_to_schema_tests.rs:307:5
[INFO] [stdout]     |
[INFO] [stdout] 307 |     salvo::oapi::naming::set_namer(
[INFO] [stdout]     |     ^^^^^ use of unresolved module or unlinked crate `salvo`
[INFO] [stdout]     |
[INFO] [stdout]     = help: if you wanted to use a crate named `salvo`, use `cargo add salvo` to add it to your `Cargo.toml`
[INFO] [stdout] 
[INFO] [stdout] 
[INFO] [stdout] error[E0433]: cannot find module or crate `salvo` in this scope
[INFO] [stdout]    --> tests/derive_to_schema_tests.rs:308:9
[INFO] [stdout]     |
[INFO] [stdout] 308 |         salvo::oapi::naming::FlexNamer::new()
[INFO] [stdout]     |         ^^^^^ use of unresolved module or unlinked crate `salvo`
[INFO] [stdout]     |
[INFO] [stdout]     = help: if you wanted to use a crate named `salvo`, use `cargo add salvo` to add it to your `Cargo.toml`
[INFO] [stdout] 
[INFO] [stdout] 
[INFO] [stdout] error[E0433]: cannot find module or crate `salvo` in this scope
[INFO] [stdout]    --> tests/derive_to_schema_tests.rs:427:5
[INFO] [stdout]     |
[INFO] [stdout] 427 |     salvo::oapi::naming::set_namer(
[INFO] [stdout]     |     ^^^^^ use of unresolved module or unlinked crate `salvo`
[INFO] [stdout]     |
[INFO] [stdout]     = help: if you wanted to use a crate named `salvo`, use `cargo add salvo` to add it to your `Cargo.toml`
[INFO] [stdout] 
[INFO] [stdout] 
[INFO] [stdout] error[E0433]: cannot find module or crate `salvo` in this scope
[INFO] [stdout]    --> tests/derive_to_schema_tests.rs:428:9
[INFO] [stdout]     |
[INFO] [stdout] 428 |         salvo::oapi::naming::FlexNamer::new()
[INFO] [stdout]     |         ^^^^^ use of unresolved module or unlinked crate `salvo`
[INFO] [stdout]     |
[INFO] [stdout]     = help: if you wanted to use a crate named `salvo`, use `cargo add salvo` to add it to your `Cargo.toml`
[INFO] [stdout] 
[INFO] [stdout] 
[INFO] [stdout] error[E0433]: cannot find module or crate `salvo` in this scope
[INFO] [stdout]    --> tests/derive_to_schema_tests.rs:605:5
[INFO] [stdout]     |
[INFO] [stdout] 605 |     salvo::oapi::naming::set_namer(
[INFO] [stdout]     |     ^^^^^ use of unresolved module or unlinked crate `salvo`
[INFO] [stdout]     |
[INFO] [stdout]     = help: if you wanted to use a crate named `salvo`, use `cargo add salvo` to add it to your `Cargo.toml`
[INFO] [stdout] 
[INFO] [stdout] 
[INFO] [stdout] error[E0433]: cannot find module or crate `salvo` in this scope
[INFO] [stdout]    --> tests/derive_to_schema_tests.rs:606:9
[INFO] [stdout]     |
[INFO] [stdout] 606 |         salvo::oapi::naming::FlexNamer::new()
[INFO] [stdout]     |         ^^^^^ use of unresolved module or unlinked crate `salvo`
[INFO] [stdout]     |
[INFO] [stdout]     = help: if you wanted to use a crate named `salvo`, use `cargo add salvo` to add it to your `Cargo.toml`
[INFO] [stdout] 
[INFO] [stdout] 
[INFO] [stdout] error[E0433]: cannot find module or crate `salvo` in this scope
[INFO] [stdout]    --> tests/derive_to_schema_tests.rs:679:5
[INFO] [stdout]     |
[INFO] [stdout] 679 |     salvo::oapi::naming::set_namer(
[INFO] [stdout]     |     ^^^^^ use of unresolved module or unlinked crate `salvo`
[INFO] [stdout]     |
[INFO] [stdout]     = help: if you wanted to use a crate named `salvo`, use `cargo add salvo` to add it to your `Cargo.toml`
[INFO] [stdout] 
[INFO] [stdout] 
[INFO] [stdout] error[E0433]: cannot find module or crate `salvo` in this scope
[INFO] [stdout]    --> tests/derive_to_schema_tests.rs:680:9
[INFO] [stdout]     |
[INFO] [stdout] 680 |         salvo::oapi::naming::FlexNamer::new()
[INFO] [stdout]     |         ^^^^^ use of unresolved module or unlinked crate `salvo`
[INFO] [stdout]     |
[INFO] [stdout]     = help: if you wanted to use a crate named `salvo`, use `cargo add salvo` to add it to your `Cargo.toml`
[INFO] [stdout] 
[INFO] [stdout] 
[INFO] [stdout] error[E0433]: cannot find module or crate `salvo` in this scope
[INFO] [stdout]    --> tests/derive_to_schema_tests.rs:744:5
[INFO] [stdout]     |
[INFO] [stdout] 744 |     salvo::oapi::naming::set_namer(
[INFO] [stdout]     |     ^^^^^ use of unresolved module or unlinked crate `salvo`
[INFO] [stdout]     |
[INFO] [stdout]     = help: if you wanted to use a crate named `salvo`, use `cargo add salvo` to add it to your `Cargo.toml`
[INFO] [stdout] 
[INFO] [stdout] 
[INFO] [stdout] error[E0433]: cannot find module or crate `salvo` in this scope
[INFO] [stdout]    --> tests/derive_to_schema_tests.rs:745:9
[INFO] [stdout]     |
[INFO] [stdout] 745 |         salvo::oapi::naming::FlexNamer::new()
[INFO] [stdout]     |         ^^^^^ use of unresolved module or unlinked crate `salvo`
[INFO] [stdout]     |
[INFO] [stdout]     = help: if you wanted to use a crate named `salvo`, use `cargo add salvo` to add it to your `Cargo.toml`
[INFO] [stdout] 
[INFO] [stdout] 
[INFO] [stdout] error[E0433]: cannot find module or crate `salvo` in this scope
[INFO] [stdout]   --> tests/derive_to_schema_tests.rs:43:26
[INFO] [stdout]    |
[INFO] [stdout] 43 |     let mut components = salvo::oapi::Components::new();
[INFO] [stdout]    |                          ^^^^^ use of unresolved module or unlinked crate `salvo`
[INFO] [stdout]    |
[INFO] [stdout]    = help: if you wanted to use a crate named `salvo`, use `cargo add salvo` to add it to your `Cargo.toml`
[INFO] [stdout] help: consider importing this struct
[INFO] [stdout]    |
[INFO] [stdout]  2 + use std::path::Components;
[INFO] [stdout]    |
[INFO] [stdout] help: if you import `Components`, refer to it directly
[INFO] [stdout]    |
[INFO] [stdout] 43 -     let mut components = salvo::oapi::Components::new();
[INFO] [stdout] 43 +     let mut components = Components::new();
[INFO] [stdout]    |
[INFO] [stdout] 
[INFO] [stdout] 
[INFO] [stdout] error[E0433]: cannot find module or crate `salvo` in this scope
[INFO] [stdout]   --> tests/derive_to_schema_tests.rs:75:26
[INFO] [stdout]    |
[INFO] [stdout] 75 |     let mut components = salvo::oapi::Components::new();
[INFO] [stdout]    |                          ^^^^^ use of unresolved module or unlinked crate `salvo`
[INFO] [stdout]    |
[INFO] [stdout]    = help: if you wanted to use a crate named `salvo`, use `cargo add salvo` to add it to your `Cargo.toml`
[INFO] [stdout] help: consider importing this struct
[INFO] [stdout]    |
[INFO] [stdout]  2 + use std::path::Components;
[INFO] [stdout]    |
[INFO] [stdout] help: if you import `Components`, refer to it directly
[INFO] [stdout]    |
[INFO] [stdout] 75 -     let mut components = salvo::oapi::Components::new();
[INFO] [stdout] 75 +     let mut components = Components::new();
[INFO] [stdout]    |
[INFO] [stdout] 
[INFO] [stdout] 
[INFO] [stdout] error[E0433]: cannot find module or crate `salvo` in this scope
[INFO] [stdout]    --> tests/derive_to_schema_tests.rs:104:26
[INFO] [stdout]     |
[INFO] [stdout] 104 |     let mut components = salvo::oapi::Components::new();
[INFO] [stdout]     |                          ^^^^^ use of unresolved module or unlinked crate `salvo`
[INFO] [stdout]     |
[INFO] [stdout]     = help: if you wanted to use a crate named `salvo`, use `cargo add salvo` to add it to your `Cargo.toml`
[INFO] [stdout] help: consider importing this struct
[INFO] [stdout]     |
[INFO] [stdout]   2 + use std::path::Components;
[INFO] [stdout]     |
[INFO] [stdout] help: if you import `Components`, refer to it directly
[INFO] [stdout]     |
[INFO] [stdout] 104 -     let mut components = salvo::oapi::Components::new();
[INFO] [stdout] 104 +     let mut components = Components::new();
[INFO] [stdout]     |
[INFO] [stdout] 
[INFO] [stdout] 
[INFO] [stdout] error[E0405]: cannot find trait `ToSchema` in this scope
[INFO] [stdout]    --> tests/derive_to_schema_tests.rs:124:24
[INFO] [stdout]     |
[INFO] [stdout] 124 |     struct MyObject<T: ToSchema + std::fmt::Debug + 'static> {
[INFO] [stdout]     |                        ^^^^^^^^ not found in this scope
[INFO] [stdout] 
[INFO] [stdout] 
[INFO] [stdout] error[E0425]: cannot find type `JsonBody` in this scope
[INFO] [stdout]    --> tests/derive_to_schema_tests.rs:130:31
[INFO] [stdout]     |
[INFO] [stdout] 130 |     async fn use_string(body: JsonBody<MyObject<String>>) -> String {
[INFO] [stdout]     |                               ^^^^^^^^ not found in this scope
[INFO] [stdout] 
[INFO] [stdout] 
[INFO] [stdout] error[E0425]: cannot find type `JsonBody` in this scope
[INFO] [stdout]    --> tests/derive_to_schema_tests.rs:136:28
[INFO] [stdout]     |
[INFO] [stdout] 136 |     async fn use_i32(body: JsonBody<MyObject<i32>>) -> String {
[INFO] [stdout]     |                            ^^^^^^^^ not found in this scope
[INFO] [stdout] 
[INFO] [stdout] 
[INFO] [stdout] error[E0425]: cannot find type `JsonBody` in this scope
[INFO] [stdout]    --> tests/derive_to_schema_tests.rs:142:28
[INFO] [stdout]     |
[INFO] [stdout] 142 |     async fn use_u64(body: JsonBody<MyObject<u64>>) -> String {
[INFO] [stdout]     |                            ^^^^^^^^ not found in this scope
[INFO] [stdout] 
[INFO] [stdout] 
[INFO] [stdout] error[E0425]: cannot find type `JsonBody` in this scope
[INFO] [stdout]    --> tests/derive_to_schema_tests.rs:303:26
[INFO] [stdout]     |
[INFO] [stdout] 303 |     async fn hello(body: JsonBody<People>) -> String {
[INFO] [stdout]     |                          ^^^^^^^^ not found in this scope
[INFO] [stdout] 
[INFO] [stdout] 
[INFO] [stdout] error[E0425]: cannot find type `JsonBody` in this scope
[INFO] [stdout]    --> tests/derive_to_schema_tests.rs:423:29
[INFO] [stdout]     |
[INFO] [stdout] 423 |     async fn new_type(body: JsonBody<SomeDto>) -> String {
[INFO] [stdout]     |                             ^^^^^^^^ not found in this scope
[INFO] [stdout] 
[INFO] [stdout] 
[INFO] [stdout] error[E0425]: cannot find type `JsonBody` in this scope
[INFO] [stdout]    --> tests/derive_to_schema_tests.rs:601:32
[INFO] [stdout]     |
[INFO] [stdout] 601 |     async fn create_user(body: JsonBody<UserResponse>) -> String {
[INFO] [stdout]     |                                ^^^^^^^^ not found in this scope
[INFO] [stdout] 
[INFO] [stdout] 
[INFO] [stdout] error[E0425]: cannot find type `JsonBody` in this scope
[INFO] [stdout]    --> tests/derive_to_schema_tests.rs:675:33
[INFO] [stdout]     |
[INFO] [stdout] 675 |     async fn use_extended(body: JsonBody<Extended>) -> String {
[INFO] [stdout]     |                                 ^^^^^^^^ not found in this scope
[INFO] [stdout] 
[INFO] [stdout] 
[INFO] [stdout] error[E0425]: cannot find type `JsonBody` in this scope
[INFO] [stdout]    --> tests/derive_to_schema_tests.rs:740:33
[INFO] [stdout]     |
[INFO] [stdout] 740 |     async fn use_combined(body: JsonBody<Combined>) -> String {
[INFO] [stdout]     |                                 ^^^^^^^^ not found in this scope
[INFO] [stdout] 
[INFO] [stdout] 
[INFO] [stdout] error[E0433]: cannot find type `Router` in this scope
[INFO] [stdout]    --> tests/derive_to_schema_tests.rs:152:18
[INFO] [stdout]     |
[INFO] [stdout] 152 |     let router = Router::new()
[INFO] [stdout]     |                  ^^^^^^ use of undeclared type `Router`
[INFO] [stdout] 
[INFO] [stdout] 
[INFO] [stdout] error[E0433]: cannot find type `Router` in this scope
[INFO] [stdout]    --> tests/derive_to_schema_tests.rs:153:15
[INFO] [stdout]     |
[INFO] [stdout] 153 |         .push(Router::with_path("i32").post(use_i32))
[INFO] [stdout]     |               ^^^^^^ use of undeclared type `Router`
[INFO] [stdout] 
[INFO] [stdout] 
[INFO] [stdout] error[E0433]: cannot find type `Router` in this scope
[INFO] [stdout]    --> tests/derive_to_schema_tests.rs:154:15
[INFO] [stdout]     |
[INFO] [stdout] 154 |         .push(Router::with_path("u64").post(use_u64))
[INFO] [stdout]     |               ^^^^^^ use of undeclared type `Router`
[INFO] [stdout] 
[INFO] [stdout] 
[INFO] [stdout] error[E0433]: cannot find type `Router` in this scope
[INFO] [stdout]    --> tests/derive_to_schema_tests.rs:155:15
[INFO] [stdout]     |
[INFO] [stdout] 155 |         .push(Router::with_path("string").post(use_string));
[INFO] [stdout]     |               ^^^^^^ use of undeclared type `Router`
[INFO] [stdout] 
[INFO] [stdout] 
[INFO] [stdout] error[E0433]: cannot find type `OpenApi` in this scope
[INFO] [stdout]    --> tests/derive_to_schema_tests.rs:157:15
[INFO] [stdout]     |
[INFO] [stdout] 157 |     let doc = OpenApi::new("test api", "0.0.1").merge_router(&router);
[INFO] [stdout]     |               ^^^^^^^ use of undeclared type `OpenApi`
[INFO] [stdout] 
[INFO] [stdout] 
[INFO] [stdout] error[E0433]: cannot find type `Router` in this scope
[INFO] [stdout]    --> tests/derive_to_schema_tests.rs:313:18
[INFO] [stdout]     |
[INFO] [stdout] 313 |     let router = Router::new().push(Router::with_path("hello").post(hello));
[INFO] [stdout]     |                  ^^^^^^ use of undeclared type `Router`
[INFO] [stdout] 
[INFO] [stdout] 
[INFO] [stdout] error[E0433]: cannot find type `Router` in this scope
[INFO] [stdout]    --> tests/derive_to_schema_tests.rs:313:37
[INFO] [stdout]     |
[INFO] [stdout] 313 |     let router = Router::new().push(Router::with_path("hello").post(hello));
[INFO] [stdout]     |                                     ^^^^^^ use of undeclared type `Router`
[INFO] [stdout] 
[INFO] [stdout] 
[INFO] [stdout] error[E0433]: cannot find type `OpenApi` in this scope
[INFO] [stdout]    --> tests/derive_to_schema_tests.rs:315:15
[INFO] [stdout]     |
[INFO] [stdout] 315 |     let doc = OpenApi::new("test api", "0.0.1").merge_router(&router);
[INFO] [stdout]     |               ^^^^^^^ use of undeclared type `OpenApi`
[INFO] [stdout] 
[INFO] [stdout] 
[INFO] [stdout] error[E0433]: cannot find type `Router` in this scope
[INFO] [stdout]    --> tests/derive_to_schema_tests.rs:433:18
[INFO] [stdout]     |
[INFO] [stdout] 433 |     let router = Router::new().push(Router::with_path("new-type").post(new_type));
[INFO] [stdout]     |                  ^^^^^^ use of undeclared type `Router`
[INFO] [stdout] 
[INFO] [stdout] 
[INFO] [stdout] error[E0433]: cannot find type `Router` in this scope
[INFO] [stdout]    --> tests/derive_to_schema_tests.rs:433:37
[INFO] [stdout]     |
[INFO] [stdout] 433 |     let router = Router::new().push(Router::with_path("new-type").post(new_type));
[INFO] [stdout]     |                                     ^^^^^^ use of undeclared type `Router`
[INFO] [stdout] 
[INFO] [stdout] 
[INFO] [stdout] error[E0433]: cannot find type `OpenApi` in this scope
[INFO] [stdout]    --> tests/derive_to_schema_tests.rs:435:15
[INFO] [stdout]     |
[INFO] [stdout] 435 |     let doc = OpenApi::new("test api", "0.0.1").merge_router(&router);
[INFO] [stdout]     |               ^^^^^^^ use of undeclared type `OpenApi`
[INFO] [stdout] 
[INFO] [stdout] 
[INFO] [stdout] error[E0433]: cannot find type `Router` in this scope
[INFO] [stdout]    --> tests/derive_to_schema_tests.rs:611:18
[INFO] [stdout]     |
[INFO] [stdout] 611 |     let router = Router::new().push(Router::with_path("users").post(create_user));
[INFO] [stdout]     |                  ^^^^^^ use of undeclared type `Router`
[INFO] [stdout] 
[INFO] [stdout] 
[INFO] [stdout] error[E0433]: cannot find type `Router` in this scope
[INFO] [stdout]    --> tests/derive_to_schema_tests.rs:611:37
[INFO] [stdout]     |
[INFO] [stdout] 611 |     let router = Router::new().push(Router::with_path("users").post(create_user));
[INFO] [stdout]     |                                     ^^^^^^ use of undeclared type `Router`
[INFO] [stdout] 
[INFO] [stdout] 
[INFO] [stdout] error[E0433]: cannot find type `OpenApi` in this scope
[INFO] [stdout]    --> tests/derive_to_schema_tests.rs:612:15
[INFO] [stdout]     |
[INFO] [stdout] 612 |     let doc = OpenApi::new("test api", "0.0.1").merge_router(&router);
[INFO] [stdout]     |               ^^^^^^^ use of undeclared type `OpenApi`
[INFO] [stdout] 
[INFO] [stdout] 
[INFO] [stdout] error[E0433]: cannot find type `Router` in this scope
[INFO] [stdout]    --> tests/derive_to_schema_tests.rs:685:18
[INFO] [stdout]     |
[INFO] [stdout] 685 |     let router = Router::new().push(Router::with_path("test").post(use_extended));
[INFO] [stdout]     |                  ^^^^^^ use of undeclared type `Router`
[INFO] [stdout] 
[INFO] [stdout] 
[INFO] [stdout] error[E0433]: cannot find type `Router` in this scope
[INFO] [stdout]    --> tests/derive_to_schema_tests.rs:685:37
[INFO] [stdout]     |
[INFO] [stdout] 685 |     let router = Router::new().push(Router::with_path("test").post(use_extended));
[INFO] [stdout]     |                                     ^^^^^^ use of undeclared type `Router`
[INFO] [stdout] 
[INFO] [stdout] 
[INFO] [stdout] error[E0433]: cannot find type `OpenApi` in this scope
[INFO] [stdout]    --> tests/derive_to_schema_tests.rs:686:15
[INFO] [stdout]     |
[INFO] [stdout] 686 |     let doc = OpenApi::new("test api", "0.0.1").merge_router(&router);
[INFO] [stdout]     |               ^^^^^^^ use of undeclared type `OpenApi`
[INFO] [stdout] 
[INFO] [stdout] 
[INFO] [stdout] error[E0433]: cannot find type `Router` in this scope
[INFO] [stdout]    --> tests/derive_to_schema_tests.rs:750:18
[INFO] [stdout]     |
[INFO] [stdout] 750 |     let router = Router::new().push(Router::with_path("test").post(use_combined));
[INFO] [stdout]     |                  ^^^^^^ use of undeclared type `Router`
[INFO] [stdout] 
[INFO] [stdout] 
[INFO] [stdout] error[E0433]: cannot find type `Router` in this scope
[INFO] [stdout]    --> tests/derive_to_schema_tests.rs:750:37
[INFO] [stdout]     |
[INFO] [stdout] 750 |     let router = Router::new().push(Router::with_path("test").post(use_combined));
[INFO] [stdout]     |                                     ^^^^^^ use of undeclared type `Router`
[INFO] [stdout] 
[INFO] [stdout] 
[INFO] [stdout] error[E0433]: cannot find type `OpenApi` in this scope
[INFO] [stdout]    --> tests/derive_to_schema_tests.rs:751:15
[INFO] [stdout]     |
[INFO] [stdout] 751 |     let doc = OpenApi::new("test api", "0.0.1").merge_router(&router);
[INFO] [stdout]     |               ^^^^^^^ use of undeclared type `OpenApi`
[INFO] [stdout] 
[INFO] [stdout] 
[INFO] [stdout] Some errors have detailed explanations: E0405, E0425, E0432, E0433.
[INFO] [stdout] 
[INFO] [stdout] For more information about an error, try `rustc --explain E0405`.
[INFO] [stdout] 
[INFO] [stderr] error: could not compile `salvo-oapi-macros` (test "derive_to_schema_tests") due to 103 previous errors
[INFO] running `Command { std: "docker" "inspect" "4f73768f21711e5dd8c4865f417a3120acaf0bc0c17846443c7026af9a52448f", kill_on_drop: false }`
[INFO] running `Command { std: "docker" "rm" "-f" "4f73768f21711e5dd8c4865f417a3120acaf0bc0c17846443c7026af9a52448f", kill_on_drop: false }`
[INFO] [stdout] 4f73768f21711e5dd8c4865f417a3120acaf0bc0c17846443c7026af9a52448f
