[INFO] fetching crate salib-surrogate 0.2.0...
[INFO] testing salib-surrogate-0.2.0 against 1.100.0-beta.1 for beta-1.100-2
[INFO] extracting crate salib-surrogate 0.2.0 into /workspace/builds/worker-5-tc2/source
[INFO] started tweaking crates.io crate salib-surrogate 0.2.0
[INFO] removed 0 missing tests
[INFO] finished tweaking crates.io crate salib-surrogate 0.2.0
[INFO] tweaked toml for crates.io crate salib-surrogate 0.2.0 written to /workspace/builds/worker-5-tc2/source/Cargo.toml
[INFO] validating manifest of crates.io crate salib-surrogate 0.2.0 on toolchain 1.100.0-beta.1
[INFO] running `Command { std: CARGO_HOME="/workspace/cargo-home" RUSTUP_HOME="/workspace/rustup-home" "/workspace/cargo-home/bin/cargo" "+1.100.0-beta.1" "metadata" "--manifest-path" "Cargo.toml" "--no-deps", kill_on_drop: false }`
[INFO] crate crates.io crate salib-surrogate 0.2.0 already has a lockfile, it will not be regenerated
[INFO] running `Command { std: CARGO_HOME="/workspace/cargo-home" RUSTUP_HOME="/workspace/rustup-home" "/workspace/cargo-home/bin/cargo" "+1.100.0-beta.1" "fetch" "--manifest-path" "Cargo.toml", kill_on_drop: false }`
[INFO] running `Command { std: "docker" "create" "-v" "/var/lib/crater-agent-workspace/builds/worker-5-tc2/source:/opt/rustwide/workdir:ro,Z" "-v" "/var/lib/crater-agent-workspace/builds/worker-5-tc2/target:/opt/rustwide/target:rw,Z" "-v" "/var/lib/crater-agent-workspace/cargo-home:/opt/rustwide/cargo-home:ro,Z" "-v" "/var/lib/crater-agent-workspace/rustup-home:/opt/rustwide/rustup-home:ro,Z" "-m" "1610612736" "--network" "none" "ghcr.io/rust-lang/crates-build-env/linux@sha256:3111399a4047eeb3a02b7a90e478d715f38a8c6669b5c4b49d30a17385265909" "sleep" "infinity", kill_on_drop: false }`
[INFO] [stdout] 06cda26486ca7c11c48d9f60fc3f7c2c3f763752db17c8990477caedd12e207a
[INFO] running `Command { std: "docker" "start" "06cda26486ca7c11c48d9f60fc3f7c2c3f763752db17c8990477caedd12e207a", kill_on_drop: false }`
[INFO] running `Command { std: "docker" "inspect" "06cda26486ca7c11c48d9f60fc3f7c2c3f763752db17c8990477caedd12e207a", kill_on_drop: false }`
[INFO] running `Command { std: "docker" "exec" "-e" "SOURCE_DIR=/opt/rustwide/workdir" "-e" "CARGO_HOME=/opt/rustwide/cargo-home" "-e" "RUSTUP_HOME=/opt/rustwide/rustup-home" "-e" "CARGO_TARGET_DIR=/opt/rustwide/target" "-w" "/opt/rustwide/workdir" "--user" "0:0" "06cda26486ca7c11c48d9f60fc3f7c2c3f763752db17c8990477caedd12e207a" "/opt/rustwide/cargo-home/bin/cargo" "+1.100.0-beta.1" "metadata" "--no-deps" "--format-version=1", kill_on_drop: false }`
[INFO] running `Command { std: "docker" "inspect" "06cda26486ca7c11c48d9f60fc3f7c2c3f763752db17c8990477caedd12e207a", kill_on_drop: false }`
[INFO] running `Command { std: "docker" "exec" "-e" "SOURCE_DIR=/opt/rustwide/workdir" "-e" "CARGO_HOME=/opt/rustwide/cargo-home" "-e" "RUSTUP_HOME=/opt/rustwide/rustup-home" "-e" "CARGO_TARGET_DIR=/opt/rustwide/target" "-e" "CARGO_INCREMENTAL=0" "-e" "RUST_BACKTRACE=full" "-e" "RUSTFLAGS=--cap-lints=warn" "-e" "RUSTDOCFLAGS=--cap-lints=warn" "-w" "/opt/rustwide/workdir" "--user" "0:0" "06cda26486ca7c11c48d9f60fc3f7c2c3f763752db17c8990477caedd12e207a" "/opt/rustwide/cargo-home/bin/cargo" "+1.100.0-beta.1" "build" "--frozen" "--message-format=json", kill_on_drop: false }`
[INFO] [stderr]    Compiling num-traits v0.2.19
[INFO] [stderr]    Compiling libc v0.2.186
[INFO] [stderr]    Compiling crossbeam-utils v0.8.21
[INFO] [stderr]    Compiling matrixmultiply v0.3.10
[INFO] [stderr]    Compiling bytemuck v1.25.0
[INFO] [stderr]    Compiling rawpointer v0.2.1
[INFO] [stderr]    Compiling paste v1.0.15
[INFO] [stderr]    Compiling rand_core v0.9.5
[INFO] [stderr]    Compiling ppv-lite86 v0.2.21
[INFO] [stderr]    Compiling serde_json v1.0.149
[INFO] [stderr]    Compiling crypto-common v0.1.7
[INFO] [stderr]    Compiling either v1.15.0
[INFO] [stderr]    Compiling nalgebra-macros v0.2.2
[INFO] [stderr]    Compiling digest v0.10.7
[INFO] [stderr]    Compiling rand v0.9.4
[INFO] [stderr]    Compiling sha2 v0.10.9
[INFO] [stderr]    Compiling safe_arch v0.7.4
[INFO] [stderr]    Compiling wide v0.7.33
[INFO] [stderr]    Compiling rand_chacha v0.9.0
[INFO] [stderr]    Compiling crossbeam-epoch v0.9.18
[INFO] [stderr]    Compiling crossbeam-deque v0.8.6
[INFO] [stderr]    Compiling num-complex v0.4.6
[INFO] [stderr]    Compiling num-integer v0.1.46
[INFO] [stderr]    Compiling approx v0.5.1
[INFO] [stderr]    Compiling rayon-core v1.13.0
[INFO] [stderr]    Compiling num-rational v0.4.2
[INFO] [stderr]    Compiling ndarray v0.16.1
[INFO] [stderr]    Compiling getrandom v0.2.17
[INFO] [stderr]    Compiling rayon v1.12.0
[INFO] [stderr]    Compiling rand_core v0.6.4
[INFO] [stderr]    Compiling rand_chacha v0.3.1
[INFO] [stderr]    Compiling rand v0.8.6
[INFO] [stderr]    Compiling simba v0.9.1
[INFO] [stderr]    Compiling rand_distr v0.4.3
[INFO] [stderr]    Compiling nalgebra v0.33.3
[INFO] [stderr]    Compiling statrs v0.18.0
[INFO] [stderr]    Compiling salib-core v0.2.0
[INFO] [stderr]    Compiling salib-surrogate v0.2.0 (/opt/rustwide/workdir)
[INFO] [stderr]     Finished `dev` profile [unoptimized + debuginfo] target(s) in 21.39s
[INFO] running `Command { std: "docker" "inspect" "06cda26486ca7c11c48d9f60fc3f7c2c3f763752db17c8990477caedd12e207a", kill_on_drop: false }`
[INFO] running `Command { std: "docker" "exec" "-e" "SOURCE_DIR=/opt/rustwide/workdir" "-e" "CARGO_HOME=/opt/rustwide/cargo-home" "-e" "RUSTUP_HOME=/opt/rustwide/rustup-home" "-e" "CARGO_TARGET_DIR=/opt/rustwide/target" "-e" "CARGO_INCREMENTAL=0" "-e" "RUST_BACKTRACE=full" "-e" "RUSTFLAGS=--cap-lints=warn" "-e" "RUSTDOCFLAGS=--cap-lints=warn" "-w" "/opt/rustwide/workdir" "--user" "0:0" "06cda26486ca7c11c48d9f60fc3f7c2c3f763752db17c8990477caedd12e207a" "/opt/rustwide/cargo-home/bin/cargo" "+1.100.0-beta.1" "test" "--frozen" "--no-run" "--message-format=json", kill_on_drop: false }`
[INFO] [stderr]    Compiling salib-surrogate v0.2.0 (/opt/rustwide/workdir)
[INFO] [stdout] error[E0432]: unresolved import `salib_estimators`
[INFO] [stdout]   --> tests/active_subspace_e2e.rs:31:5
[INFO] [stdout]    |
[INFO] [stdout] 31 | use salib_estimators::{finite_difference_gradients, FdKind};
[INFO] [stdout]    |     ^^^^^^^^^^^^^^^^ use of unresolved module or unlinked crate `salib_estimators`
[INFO] [stdout]    |
[INFO] [stdout]    = help: if you wanted to use a crate named `salib_estimators`, use `cargo add salib_estimators` to add it to your `Cargo.toml`
[INFO] [stdout] 
[INFO] [stdout] 
[INFO] [stdout] error[E0432]: unresolved import `salib_samplers`
[INFO] [stdout]   --> tests/active_subspace_e2e.rs:32:5
[INFO] [stdout]    |
[INFO] [stdout] 32 | use salib_samplers::{LhsSampler, Sampler};
[INFO] [stdout]    |     ^^^^^^^^^^^^^^ use of unresolved module or unlinked crate `salib_samplers`
[INFO] [stdout]    |
[INFO] [stdout]    = help: if you wanted to use a crate named `salib_samplers`, use `cargo add salib_samplers` to add it to your `Cargo.toml`
[INFO] [stdout] 
[INFO] [stdout] 
[INFO] [stdout] error[E0432]: unresolved import `salib_validation`
[INFO] [stdout]   --> tests/active_subspace_e2e.rs:34:5
[INFO] [stdout]    |
[INFO] [stdout] 34 | use salib_validation::ishigami;
[INFO] [stdout]    |     ^^^^^^^^^^^^^^^^ use of unresolved module or unlinked crate `salib_validation`
[INFO] [stdout]    |
[INFO] [stdout]    = help: if you wanted to use a crate named `salib_validation`, use `cargo add salib_validation` to add it to your `Cargo.toml`
[INFO] [stdout] 
[INFO] [stdout] 
[INFO] [stdout] error[E0432]: unresolved import `salib_samplers`
[INFO] [stdout]   --> tests/sparse_pce_ishigami_e2e.rs:26:5
[INFO] [stdout]    |
[INFO] [stdout] 26 | use salib_samplers::{Sampler, SobolSampler};
[INFO] [stdout]    |     ^^^^^^^^^^^^^^ use of unresolved module or unlinked crate `salib_samplers`
[INFO] [stdout]    |
[INFO] [stdout]    = help: if you wanted to use a crate named `salib_samplers`, use `cargo add salib_samplers` to add it to your `Cargo.toml`
[INFO] [stdout] 
[INFO] [stdout] 
[INFO] [stdout] error[E0432]: unresolved import `salib_validation`
[INFO] [stdout]   --> tests/sparse_pce_ishigami_e2e.rs:30:5
[INFO] [stdout]    |
[INFO] [stdout] 30 | use salib_validation::{ishigami, SobolIndicesAnalytic};
[INFO] [stdout]    |     ^^^^^^^^^^^^^^^^ use of unresolved module or unlinked crate `salib_validation`
[INFO] [stdout]    |
[INFO] [stdout]    = help: if you wanted to use a crate named `salib_validation`, use `cargo add salib_validation` to add it to your `Cargo.toml`
[INFO] [stdout] 
[INFO] [stdout] 
[INFO] [stdout] error[E0433]: cannot find module or crate `salib_tck` in this scope
[INFO] [stdout]   --> tests/pce_ishigami_tck.rs:26:5
[INFO] [stdout]    |
[INFO] [stdout] 26 | use salib_tck::gherkin::{parse_feature, StepError, SyncRunner};
[INFO] [stdout]    |     ^^^^^^^^^ use of unresolved module or unlinked crate `salib_tck`
[INFO] [stdout]    |
[INFO] [stdout]    = help: if you wanted to use a crate named `salib_tck`, use `cargo add salib_tck` to add it to your `Cargo.toml`
[INFO] [stdout] 
[INFO] [stdout] 
[INFO] [stdout] error[E0432]: unresolved import `salib_samplers`
[INFO] [stdout]   --> tests/pce_ishigami_tck.rs:22:5
[INFO] [stdout]    |
[INFO] [stdout] 22 | use salib_samplers::{Sampler, SobolSampler};
[INFO] [stdout]    |     ^^^^^^^^^^^^^^ use of unresolved module or unlinked crate `salib_samplers`
[INFO] [stdout]    |
[INFO] [stdout]    = help: if you wanted to use a crate named `salib_samplers`, use `cargo add salib_samplers` to add it to your `Cargo.toml`
[INFO] [stdout] 
[INFO] [stdout] 
[INFO] [stdout] error[E0432]: unresolved import `salib_validation`
[INFO] [stdout]   --> tests/pce_ishigami_tck.rs:27:5
[INFO] [stdout]    |
[INFO] [stdout] 27 | use salib_validation::ishigami;
[INFO] [stdout]    |     ^^^^^^^^^^^^^^^^ use of unresolved module or unlinked crate `salib_validation`
[INFO] [stdout]    |
[INFO] [stdout]    = help: if you wanted to use a crate named `salib_validation`, use `cargo add salib_validation` to add it to your `Cargo.toml`
[INFO] [stdout] 
[INFO] [stdout] 
[INFO] [stdout] error[E0432]: unresolved import `salib_estimators`
[INFO] [stdout]   --> tests/active_subspace_tck.rs:21:5
[INFO] [stdout]    |
[INFO] [stdout] 21 | use salib_estimators::{finite_difference_gradients, FdKind};
[INFO] [stdout]    |     ^^^^^^^^^^^^^^^^ use of unresolved module or unlinked crate `salib_estimators`
[INFO] [stdout]    |
[INFO] [stdout]    = help: if you wanted to use a crate named `salib_estimators`, use `cargo add salib_estimators` to add it to your `Cargo.toml`
[INFO] [stdout] 
[INFO] [stdout] 
[INFO] [stdout] error[E0433]: cannot find module or crate `salib_tck` in this scope
[INFO] [stdout]   --> tests/active_subspace_tck.rs:24:5
[INFO] [stdout]    |
[INFO] [stdout] 24 | use salib_tck::gherkin::{parse_feature, StepError, SyncRunner};
[INFO] [stdout]    |     ^^^^^^^^^ use of unresolved module or unlinked crate `salib_tck`
[INFO] [stdout]    |
[INFO] [stdout]    = help: if you wanted to use a crate named `salib_tck`, use `cargo add salib_tck` to add it to your `Cargo.toml`
[INFO] [stdout] 
[INFO] [stdout] 
[INFO] [stdout] error[E0432]: unresolved import `salib_samplers`
[INFO] [stdout]   --> tests/active_subspace_tck.rs:22:5
[INFO] [stdout]    |
[INFO] [stdout] 22 | use salib_samplers::{LhsSampler, Sampler};
[INFO] [stdout]    |     ^^^^^^^^^^^^^^ use of unresolved module or unlinked crate `salib_samplers`
[INFO] [stdout]    |
[INFO] [stdout]    = help: if you wanted to use a crate named `salib_samplers`, use `cargo add salib_samplers` to add it to your `Cargo.toml`
[INFO] [stdout] 
[INFO] [stdout] 
[INFO] [stdout] error[E0432]: unresolved import `salib_validation`
[INFO] [stdout]   --> tests/active_subspace_tck.rs:25:5
[INFO] [stdout]    |
[INFO] [stdout] 25 | use salib_validation::ishigami;
[INFO] [stdout]    |     ^^^^^^^^^^^^^^^^ use of unresolved module or unlinked crate `salib_validation`
[INFO] [stdout]    |
[INFO] [stdout]    = help: if you wanted to use a crate named `salib_validation`, use `cargo add salib_validation` to add it to your `Cargo.toml`
[INFO] [stdout] 
[INFO] [stdout] 
[INFO] [stdout] error[E0433]: cannot find module or crate `salib_tck` in this scope
[INFO] [stdout]   --> tests/sparse_pce_tck.rs:29:5
[INFO] [stdout]    |
[INFO] [stdout] 29 | use salib_tck::gherkin::{parse_feature, StepError, SyncRunner};
[INFO] [stdout]    |     ^^^^^^^^^ use of unresolved module or unlinked crate `salib_tck`
[INFO] [stdout]    |
[INFO] [stdout]    = help: if you wanted to use a crate named `salib_tck`, use `cargo add salib_tck` to add it to your `Cargo.toml`
[INFO] [stdout] 
[INFO] [stdout] 
[INFO] [stdout] error[E0432]: unresolved import `salib_samplers`
[INFO] [stdout]   --> tests/sparse_pce_tck.rs:23:5
[INFO] [stdout]    |
[INFO] [stdout] 23 | use salib_samplers::{LhsSampler, Sampler, SobolSampler};
[INFO] [stdout]    |     ^^^^^^^^^^^^^^ use of unresolved module or unlinked crate `salib_samplers`
[INFO] [stdout]    |
[INFO] [stdout]    = help: if you wanted to use a crate named `salib_samplers`, use `cargo add salib_samplers` to add it to your `Cargo.toml`
[INFO] [stdout] 
[INFO] [stdout] 
[INFO] [stdout] error[E0432]: unresolved import `salib_validation`
[INFO] [stdout]   --> tests/sparse_pce_tck.rs:30:5
[INFO] [stdout]    |
[INFO] [stdout] 30 | use salib_validation::ishigami;
[INFO] [stdout]    |     ^^^^^^^^^^^^^^^^ use of unresolved module or unlinked crate `salib_validation`
[INFO] [stdout]    |
[INFO] [stdout]    = help: if you wanted to use a crate named `salib_validation`, use `cargo add salib_validation` to add it to your `Cargo.toml`
[INFO] [stdout] 
[INFO] [stdout] 
[INFO] [stdout] error[E0432]: unresolved import `salib_samplers`
[INFO] [stdout]   --> tests/pce_ishigami_e2e.rs:39:5
[INFO] [stdout]    |
[INFO] [stdout] 39 | use salib_samplers::{Sampler, SobolSampler};
[INFO] [stdout]    |     ^^^^^^^^^^^^^^ use of unresolved module or unlinked crate `salib_samplers`
[INFO] [stdout]    |
[INFO] [stdout]    = help: if you wanted to use a crate named `salib_samplers`, use `cargo add salib_samplers` to add it to your `Cargo.toml`
[INFO] [stdout] 
[INFO] [stdout] 
[INFO] [stdout] error[E0432]: unresolved import `salib_validation`
[INFO] [stdout]   --> tests/pce_ishigami_e2e.rs:41:5
[INFO] [stdout]    |
[INFO] [stdout] 41 | use salib_validation::{ishigami, SobolIndicesAnalytic};
[INFO] [stdout]    |     ^^^^^^^^^^^^^^^^ use of unresolved module or unlinked crate `salib_validation`
[INFO] [stdout]    |
[INFO] [stdout]    = help: if you wanted to use a crate named `salib_validation`, use `cargo add salib_validation` to add it to your `Cargo.toml`
[INFO] [stdout] 
[INFO] [stdout] 
[INFO] [stdout] For more information about this error, try `rustc --explain E0432`.
[INFO] [stdout] 
[INFO] [stderr] error: could not compile `salib-surrogate` (test "active_subspace_e2e") due to 3 previous errors
[INFO] [stderr] warning: build failed, waiting for other jobs to finish...
[INFO] [stdout] For more information about this error, try `rustc --explain E0432`.
[INFO] [stdout] 
[INFO] [stderr] error: could not compile `salib-surrogate` (test "sparse_pce_ishigami_e2e") due to 2 previous errors
[INFO] [stdout] For more information about this error, try `rustc --explain E0432`.
[INFO] [stdout] 
[INFO] [stdout] Some errors have detailed explanations: E0432, E0433.
[INFO] [stdout] 
[INFO] [stdout] For more information about an error, try `rustc --explain E0432`.
[INFO] [stdout] 
[INFO] [stderr] error: could not compile `salib-surrogate` (test "pce_ishigami_e2e") due to 2 previous errors
[INFO] [stderr] error: could not compile `salib-surrogate` (test "pce_ishigami_tck") due to 3 previous errors
[INFO] [stdout] error[E0689]: can't call method `abs` on ambiguous numeric type `{float}`
[INFO] [stdout]    --> tests/active_subspace_tck.rs:229:37
[INFO] [stdout]     |
[INFO] [stdout] 229 |                 let alignment = dot.abs() / 5.0;
[INFO] [stdout]     |                                     ^^^
[INFO] [stdout]     |
[INFO] [stdout] help: you must specify a type for this binding, like `f32`
[INFO] [stdout]     |
[INFO] [stdout] 228 |                 let dot: f32 = 3.0 * v[0] + 4.0 * v[2];
[INFO] [stdout]     |                        +++++
[INFO] [stdout] 
[INFO] [stdout] 
[INFO] [stdout] Some errors have detailed explanations: E0432, E0433.
[INFO] [stdout] 
[INFO] [stdout] For more information about an error, try `rustc --explain E0432`.
[INFO] [stdout] 
[INFO] [stdout] Some errors have detailed explanations: E0432, E0433, E0689.
[INFO] [stdout] 
[INFO] [stdout] For more information about an error, try `rustc --explain E0432`.
[INFO] [stdout] 
[INFO] [stderr] error: could not compile `salib-surrogate` (test "sparse_pce_tck") due to 3 previous errors
[INFO] [stderr] error: could not compile `salib-surrogate` (test "active_subspace_tck") due to 5 previous errors
[INFO] running `Command { std: "docker" "inspect" "06cda26486ca7c11c48d9f60fc3f7c2c3f763752db17c8990477caedd12e207a", kill_on_drop: false }`
[INFO] running `Command { std: "docker" "rm" "-f" "06cda26486ca7c11c48d9f60fc3f7c2c3f763752db17c8990477caedd12e207a", kill_on_drop: false }`
[INFO] [stdout] 06cda26486ca7c11c48d9f60fc3f7c2c3f763752db17c8990477caedd12e207a
