[INFO] fetching crate safflower 1.1.0...
[INFO] testing safflower-1.1.0 against 1.100.0-beta.1 for beta-1.100-2
[INFO] extracting crate safflower 1.1.0 into /workspace/builds/worker-4-tc2/source
[INFO] started tweaking crates.io crate safflower 1.1.0
[INFO] finished tweaking crates.io crate safflower 1.1.0
[INFO] tweaked toml for crates.io crate safflower 1.1.0 written to /workspace/builds/worker-4-tc2/source/Cargo.toml
[INFO] validating manifest of crates.io crate safflower 1.1.0 on toolchain 1.100.0-beta.1
[INFO] running `Command { std: CARGO_HOME="/workspace/cargo-home" RUSTUP_HOME="/workspace/rustup-home" "/workspace/cargo-home/bin/cargo" "+1.100.0-beta.1" "metadata" "--manifest-path" "Cargo.toml" "--no-deps", kill_on_drop: false }`
[INFO] crate crates.io crate safflower 1.1.0 already has a lockfile, it will not be regenerated
[INFO] running `Command { std: CARGO_HOME="/workspace/cargo-home" RUSTUP_HOME="/workspace/rustup-home" "/workspace/cargo-home/bin/cargo" "+1.100.0-beta.1" "fetch" "--manifest-path" "Cargo.toml", kill_on_drop: false }`
[INFO] [stderr]     Blocking waiting for file lock on package cache
[INFO] [stderr]     Blocking waiting for file lock on package cache
[INFO] running `Command { std: "docker" "create" "-v" "/var/lib/crater-agent-workspace/builds/worker-4-tc2/source:/opt/rustwide/workdir:ro,Z" "-v" "/var/lib/crater-agent-workspace/builds/worker-4-tc2/target:/opt/rustwide/target:rw,Z" "-v" "/var/lib/crater-agent-workspace/cargo-home:/opt/rustwide/cargo-home:ro,Z" "-v" "/var/lib/crater-agent-workspace/rustup-home:/opt/rustwide/rustup-home:ro,Z" "-m" "1610612736" "--network" "none" "ghcr.io/rust-lang/crates-build-env/linux@sha256:3111399a4047eeb3a02b7a90e478d715f38a8c6669b5c4b49d30a17385265909" "sleep" "infinity", kill_on_drop: false }`
[INFO] [stdout] 0e45bc8b101d307e0c252cfd8e7781fb4d2a6211dae6ebb3d8306e89abcb9ca0
[INFO] running `Command { std: "docker" "start" "0e45bc8b101d307e0c252cfd8e7781fb4d2a6211dae6ebb3d8306e89abcb9ca0", kill_on_drop: false }`
[INFO] running `Command { std: "docker" "inspect" "0e45bc8b101d307e0c252cfd8e7781fb4d2a6211dae6ebb3d8306e89abcb9ca0", kill_on_drop: false }`
[INFO] running `Command { std: "docker" "exec" "-e" "SOURCE_DIR=/opt/rustwide/workdir" "-e" "CARGO_HOME=/opt/rustwide/cargo-home" "-e" "RUSTUP_HOME=/opt/rustwide/rustup-home" "-e" "CARGO_TARGET_DIR=/opt/rustwide/target" "-w" "/opt/rustwide/workdir" "--user" "0:0" "0e45bc8b101d307e0c252cfd8e7781fb4d2a6211dae6ebb3d8306e89abcb9ca0" "/opt/rustwide/cargo-home/bin/cargo" "+1.100.0-beta.1" "metadata" "--no-deps" "--format-version=1", kill_on_drop: false }`
[INFO] running `Command { std: "docker" "inspect" "0e45bc8b101d307e0c252cfd8e7781fb4d2a6211dae6ebb3d8306e89abcb9ca0", kill_on_drop: false }`
[INFO] running `Command { std: "docker" "exec" "-e" "SOURCE_DIR=/opt/rustwide/workdir" "-e" "CARGO_HOME=/opt/rustwide/cargo-home" "-e" "RUSTUP_HOME=/opt/rustwide/rustup-home" "-e" "CARGO_TARGET_DIR=/opt/rustwide/target" "-e" "CARGO_INCREMENTAL=0" "-e" "RUST_BACKTRACE=full" "-e" "RUSTFLAGS=--cap-lints=warn" "-e" "RUSTDOCFLAGS=--cap-lints=warn" "-w" "/opt/rustwide/workdir" "--user" "0:0" "0e45bc8b101d307e0c252cfd8e7781fb4d2a6211dae6ebb3d8306e89abcb9ca0" "/opt/rustwide/cargo-home/bin/cargo" "+1.100.0-beta.1" "build" "--frozen" "--message-format=json", kill_on_drop: false }`
[INFO] [stderr]    Compiling proc-macro2 v1.0.104
[INFO] [stderr]    Compiling quote v1.0.42
[INFO] [stderr]    Compiling unicode-ident v1.0.22
[INFO] [stderr]    Compiling thiserror v2.0.17
[INFO] [stderr]    Compiling unicode-segmentation v1.13.3
[INFO] [stderr]    Compiling syn v2.0.111
[INFO] [stderr]    Compiling thiserror-impl v2.0.17
[INFO] [stderr]    Compiling safflower-core v1.1.0
[INFO] [stderr]    Compiling safflower-macro v1.1.0
[INFO] [stderr]    Compiling safflower v1.1.0 (/opt/rustwide/workdir)
[INFO] [stderr]     Finished `dev` profile [unoptimized + debuginfo] target(s) in 8.47s
[INFO] running `Command { std: "docker" "inspect" "0e45bc8b101d307e0c252cfd8e7781fb4d2a6211dae6ebb3d8306e89abcb9ca0", kill_on_drop: false }`
[INFO] running `Command { std: "docker" "exec" "-e" "SOURCE_DIR=/opt/rustwide/workdir" "-e" "CARGO_HOME=/opt/rustwide/cargo-home" "-e" "RUSTUP_HOME=/opt/rustwide/rustup-home" "-e" "CARGO_TARGET_DIR=/opt/rustwide/target" "-e" "CARGO_INCREMENTAL=0" "-e" "RUST_BACKTRACE=full" "-e" "RUSTFLAGS=--cap-lints=warn" "-e" "RUSTDOCFLAGS=--cap-lints=warn" "-w" "/opt/rustwide/workdir" "--user" "0:0" "0e45bc8b101d307e0c252cfd8e7781fb4d2a6211dae6ebb3d8306e89abcb9ca0" "/opt/rustwide/cargo-home/bin/cargo" "+1.100.0-beta.1" "test" "--frozen" "--no-run" "--message-format=json", kill_on_drop: false }`
[INFO] [stderr]    Compiling safflower v1.1.0 (/opt/rustwide/workdir)
[INFO] [stdout] error: IO error for file "test-data/abs_min.txt": No such file or directory (os error 2)
[INFO] [stdout]  --> src/tests.rs:7:11
[INFO] [stdout]   |
[INFO] [stdout] 7 |     load!("test-data/abs_min.txt");
[INFO] [stdout]   |           ^^^^^^^^^^^^^^^^^^^^^^^
[INFO] [stdout] 
[INFO] [stdout] 
[INFO] [stdout] error: IO error for file "test-data/greet_en_se.txt": No such file or directory (os error 2)
[INFO] [stdout]   --> src/tests.rs:13:11
[INFO] [stdout]    |
[INFO] [stdout] 13 |     load!("test-data/greet_en_se.txt");
[INFO] [stdout]    |           ^^^^^^^^^^^^^^^^^^^^^^^^^^^
[INFO] [stdout] 
[INFO] [stdout] 
[INFO] [stdout] error: IO error for file "test-data/tight_two.txt": No such file or directory (os error 2)
[INFO] [stdout]   --> src/tests.rs:24:11
[INFO] [stdout]    |
[INFO] [stdout] 24 |     load!("test-data/tight_two.txt");
[INFO] [stdout]    |           ^^^^^^^^^^^^^^^^^^^^^^^^^
[INFO] [stdout] 
[INFO] [stdout] 
[INFO] [stdout] error: IO error for file "test-data/greet_en_se.txt": No such file or directory (os error 2)
[INFO] [stdout]   --> src/tests.rs:37:11
[INFO] [stdout]    |
[INFO] [stdout] 37 |     load!("test-data/greet_en_se.txt");
[INFO] [stdout]    |           ^^^^^^^^^^^^^^^^^^^^^^^^^^^
[INFO] [stdout] 
[INFO] [stdout] 
[INFO] [stdout] error: IO error for file "test-data/greet_name_en_it.txt": No such file or directory (os error 2)
[INFO] [stdout]   --> src/tests.rs:47:11
[INFO] [stdout]    |
[INFO] [stdout] 47 |     load!("test-data/greet_name_en_it.txt");
[INFO] [stdout]    |           ^^^^^^^^^^^^^^^^^^^^^^^^^^^^^^^^
[INFO] [stdout] 
[INFO] [stdout] 
[INFO] [stdout] error: IO error for file "test-data/greet_name_en_it.txt": No such file or directory (os error 2)
[INFO] [stdout]   --> src/tests.rs:55:11
[INFO] [stdout]    |
[INFO] [stdout] 55 |     load!("test-data/greet_name_en_it.txt");
[INFO] [stdout]    |           ^^^^^^^^^^^^^^^^^^^^^^^^^^^^^^^^
[INFO] [stdout] 
[INFO] [stdout] 
[INFO] [stdout] error: IO error for file "test-data/greet_name_en_it.txt": No such file or directory (os error 2)
[INFO] [stdout]   --> src/tests.rs:63:11
[INFO] [stdout]    |
[INFO] [stdout] 63 |     load!("test-data/greet_name_en_it.txt");
[INFO] [stdout]    |           ^^^^^^^^^^^^^^^^^^^^^^^^^^^^^^^^
[INFO] [stdout] 
[INFO] [stdout] 
[INFO] [stdout] error: IO error for file "test-data/greet_name_en_it.txt": No such file or directory (os error 2)
[INFO] [stdout]   --> src/tests.rs:71:11
[INFO] [stdout]    |
[INFO] [stdout] 71 |     load!("test-data/greet_name_en_it.txt");
[INFO] [stdout]    |           ^^^^^^^^^^^^^^^^^^^^^^^^^^^^^^^^
[INFO] [stdout] 
[INFO] [stdout] 
[INFO] [stdout] error: IO error for file "test-data/float_format.txt": No such file or directory (os error 2)
[INFO] [stdout]   --> src/tests.rs:79:11
[INFO] [stdout]    |
[INFO] [stdout] 79 |     load!("test-data/float_format.txt");
[INFO] [stdout]    |           ^^^^^^^^^^^^^^^^^^^^^^^^^^^^
[INFO] [stdout] 
[INFO] [stdout] 
[INFO] [stdout] error: IO error for file "test-data/separate_entries.txt": No such file or directory (os error 2)
[INFO] [stdout]   --> src/tests.rs:92:11
[INFO] [stdout]    |
[INFO] [stdout] 92 |     load!("test-data/separate_entries.txt");
[INFO] [stdout]    |           ^^^^^^^^^^^^^^^^^^^^^^^^^^^^^^^^
[INFO] [stdout] 
[INFO] [stdout] 
[INFO] [stdout] error: IO error for file "test-data/separate_files.txt": No such file or directory (os error 2)
[INFO] [stdout]    --> src/tests.rs:102:11
[INFO] [stdout]     |
[INFO] [stdout] 102 |     load!("test-data/separate_files.txt");
[INFO] [stdout]     |           ^^^^^^^^^^^^^^^^^^^^^^^^^^^^^^
[INFO] [stdout] 
[INFO] [stdout] 
[INFO] [stdout] error: IO error for file "test-data/separate_files_wl.txt": No such file or directory (os error 2)
[INFO] [stdout]    --> src/tests.rs:112:11
[INFO] [stdout]     |
[INFO] [stdout] 112 |     load!("test-data/separate_files_wl.txt");
[INFO] [stdout]     |           ^^^^^^^^^^^^^^^^^^^^^^^^^^^^^^^^^
[INFO] [stdout] 
[INFO] [stdout] 
[INFO] [stdout] error: IO error for file "test-data/scopes/root.txt": No such file or directory (os error 2)
[INFO] [stdout]    --> src/tests.rs:122:11
[INFO] [stdout]     |
[INFO] [stdout] 122 |     load!("test-data/scopes/root.txt");
[INFO] [stdout]     |           ^^^^^^^^^^^^^^^^^^^^^^^^^^^
[INFO] [stdout] 
[INFO] [stdout] 
[INFO] [stdout] error: IO error for file "test-data/named.txt": No such file or directory (os error 2)
[INFO] [stdout]    --> src/tests.rs:167:11
[INFO] [stdout]     |
[INFO] [stdout] 167 |     load!("test-data/named.txt");
[INFO] [stdout]     |           ^^^^^^^^^^^^^^^^^^^^^
[INFO] [stdout] 
[INFO] [stdout] 
[INFO] [stdout] error[E0433]: cannot find module or crate `localisation` in this scope
[INFO] [stdout]   --> src/tests.rs:15:18
[INFO] [stdout]    |
[INFO] [stdout] 15 |     let locale = localisation::Locale::En;
[INFO] [stdout]    |                  ^^^^^^^^^^^^ use of unresolved module or unlinked crate `localisation`
[INFO] [stdout]    |
[INFO] [stdout]    = help: if you wanted to use a crate named `localisation`, use `cargo add localisation` to add it to your `Cargo.toml`
[INFO] [stdout] 
[INFO] [stdout] 
[INFO] [stdout] error[E0433]: cannot find module or crate `localisation` in this scope
[INFO] [stdout]   --> src/tests.rs:18:18
[INFO] [stdout]    |
[INFO] [stdout] 18 |     let locale = localisation::Locale::Se;
[INFO] [stdout]    |                  ^^^^^^^^^^^^ use of unresolved module or unlinked crate `localisation`
[INFO] [stdout]    |
[INFO] [stdout]    = help: if you wanted to use a crate named `localisation`, use `cargo add localisation` to add it to your `Cargo.toml`
[INFO] [stdout] 
[INFO] [stdout] 
[INFO] [stdout] error[E0433]: cannot find module or crate `localisation` in this scope
[INFO] [stdout]   --> src/tests.rs:26:18
[INFO] [stdout]    |
[INFO] [stdout] 26 |     let locale = localisation::Locale::L1;
[INFO] [stdout]    |                  ^^^^^^^^^^^^ use of unresolved module or unlinked crate `localisation`
[INFO] [stdout]    |
[INFO] [stdout]    = help: if you wanted to use a crate named `localisation`, use `cargo add localisation` to add it to your `Cargo.toml`
[INFO] [stdout] 
[INFO] [stdout] 
[INFO] [stdout] error[E0433]: cannot find module or crate `localisation` in this scope
[INFO] [stdout]   --> src/tests.rs:30:18
[INFO] [stdout]    |
[INFO] [stdout] 30 |     let locale = localisation::Locale::L2;
[INFO] [stdout]    |                  ^^^^^^^^^^^^ use of unresolved module or unlinked crate `localisation`
[INFO] [stdout]    |
[INFO] [stdout]    = help: if you wanted to use a crate named `localisation`, use `cargo add localisation` to add it to your `Cargo.toml`
[INFO] [stdout] 
[INFO] [stdout] 
[INFO] [stdout] error[E0433]: cannot find module or crate `localisation` in this scope
[INFO] [stdout]   --> src/tests.rs:38:30
[INFO] [stdout]    |
[INFO] [stdout] 38 |     localisation::set_locale(localisation::Locale::En);
[INFO] [stdout]    |                              ^^^^^^^^^^^^ use of unresolved module or unlinked crate `localisation`
[INFO] [stdout]    |
[INFO] [stdout]    = help: if you wanted to use a crate named `localisation`, use `cargo add localisation` to add it to your `Cargo.toml`
[INFO] [stdout] 
[INFO] [stdout] 
[INFO] [stdout] error[E0433]: cannot find module or crate `localisation` in this scope
[INFO] [stdout]   --> src/tests.rs:41:30
[INFO] [stdout]    |
[INFO] [stdout] 41 |     localisation::set_locale(localisation::Locale::Se);
[INFO] [stdout]    |                              ^^^^^^^^^^^^ use of unresolved module or unlinked crate `localisation`
[INFO] [stdout]    |
[INFO] [stdout]    = help: if you wanted to use a crate named `localisation`, use `cargo add localisation` to add it to your `Cargo.toml`
[INFO] [stdout] 
[INFO] [stdout] 
[INFO] [stdout] error[E0433]: cannot find module or crate `localisation` in this scope
[INFO] [stdout]   --> src/tests.rs:82:18
[INFO] [stdout]    |
[INFO] [stdout] 82 |     let locale = localisation::Locale::D1;
[INFO] [stdout]    |                  ^^^^^^^^^^^^ use of unresolved module or unlinked crate `localisation`
[INFO] [stdout]    |
[INFO] [stdout]    = help: if you wanted to use a crate named `localisation`, use `cargo add localisation` to add it to your `Cargo.toml`
[INFO] [stdout] 
[INFO] [stdout] 
[INFO] [stdout] error[E0433]: cannot find module or crate `localisation` in this scope
[INFO] [stdout]   --> src/tests.rs:84:18
[INFO] [stdout]    |
[INFO] [stdout] 84 |     let locale = localisation::Locale::D2;
[INFO] [stdout]    |                  ^^^^^^^^^^^^ use of unresolved module or unlinked crate `localisation`
[INFO] [stdout]    |
[INFO] [stdout]    = help: if you wanted to use a crate named `localisation`, use `cargo add localisation` to add it to your `Cargo.toml`
[INFO] [stdout] 
[INFO] [stdout] 
[INFO] [stdout] error[E0433]: cannot find module or crate `localisation` in this scope
[INFO] [stdout]   --> src/tests.rs:86:18
[INFO] [stdout]    |
[INFO] [stdout] 86 |     let locale = localisation::Locale::D3;
[INFO] [stdout]    |                  ^^^^^^^^^^^^ use of unresolved module or unlinked crate `localisation`
[INFO] [stdout]    |
[INFO] [stdout]    = help: if you wanted to use a crate named `localisation`, use `cargo add localisation` to add it to your `Cargo.toml`
[INFO] [stdout] 
[INFO] [stdout] 
[INFO] [stdout] error[E0433]: cannot find module or crate `localisation` in this scope
[INFO] [stdout]   --> src/tests.rs:95:30
[INFO] [stdout]    |
[INFO] [stdout] 95 |     localisation::set_locale(localisation::Locale::B);
[INFO] [stdout]    |                              ^^^^^^^^^^^^ use of unresolved module or unlinked crate `localisation`
[INFO] [stdout]    |
[INFO] [stdout]    = help: if you wanted to use a crate named `localisation`, use `cargo add localisation` to add it to your `Cargo.toml`
[INFO] [stdout] 
[INFO] [stdout] 
[INFO] [stdout] error[E0433]: cannot find module or crate `localisation` in this scope
[INFO] [stdout]    --> src/tests.rs:105:30
[INFO] [stdout]     |
[INFO] [stdout] 105 |     localisation::set_locale(localisation::Locale::B);
[INFO] [stdout]     |                              ^^^^^^^^^^^^ use of unresolved module or unlinked crate `localisation`
[INFO] [stdout]     |
[INFO] [stdout]     = help: if you wanted to use a crate named `localisation`, use `cargo add localisation` to add it to your `Cargo.toml`
[INFO] [stdout] 
[INFO] [stdout] 
[INFO] [stdout] error[E0433]: cannot find module or crate `localisation` in this scope
[INFO] [stdout]    --> src/tests.rs:115:30
[INFO] [stdout]     |
[INFO] [stdout] 115 |     localisation::set_locale(localisation::Locale::B);
[INFO] [stdout]     |                              ^^^^^^^^^^^^ use of unresolved module or unlinked crate `localisation`
[INFO] [stdout]     |
[INFO] [stdout]     = help: if you wanted to use a crate named `localisation`, use `cargo add localisation` to add it to your `Cargo.toml`
[INFO] [stdout] 
[INFO] [stdout] 
[INFO] [stdout] error[E0433]: cannot find module or crate `localisation` in this scope
[INFO] [stdout]    --> src/tests.rs:130:9
[INFO] [stdout]     |
[INFO] [stdout] 130 |         text!(one::alpha_one_key), 
[INFO] [stdout]     |         ^^^^^^^^^^^^^^^^^^^^^^^^^ use of unresolved module or unlinked crate `localisation`
[INFO] [stdout]     |
[INFO] [stdout]     = help: if you wanted to use a crate named `localisation`, use `cargo add localisation` to add it to your `Cargo.toml`
[INFO] [stdout]     = note: this error originates in the macro `text` (in Nightly builds, run with -Z macro-backtrace for more info)
[INFO] [stdout] 
[INFO] [stdout] 
[INFO] [stdout] error[E0433]: cannot find module or crate `localisation` in this scope
[INFO] [stdout]    --> src/tests.rs:135:9
[INFO] [stdout]     |
[INFO] [stdout] 135 |         text!(one::one_key), 
[INFO] [stdout]     |         ^^^^^^^^^^^^^^^^^^^ use of unresolved module or unlinked crate `localisation`
[INFO] [stdout]     |
[INFO] [stdout]     = help: if you wanted to use a crate named `localisation`, use `cargo add localisation` to add it to your `Cargo.toml`
[INFO] [stdout]     = note: this error originates in the macro `text` (in Nightly builds, run with -Z macro-backtrace for more info)
[INFO] [stdout] 
[INFO] [stdout] 
[INFO] [stdout] error[E0433]: cannot find module or crate `localisation` in this scope
[INFO] [stdout]    --> src/tests.rs:140:9
[INFO] [stdout]     |
[INFO] [stdout] 140 |         text!(one::one_beta_key), 
[INFO] [stdout]     |         ^^^^^^^^^^^^^^^^^^^^^^^^ use of unresolved module or unlinked crate `localisation`
[INFO] [stdout]     |
[INFO] [stdout]     = help: if you wanted to use a crate named `localisation`, use `cargo add localisation` to add it to your `Cargo.toml`
[INFO] [stdout]     = note: this error originates in the macro `text` (in Nightly builds, run with -Z macro-backtrace for more info)
[INFO] [stdout] 
[INFO] [stdout] 
[INFO] [stdout] error[E0433]: cannot find module or crate `localisation` in this scope
[INFO] [stdout]    --> src/tests.rs:145:9
[INFO] [stdout]     |
[INFO] [stdout] 145 |         text!(one::two::one_beta_two_key), 
[INFO] [stdout]     |         ^^^^^^^^^^^^^^^^^^^^^^^^^^^^^^^^^ use of unresolved module or unlinked crate `localisation`
[INFO] [stdout]     |
[INFO] [stdout]     = help: if you wanted to use a crate named `localisation`, use `cargo add localisation` to add it to your `Cargo.toml`
[INFO] [stdout]     = note: this error originates in the macro `text` (in Nightly builds, run with -Z macro-backtrace for more info)
[INFO] [stdout] 
[INFO] [stdout] 
[INFO] [stdout] error[E0433]: cannot find module or crate `localisation` in this scope
[INFO] [stdout]    --> src/tests.rs:150:9
[INFO] [stdout]     |
[INFO] [stdout] 150 |         text!(one::three::one_beta_three_key), 
[INFO] [stdout]     |         ^^^^^^^^^^^^^^^^^^^^^^^^^^^^^^^^^^^^^ use of unresolved module or unlinked crate `localisation`
[INFO] [stdout]     |
[INFO] [stdout]     = help: if you wanted to use a crate named `localisation`, use `cargo add localisation` to add it to your `Cargo.toml`
[INFO] [stdout]     = note: this error originates in the macro `text` (in Nightly builds, run with -Z macro-backtrace for more info)
[INFO] [stdout] 
[INFO] [stdout] 
[INFO] [stdout] error[E0433]: cannot find module or crate `localisation` in this scope
[INFO] [stdout]    --> src/tests.rs:155:9
[INFO] [stdout]     |
[INFO] [stdout] 155 |         text!(one::three::one_beta_three_gamma_key), 
[INFO] [stdout]     |         ^^^^^^^^^^^^^^^^^^^^^^^^^^^^^^^^^^^^^^^^^^^ use of unresolved module or unlinked crate `localisation`
[INFO] [stdout]     |
[INFO] [stdout]     = help: if you wanted to use a crate named `localisation`, use `cargo add localisation` to add it to your `Cargo.toml`
[INFO] [stdout]     = note: this error originates in the macro `text` (in Nightly builds, run with -Z macro-backtrace for more info)
[INFO] [stdout] 
[INFO] [stdout] 
[INFO] [stdout] error[E0433]: cannot find module or crate `localisation` in this scope
[INFO] [stdout]    --> src/tests.rs:160:9
[INFO] [stdout]     |
[INFO] [stdout] 160 |         text!(one::three::four::one_beta_three_gamma_four_key), 
[INFO] [stdout]     |         ^^^^^^^^^^^^^^^^^^^^^^^^^^^^^^^^^^^^^^^^^^^^^^^^^^^^^^ use of unresolved module or unlinked crate `localisation`
[INFO] [stdout]     |
[INFO] [stdout]     = help: if you wanted to use a crate named `localisation`, use `cargo add localisation` to add it to your `Cargo.toml`
[INFO] [stdout]     = note: this error originates in the macro `text` (in Nightly builds, run with -Z macro-backtrace for more info)
[INFO] [stdout] 
[INFO] [stdout] 
[INFO] [stdout] error[E0433]: cannot find module or crate `localisation` in this scope
[INFO] [stdout]  --> src/tests.rs:8:16
[INFO] [stdout]   |
[INFO] [stdout] 8 |     assert_eq!(text!(a), "c");
[INFO] [stdout]   |                ^^^^^^^^ use of unresolved module or unlinked crate `localisation`
[INFO] [stdout]   |
[INFO] [stdout]   = help: if you wanted to use a crate named `localisation`, use `cargo add localisation` to add it to your `Cargo.toml`
[INFO] [stdout]   = note: this error originates in the macro `text` (in Nightly builds, run with -Z macro-backtrace for more info)
[INFO] [stdout] 
[INFO] [stdout] 
[INFO] [stdout] error[E0433]: cannot find module or crate `localisation` in this scope
[INFO] [stdout]   --> src/tests.rs:16:16
[INFO] [stdout]    |
[INFO] [stdout] 16 |     assert_eq!(localisation::greet(locale), "Hi!");
[INFO] [stdout]    |                ^^^^^^^^^^^^ use of unresolved module or unlinked crate `localisation`
[INFO] [stdout]    |
[INFO] [stdout]    = help: if you wanted to use a crate named `localisation`, use `cargo add localisation` to add it to your `Cargo.toml`
[INFO] [stdout] 
[INFO] [stdout] 
[INFO] [stdout] error[E0433]: cannot find module or crate `localisation` in this scope
[INFO] [stdout]   --> src/tests.rs:19:16
[INFO] [stdout]    |
[INFO] [stdout] 19 |     assert_eq!(localisation::greet(locale), "Hej!");
[INFO] [stdout]    |                ^^^^^^^^^^^^ use of unresolved module or unlinked crate `localisation`
[INFO] [stdout]    |
[INFO] [stdout]    = help: if you wanted to use a crate named `localisation`, use `cargo add localisation` to add it to your `Cargo.toml`
[INFO] [stdout] 
[INFO] [stdout] 
[INFO] [stdout] error[E0433]: cannot find module or crate `localisation` in this scope
[INFO] [stdout]   --> src/tests.rs:27:16
[INFO] [stdout]    |
[INFO] [stdout] 27 |     assert_eq!(localisation::k1(locale), "11");
[INFO] [stdout]    |                ^^^^^^^^^^^^ use of unresolved module or unlinked crate `localisation`
[INFO] [stdout]    |
[INFO] [stdout]    = help: if you wanted to use a crate named `localisation`, use `cargo add localisation` to add it to your `Cargo.toml`
[INFO] [stdout] 
[INFO] [stdout] 
[INFO] [stdout] error[E0433]: cannot find module or crate `localisation` in this scope
[INFO] [stdout]   --> src/tests.rs:28:16
[INFO] [stdout]    |
[INFO] [stdout] 28 |     assert_eq!(localisation::k2(locale), "21");
[INFO] [stdout]    |                ^^^^^^^^^^^^ use of unresolved module or unlinked crate `localisation`
[INFO] [stdout]    |
[INFO] [stdout]    = help: if you wanted to use a crate named `localisation`, use `cargo add localisation` to add it to your `Cargo.toml`
[INFO] [stdout] 
[INFO] [stdout] 
[INFO] [stdout] error[E0433]: cannot find module or crate `localisation` in this scope
[INFO] [stdout]   --> src/tests.rs:31:16
[INFO] [stdout]    |
[INFO] [stdout] 31 |     assert_eq!(localisation::k1(locale), "12");
[INFO] [stdout]    |                ^^^^^^^^^^^^ use of unresolved module or unlinked crate `localisation`
[INFO] [stdout]    |
[INFO] [stdout]    = help: if you wanted to use a crate named `localisation`, use `cargo add localisation` to add it to your `Cargo.toml`
[INFO] [stdout] 
[INFO] [stdout] 
[INFO] [stdout] error[E0433]: cannot find module or crate `localisation` in this scope
[INFO] [stdout]   --> src/tests.rs:32:16
[INFO] [stdout]    |
[INFO] [stdout] 32 |     assert_eq!(localisation::k2(locale), "22");
[INFO] [stdout]    |                ^^^^^^^^^^^^ use of unresolved module or unlinked crate `localisation`
[INFO] [stdout]    |
[INFO] [stdout]    = help: if you wanted to use a crate named `localisation`, use `cargo add localisation` to add it to your `Cargo.toml`
[INFO] [stdout] 
[INFO] [stdout] 
[INFO] [stdout] error[E0433]: cannot find module or crate `localisation` in this scope
[INFO] [stdout]   --> src/tests.rs:38:5
[INFO] [stdout]    |
[INFO] [stdout] 38 |     localisation::set_locale(localisation::Locale::En);
[INFO] [stdout]    |     ^^^^^^^^^^^^ use of unresolved module or unlinked crate `localisation`
[INFO] [stdout]    |
[INFO] [stdout]    = help: if you wanted to use a crate named `localisation`, use `cargo add localisation` to add it to your `Cargo.toml`
[INFO] [stdout] 
[INFO] [stdout] 
[INFO] [stdout] error[E0433]: cannot find module or crate `localisation` in this scope
[INFO] [stdout]   --> src/tests.rs:39:16
[INFO] [stdout]    |
[INFO] [stdout] 39 |     assert_eq!(text!(greet), "Hi!");
[INFO] [stdout]    |                ^^^^^^^^^^^^ use of unresolved module or unlinked crate `localisation`
[INFO] [stdout]    |
[INFO] [stdout]    = help: if you wanted to use a crate named `localisation`, use `cargo add localisation` to add it to your `Cargo.toml`
[INFO] [stdout]    = note: this error originates in the macro `text` (in Nightly builds, run with -Z macro-backtrace for more info)
[INFO] [stdout] 
[INFO] [stdout] 
[INFO] [stdout] error[E0433]: cannot find module or crate `localisation` in this scope
[INFO] [stdout]   --> src/tests.rs:41:5
[INFO] [stdout]    |
[INFO] [stdout] 41 |     localisation::set_locale(localisation::Locale::Se);
[INFO] [stdout]    |     ^^^^^^^^^^^^ use of unresolved module or unlinked crate `localisation`
[INFO] [stdout]    |
[INFO] [stdout]    = help: if you wanted to use a crate named `localisation`, use `cargo add localisation` to add it to your `Cargo.toml`
[INFO] [stdout] 
[INFO] [stdout] 
[INFO] [stdout] error[E0433]: cannot find module or crate `localisation` in this scope
[INFO] [stdout]   --> src/tests.rs:42:16
[INFO] [stdout]    |
[INFO] [stdout] 42 |     assert_eq!(text!(greet), "Hej!");
[INFO] [stdout]    |                ^^^^^^^^^^^^ use of unresolved module or unlinked crate `localisation`
[INFO] [stdout]    |
[INFO] [stdout]    = help: if you wanted to use a crate named `localisation`, use `cargo add localisation` to add it to your `Cargo.toml`
[INFO] [stdout]    = note: this error originates in the macro `text` (in Nightly builds, run with -Z macro-backtrace for more info)
[INFO] [stdout] 
[INFO] [stdout] 
[INFO] [stdout] error[E0433]: cannot find module or crate `localisation` in this scope
[INFO] [stdout]   --> src/tests.rs:50:16
[INFO] [stdout]    |
[INFO] [stdout] 50 |     assert_eq!(text!(greet, name), "Hi Tester!");
[INFO] [stdout]    |                ^^^^^^^^^^^^^^^^^^ use of unresolved module or unlinked crate `localisation`
[INFO] [stdout]    |
[INFO] [stdout]    = help: if you wanted to use a crate named `localisation`, use `cargo add localisation` to add it to your `Cargo.toml`
[INFO] [stdout]    = note: this error originates in the macro `text` (in Nightly builds, run with -Z macro-backtrace for more info)
[INFO] [stdout] 
[INFO] [stdout] 
[INFO] [stdout] error[E0433]: cannot find module or crate `localisation` in this scope
[INFO] [stdout]   --> src/tests.rs:58:16
[INFO] [stdout]    |
[INFO] [stdout] 58 |     assert_eq!(text!(greet, name), "Hi Tester!");
[INFO] [stdout]    |                ^^^^^^^^^^^^^^^^^^ use of unresolved module or unlinked crate `localisation`
[INFO] [stdout]    |
[INFO] [stdout]    = help: if you wanted to use a crate named `localisation`, use `cargo add localisation` to add it to your `Cargo.toml`
[INFO] [stdout]    = note: this error originates in the macro `text` (in Nightly builds, run with -Z macro-backtrace for more info)
[INFO] [stdout] 
[INFO] [stdout] 
[INFO] [stdout] error[E0433]: cannot find module or crate `localisation` in this scope
[INFO] [stdout]   --> src/tests.rs:66:16
[INFO] [stdout]    |
[INFO] [stdout] 66 |     assert_eq!(text!(greet, name), "Hi 93393!");
[INFO] [stdout]    |                ^^^^^^^^^^^^^^^^^^ use of unresolved module or unlinked crate `localisation`
[INFO] [stdout]    |
[INFO] [stdout]    = help: if you wanted to use a crate named `localisation`, use `cargo add localisation` to add it to your `Cargo.toml`
[INFO] [stdout]    = note: this error originates in the macro `text` (in Nightly builds, run with -Z macro-backtrace for more info)
[INFO] [stdout] 
[INFO] [stdout] 
[INFO] [stdout] error[E0433]: cannot find module or crate `localisation` in this scope
[INFO] [stdout]   --> src/tests.rs:74:16
[INFO] [stdout]    |
[INFO] [stdout] 74 |     assert_eq!(text!(greet, name), "Hi true!");
[INFO] [stdout]    |                ^^^^^^^^^^^^^^^^^^ use of unresolved module or unlinked crate `localisation`
[INFO] [stdout]    |
[INFO] [stdout]    = help: if you wanted to use a crate named `localisation`, use `cargo add localisation` to add it to your `Cargo.toml`
[INFO] [stdout]    = note: this error originates in the macro `text` (in Nightly builds, run with -Z macro-backtrace for more info)
[INFO] [stdout] 
[INFO] [stdout] 
[INFO] [stdout] error[E0433]: cannot find module or crate `localisation` in this scope
[INFO] [stdout]   --> src/tests.rs:83:16
[INFO] [stdout]    |
[INFO] [stdout] 83 |     assert_eq!(localisation::digits(locale, name), "value: 2.7");
[INFO] [stdout]    |                ^^^^^^^^^^^^ use of unresolved module or unlinked crate `localisation`
[INFO] [stdout]    |
[INFO] [stdout]    = help: if you wanted to use a crate named `localisation`, use `cargo add localisation` to add it to your `Cargo.toml`
[INFO] [stdout] 
[INFO] [stdout] 
[INFO] [stdout] error[E0433]: cannot find module or crate `localisation` in this scope
[INFO] [stdout]   --> src/tests.rs:85:16
[INFO] [stdout]    |
[INFO] [stdout] 85 |     assert_eq!(localisation::digits(locale, name), "value: 2.72");
[INFO] [stdout]    |                ^^^^^^^^^^^^ use of unresolved module or unlinked crate `localisation`
[INFO] [stdout]    |
[INFO] [stdout]    = help: if you wanted to use a crate named `localisation`, use `cargo add localisation` to add it to your `Cargo.toml`
[INFO] [stdout] 
[INFO] [stdout] 
[INFO] [stdout] error[E0433]: cannot find module or crate `localisation` in this scope
[INFO] [stdout]   --> src/tests.rs:87:16
[INFO] [stdout]    |
[INFO] [stdout] 87 |     assert_eq!(localisation::digits(locale, name), "value: 2.718");
[INFO] [stdout]    |                ^^^^^^^^^^^^ use of unresolved module or unlinked crate `localisation`
[INFO] [stdout]    |
[INFO] [stdout]    = help: if you wanted to use a crate named `localisation`, use `cargo add localisation` to add it to your `Cargo.toml`
[INFO] [stdout] 
[INFO] [stdout] 
[INFO] [stdout] error[E0433]: cannot find module or crate `localisation` in this scope
[INFO] [stdout]   --> src/tests.rs:93:16
[INFO] [stdout]    |
[INFO] [stdout] 93 |     assert_eq!(text!(key1), "A");
[INFO] [stdout]    |                ^^^^^^^^^^^ use of unresolved module or unlinked crate `localisation`
[INFO] [stdout]    |
[INFO] [stdout]    = help: if you wanted to use a crate named `localisation`, use `cargo add localisation` to add it to your `Cargo.toml`
[INFO] [stdout]    = note: this error originates in the macro `text` (in Nightly builds, run with -Z macro-backtrace for more info)
[INFO] [stdout] 
[INFO] [stdout] 
[INFO] [stdout] error[E0433]: cannot find module or crate `localisation` in this scope
[INFO] [stdout]   --> src/tests.rs:94:16
[INFO] [stdout]    |
[INFO] [stdout] 94 |     assert_eq!(text!(key2), "A");
[INFO] [stdout]    |                ^^^^^^^^^^^ use of unresolved module or unlinked crate `localisation`
[INFO] [stdout]    |
[INFO] [stdout]    = help: if you wanted to use a crate named `localisation`, use `cargo add localisation` to add it to your `Cargo.toml`
[INFO] [stdout]    = note: this error originates in the macro `text` (in Nightly builds, run with -Z macro-backtrace for more info)
[INFO] [stdout] 
[INFO] [stdout] 
[INFO] [stdout] error[E0433]: cannot find module or crate `localisation` in this scope
[INFO] [stdout]   --> src/tests.rs:95:5
[INFO] [stdout]    |
[INFO] [stdout] 95 |     localisation::set_locale(localisation::Locale::B);
[INFO] [stdout]    |     ^^^^^^^^^^^^ use of unresolved module or unlinked crate `localisation`
[INFO] [stdout]    |
[INFO] [stdout]    = help: if you wanted to use a crate named `localisation`, use `cargo add localisation` to add it to your `Cargo.toml`
[INFO] [stdout] 
[INFO] [stdout] 
[INFO] [stdout] error[E0433]: cannot find module or crate `localisation` in this scope
[INFO] [stdout]   --> src/tests.rs:96:16
[INFO] [stdout]    |
[INFO] [stdout] 96 |     assert_eq!(text!(key1), "B");
[INFO] [stdout]    |                ^^^^^^^^^^^ use of unresolved module or unlinked crate `localisation`
[INFO] [stdout]    |
[INFO] [stdout]    = help: if you wanted to use a crate named `localisation`, use `cargo add localisation` to add it to your `Cargo.toml`
[INFO] [stdout]    = note: this error originates in the macro `text` (in Nightly builds, run with -Z macro-backtrace for more info)
[INFO] [stdout] 
[INFO] [stdout] 
[INFO] [stdout] error[E0433]: cannot find module or crate `localisation` in this scope
[INFO] [stdout]   --> src/tests.rs:97:16
[INFO] [stdout]    |
[INFO] [stdout] 97 |     assert_eq!(text!(key2), "B");
[INFO] [stdout]    |                ^^^^^^^^^^^ use of unresolved module or unlinked crate `localisation`
[INFO] [stdout]    |
[INFO] [stdout]    = help: if you wanted to use a crate named `localisation`, use `cargo add localisation` to add it to your `Cargo.toml`
[INFO] [stdout]    = note: this error originates in the macro `text` (in Nightly builds, run with -Z macro-backtrace for more info)
[INFO] [stdout] 
[INFO] [stdout] 
[INFO] [stdout] error[E0433]: cannot find module or crate `localisation` in this scope
[INFO] [stdout]    --> src/tests.rs:103:16
[INFO] [stdout]     |
[INFO] [stdout] 103 |     assert_eq!(text!(key1), "A");
[INFO] [stdout]     |                ^^^^^^^^^^^ use of unresolved module or unlinked crate `localisation`
[INFO] [stdout]     |
[INFO] [stdout]     = help: if you wanted to use a crate named `localisation`, use `cargo add localisation` to add it to your `Cargo.toml`
[INFO] [stdout]     = note: this error originates in the macro `text` (in Nightly builds, run with -Z macro-backtrace for more info)
[INFO] [stdout] 
[INFO] [stdout] 
[INFO] [stdout] error[E0433]: cannot find module or crate `localisation` in this scope
[INFO] [stdout]    --> src/tests.rs:104:16
[INFO] [stdout]     |
[INFO] [stdout] 104 |     assert_eq!(text!(key2), "A");
[INFO] [stdout]     |                ^^^^^^^^^^^ use of unresolved module or unlinked crate `localisation`
[INFO] [stdout]     |
[INFO] [stdout]     = help: if you wanted to use a crate named `localisation`, use `cargo add localisation` to add it to your `Cargo.toml`
[INFO] [stdout]     = note: this error originates in the macro `text` (in Nightly builds, run with -Z macro-backtrace for more info)
[INFO] [stdout] 
[INFO] [stdout] 
[INFO] [stdout] error[E0433]: cannot find module or crate `localisation` in this scope
[INFO] [stdout]    --> src/tests.rs:105:5
[INFO] [stdout]     |
[INFO] [stdout] 105 |     localisation::set_locale(localisation::Locale::B);
[INFO] [stdout]     |     ^^^^^^^^^^^^ use of unresolved module or unlinked crate `localisation`
[INFO] [stdout]     |
[INFO] [stdout]     = help: if you wanted to use a crate named `localisation`, use `cargo add localisation` to add it to your `Cargo.toml`
[INFO] [stdout] 
[INFO] [stdout] 
[INFO] [stdout] error[E0433]: cannot find module or crate `localisation` in this scope
[INFO] [stdout]    --> src/tests.rs:106:16
[INFO] [stdout]     |
[INFO] [stdout] 106 |     assert_eq!(text!(key1), "B");
[INFO] [stdout]     |                ^^^^^^^^^^^ use of unresolved module or unlinked crate `localisation`
[INFO] [stdout]     |
[INFO] [stdout]     = help: if you wanted to use a crate named `localisation`, use `cargo add localisation` to add it to your `Cargo.toml`
[INFO] [stdout]     = note: this error originates in the macro `text` (in Nightly builds, run with -Z macro-backtrace for more info)
[INFO] [stdout] 
[INFO] [stdout] 
[INFO] [stdout] error[E0433]: cannot find module or crate `localisation` in this scope
[INFO] [stdout]    --> src/tests.rs:107:16
[INFO] [stdout]     |
[INFO] [stdout] 107 |     assert_eq!(text!(key2), "B");
[INFO] [stdout]     |                ^^^^^^^^^^^ use of unresolved module or unlinked crate `localisation`
[INFO] [stdout]     |
[INFO] [stdout]     = help: if you wanted to use a crate named `localisation`, use `cargo add localisation` to add it to your `Cargo.toml`
[INFO] [stdout]     = note: this error originates in the macro `text` (in Nightly builds, run with -Z macro-backtrace for more info)
[INFO] [stdout] 
[INFO] [stdout] 
[INFO] [stdout] error[E0433]: cannot find module or crate `localisation` in this scope
[INFO] [stdout]    --> src/tests.rs:113:16
[INFO] [stdout]     |
[INFO] [stdout] 113 |     assert_eq!(text!(key1), "A");
[INFO] [stdout]     |                ^^^^^^^^^^^ use of unresolved module or unlinked crate `localisation`
[INFO] [stdout]     |
[INFO] [stdout]     = help: if you wanted to use a crate named `localisation`, use `cargo add localisation` to add it to your `Cargo.toml`
[INFO] [stdout]     = note: this error originates in the macro `text` (in Nightly builds, run with -Z macro-backtrace for more info)
[INFO] [stdout] 
[INFO] [stdout] 
[INFO] [stdout] error[E0433]: cannot find module or crate `localisation` in this scope
[INFO] [stdout]    --> src/tests.rs:114:16
[INFO] [stdout]     |
[INFO] [stdout] 114 |     assert_eq!(text!(key2), "A");
[INFO] [stdout]     |                ^^^^^^^^^^^ use of unresolved module or unlinked crate `localisation`
[INFO] [stdout]     |
[INFO] [stdout]     = help: if you wanted to use a crate named `localisation`, use `cargo add localisation` to add it to your `Cargo.toml`
[INFO] [stdout]     = note: this error originates in the macro `text` (in Nightly builds, run with -Z macro-backtrace for more info)
[INFO] [stdout] 
[INFO] [stdout] 
[INFO] [stdout] error[E0433]: cannot find module or crate `localisation` in this scope
[INFO] [stdout]    --> src/tests.rs:115:5
[INFO] [stdout]     |
[INFO] [stdout] 115 |     localisation::set_locale(localisation::Locale::B);
[INFO] [stdout]     |     ^^^^^^^^^^^^ use of unresolved module or unlinked crate `localisation`
[INFO] [stdout]     |
[INFO] [stdout]     = help: if you wanted to use a crate named `localisation`, use `cargo add localisation` to add it to your `Cargo.toml`
[INFO] [stdout] 
[INFO] [stdout] 
[INFO] [stdout] error[E0433]: cannot find module or crate `localisation` in this scope
[INFO] [stdout]    --> src/tests.rs:116:16
[INFO] [stdout]     |
[INFO] [stdout] 116 |     assert_eq!(text!(key1), "B");
[INFO] [stdout]     |                ^^^^^^^^^^^ use of unresolved module or unlinked crate `localisation`
[INFO] [stdout]     |
[INFO] [stdout]     = help: if you wanted to use a crate named `localisation`, use `cargo add localisation` to add it to your `Cargo.toml`
[INFO] [stdout]     = note: this error originates in the macro `text` (in Nightly builds, run with -Z macro-backtrace for more info)
[INFO] [stdout] 
[INFO] [stdout] 
[INFO] [stdout] error[E0433]: cannot find module or crate `localisation` in this scope
[INFO] [stdout]    --> src/tests.rs:117:16
[INFO] [stdout]     |
[INFO] [stdout] 117 |     assert_eq!(text!(key2), "B");
[INFO] [stdout]     |                ^^^^^^^^^^^ use of unresolved module or unlinked crate `localisation`
[INFO] [stdout]     |
[INFO] [stdout]     = help: if you wanted to use a crate named `localisation`, use `cargo add localisation` to add it to your `Cargo.toml`
[INFO] [stdout]     = note: this error originates in the macro `text` (in Nightly builds, run with -Z macro-backtrace for more info)
[INFO] [stdout] 
[INFO] [stdout] 
[INFO] [stdout] error[E0433]: cannot find module or crate `localisation` in this scope
[INFO] [stdout]    --> src/tests.rs:123:16
[INFO] [stdout]     |
[INFO] [stdout] 123 |     assert_eq!(text!(root_key), "root");
[INFO] [stdout]     |                ^^^^^^^^^^^^^^^ use of unresolved module or unlinked crate `localisation`
[INFO] [stdout]     |
[INFO] [stdout]     = help: if you wanted to use a crate named `localisation`, use `cargo add localisation` to add it to your `Cargo.toml`
[INFO] [stdout]     = note: this error originates in the macro `text` (in Nightly builds, run with -Z macro-backtrace for more info)
[INFO] [stdout] 
[INFO] [stdout] 
[INFO] [stdout] error[E0433]: cannot find module or crate `localisation` in this scope
[INFO] [stdout]    --> src/tests.rs:126:9
[INFO] [stdout]     |
[INFO] [stdout] 126 |         text!(alpha_key), 
[INFO] [stdout]     |         ^^^^^^^^^^^^^^^^ use of unresolved module or unlinked crate `localisation`
[INFO] [stdout]     |
[INFO] [stdout]     = help: if you wanted to use a crate named `localisation`, use `cargo add localisation` to add it to your `Cargo.toml`
[INFO] [stdout]     = note: this error originates in the macro `text` (in Nightly builds, run with -Z macro-backtrace for more info)
[INFO] [stdout] 
[INFO] [stdout] 
[INFO] [stdout] error[E0433]: cannot find module or crate `localisation` in this scope
[INFO] [stdout]    --> src/tests.rs:168:18
[INFO] [stdout]     |
[INFO] [stdout] 168 |     let prints = localisation::LOCALES
[INFO] [stdout]     |                  ^^^^^^^^^^^^ use of unresolved module or unlinked crate `localisation`
[INFO] [stdout]     |
[INFO] [stdout]     = help: if you wanted to use a crate named `localisation`, use `cargo add localisation` to add it to your `Cargo.toml`
[INFO] [stdout] 
[INFO] [stdout] 
[INFO] [stdout] For more information about this error, try `rustc --explain E0433`.
[INFO] [stdout] 
[INFO] [stderr] error: could not compile `safflower` (lib test) due to 69 previous errors
[INFO] running `Command { std: "docker" "inspect" "0e45bc8b101d307e0c252cfd8e7781fb4d2a6211dae6ebb3d8306e89abcb9ca0", kill_on_drop: false }`
[INFO] running `Command { std: "docker" "rm" "-f" "0e45bc8b101d307e0c252cfd8e7781fb4d2a6211dae6ebb3d8306e89abcb9ca0", kill_on_drop: false }`
[INFO] [stdout] 0e45bc8b101d307e0c252cfd8e7781fb4d2a6211dae6ebb3d8306e89abcb9ca0
