[INFO] fetching crate s2n-tls-metrics-subscriber 0.0.6...
[INFO] testing s2n-tls-metrics-subscriber-0.0.6 against 1.100.0-beta.1 for beta-1.100-2
[INFO] extracting crate s2n-tls-metrics-subscriber 0.0.6 into /workspace/builds/worker-6-tc2/source
[INFO] started tweaking crates.io crate s2n-tls-metrics-subscriber 0.0.6
[INFO] removed 0 missing examples
[INFO] removed 0 missing tests
[INFO] finished tweaking crates.io crate s2n-tls-metrics-subscriber 0.0.6
[INFO] tweaked toml for crates.io crate s2n-tls-metrics-subscriber 0.0.6 written to /workspace/builds/worker-6-tc2/source/Cargo.toml
[INFO] validating manifest of crates.io crate s2n-tls-metrics-subscriber 0.0.6 on toolchain 1.100.0-beta.1
[INFO] running `Command { std: CARGO_HOME="/workspace/cargo-home" RUSTUP_HOME="/workspace/rustup-home" "/workspace/cargo-home/bin/cargo" "+1.100.0-beta.1" "metadata" "--manifest-path" "Cargo.toml" "--no-deps", kill_on_drop: false }`
[INFO] crate crates.io crate s2n-tls-metrics-subscriber 0.0.6 already has a lockfile, it will not be regenerated
[INFO] running `Command { std: CARGO_HOME="/workspace/cargo-home" RUSTUP_HOME="/workspace/rustup-home" "/workspace/cargo-home/bin/cargo" "+1.100.0-beta.1" "fetch" "--manifest-path" "Cargo.toml", kill_on_drop: false }`
[INFO] running `Command { std: "docker" "create" "-v" "/var/lib/crater-agent-workspace/builds/worker-6-tc2/source:/opt/rustwide/workdir:ro,Z" "-v" "/var/lib/crater-agent-workspace/builds/worker-6-tc2/target:/opt/rustwide/target:rw,Z" "-v" "/var/lib/crater-agent-workspace/cargo-home:/opt/rustwide/cargo-home:ro,Z" "-v" "/var/lib/crater-agent-workspace/rustup-home:/opt/rustwide/rustup-home:ro,Z" "-m" "1610612736" "--network" "none" "ghcr.io/rust-lang/crates-build-env/linux@sha256:3111399a4047eeb3a02b7a90e478d715f38a8c6669b5c4b49d30a17385265909" "sleep" "infinity", kill_on_drop: false }`
[INFO] [stdout] 308aa2fbd651ddd12bf41e06008a4fbf9cb56134c9a18b91495f4b87abfb83e5
[INFO] running `Command { std: "docker" "start" "308aa2fbd651ddd12bf41e06008a4fbf9cb56134c9a18b91495f4b87abfb83e5", kill_on_drop: false }`
[INFO] running `Command { std: "docker" "inspect" "308aa2fbd651ddd12bf41e06008a4fbf9cb56134c9a18b91495f4b87abfb83e5", kill_on_drop: false }`
[INFO] running `Command { std: "docker" "exec" "-e" "SOURCE_DIR=/opt/rustwide/workdir" "-e" "CARGO_HOME=/opt/rustwide/cargo-home" "-e" "RUSTUP_HOME=/opt/rustwide/rustup-home" "-e" "CARGO_TARGET_DIR=/opt/rustwide/target" "-w" "/opt/rustwide/workdir" "--user" "0:0" "308aa2fbd651ddd12bf41e06008a4fbf9cb56134c9a18b91495f4b87abfb83e5" "/opt/rustwide/cargo-home/bin/cargo" "+1.100.0-beta.1" "metadata" "--no-deps" "--format-version=1", kill_on_drop: false }`
[INFO] running `Command { std: "docker" "inspect" "308aa2fbd651ddd12bf41e06008a4fbf9cb56134c9a18b91495f4b87abfb83e5", kill_on_drop: false }`
[INFO] running `Command { std: "docker" "exec" "-e" "SOURCE_DIR=/opt/rustwide/workdir" "-e" "CARGO_HOME=/opt/rustwide/cargo-home" "-e" "RUSTUP_HOME=/opt/rustwide/rustup-home" "-e" "CARGO_TARGET_DIR=/opt/rustwide/target" "-e" "CARGO_INCREMENTAL=0" "-e" "RUST_BACKTRACE=full" "-e" "RUSTFLAGS=--cap-lints=warn" "-e" "RUSTDOCFLAGS=--cap-lints=warn" "-w" "/opt/rustwide/workdir" "--user" "0:0" "308aa2fbd651ddd12bf41e06008a4fbf9cb56134c9a18b91495f4b87abfb83e5" "/opt/rustwide/cargo-home/bin/cargo" "+1.100.0-beta.1" "build" "--frozen" "--message-format=json", kill_on_drop: false }`
[INFO] [stderr]    Compiling find-msvc-tools v0.1.9
[INFO] [stderr]    Compiling getrandom v0.3.4
[INFO] [stderr]    Compiling zerocopy v0.8.54
[INFO] [stderr]    Compiling pkg-config v0.3.33
[INFO] [stderr]    Compiling serde_core v1.0.228
[INFO] [stderr]    Compiling smallvec v1.15.2
[INFO] [stderr]    Compiling crossbeam-utils v0.8.22
[INFO] [stderr]    Compiling quote v1.0.46
[INFO] [stderr]    Compiling semver v1.0.28
[INFO] [stderr]    Compiling aho-corasick v1.1.4
[INFO] [stderr]    Compiling aws-lc-rs v1.17.1
[INFO] [stderr]    Compiling serde v1.0.228
[INFO] [stderr]    Compiling regex-syntax v0.8.11
[INFO] [stderr]    Compiling jobserver v0.1.35
[INFO] [stderr]    Compiling tracing-core v0.1.36
[INFO] [stderr]    Compiling bitflags v2.13.0
[INFO] [stderr]    Compiling version_check v0.9.5
[INFO] [stderr]    Compiling either v1.16.0
[INFO] [stderr]    Compiling syn v2.0.118
[INFO] [stderr]    Compiling cc v1.2.67
[INFO] [stderr]    Compiling rand_core v0.9.5
[INFO] [stderr]    Compiling rustc_version v0.4.1
[INFO] [stderr]    Compiling raw-cpuid v11.6.0
[INFO] [stderr]    Compiling nibble_vec v0.1.0
[INFO] [stderr]    Compiling itertools v0.14.0
[INFO] [stderr]    Compiling tokio v1.52.3
[INFO] [stderr]    Compiling endian-type v0.1.2
[INFO] [stderr]    Compiling foldhash v0.2.0
[INFO] [stderr]    Compiling allocator-api2 v0.2.21
[INFO] [stderr]    Compiling log v0.4.33
[INFO] [stderr]    Compiling ahash v0.8.12
[INFO] [stderr]    Compiling indexmap v2.14.0
[INFO] [stderr]    Compiling tracing-log v0.2.0
[INFO] [stderr]    Compiling crossbeam-epoch v0.9.20
[INFO] [stderr]    Compiling radix_trie v0.2.1
[INFO] [stderr]    Compiling rand_xoshiro v0.7.0
[INFO] [stderr]    Compiling ordered-float v5.3.0
[INFO] [stderr]    Compiling sharded-slab v0.1.7
[INFO] [stderr]    Compiling thread_local v1.1.10
[INFO] [stderr]    Compiling sketches-ddsketch v0.3.1
[INFO] [stderr]    Compiling nu-ansi-term v0.50.3
[INFO] [stderr]    Compiling untrusted v0.7.1
[INFO] [stderr]    Compiling hashbrown v0.16.1
[INFO] [stderr]    Compiling crossbeam-queue v0.3.13
[INFO] [stderr]    Compiling s2n-tls-metrics-schema v0.0.2
[INFO] [stderr]    Compiling byteorder v1.5.0
[INFO] [stderr]    Compiling s2n-tls v0.3.42
[INFO] [stderr]    Compiling bytes v1.12.1
[INFO] [stderr]    Compiling errno v0.3.14
[INFO] [stderr]    Compiling hex v0.4.3
[INFO] [stderr]    Compiling tracing-subscriber v0.3.23
[INFO] [stderr]    Compiling cmake v0.1.58
[INFO] [stderr]    Compiling arc-swap v1.9.2
[INFO] [stderr]    Compiling const-oid v0.10.2
[INFO] [stderr]    Compiling static_assertions v1.1.0
[INFO] [stderr]    Compiling quanta v0.12.6
[INFO] [stderr]    Compiling aws-lc-sys v0.42.0
[INFO] [stderr]    Compiling s2n-tls-sys v0.3.42
[INFO] [stderr]    Compiling regex-automata v0.4.15
[INFO] [stderr]    Compiling darling_core v0.23.0
[INFO] [stderr]    Compiling synstructure v0.13.2
[INFO] [stderr]    Compiling regex v1.13.0
[INFO] [stderr]    Compiling zerocopy-derive v0.8.54
[INFO] [stderr]    Compiling serde_derive v1.0.228
[INFO] [stderr]    Compiling derive-where v1.6.1
[INFO] [stderr]    Compiling tracing-attributes v0.1.31
[INFO] [stderr]    Compiling str_inflector v0.12.0
[INFO] [stderr]    Compiling tracing v0.1.44
[INFO] [stderr]    Compiling darling_macro v0.23.0
[INFO] [stderr]    Compiling darling v0.23.0
[INFO] [stderr]    Compiling serde_with_macros v3.21.0
[INFO] [stderr]    Compiling metrique-writer-macro v0.1.10
[INFO] [stderr]    Compiling metrique-writer-core v0.1.18
[INFO] [stderr]    Compiling serde_with v3.21.0
[INFO] [stderr]    Compiling metrique-core v0.1.22
[INFO] [stderr]    Compiling ppv-lite86 v0.2.21
[INFO] [stderr]    Compiling s2n-codec v0.83.0
[INFO] [stderr]    Compiling rand_chacha v0.9.0
[INFO] [stderr]    Compiling rand v0.9.5
[INFO] [stderr]    Compiling metrics-util v0.20.4
[INFO] [stderr]    Compiling metrique-writer v0.1.24
[INFO] [stderr]    Compiling s2n-tls-metrics-subscriber v0.0.6 (/opt/rustwide/workdir)
[INFO] [stderr]     Finished `dev` profile [unoptimized + debuginfo] target(s) in 50.77s
[INFO] running `Command { std: "docker" "inspect" "308aa2fbd651ddd12bf41e06008a4fbf9cb56134c9a18b91495f4b87abfb83e5", kill_on_drop: false }`
[INFO] running `Command { std: "docker" "exec" "-e" "SOURCE_DIR=/opt/rustwide/workdir" "-e" "CARGO_HOME=/opt/rustwide/cargo-home" "-e" "RUSTUP_HOME=/opt/rustwide/rustup-home" "-e" "CARGO_TARGET_DIR=/opt/rustwide/target" "-e" "CARGO_INCREMENTAL=0" "-e" "RUST_BACKTRACE=full" "-e" "RUSTFLAGS=--cap-lints=warn" "-e" "RUSTDOCFLAGS=--cap-lints=warn" "-w" "/opt/rustwide/workdir" "--user" "0:0" "308aa2fbd651ddd12bf41e06008a4fbf9cb56134c9a18b91495f4b87abfb83e5" "/opt/rustwide/cargo-home/bin/cargo" "+1.100.0-beta.1" "test" "--frozen" "--no-run" "--message-format=json", kill_on_drop: false }`
[INFO] [stderr]    Compiling openssl-src v300.6.1+3.6.3
[INFO] [stderr]    Compiling vcpkg v0.2.15
[INFO] [stderr]    Compiling object v0.37.3
[INFO] [stderr]    Compiling proc-macro-error-attr2 v2.0.0
[INFO] [stderr]    Compiling gimli v0.32.3
[INFO] [stderr]    Compiling parking_lot_core v0.9.12
[INFO] [stderr]    Compiling serde_json v1.0.150
[INFO] [stderr]    Compiling miniz_oxide v0.8.9
[INFO] [stderr]    Compiling half v2.7.1
[INFO] [stderr]    Compiling foreign-types-shared v0.1.1
[INFO] [stderr]    Compiling bit-vec v0.8.0
[INFO] [stderr]    Compiling rustc-demangle v0.1.28
[INFO] [stderr]    Compiling bytecount v0.6.9
[INFO] [stderr]    Compiling openssl v0.10.81
[INFO] [stderr]    Compiling ciborium-io v0.2.2
[INFO] [stderr]    Compiling testing_table v0.3.0
[INFO] [stderr]    Compiling foreign-types v0.3.2
[INFO] [stderr]    Compiling papergrid v0.18.0
[INFO] [stderr]    Compiling openssl-macros v0.1.1
[INFO] [stderr]    Compiling mintex v0.1.4
[INFO] [stderr]    Compiling dtoa v1.0.11
[INFO] [stderr]    Compiling thousands v0.2.0
[INFO] [stderr]    Compiling rustc-hash v1.1.0
[INFO] [stderr]    Compiling bit-set v0.8.0
[INFO] [stderr]    Compiling proc-macro-error2 v2.0.1
[INFO] [stderr]    Compiling ciborium-ll v0.2.2
[INFO] [stderr]    Compiling parking_lot v0.12.5
[INFO] [stderr]    Compiling ciborium v0.2.2
[INFO] [stderr]    Compiling tabled_derive v0.11.0
[INFO] [stderr]    Compiling metrique-writer-format-emf v0.1.23
[INFO] [stderr]    Compiling openssl-sys v0.9.117
[INFO] [stderr]    Compiling tabled v0.21.0
[INFO] [stderr]    Compiling addr2line v0.25.1
[INFO] [stderr]    Compiling backtrace v0.3.76
[INFO] [stderr]    Compiling dhat v0.3.3
[INFO] [stderr]    Compiling s2n-tls-metrics-subscriber v0.0.6 (/opt/rustwide/workdir)
[INFO] [stdout] error[E0433]: cannot find module or crate `tls_harness` in this scope
[INFO] [stdout]     --> src/record.rs:1149:13
[INFO] [stdout]      |
[INFO] [stdout] 1149 |         use tls_harness::{
[INFO] [stdout]      |             ^^^^^^^^^^^ use of unresolved module or unlinked crate `tls_harness`
[INFO] [stdout]      |
[INFO] [stdout]      = help: if you wanted to use a crate named `tls_harness`, use `cargo add tls_harness` to add it to your `Cargo.toml`
[INFO] [stdout] 
[INFO] [stdout] 
[INFO] [stdout] error[E0432]: unresolved import `tls_harness`
[INFO] [stdout]     --> src/record.rs:1149:13
[INFO] [stdout]      |
[INFO] [stdout] 1149 |         use tls_harness::{
[INFO] [stdout]      |             ^^^^^^^^^^^ use of unresolved module or unlinked crate `tls_harness`
[INFO] [stdout]      |
[INFO] [stdout]      = help: if you wanted to use a crate named `tls_harness`, use `cargo add tls_harness` to add it to your `Cargo.toml`
[INFO] [stdout] 
[INFO] [stdout] 
[INFO] [stdout] error[E0433]: cannot find module or crate `tls_harness` in this scope
[INFO] [stdout]     --> src/record.rs:1168:24
[INFO] [stdout]      |
[INFO] [stdout] 1168 |             let cert = tls_harness::harness::read_to_bytes(
[INFO] [stdout]      |                        ^^^^^^^^^^^ use of unresolved module or unlinked crate `tls_harness`
[INFO] [stdout]      |
[INFO] [stdout]      = help: if you wanted to use a crate named `tls_harness`, use `cargo add tls_harness` to add it to your `Cargo.toml`
[INFO] [stdout] 
[INFO] [stdout] 
[INFO] [stdout] error[E0433]: cannot find module or crate `tls_harness` in this scope
[INFO] [stdout]     --> src/record.rs:1169:17
[INFO] [stdout]      |
[INFO] [stdout] 1169 |                 tls_harness::PemType::ServerCertChain,
[INFO] [stdout]      |                 ^^^^^^^^^^^ use of unresolved module or unlinked crate `tls_harness`
[INFO] [stdout]      |
[INFO] [stdout]      = help: if you wanted to use a crate named `tls_harness`, use `cargo add tls_harness` to add it to your `Cargo.toml`
[INFO] [stdout] 
[INFO] [stdout] 
[INFO] [stdout] error[E0433]: cannot find module or crate `tls_harness` in this scope
[INFO] [stdout]     --> src/record.rs:1172:23
[INFO] [stdout]      |
[INFO] [stdout] 1172 |             let key = tls_harness::harness::read_to_bytes(
[INFO] [stdout]      |                       ^^^^^^^^^^^ use of unresolved module or unlinked crate `tls_harness`
[INFO] [stdout]      |
[INFO] [stdout]      = help: if you wanted to use a crate named `tls_harness`, use `cargo add tls_harness` to add it to your `Cargo.toml`
[INFO] [stdout] 
[INFO] [stdout] 
[INFO] [stdout] error[E0433]: cannot find module or crate `tls_harness` in this scope
[INFO] [stdout]     --> src/record.rs:1173:17
[INFO] [stdout]      |
[INFO] [stdout] 1173 |                 tls_harness::PemType::ServerKey,
[INFO] [stdout]      |                 ^^^^^^^^^^^ use of unresolved module or unlinked crate `tls_harness`
[INFO] [stdout]      |
[INFO] [stdout]      = help: if you wanted to use a crate named `tls_harness`, use `cargo add tls_harness` to add it to your `Cargo.toml`
[INFO] [stdout] 
[INFO] [stdout] 
[INFO] [stdout] error[E0433]: cannot find module or crate `tls_harness` in this scope
[INFO] [stdout]     --> src/record.rs:1190:21
[INFO] [stdout]      |
[INFO] [stdout] 1190 |                     tls_harness::PemType::CACert,
[INFO] [stdout]      |                     ^^^^^^^^^^^ use of unresolved module or unlinked crate `tls_harness`
[INFO] [stdout]      |
[INFO] [stdout]      = help: if you wanted to use a crate named `tls_harness`, use `cargo add tls_harness` to add it to your `Cargo.toml`
[INFO] [stdout] 
[INFO] [stdout] 
[INFO] [stdout] error[E0433]: cannot find module or crate `s2n_tls_sys_internal` in this scope
[INFO] [stdout]    --> src/parsing/mod.rs:199:22
[INFO] [stdout]     |
[INFO] [stdout] 199 |             let sp = s2n_tls_sys_internal::security_policy_table()
[INFO] [stdout]     |                      ^^^^^^^^^^^^^^^^^^^^ use of unresolved module or unlinked crate `s2n_tls_sys_internal`
[INFO] [stdout]     |
[INFO] [stdout]     = help: if you wanted to use a crate named `s2n_tls_sys_internal`, use `cargo add s2n_tls_sys_internal` to add it to your `Cargo.toml`
[INFO] [stdout] 
[INFO] [stdout] 
[INFO] [stdout] error[E0433]: cannot find module or crate `s2n_tls_sys_internal` in this scope
[INFO] [stdout]    --> src/parsing/mod.rs:261:22
[INFO] [stdout]     |
[INFO] [stdout] 261 |         for entry in s2n_tls_sys_internal::security_policy_table() {
[INFO] [stdout]     |                      ^^^^^^^^^^^^^^^^^^^^ use of unresolved module or unlinked crate `s2n_tls_sys_internal`
[INFO] [stdout]     |
[INFO] [stdout]     = help: if you wanted to use a crate named `s2n_tls_sys_internal`, use `cargo add s2n_tls_sys_internal` to add it to your `Cargo.toml`
[INFO] [stdout] 
[INFO] [stdout] 
[INFO] [stdout] error[E0433]: cannot find module or crate `s2n_tls_sys_internal` in this scope
[INFO] [stdout]    --> src/record.rs:779:30
[INFO] [stdout]     |
[INFO] [stdout] 779 |                 for entry in s2n_tls_sys_internal::security_policy_table() {
[INFO] [stdout]     |                              ^^^^^^^^^^^^^^^^^^^^ use of unresolved module or unlinked crate `s2n_tls_sys_internal`
[INFO] [stdout]     |
[INFO] [stdout]     = help: if you wanted to use a crate named `s2n_tls_sys_internal`, use `cargo add s2n_tls_sys_internal` to add it to your `Cargo.toml`
[INFO] [stdout] 
[INFO] [stdout] 
[INFO] [stdout] error[E0433]: cannot find module or crate `tls_harness` in this scope
[INFO] [stdout]     --> src/record.rs:1189:30
[INFO] [stdout]      |
[INFO] [stdout] 1189 |                 .set_ca_file(tls_harness::get_cert_path(
[INFO] [stdout]      |                              ^^^^^^^^^^^ use of unresolved module or unlinked crate `tls_harness`
[INFO] [stdout]      |
[INFO] [stdout]      = help: if you wanted to use a crate named `tls_harness`, use `cargo add tls_harness` to add it to your `Cargo.toml`
[INFO] [stdout] 
[INFO] [stdout] 
[INFO] [stdout] Some errors have detailed explanations: E0432, E0433.
[INFO] [stdout] 
[INFO] [stdout] For more information about an error, try `rustc --explain E0432`.
[INFO] [stdout] 
[INFO] [stderr] error: could not compile `s2n-tls-metrics-subscriber` (lib test) due to 11 previous errors
[INFO] [stderr] warning: build failed, waiting for other jobs to finish...
[INFO] running `Command { std: "docker" "inspect" "308aa2fbd651ddd12bf41e06008a4fbf9cb56134c9a18b91495f4b87abfb83e5", kill_on_drop: false }`
[INFO] running `Command { std: "docker" "rm" "-f" "308aa2fbd651ddd12bf41e06008a4fbf9cb56134c9a18b91495f4b87abfb83e5", kill_on_drop: false }`
[INFO] [stdout] 308aa2fbd651ddd12bf41e06008a4fbf9cb56134c9a18b91495f4b87abfb83e5
