[INFO] fetching crate rusty-cl 0.1.8...
[INFO] testing rusty-cl-0.1.8 against 1.100.0-beta.1 for beta-1.100-2
[INFO] extracting crate rusty-cl 0.1.8 into /workspace/builds/worker-3-tc2/source
[INFO] started tweaking crates.io crate rusty-cl 0.1.8
[INFO] finished tweaking crates.io crate rusty-cl 0.1.8
[INFO] tweaked toml for crates.io crate rusty-cl 0.1.8 written to /workspace/builds/worker-3-tc2/source/Cargo.toml
[INFO] validating manifest of crates.io crate rusty-cl 0.1.8 on toolchain 1.100.0-beta.1
[INFO] running `Command { std: CARGO_HOME="/workspace/cargo-home" RUSTUP_HOME="/workspace/rustup-home" "/workspace/cargo-home/bin/cargo" "+1.100.0-beta.1" "metadata" "--manifest-path" "Cargo.toml" "--no-deps", kill_on_drop: false }`
[INFO] crate crates.io crate rusty-cl 0.1.8 already has a lockfile, it will not be regenerated
[INFO] running `Command { std: CARGO_HOME="/workspace/cargo-home" RUSTUP_HOME="/workspace/rustup-home" "/workspace/cargo-home/bin/cargo" "+1.100.0-beta.1" "fetch" "--manifest-path" "Cargo.toml", kill_on_drop: false }`
[INFO] running `Command { std: "docker" "create" "-v" "/var/lib/crater-agent-workspace/builds/worker-3-tc2/source:/opt/rustwide/workdir:ro,Z" "-v" "/var/lib/crater-agent-workspace/builds/worker-3-tc2/target:/opt/rustwide/target:rw,Z" "-v" "/var/lib/crater-agent-workspace/cargo-home:/opt/rustwide/cargo-home:ro,Z" "-v" "/var/lib/crater-agent-workspace/rustup-home:/opt/rustwide/rustup-home:ro,Z" "-m" "1610612736" "--network" "none" "ghcr.io/rust-lang/crates-build-env/linux@sha256:3111399a4047eeb3a02b7a90e478d715f38a8c6669b5c4b49d30a17385265909" "sleep" "infinity", kill_on_drop: false }`
[INFO] [stdout] 780749ca926b6722573aa68faec890a0fcf705aed727532c30fe391e34dfc0a5
[INFO] running `Command { std: "docker" "start" "780749ca926b6722573aa68faec890a0fcf705aed727532c30fe391e34dfc0a5", kill_on_drop: false }`
[INFO] running `Command { std: "docker" "inspect" "780749ca926b6722573aa68faec890a0fcf705aed727532c30fe391e34dfc0a5", kill_on_drop: false }`
[INFO] running `Command { std: "docker" "exec" "-e" "SOURCE_DIR=/opt/rustwide/workdir" "-e" "CARGO_HOME=/opt/rustwide/cargo-home" "-e" "RUSTUP_HOME=/opt/rustwide/rustup-home" "-e" "CARGO_TARGET_DIR=/opt/rustwide/target" "-w" "/opt/rustwide/workdir" "--user" "0:0" "780749ca926b6722573aa68faec890a0fcf705aed727532c30fe391e34dfc0a5" "/opt/rustwide/cargo-home/bin/cargo" "+1.100.0-beta.1" "metadata" "--no-deps" "--format-version=1", kill_on_drop: false }`
[INFO] running `Command { std: "docker" "inspect" "780749ca926b6722573aa68faec890a0fcf705aed727532c30fe391e34dfc0a5", kill_on_drop: false }`
[INFO] running `Command { std: "docker" "exec" "-e" "SOURCE_DIR=/opt/rustwide/workdir" "-e" "CARGO_HOME=/opt/rustwide/cargo-home" "-e" "RUSTUP_HOME=/opt/rustwide/rustup-home" "-e" "CARGO_TARGET_DIR=/opt/rustwide/target" "-e" "CARGO_INCREMENTAL=0" "-e" "RUST_BACKTRACE=full" "-e" "RUSTFLAGS=--cap-lints=warn" "-e" "RUSTDOCFLAGS=--cap-lints=warn" "-w" "/opt/rustwide/workdir" "--user" "0:0" "780749ca926b6722573aa68faec890a0fcf705aed727532c30fe391e34dfc0a5" "/opt/rustwide/cargo-home/bin/cargo" "+1.100.0-beta.1" "build" "--frozen" "--message-format=json", kill_on_drop: false }`
[INFO] [stderr]    Compiling rusty-cl v0.1.8 (/opt/rustwide/workdir)
[INFO] [stderr]     Finished `dev` profile [unoptimized + debuginfo] target(s) in 0.37s
[INFO] running `Command { std: "docker" "inspect" "780749ca926b6722573aa68faec890a0fcf705aed727532c30fe391e34dfc0a5", kill_on_drop: false }`
[INFO] running `Command { std: "docker" "exec" "-e" "SOURCE_DIR=/opt/rustwide/workdir" "-e" "CARGO_HOME=/opt/rustwide/cargo-home" "-e" "RUSTUP_HOME=/opt/rustwide/rustup-home" "-e" "CARGO_TARGET_DIR=/opt/rustwide/target" "-e" "CARGO_INCREMENTAL=0" "-e" "RUST_BACKTRACE=full" "-e" "RUSTFLAGS=--cap-lints=warn" "-e" "RUSTDOCFLAGS=--cap-lints=warn" "-w" "/opt/rustwide/workdir" "--user" "0:0" "780749ca926b6722573aa68faec890a0fcf705aed727532c30fe391e34dfc0a5" "/opt/rustwide/cargo-home/bin/cargo" "+1.100.0-beta.1" "test" "--frozen" "--no-run" "--message-format=json", kill_on_drop: false }`
[INFO] [stderr]    Compiling rusty-cl v0.1.8 (/opt/rustwide/workdir)
[INFO] [stdout] error: linking with `cc` failed: exit status: 1
[INFO] [stdout]   |
[INFO] [stdout]   = note:  "cc" "-m64" "/opt/rustwide/target/debug/build/rusty-cl/320bce18b987b5c8/out/rustchSMMw6/symbols.o" "<2 object files omitted>" "-Wl,--as-needed" "-Wl,-Bstatic" "<sysroot>/lib/rustlib/x86_64-unknown-linux-gnu/lib/{libtest-*,libgetopts-*,librustc_std_workspace_std-*,libstd-*,libpanic_unwind-*,libobject-*,libmemchr-*,libaddr2line-*,libgimli-*,libcfg_if-*,librustc_demangle-*,libstd_detect-*,libhashbrown-*,librustc_std_workspace_alloc-*,libminiz_oxide-*,libadler2-*,libunwind-*,liblibc-*,librustc_std_workspace_core-*,liballoc-*,libcore-*,libcompiler_builtins-*}.rlib" "-Wl,-Bdynamic" "-lgcc_s" "-lutil" "-lrt" "-lpthread" "-lm" "-ldl" "-lc" "-L" "/opt/rustwide/target/debug/build/rusty-cl/320bce18b987b5c8/out/rustchSMMw6/raw-dylibs" "-B<sysroot>/lib/rustlib/x86_64-unknown-linux-gnu/bin/gcc-ld" "-fuse-ld=lld" "-Wl,--eh-frame-hdr" "-Wl,-z,noexecstack" "-L" "<sysroot>/lib/rustlib/x86_64-unknown-linux-gnu/lib" "-o" "/opt/rustwide/target/debug/build/rusty-cl/320bce18b987b5c8/out/rusty_cl-320bce18b987b5c8" "-Wl,--gc-sections" "-pie" "-Wl,-z,relro,-z,now" "-nodefaultlibs"
[INFO] [stdout]   = note: some arguments are omitted. use `--verbose` to show all linker arguments
[INFO] [stdout]   = note: rust-lld: error: undefined symbol: clGetPlatformIDs
[INFO] [stdout]           >>> referenced by platform.rs:13 (src/platform.rs:13)
[INFO] [stdout]           >>>               /opt/rustwide/target/debug/build/rusty-cl/320bce18b987b5c8/out/rusty_cl-320bce18b987b5c8.rusty_cl.35bd8ce0b4172e75-cgu.0.rcgu.o:(rusty_cl::platform::cl_get_platform_ids)
[INFO] [stdout]           >>> referenced by platform.rs:21 (src/platform.rs:21)
[INFO] [stdout]           >>>               /opt/rustwide/target/debug/build/rusty-cl/320bce18b987b5c8/out/rusty_cl-320bce18b987b5c8.rusty_cl.35bd8ce0b4172e75-cgu.0.rcgu.o:(rusty_cl::platform::cl_get_platform_ids)
[INFO] [stdout]           
[INFO] [stdout]           rust-lld: error: undefined symbol: clGetPlatformInfo
[INFO] [stdout]           >>> referenced by platform.rs:58 (src/platform.rs:58)
[INFO] [stdout]           >>>               /opt/rustwide/target/debug/build/rusty-cl/320bce18b987b5c8/out/rusty_cl-320bce18b987b5c8.rusty_cl.35bd8ce0b4172e75-cgu.0.rcgu.o:(rusty_cl::platform::cl_get_platform_info)
[INFO] [stdout]           >>> referenced by platform.rs:68 (src/platform.rs:68)
[INFO] [stdout]           >>>               /opt/rustwide/target/debug/build/rusty-cl/320bce18b987b5c8/out/rusty_cl-320bce18b987b5c8.rusty_cl.35bd8ce0b4172e75-cgu.0.rcgu.o:(rusty_cl::platform::cl_get_platform_info)
[INFO] [stdout]           collect2: error: ld returned 1 exit status
[INFO] [stdout]           
[INFO] [stdout] 
[INFO] [stdout] 
[INFO] [stderr] error: could not compile `rusty-cl` (lib test) due to 1 previous error
[INFO] [stdout] error: linking with `cc` failed: exit status: 1
[INFO] [stdout]   |
[INFO] [stdout]   = note:  "cc" "-m64" "/opt/rustwide/target/debug/build/rusty-cl/4aeae6d190b82c53/out/rustcqNd1Rb/symbols.o" "<2 object files omitted>" "-Wl,--as-needed" "-Wl,-Bstatic" "/opt/rustwide/target/debug/build/rusty-cl/8409ec61191a8bc9/out/librusty_cl-8409ec61191a8bc9.rlib" "<sysroot>/lib/rustlib/x86_64-unknown-linux-gnu/lib/{libstd-*,libpanic_unwind-*,libobject-*,libmemchr-*,libaddr2line-*,libgimli-*,libcfg_if-*,librustc_demangle-*,libstd_detect-*,libhashbrown-*,librustc_std_workspace_alloc-*,libminiz_oxide-*,libadler2-*,libunwind-*,liblibc-*,librustc_std_workspace_core-*,liballoc-*,libcore-*,libcompiler_builtins-*}.rlib" "-Wl,-Bdynamic" "-lgcc_s" "-lutil" "-lrt" "-lpthread" "-lm" "-ldl" "-lc" "-L" "/opt/rustwide/target/debug/build/rusty-cl/4aeae6d190b82c53/out/rustcqNd1Rb/raw-dylibs" "-B<sysroot>/lib/rustlib/x86_64-unknown-linux-gnu/bin/gcc-ld" "-fuse-ld=lld" "-Wl,--eh-frame-hdr" "-Wl,-z,noexecstack" "-L" "<sysroot>/lib/rustlib/x86_64-unknown-linux-gnu/lib" "-o" "/opt/rustwide/target/debug/build/rusty-cl/4aeae6d190b82c53/out/clinfo" "-Wl,--gc-sections" "-pie" "-Wl,-z,relro,-z,now" "-nodefaultlibs"
[INFO] [stdout]   = note: some arguments are omitted. use `--verbose` to show all linker arguments
[INFO] [stdout]   = note: rust-lld: error: undefined symbol: clGetDeviceIDs
[INFO] [stdout]           >>> referenced by device.rs:8 (src/device.rs:8)
[INFO] [stdout]           >>>               rusty_cl-8409ec61191a8bc9.rusty_cl.f73291039ef8b3a1-cgu.0.rcgu.o:(rusty_cl::device::cl_get_device_ids) in archive /opt/rustwide/target/debug/build/rusty-cl/8409ec61191a8bc9/out/librusty_cl-8409ec61191a8bc9.rlib
[INFO] [stdout]           >>> referenced by device.rs:18 (src/device.rs:18)
[INFO] [stdout]           >>>               rusty_cl-8409ec61191a8bc9.rusty_cl.f73291039ef8b3a1-cgu.0.rcgu.o:(rusty_cl::device::cl_get_device_ids) in archive /opt/rustwide/target/debug/build/rusty-cl/8409ec61191a8bc9/out/librusty_cl-8409ec61191a8bc9.rlib
[INFO] [stdout]           
[INFO] [stdout]           rust-lld: error: undefined symbol: clGetPlatformIDs
[INFO] [stdout]           >>> referenced by platform.rs:13 (src/platform.rs:13)
[INFO] [stdout]           >>>               rusty_cl-8409ec61191a8bc9.rusty_cl.f73291039ef8b3a1-cgu.0.rcgu.o:(rusty_cl::platform::cl_get_platform_ids) in archive /opt/rustwide/target/debug/build/rusty-cl/8409ec61191a8bc9/out/librusty_cl-8409ec61191a8bc9.rlib
[INFO] [stdout]           >>> referenced by platform.rs:21 (src/platform.rs:21)
[INFO] [stdout]           >>>               rusty_cl-8409ec61191a8bc9.rusty_cl.f73291039ef8b3a1-cgu.0.rcgu.o:(rusty_cl::platform::cl_get_platform_ids) in archive /opt/rustwide/target/debug/build/rusty-cl/8409ec61191a8bc9/out/librusty_cl-8409ec61191a8bc9.rlib
[INFO] [stdout]           
[INFO] [stdout]           rust-lld: error: undefined symbol: clGetPlatformInfo
[INFO] [stdout]           >>> referenced by platform.rs:58 (src/platform.rs:58)
[INFO] [stdout]           >>>               rusty_cl-8409ec61191a8bc9.rusty_cl.f73291039ef8b3a1-cgu.0.rcgu.o:(rusty_cl::platform::cl_get_platform_info) in archive /opt/rustwide/target/debug/build/rusty-cl/8409ec61191a8bc9/out/librusty_cl-8409ec61191a8bc9.rlib
[INFO] [stdout]           >>> referenced by platform.rs:68 (src/platform.rs:68)
[INFO] [stdout]           >>>               rusty_cl-8409ec61191a8bc9.rusty_cl.f73291039ef8b3a1-cgu.0.rcgu.o:(rusty_cl::platform::cl_get_platform_info) in archive /opt/rustwide/target/debug/build/rusty-cl/8409ec61191a8bc9/out/librusty_cl-8409ec61191a8bc9.rlib
[INFO] [stdout]           collect2: error: ld returned 1 exit status
[INFO] [stdout]           
[INFO] [stdout] 
[INFO] [stdout] 
[INFO] [stderr] warning: build failed, waiting for other jobs to finish...
[INFO] [stderr] error: could not compile `rusty-cl` (example "clinfo") due to 1 previous error
[INFO] running `Command { std: "docker" "inspect" "780749ca926b6722573aa68faec890a0fcf705aed727532c30fe391e34dfc0a5", kill_on_drop: false }`
[INFO] running `Command { std: "docker" "rm" "-f" "780749ca926b6722573aa68faec890a0fcf705aed727532c30fe391e34dfc0a5", kill_on_drop: false }`
[INFO] [stdout] 780749ca926b6722573aa68faec890a0fcf705aed727532c30fe391e34dfc0a5
