[INFO] fetching crate rustviz-plugin 2.0.0...
[INFO] testing rustviz-plugin-2.0.0 against 1.99.0-beta.8 for beta-1.100-2
[INFO] extracting crate rustviz-plugin 2.0.0 into /workspace/builds/worker-3-tc1/source
[INFO] removed /workspace/builds/worker-3-tc1/source/rust-toolchain.toml
[INFO] started tweaking crates.io crate rustviz-plugin 2.0.0
[INFO] finished tweaking crates.io crate rustviz-plugin 2.0.0
[INFO] tweaked toml for crates.io crate rustviz-plugin 2.0.0 written to /workspace/builds/worker-3-tc1/source/Cargo.toml
[INFO] validating manifest of crates.io crate rustviz-plugin 2.0.0 on toolchain 1.99.0-beta.8
[INFO] running `Command { std: CARGO_HOME="/workspace/cargo-home" RUSTUP_HOME="/workspace/rustup-home" "/workspace/cargo-home/bin/cargo" "+1.99.0-beta.8" "metadata" "--manifest-path" "Cargo.toml" "--no-deps", kill_on_drop: false }`
[INFO] crate crates.io crate rustviz-plugin 2.0.0 already has a lockfile, it will not be regenerated
[INFO] running `Command { std: CARGO_HOME="/workspace/cargo-home" RUSTUP_HOME="/workspace/rustup-home" "/workspace/cargo-home/bin/cargo" "+1.99.0-beta.8" "fetch" "--manifest-path" "Cargo.toml", kill_on_drop: false }`
[INFO] [stderr]     Updating crates.io index
[INFO] [stderr]  Downloading crates ...
[INFO] [stderr]   Downloaded ts-rs-macros v6.2.0
[INFO] [stderr]   Downloaded simplelog v0.11.2
[INFO] [stderr]   Downloaded rustc_utils v0.14.3-nightly-2025-08-20
[INFO] [stderr]   Downloaded ts-rs v6.2.1
[INFO] [stderr]   Downloaded ts-rs-macros v7.1.1
[INFO] [stderr]   Downloaded intervaltree v0.2.7
[INFO] [stderr]   Downloaded rustc_tools_util v0.1.1
[INFO] [stderr]   Downloaded ts-rs v7.1.1
[INFO] [stderr]   Downloaded fluid-let v1.0.0
[INFO] [stderr]   Downloaded handlebars v3.5.5
[INFO] [stderr]   Downloaded rustc_plugin v0.14.3-nightly-2025-08-20
[INFO] running `Command { std: "docker" "create" "-v" "/var/lib/crater-agent-workspace/builds/worker-3-tc1/source:/opt/rustwide/workdir:ro,Z" "-v" "/var/lib/crater-agent-workspace/builds/worker-3-tc1/target:/opt/rustwide/target:rw,Z" "-v" "/var/lib/crater-agent-workspace/cargo-home:/opt/rustwide/cargo-home:ro,Z" "-v" "/var/lib/crater-agent-workspace/rustup-home:/opt/rustwide/rustup-home:ro,Z" "-m" "1610612736" "--network" "none" "ghcr.io/rust-lang/crates-build-env/linux@sha256:3111399a4047eeb3a02b7a90e478d715f38a8c6669b5c4b49d30a17385265909" "sleep" "infinity", kill_on_drop: false }`
[INFO] [stdout] 4edc66bed160bb0835ff6f660428c89290edb62b6b319391780d1ee1b2126180
[INFO] running `Command { std: "docker" "start" "4edc66bed160bb0835ff6f660428c89290edb62b6b319391780d1ee1b2126180", kill_on_drop: false }`
[INFO] running `Command { std: "docker" "inspect" "4edc66bed160bb0835ff6f660428c89290edb62b6b319391780d1ee1b2126180", kill_on_drop: false }`
[INFO] running `Command { std: "docker" "exec" "-e" "SOURCE_DIR=/opt/rustwide/workdir" "-e" "CARGO_HOME=/opt/rustwide/cargo-home" "-e" "RUSTUP_HOME=/opt/rustwide/rustup-home" "-e" "CARGO_TARGET_DIR=/opt/rustwide/target" "-w" "/opt/rustwide/workdir" "--user" "0:0" "4edc66bed160bb0835ff6f660428c89290edb62b6b319391780d1ee1b2126180" "/opt/rustwide/cargo-home/bin/cargo" "+1.99.0-beta.8" "metadata" "--no-deps" "--format-version=1", kill_on_drop: false }`
[INFO] running `Command { std: "docker" "inspect" "4edc66bed160bb0835ff6f660428c89290edb62b6b319391780d1ee1b2126180", kill_on_drop: false }`
[INFO] running `Command { std: "docker" "exec" "-e" "SOURCE_DIR=/opt/rustwide/workdir" "-e" "CARGO_HOME=/opt/rustwide/cargo-home" "-e" "RUSTUP_HOME=/opt/rustwide/rustup-home" "-e" "CARGO_TARGET_DIR=/opt/rustwide/target" "-e" "CARGO_INCREMENTAL=0" "-e" "RUST_BACKTRACE=full" "-e" "RUSTFLAGS=--cap-lints=warn" "-e" "RUSTDOCFLAGS=--cap-lints=warn" "-w" "/opt/rustwide/workdir" "--user" "0:0" "4edc66bed160bb0835ff6f660428c89290edb62b6b319391780d1ee1b2126180" "/opt/rustwide/cargo-home/bin/cargo" "+1.99.0-beta.8" "build" "--frozen" "--message-format=json", kill_on_drop: false }`
[INFO] [stderr]    Compiling serde v1.0.228
[INFO] [stderr]    Compiling termcolor v1.1.3
[INFO] [stderr]    Compiling equivalent v1.0.2
[INFO] [stderr]    Compiling hashbrown v0.17.0
[INFO] [stderr]    Compiling Inflector v0.11.4
[INFO] [stderr]    Compiling log v0.4.29
[INFO] [stderr]    Compiling ucd-trie v0.1.7
[INFO] [stderr]    Compiling serde_core v1.0.228
[INFO] [stderr]    Compiling winnow v0.5.40
[INFO] [stderr]    Compiling serde_json v1.0.149
[INFO] [stderr]    Compiling syn v2.0.117
[INFO] [stderr]    Compiling aho-corasick v1.1.4
[INFO] [stderr]    Compiling syn v1.0.109
[INFO] [stderr]    Compiling regex-syntax v0.8.10
[INFO] [stderr]    Compiling anyhow v1.0.102
[INFO] [stderr]    Compiling unicode-linebreak v0.1.5
[INFO] [stderr]    Compiling smawk v0.3.2
[INFO] [stderr]    Compiling clap_builder v4.6.0
[INFO] [stderr]    Compiling intervaltree v0.2.7
[INFO] [stderr]    Compiling chrono v0.4.44
[INFO] [stderr]    Compiling pest v2.8.6
[INFO] [stderr]    Compiling textwrap v0.16.2
[INFO] [stderr]    Compiling is-terminal v0.4.17
[INFO] [stderr]    Compiling either v1.15.0
[INFO] [stderr]    Compiling quick-error v2.0.1
[INFO] [stderr]    Compiling rustc_tools_util v0.1.1
[INFO] [stderr]    Compiling humantime v2.3.0
[INFO] [stderr]    Compiling fluid-let v1.0.0
[INFO] [stderr]    Compiling itertools v0.10.5
[INFO] [stderr]    Compiling indexmap v2.14.0
[INFO] [stderr]    Compiling simplelog v0.11.2
[INFO] [stderr]    Compiling pest_meta v2.8.6
[INFO] [stderr]    Compiling regex-automata v0.4.14
[INFO] [stderr]    Compiling toml_datetime v0.6.11
[INFO] [stderr]    Compiling serde_spanned v0.6.9
[INFO] [stderr]    Compiling toml_edit v0.19.15
[INFO] [stderr]    Compiling camino v1.2.2
[INFO] [stderr]    Compiling semver v1.0.28
[INFO] [stderr]    Compiling pest_generator v2.8.6
[INFO] [stderr]    Compiling ts-rs-macros v6.2.0
[INFO] [stderr]    Compiling serde_derive v1.0.228
[INFO] [stderr]    Compiling thiserror-impl v1.0.69
[INFO] [stderr]    Compiling ts-rs-macros v7.1.1
[INFO] [stderr]    Compiling clap_derive v4.6.1
[INFO] [stderr]    Compiling pest_derive v2.8.6
[INFO] [stderr]    Compiling toml v0.7.8
[INFO] [stderr]    Compiling thiserror v1.0.69
[INFO] [stderr]    Compiling regex v1.12.3
[INFO] [stderr]    Compiling ts-rs v6.2.1
[INFO] [stderr]    Compiling ts-rs v7.1.1
[INFO] [stderr]    Compiling env_logger v0.10.2
[INFO] [stderr]    Compiling rustc_plugin v0.14.3-nightly-2025-08-20
[INFO] [stderr]    Compiling clap v4.6.1
[INFO] [stderr]    Compiling cargo-platform v0.1.9
[INFO] [stderr]    Compiling rustc_utils v0.14.3-nightly-2025-08-20
[INFO] [stderr]    Compiling handlebars v3.5.5
[INFO] [stdout] error[E0557]: feature has been removed
[INFO] [stdout]   --> /opt/rustwide/cargo-home/registry/src/index.crates.io-1949cf8c6b5b557f/rustc_utils-0.14.3-nightly-2025-08-20/src/lib.rs:21:3
[INFO] [stdout]    |
[INFO] [stdout] 21 |   doc_auto_cfg,          // for feature gates in documentation
[INFO] [stdout]    |   ^^^^^^^^^^^^ feature has been removed
[INFO] [stdout]    |
[INFO] [stdout]    = note: removed in 1.92.0; see <https://github.com/rust-lang/rust/pull/138907> for more information
[INFO] [stdout]    = note: merged into `doc_cfg`
[INFO] [stdout] 
[INFO] [stdout] 
[INFO] [stdout] error[E0463]: can't find crate for `either`
[INFO] [stdout]   --> /opt/rustwide/cargo-home/registry/src/index.crates.io-1949cf8c6b5b557f/rustc_utils-0.14.3-nightly-2025-08-20/src/lib.rs:41:1
[INFO] [stdout]    |
[INFO] [stdout] 41 | extern crate either;
[INFO] [stdout]    | ^^^^^^^^^^^^^^^^^^^^ can't find crate
[INFO] [stdout] 
[INFO] [stdout] 
[INFO] [stdout] error[E0463]: can't find crate for `rustc_abi`
[INFO] [stdout]   --> /opt/rustwide/cargo-home/registry/src/index.crates.io-1949cf8c6b5b557f/rustc_utils-0.14.3-nightly-2025-08-20/src/lib.rs:42:1
[INFO] [stdout]    |
[INFO] [stdout] 42 | extern crate rustc_abi;
[INFO] [stdout]    | ^^^^^^^^^^^^^^^^^^^^^^^ can't find crate
[INFO] [stdout]    |
[INFO] [stdout]    = help: maybe you need to install the missing components with: `rustup component add rust-src rustc-dev llvm-tools-preview`
[INFO] [stdout] 
[INFO] [stdout] 
[INFO] [stdout] error[E0463]: can't find crate for `rustc_borrowck`
[INFO] [stdout]   --> /opt/rustwide/cargo-home/registry/src/index.crates.io-1949cf8c6b5b557f/rustc_utils-0.14.3-nightly-2025-08-20/src/lib.rs:43:1
[INFO] [stdout]    |
[INFO] [stdout] 43 | extern crate rustc_borrowck;
[INFO] [stdout]    | ^^^^^^^^^^^^^^^^^^^^^^^^^^^^ can't find crate
[INFO] [stdout]    |
[INFO] [stdout]    = help: maybe you need to install the missing components with: `rustup component add rust-src rustc-dev llvm-tools-preview`
[INFO] [stdout] 
[INFO] [stdout] 
[INFO] [stdout] error[E0463]: can't find crate for `rustc_data_structures`
[INFO] [stdout]   --> /opt/rustwide/cargo-home/registry/src/index.crates.io-1949cf8c6b5b557f/rustc_utils-0.14.3-nightly-2025-08-20/src/lib.rs:44:1
[INFO] [stdout]    |
[INFO] [stdout] 44 | extern crate rustc_data_structures;
[INFO] [stdout]    | ^^^^^^^^^^^^^^^^^^^^^^^^^^^^^^^^^^^ can't find crate
[INFO] [stdout]    |
[INFO] [stdout]    = help: maybe you need to install the missing components with: `rustup component add rust-src rustc-dev llvm-tools-preview`
[INFO] [stdout] 
[INFO] [stdout] 
[INFO] [stdout] error[E0463]: can't find crate for `rustc_driver`
[INFO] [stdout]   --> /opt/rustwide/cargo-home/registry/src/index.crates.io-1949cf8c6b5b557f/rustc_utils-0.14.3-nightly-2025-08-20/src/lib.rs:45:1
[INFO] [stdout]    |
[INFO] [stdout] 45 | extern crate rustc_driver;
[INFO] [stdout]    | ^^^^^^^^^^^^^^^^^^^^^^^^^^ can't find crate
[INFO] [stdout]    |
[INFO] [stdout]    = help: maybe you need to install the missing components with: `rustup component add rust-src rustc-dev llvm-tools-preview`
[INFO] [stdout] 
[INFO] [stdout] 
[INFO] [stdout] error[E0463]: can't find crate for `rustc_errors`
[INFO] [stdout]   --> /opt/rustwide/cargo-home/registry/src/index.crates.io-1949cf8c6b5b557f/rustc_utils-0.14.3-nightly-2025-08-20/src/lib.rs:46:1
[INFO] [stdout]    |
[INFO] [stdout] 46 | extern crate rustc_errors;
[INFO] [stdout]    | ^^^^^^^^^^^^^^^^^^^^^^^^^^ can't find crate
[INFO] [stdout]    |
[INFO] [stdout]    = help: maybe you need to install the missing components with: `rustup component add rust-src rustc-dev llvm-tools-preview`
[INFO] [stdout] 
[INFO] [stdout] 
[INFO] [stdout] error[E0463]: can't find crate for `rustc_graphviz`
[INFO] [stdout]   --> /opt/rustwide/cargo-home/registry/src/index.crates.io-1949cf8c6b5b557f/rustc_utils-0.14.3-nightly-2025-08-20/src/lib.rs:47:1
[INFO] [stdout]    |
[INFO] [stdout] 47 | extern crate rustc_graphviz;
[INFO] [stdout]    | ^^^^^^^^^^^^^^^^^^^^^^^^^^^^ can't find crate
[INFO] [stdout]    |
[INFO] [stdout]    = help: maybe you need to install the missing components with: `rustup component add rust-src rustc-dev llvm-tools-preview`
[INFO] [stdout] 
[INFO] [stdout] 
[INFO] [stdout] error[E0463]: can't find crate for `rustc_hir`
[INFO] [stdout]   --> /opt/rustwide/cargo-home/registry/src/index.crates.io-1949cf8c6b5b557f/rustc_utils-0.14.3-nightly-2025-08-20/src/lib.rs:48:1
[INFO] [stdout]    |
[INFO] [stdout] 48 | extern crate rustc_hir;
[INFO] [stdout]    | ^^^^^^^^^^^^^^^^^^^^^^^ can't find crate
[INFO] [stdout]    |
[INFO] [stdout]    = help: maybe you need to install the missing components with: `rustup component add rust-src rustc-dev llvm-tools-preview`
[INFO] [stdout] 
[INFO] [stdout] 
[INFO] [stdout] error[E0463]: can't find crate for `rustc_index`
[INFO] [stdout]   --> /opt/rustwide/cargo-home/registry/src/index.crates.io-1949cf8c6b5b557f/rustc_utils-0.14.3-nightly-2025-08-20/src/lib.rs:49:1
[INFO] [stdout]    |
[INFO] [stdout] 49 | extern crate rustc_index;
[INFO] [stdout]    | ^^^^^^^^^^^^^^^^^^^^^^^^^ can't find crate
[INFO] [stdout]    |
[INFO] [stdout]    = help: maybe you need to install the missing components with: `rustup component add rust-src rustc-dev llvm-tools-preview`
[INFO] [stdout] 
[INFO] [stdout] 
[INFO] [stdout] error[E0463]: can't find crate for `rustc_infer`
[INFO] [stdout]   --> /opt/rustwide/cargo-home/registry/src/index.crates.io-1949cf8c6b5b557f/rustc_utils-0.14.3-nightly-2025-08-20/src/lib.rs:50:1
[INFO] [stdout]    |
[INFO] [stdout] 50 | extern crate rustc_infer;
[INFO] [stdout]    | ^^^^^^^^^^^^^^^^^^^^^^^^^ can't find crate
[INFO] [stdout]    |
[INFO] [stdout]    = help: maybe you need to install the missing components with: `rustup component add rust-src rustc-dev llvm-tools-preview`
[INFO] [stdout] 
[INFO] [stdout] 
[INFO] [stdout] error[E0463]: can't find crate for `rustc_interface`
[INFO] [stdout]   --> /opt/rustwide/cargo-home/registry/src/index.crates.io-1949cf8c6b5b557f/rustc_utils-0.14.3-nightly-2025-08-20/src/lib.rs:51:1
[INFO] [stdout]    |
[INFO] [stdout] 51 | extern crate rustc_interface;
[INFO] [stdout]    | ^^^^^^^^^^^^^^^^^^^^^^^^^^^^^ can't find crate
[INFO] [stdout]    |
[INFO] [stdout]    = help: maybe you need to install the missing components with: `rustup component add rust-src rustc-dev llvm-tools-preview`
[INFO] [stdout] 
[INFO] [stdout] 
[INFO] [stdout] error[E0463]: can't find crate for `rustc_lint_defs`
[INFO] [stdout]   --> /opt/rustwide/cargo-home/registry/src/index.crates.io-1949cf8c6b5b557f/rustc_utils-0.14.3-nightly-2025-08-20/src/lib.rs:52:1
[INFO] [stdout]    |
[INFO] [stdout] 52 | extern crate rustc_lint_defs;
[INFO] [stdout]    | ^^^^^^^^^^^^^^^^^^^^^^^^^^^^^ can't find crate
[INFO] [stdout]    |
[INFO] [stdout]    = help: maybe you need to install the missing components with: `rustup component add rust-src rustc-dev llvm-tools-preview`
[INFO] [stdout] 
[INFO] [stdout] 
[INFO] [stdout] error[E0463]: can't find crate for `rustc_macros`
[INFO] [stdout]   --> /opt/rustwide/cargo-home/registry/src/index.crates.io-1949cf8c6b5b557f/rustc_utils-0.14.3-nightly-2025-08-20/src/lib.rs:53:1
[INFO] [stdout]    |
[INFO] [stdout] 53 | extern crate rustc_macros;
[INFO] [stdout]    | ^^^^^^^^^^^^^^^^^^^^^^^^^^ can't find crate
[INFO] [stdout]    |
[INFO] [stdout]    = help: maybe you need to install the missing components with: `rustup component add rust-src rustc-dev llvm-tools-preview`
[INFO] [stdout] 
[INFO] [stdout] 
[INFO] [stdout] error[E0463]: can't find crate for `rustc_middle`
[INFO] [stdout]   --> /opt/rustwide/cargo-home/registry/src/index.crates.io-1949cf8c6b5b557f/rustc_utils-0.14.3-nightly-2025-08-20/src/lib.rs:54:1
[INFO] [stdout]    |
[INFO] [stdout] 54 | extern crate rustc_middle;
[INFO] [stdout]    | ^^^^^^^^^^^^^^^^^^^^^^^^^^ can't find crate
[INFO] [stdout]    |
[INFO] [stdout]    = help: maybe you need to install the missing components with: `rustup component add rust-src rustc-dev llvm-tools-preview`
[INFO] [stdout] 
[INFO] [stdout] 
[INFO] [stdout] error[E0463]: can't find crate for `rustc_mir_dataflow`
[INFO] [stdout]   --> /opt/rustwide/cargo-home/registry/src/index.crates.io-1949cf8c6b5b557f/rustc_utils-0.14.3-nightly-2025-08-20/src/lib.rs:55:1
[INFO] [stdout]    |
[INFO] [stdout] 55 | extern crate rustc_mir_dataflow;
[INFO] [stdout]    | ^^^^^^^^^^^^^^^^^^^^^^^^^^^^^^^^ can't find crate
[INFO] [stdout]    |
[INFO] [stdout]    = help: maybe you need to install the missing components with: `rustup component add rust-src rustc-dev llvm-tools-preview`
[INFO] [stdout] 
[INFO] [stdout] 
[INFO] [stdout] error[E0463]: can't find crate for `rustc_mir_transform`
[INFO] [stdout]   --> /opt/rustwide/cargo-home/registry/src/index.crates.io-1949cf8c6b5b557f/rustc_utils-0.14.3-nightly-2025-08-20/src/lib.rs:56:1
[INFO] [stdout]    |
[INFO] [stdout] 56 | extern crate rustc_mir_transform;
[INFO] [stdout]    | ^^^^^^^^^^^^^^^^^^^^^^^^^^^^^^^^^ can't find crate
[INFO] [stdout]    |
[INFO] [stdout]    = help: maybe you need to install the missing components with: `rustup component add rust-src rustc-dev llvm-tools-preview`
[INFO] [stdout] 
[INFO] [stdout] 
[INFO] [stdout] error[E0463]: can't find crate for `rustc_serialize`
[INFO] [stdout]   --> /opt/rustwide/cargo-home/registry/src/index.crates.io-1949cf8c6b5b557f/rustc_utils-0.14.3-nightly-2025-08-20/src/lib.rs:57:1
[INFO] [stdout]    |
[INFO] [stdout] 57 | extern crate rustc_serialize;
[INFO] [stdout]    | ^^^^^^^^^^^^^^^^^^^^^^^^^^^^^ can't find crate
[INFO] [stdout]    |
[INFO] [stdout]    = help: maybe you need to install the missing components with: `rustup component add rust-src rustc-dev llvm-tools-preview`
[INFO] [stdout] 
[INFO] [stdout] 
[INFO] [stdout] error[E0463]: can't find crate for `rustc_session`
[INFO] [stdout]   --> /opt/rustwide/cargo-home/registry/src/index.crates.io-1949cf8c6b5b557f/rustc_utils-0.14.3-nightly-2025-08-20/src/lib.rs:58:1
[INFO] [stdout]    |
[INFO] [stdout] 58 | extern crate rustc_session;
[INFO] [stdout]    | ^^^^^^^^^^^^^^^^^^^^^^^^^^^ can't find crate
[INFO] [stdout]    |
[INFO] [stdout]    = help: maybe you need to install the missing components with: `rustup component add rust-src rustc-dev llvm-tools-preview`
[INFO] [stdout] 
[INFO] [stdout] 
[INFO] [stdout] error[E0463]: can't find crate for `rustc_span`
[INFO] [stdout]   --> /opt/rustwide/cargo-home/registry/src/index.crates.io-1949cf8c6b5b557f/rustc_utils-0.14.3-nightly-2025-08-20/src/lib.rs:59:1
[INFO] [stdout]    |
[INFO] [stdout] 59 | extern crate rustc_span;
[INFO] [stdout]    | ^^^^^^^^^^^^^^^^^^^^^^^^ can't find crate
[INFO] [stdout]    |
[INFO] [stdout]    = help: maybe you need to install the missing components with: `rustup component add rust-src rustc-dev llvm-tools-preview`
[INFO] [stdout] 
[INFO] [stdout] 
[INFO] [stdout] error[E0463]: can't find crate for `rustc_target`
[INFO] [stdout]   --> /opt/rustwide/cargo-home/registry/src/index.crates.io-1949cf8c6b5b557f/rustc_utils-0.14.3-nightly-2025-08-20/src/lib.rs:60:1
[INFO] [stdout]    |
[INFO] [stdout] 60 | extern crate rustc_target;
[INFO] [stdout]    | ^^^^^^^^^^^^^^^^^^^^^^^^^^ can't find crate
[INFO] [stdout]    |
[INFO] [stdout]    = help: maybe you need to install the missing components with: `rustup component add rust-src rustc-dev llvm-tools-preview`
[INFO] [stdout] 
[INFO] [stdout] 
[INFO] [stdout] error[E0463]: can't find crate for `rustc_trait_selection`
[INFO] [stdout]   --> /opt/rustwide/cargo-home/registry/src/index.crates.io-1949cf8c6b5b557f/rustc_utils-0.14.3-nightly-2025-08-20/src/lib.rs:61:1
[INFO] [stdout]    |
[INFO] [stdout] 61 | extern crate rustc_trait_selection;
[INFO] [stdout]    | ^^^^^^^^^^^^^^^^^^^^^^^^^^^^^^^^^^^ can't find crate
[INFO] [stdout]    |
[INFO] [stdout]    = help: maybe you need to install the missing components with: `rustup component add rust-src rustc-dev llvm-tools-preview`
[INFO] [stdout] 
[INFO] [stdout] 
[INFO] [stdout] error[E0463]: can't find crate for `rustc_type_ir`
[INFO] [stdout]   --> /opt/rustwide/cargo-home/registry/src/index.crates.io-1949cf8c6b5b557f/rustc_utils-0.14.3-nightly-2025-08-20/src/lib.rs:62:1
[INFO] [stdout]    |
[INFO] [stdout] 62 | extern crate rustc_type_ir;
[INFO] [stdout]    | ^^^^^^^^^^^^^^^^^^^^^^^^^^^ can't find crate
[INFO] [stdout]    |
[INFO] [stdout]    = help: maybe you need to install the missing components with: `rustup component add rust-src rustc-dev llvm-tools-preview`
[INFO] [stdout] 
[INFO] [stdout] 
[INFO] [stdout] error[E0463]: can't find crate for `smallvec`
[INFO] [stdout]   --> /opt/rustwide/cargo-home/registry/src/index.crates.io-1949cf8c6b5b557f/rustc_utils-0.14.3-nightly-2025-08-20/src/lib.rs:63:1
[INFO] [stdout]    |
[INFO] [stdout] 63 | extern crate smallvec;
[INFO] [stdout]    | ^^^^^^^^^^^^^^^^^^^^^^ can't find crate
[INFO] [stdout] 
[INFO] [stdout] 
[INFO] [stderr]    Compiling cargo_metadata v0.14.2
[INFO] [stdout] error[E0432]: unresolved import `super::filename::FilenameIndex`
[INFO] [stdout]   --> /opt/rustwide/cargo-home/registry/src/index.crates.io-1949cf8c6b5b557f/rustc_utils-0.14.3-nightly-2025-08-20/src/source_map/range.rs:20:33
[INFO] [stdout]    |
[INFO] [stdout] 20 | use super::filename::{Filename, FilenameIndex};
[INFO] [stdout]    |                                 ^^^^^^^^^^^^^ no `FilenameIndex` in `source_map::filename`
[INFO] [stdout] 
[INFO] [stdout] 
[INFO] [stdout] error[E0432]: unresolved import `crate::source_map::filename::FilenameIndex`
[INFO] [stdout]   --> /opt/rustwide/cargo-home/registry/src/index.crates.io-1949cf8c6b5b557f/rustc_utils-0.14.3-nightly-2025-08-20/src/test_utils.rs:30:26
[INFO] [stdout]    |
[INFO] [stdout] 30 |     filename::{Filename, FilenameIndex},
[INFO] [stdout]    |                          ^^^^^^^^^^^^^ no `FilenameIndex` in `source_map::filename`
[INFO] [stdout] 
[INFO] [stdout] 
[INFO] [stdout] error[E0554]: `#![feature]` may not be used on the beta release channel
[INFO] [stdout]   --> /opt/rustwide/cargo-home/registry/src/index.crates.io-1949cf8c6b5b557f/rustc_utils-0.14.3-nightly-2025-08-20/src/lib.rs:13:1
[INFO] [stdout]    |
[INFO] [stdout] 13 | / #![feature(
[INFO] [stdout] 14 | |   rustc_private,
[INFO] [stdout] 15 | |   negative_impls,        // for !Send
[INFO] [stdout] 16 | |   min_specialization,    // for rustc_index::newtype_index 
[INFO] [stdout] ...  |
[INFO] [stdout] 21 | |   doc_auto_cfg,          // for feature gates in documentation
[INFO] [stdout] 22 | | )]
[INFO] [stdout]    | |__^
[INFO] [stdout] 
[INFO] [stdout] 
[INFO] [stdout] error[E0220]: associated type `Node` not found for `G`
[INFO] [stdout]   --> /opt/rustwide/cargo-home/registry/src/index.crates.io-1949cf8c6b5b557f/rustc_utils-0.14.3-nightly-2025-08-20/src/mir/control_dependencies.rs:23:12
[INFO] [stdout]    |
[INFO] [stdout] 23 |   exit: G::Node,
[INFO] [stdout]    |            ^^^^ associated type `Node` not found
[INFO] [stdout] 
[INFO] [stdout] 
[INFO] [stdout] error[E0223]: ambiguous associated type
[INFO] [stdout]   --> /opt/rustwide/cargo-home/registry/src/index.crates.io-1949cf8c6b5b557f/rustc_utils-0.14.3-nightly-2025-08-20/src/mir/control_dependencies.rs:36:27
[INFO] [stdout]    |
[INFO] [stdout] 36 |   fn start_node(&self) -> Self::Node {
[INFO] [stdout]    |                           ^^^^^^^^^^
[INFO] [stdout]    |
[INFO] [stdout] help: if there were a trait named `Example` with associated type `Node` implemented for `ReversedGraph<'_, G>`, you could use the fully-qualified path
[INFO] [stdout]    |
[INFO] [stdout] 36 -   fn start_node(&self) -> Self::Node {
[INFO] [stdout] 36 +   fn start_node(&self) -> <ReversedGraph<'_, G> as Example>::Node {
[INFO] [stdout]    |
[INFO] [stdout] 
[INFO] [stdout] 
[INFO] [stdout] error[E0223]: ambiguous associated type
[INFO] [stdout]   --> /opt/rustwide/cargo-home/registry/src/index.crates.io-1949cf8c6b5b557f/rustc_utils-0.14.3-nightly-2025-08-20/src/mir/control_dependencies.rs:42:30
[INFO] [stdout]    |
[INFO] [stdout] 42 |   fn successors(&self, node: Self::Node) -> impl Iterator<Item = Self::Node> {
[INFO] [stdout]    |                              ^^^^^^^^^^
[INFO] [stdout]    |
[INFO] [stdout] help: if there were a trait named `Example` with associated type `Node` implemented for `ReversedGraph<'_, G>`, you could use the fully-qualified path
[INFO] [stdout]    |
[INFO] [stdout] 42 -   fn successors(&self, node: Self::Node) -> impl Iterator<Item = Self::Node> {
[INFO] [stdout] 42 +   fn successors(&self, node: <ReversedGraph<'_, G> as Example>::Node) -> impl Iterator<Item = Self::Node> {
[INFO] [stdout]    |
[INFO] [stdout] 
[INFO] [stdout] 
[INFO] [stdout] error[E0223]: ambiguous associated type
[INFO] [stdout]   --> /opt/rustwide/cargo-home/registry/src/index.crates.io-1949cf8c6b5b557f/rustc_utils-0.14.3-nightly-2025-08-20/src/mir/control_dependencies.rs:56:32
[INFO] [stdout]    |
[INFO] [stdout] 56 |   fn predecessors(&self, node: Self::Node) -> impl Iterator<Item = Self::Node> {
[INFO] [stdout]    |                                ^^^^^^^^^^
[INFO] [stdout]    |
[INFO] [stdout] help: if there were a trait named `Example` with associated type `Node` implemented for `ReversedGraph<'_, G>`, you could use the fully-qualified path
[INFO] [stdout]    |
[INFO] [stdout] 56 -   fn predecessors(&self, node: Self::Node) -> impl Iterator<Item = Self::Node> {
[INFO] [stdout] 56 +   fn predecessors(&self, node: <ReversedGraph<'_, G> as Example>::Node) -> impl Iterator<Item = Self::Node> {
[INFO] [stdout]    |
[INFO] [stdout] 
[INFO] [stdout] 
[INFO] [stdout] error[E0223]: ambiguous associated type
[INFO] [stdout]    --> /opt/rustwide/cargo-home/registry/src/index.crates.io-1949cf8c6b5b557f/rustc_utils-0.14.3-nightly-2025-08-20/src/mir/place.rs:599:59
[INFO] [stdout]     |
[INFO] [stdout] 599 |   fn visit_region(&mut self, region: ty::Region<'tcx>) -> Self::Result {
[INFO] [stdout]     |                                                           ^^^^^^^^^^^^
[INFO] [stdout]     |
[INFO] [stdout] help: if there were a trait named `Example` with associated type `Result` implemented for `RegionVisitor<'tcx, Dispatcher>`, you could use the fully-qualified path
[INFO] [stdout]     |
[INFO] [stdout] 599 -   fn visit_region(&mut self, region: ty::Region<'tcx>) -> Self::Result {
[INFO] [stdout] 599 +   fn visit_region(&mut self, region: ty::Region<'tcx>) -> <RegionVisitor<'tcx, Dispatcher> as Example>::Result {
[INFO] [stdout]     |
[INFO] [stdout] 
[INFO] [stdout] 
[INFO] [stdout] Some errors have detailed explanations: E0220, E0223, E0432, E0463, E0554, E0557.
[INFO] [stdout] 
[INFO] [stdout] For more information about an error, try `rustc --explain E0220`.
[INFO] [stdout] 
[INFO] [stderr] error: could not compile `rustc_utils` (lib) due to 32 previous errors
[INFO] [stderr] warning: build failed, waiting for other jobs to finish...
[INFO] running `Command { std: "docker" "inspect" "4edc66bed160bb0835ff6f660428c89290edb62b6b319391780d1ee1b2126180", kill_on_drop: false }`
[INFO] running `Command { std: "docker" "rm" "-f" "4edc66bed160bb0835ff6f660428c89290edb62b6b319391780d1ee1b2126180", kill_on_drop: false }`
[INFO] [stdout] 4edc66bed160bb0835ff6f660428c89290edb62b6b319391780d1ee1b2126180
