[INFO] fetching crate rustpbx-storage 0.5.0...
[INFO] testing rustpbx-storage-0.5.0 against 1.100.0-beta.1 for beta-1.100-2
[INFO] extracting crate rustpbx-storage 0.5.0 into /workspace/builds/worker-6-tc2/source
[INFO] started tweaking crates.io crate rustpbx-storage 0.5.0
[INFO] finished tweaking crates.io crate rustpbx-storage 0.5.0
[INFO] tweaked toml for crates.io crate rustpbx-storage 0.5.0 written to /workspace/builds/worker-6-tc2/source/Cargo.toml
[INFO] validating manifest of crates.io crate rustpbx-storage 0.5.0 on toolchain 1.100.0-beta.1
[INFO] running `Command { std: CARGO_HOME="/workspace/cargo-home" RUSTUP_HOME="/workspace/rustup-home" "/workspace/cargo-home/bin/cargo" "+1.100.0-beta.1" "metadata" "--manifest-path" "Cargo.toml" "--no-deps", kill_on_drop: false }`
[INFO] crate crates.io crate rustpbx-storage 0.5.0 already has a lockfile, it will not be regenerated
[INFO] running `Command { std: CARGO_HOME="/workspace/cargo-home" RUSTUP_HOME="/workspace/rustup-home" "/workspace/cargo-home/bin/cargo" "+1.100.0-beta.1" "fetch" "--manifest-path" "Cargo.toml", kill_on_drop: false }`
[INFO] running `Command { std: "docker" "create" "-v" "/var/lib/crater-agent-workspace/builds/worker-6-tc2/source:/opt/rustwide/workdir:ro,Z" "-v" "/var/lib/crater-agent-workspace/builds/worker-6-tc2/target:/opt/rustwide/target:rw,Z" "-v" "/var/lib/crater-agent-workspace/cargo-home:/opt/rustwide/cargo-home:ro,Z" "-v" "/var/lib/crater-agent-workspace/rustup-home:/opt/rustwide/rustup-home:ro,Z" "-m" "1610612736" "--network" "none" "ghcr.io/rust-lang/crates-build-env/linux@sha256:3111399a4047eeb3a02b7a90e478d715f38a8c6669b5c4b49d30a17385265909" "sleep" "infinity", kill_on_drop: false }`
[INFO] [stdout] 23cc8d848b9fb09586d1b7c4a0d0cf9c89500bed3d55bf188c245ff421a914dd
[INFO] running `Command { std: "docker" "start" "23cc8d848b9fb09586d1b7c4a0d0cf9c89500bed3d55bf188c245ff421a914dd", kill_on_drop: false }`
[INFO] running `Command { std: "docker" "inspect" "23cc8d848b9fb09586d1b7c4a0d0cf9c89500bed3d55bf188c245ff421a914dd", kill_on_drop: false }`
[INFO] running `Command { std: "docker" "exec" "-e" "SOURCE_DIR=/opt/rustwide/workdir" "-e" "CARGO_HOME=/opt/rustwide/cargo-home" "-e" "RUSTUP_HOME=/opt/rustwide/rustup-home" "-e" "CARGO_TARGET_DIR=/opt/rustwide/target" "-w" "/opt/rustwide/workdir" "--user" "0:0" "23cc8d848b9fb09586d1b7c4a0d0cf9c89500bed3d55bf188c245ff421a914dd" "/opt/rustwide/cargo-home/bin/cargo" "+1.100.0-beta.1" "metadata" "--no-deps" "--format-version=1", kill_on_drop: false }`
[INFO] running `Command { std: "docker" "inspect" "23cc8d848b9fb09586d1b7c4a0d0cf9c89500bed3d55bf188c245ff421a914dd", kill_on_drop: false }`
[INFO] running `Command { std: "docker" "exec" "-e" "SOURCE_DIR=/opt/rustwide/workdir" "-e" "CARGO_HOME=/opt/rustwide/cargo-home" "-e" "RUSTUP_HOME=/opt/rustwide/rustup-home" "-e" "CARGO_TARGET_DIR=/opt/rustwide/target" "-e" "CARGO_INCREMENTAL=0" "-e" "RUST_BACKTRACE=full" "-e" "RUSTFLAGS=--cap-lints=warn" "-e" "RUSTDOCFLAGS=--cap-lints=warn" "-w" "/opt/rustwide/workdir" "--user" "0:0" "23cc8d848b9fb09586d1b7c4a0d0cf9c89500bed3d55bf188c245ff421a914dd" "/opt/rustwide/cargo-home/bin/cargo" "+1.100.0-beta.1" "build" "--frozen" "--message-format=json", kill_on_drop: false }`
[INFO] [stderr]    Compiling http v1.5.0
[INFO] [stderr]    Compiling futures-io v0.3.34
[INFO] [stderr]    Compiling syn v3.0.4
[INFO] [stderr]    Compiling syn v2.0.119
[INFO] [stderr]    Compiling mio v1.2.2
[INFO] [stderr]    Compiling socket2 v0.6.5
[INFO] [stderr]    Compiling cc v1.4.4
[INFO] [stderr]    Compiling sync_wrapper v1.0.2
[INFO] [stderr]    Compiling bitflags v2.13.1
[INFO] [stderr]    Compiling num-traits v0.2.19
[INFO] [stderr]    Compiling crypto-common v0.1.7
[INFO] [stderr]    Compiling nix v0.31.3
[INFO] [stderr]    Compiling block-buffer v0.12.1
[INFO] [stderr]    Compiling serde_json v1.0.151
[INFO] [stderr]    Compiling ipnet v2.12.1
[INFO] [stderr]    Compiling parking_lot_core v0.9.12
[INFO] [stderr]    Compiling chacha20 v0.10.1
[INFO] [stderr]    Compiling digest v0.10.7
[INFO] [stderr]    Compiling getrandom v0.4.3
[INFO] [stderr]    Compiling getrandom v0.2.17
[INFO] [stderr]    Compiling spin v0.10.1
[INFO] [stderr]    Compiling digest v0.11.3
[INFO] [stderr]    Compiling either v1.18.0
[INFO] [stderr]    Compiling rustls-pki-types v1.15.1
[INFO] [stderr]    Compiling rand v0.10.2
[INFO] [stderr]    Compiling parking_lot v0.12.5
[INFO] [stderr]    Compiling humantime v2.4.0
[INFO] [stderr]    Compiling md-5 v0.11.0
[INFO] [stderr]    Compiling crc-fast v1.10.0
[INFO] [stderr]    Compiling itertools v0.15.0
[INFO] [stderr]    Compiling ring v0.17.14
[INFO] [stderr]    Compiling http-body v1.1.0
[INFO] [stderr]    Compiling http-body-util v0.1.5
[INFO] [stderr]    Compiling synstructure v0.13.2
[INFO] [stderr]    Compiling zerofrom-derive v0.1.7
[INFO] [stderr]    Compiling yoke-derive v0.8.2
[INFO] [stderr]    Compiling tracing-attributes v0.1.31
[INFO] [stderr]    Compiling zerovec-derive v0.11.6
[INFO] [stderr]    Compiling displaydoc v0.2.7
[INFO] [stderr]    Compiling tokio-macros v2.7.2
[INFO] [stderr]    Compiling futures-macro v0.3.34
[INFO] [stderr]    Compiling serde_derive v1.0.229
[INFO] [stderr]    Compiling thiserror-impl v2.0.20
[INFO] [stderr]    Compiling async-trait v0.1.92
[INFO] [stderr]    Compiling tokio v1.53.1
[INFO] [stderr]    Compiling zerofrom v0.1.8
[INFO] [stderr]    Compiling tracing v0.1.44
[INFO] [stderr]    Compiling yoke v0.8.3
[INFO] [stderr]    Compiling futures-util v0.3.34
[INFO] [stderr]    Compiling zerotrie v0.2.5
[INFO] [stderr]    Compiling thiserror v2.0.20
[INFO] [stderr]    Compiling zerovec v0.11.8
[INFO] [stderr]    Compiling tinystr v0.8.4
[INFO] [stderr]    Compiling potential_utf v0.1.6
[INFO] [stderr]    Compiling icu_collections v2.3.0
[INFO] [stderr]    Compiling icu_locale_core v2.3.0
[INFO] [stderr]    Compiling serde v1.0.229
[INFO] [stderr]    Compiling icu_provider v2.3.1
[INFO] [stderr]    Compiling quick-xml v0.41.0
[INFO] [stderr]    Compiling chrono v0.4.45
[INFO] [stderr]    Compiling serde_urlencoded v0.7.1
[INFO] [stderr]    Compiling icu_properties v2.3.0
[INFO] [stderr]    Compiling icu_normalizer v2.3.0
[INFO] [stderr]    Compiling futures-executor v0.3.34
[INFO] [stderr]    Compiling tokio-util v0.7.19
[INFO] [stderr]    Compiling tower v0.5.3
[INFO] [stderr]    Compiling idna_adapter v1.2.2
[INFO] [stderr]    Compiling idna v1.1.0
[INFO] [stderr]    Compiling futures v0.3.34
[INFO] [stderr]    Compiling h2 v0.4.19
[INFO] [stderr]    Compiling url v2.5.8
[INFO] [stderr]    Compiling tower-http v0.6.11
[INFO] [stderr]    Compiling hyper v1.11.0
[INFO] [stderr]    Compiling hyper-util v0.1.20
[INFO] [stderr]    Compiling reqwest v0.13.4
[INFO] [stderr]    Compiling object_store v0.14.1
[INFO] [stdout] error[E0433]: cannot find `tls` in `reqwest`
[INFO] [stdout]    --> /opt/rustwide/cargo-home/registry/src/index.crates.io-1949cf8c6b5b557f/object_store-0.14.1/src/client/mod.rs:294:33
[INFO] [stdout]     |
[INFO] [stdout] 294 | pub struct Certificate(reqwest::tls::Certificate);
[INFO] [stdout]     |                                 ^^^ could not find `tls` in `reqwest`
[INFO] [stdout]     |
[INFO] [stdout] note: found an item that was configured out
[INFO] [stdout]    --> /opt/rustwide/cargo-home/registry/src/index.crates.io-1949cf8c6b5b557f/reqwest-0.13.4/src/lib.rs:383:13
[INFO] [stdout]     |
[INFO] [stdout] 382 |     #[cfg(feature = "__tls")]
[INFO] [stdout]     |           ----------------- the item is gated behind the `__tls` feature
[INFO] [stdout] 383 |     pub mod tls;
[INFO] [stdout]     |             ^^^
[INFO] [stdout] 
[INFO] [stdout] 
[INFO] [stdout] error[E0433]: cannot find `tls` in `reqwest`
[INFO] [stdout]    --> /opt/rustwide/cargo-home/registry/src/index.crates.io-1949cf8c6b5b557f/object_store-0.14.1/src/client/mod.rs:314:22
[INFO] [stdout]     |
[INFO] [stdout] 314 |             reqwest::tls::Certificate::from_pem(pem).map_err(map_client_error)?,
[INFO] [stdout]     |                      ^^^ could not find `tls` in `reqwest`
[INFO] [stdout]     |
[INFO] [stdout] note: found an item that was configured out
[INFO] [stdout]    --> /opt/rustwide/cargo-home/registry/src/index.crates.io-1949cf8c6b5b557f/reqwest-0.13.4/src/lib.rs:383:13
[INFO] [stdout]     |
[INFO] [stdout] 382 |     #[cfg(feature = "__tls")]
[INFO] [stdout]     |           ----------------- the item is gated behind the `__tls` feature
[INFO] [stdout] 383 |     pub mod tls;
[INFO] [stdout]     |             ^^^
[INFO] [stdout] help: consider importing this struct through its public re-export
[INFO] [stdout]     |
[INFO] [stdout]  54 + use crate::Certificate;
[INFO] [stdout]     |
[INFO] [stdout] help: if you import `Certificate`, refer to it directly
[INFO] [stdout]     |
[INFO] [stdout] 314 -             reqwest::tls::Certificate::from_pem(pem).map_err(map_client_error)?,
[INFO] [stdout] 314 +             Certificate::from_pem(pem).map_err(map_client_error)?,
[INFO] [stdout]     |
[INFO] [stdout] 
[INFO] [stdout] 
[INFO] [stdout] error[E0433]: cannot find `tls` in `reqwest`
[INFO] [stdout]    --> /opt/rustwide/cargo-home/registry/src/index.crates.io-1949cf8c6b5b557f/object_store-0.14.1/src/client/mod.rs:324:21
[INFO] [stdout]     |
[INFO] [stdout] 324 |         Ok(reqwest::tls::Certificate::from_pem_bundle(pem_bundle)
[INFO] [stdout]     |                     ^^^ could not find `tls` in `reqwest`
[INFO] [stdout]     |
[INFO] [stdout] note: found an item that was configured out
[INFO] [stdout]    --> /opt/rustwide/cargo-home/registry/src/index.crates.io-1949cf8c6b5b557f/reqwest-0.13.4/src/lib.rs:383:13
[INFO] [stdout]     |
[INFO] [stdout] 382 |     #[cfg(feature = "__tls")]
[INFO] [stdout]     |           ----------------- the item is gated behind the `__tls` feature
[INFO] [stdout] 383 |     pub mod tls;
[INFO] [stdout]     |             ^^^
[INFO] [stdout] help: consider importing this struct through its public re-export
[INFO] [stdout]     |
[INFO] [stdout]  54 + use crate::Certificate;
[INFO] [stdout]     |
[INFO] [stdout] help: if you import `Certificate`, refer to it directly
[INFO] [stdout]     |
[INFO] [stdout] 324 -         Ok(reqwest::tls::Certificate::from_pem_bundle(pem_bundle)
[INFO] [stdout] 324 +         Ok(Certificate::from_pem_bundle(pem_bundle)
[INFO] [stdout]     |
[INFO] [stdout] 
[INFO] [stdout] 
[INFO] [stdout] error[E0433]: cannot find `tls` in `reqwest`
[INFO] [stdout]    --> /opt/rustwide/cargo-home/registry/src/index.crates.io-1949cf8c6b5b557f/object_store-0.14.1/src/client/mod.rs:334:22
[INFO] [stdout]     |
[INFO] [stdout] 334 |             reqwest::tls::Certificate::from_der(der).map_err(map_client_error)?,
[INFO] [stdout]     |                      ^^^ could not find `tls` in `reqwest`
[INFO] [stdout]     |
[INFO] [stdout] note: found an item that was configured out
[INFO] [stdout]    --> /opt/rustwide/cargo-home/registry/src/index.crates.io-1949cf8c6b5b557f/reqwest-0.13.4/src/lib.rs:383:13
[INFO] [stdout]     |
[INFO] [stdout] 382 |     #[cfg(feature = "__tls")]
[INFO] [stdout]     |           ----------------- the item is gated behind the `__tls` feature
[INFO] [stdout] 383 |     pub mod tls;
[INFO] [stdout]     |             ^^^
[INFO] [stdout] help: consider importing this struct through its public re-export
[INFO] [stdout]     |
[INFO] [stdout]  54 + use crate::Certificate;
[INFO] [stdout]     |
[INFO] [stdout] help: if you import `Certificate`, refer to it directly
[INFO] [stdout]     |
[INFO] [stdout] 334 -             reqwest::tls::Certificate::from_der(der).map_err(map_client_error)?,
[INFO] [stdout] 334 +             Certificate::from_der(der).map_err(map_client_error)?,
[INFO] [stdout]     |
[INFO] [stdout] 
[INFO] [stdout] 
[INFO] [stdout] error[E0433]: cannot find `tls` in `reqwest`
[INFO] [stdout]    --> /opt/rustwide/cargo-home/registry/src/index.crates.io-1949cf8c6b5b557f/object_store-0.14.1/src/client/mod.rs:851:44
[INFO] [stdout]     |
[INFO] [stdout] 851 |                 let certificate = reqwest::tls::Certificate::from_pem(certificate.as_bytes())
[INFO] [stdout]     |                                            ^^^ could not find `tls` in `reqwest`
[INFO] [stdout]     |
[INFO] [stdout] note: found an item that was configured out
[INFO] [stdout]    --> /opt/rustwide/cargo-home/registry/src/index.crates.io-1949cf8c6b5b557f/reqwest-0.13.4/src/lib.rs:383:13
[INFO] [stdout]     |
[INFO] [stdout] 382 |     #[cfg(feature = "__tls")]
[INFO] [stdout]     |           ----------------- the item is gated behind the `__tls` feature
[INFO] [stdout] 383 |     pub mod tls;
[INFO] [stdout]     |             ^^^
[INFO] [stdout] help: consider importing this struct through its public re-export
[INFO] [stdout]     |
[INFO] [stdout]  54 + use crate::Certificate;
[INFO] [stdout]     |
[INFO] [stdout] help: if you import `Certificate`, refer to it directly
[INFO] [stdout]     |
[INFO] [stdout] 851 -                 let certificate = reqwest::tls::Certificate::from_pem(certificate.as_bytes())
[INFO] [stdout] 851 +                 let certificate = Certificate::from_pem(certificate.as_bytes())
[INFO] [stdout]     |
[INFO] [stdout] 
[INFO] [stdout] 
[INFO] [stdout] error[E0599]: no method named `tls_certs_merge` found for struct `ClientBuilder` in the current scope
[INFO] [stdout]    --> /opt/rustwide/cargo-home/registry/src/index.crates.io-1949cf8c6b5b557f/object_store-0.14.1/src/client/mod.rs:854:35
[INFO] [stdout]     |
[INFO] [stdout] 854 |                 builder = builder.tls_certs_merge(std::iter::once(certificate));
[INFO] [stdout]     |                                   ^^^^^^^^^^^^^^^ method not found in `ClientBuilder`
[INFO] [stdout] 
[INFO] [stdout] 
[INFO] [stdout] error[E0599]: no method named `tls_certs_only` found for struct `ClientBuilder` in the current scope
[INFO] [stdout]    --> /opt/rustwide/cargo-home/registry/src/index.crates.io-1949cf8c6b5b557f/object_store-0.14.1/src/client/mod.rs:872:31
[INFO] [stdout]     |
[INFO] [stdout] 872 |             builder = builder.tls_certs_only(certs);
[INFO] [stdout]     |                               ^^^^^^^^^^^^^^ method not found in `ClientBuilder`
[INFO] [stdout] 
[INFO] [stdout] 
[INFO] [stdout] error[E0599]: no method named `tls_certs_merge` found for struct `ClientBuilder` in the current scope
[INFO] [stdout]    --> /opt/rustwide/cargo-home/registry/src/index.crates.io-1949cf8c6b5b557f/object_store-0.14.1/src/client/mod.rs:874:31
[INFO] [stdout]     |
[INFO] [stdout] 874 |             builder = builder.tls_certs_merge(certs);
[INFO] [stdout]     |                               ^^^^^^^^^^^^^^^ method not found in `ClientBuilder`
[INFO] [stdout] 
[INFO] [stdout] 
[INFO] [stdout] error[E0599]: no method named `danger_accept_invalid_certs` found for struct `ClientBuilder` in the current scope
[INFO] [stdout]    --> /opt/rustwide/cargo-home/registry/src/index.crates.io-1949cf8c6b5b557f/object_store-0.14.1/src/client/mod.rs:922:31
[INFO] [stdout]     |
[INFO] [stdout] 922 |             builder = builder.danger_accept_invalid_certs(true)
[INFO] [stdout]     |                               ^^^^^^^^^^^^^^^^^^^^^^^^^^^ method not found in `ClientBuilder`
[INFO] [stdout] 
[INFO] [stdout] 
[INFO] [stdout] Some errors have detailed explanations: E0433, E0599.
[INFO] [stdout] 
[INFO] [stdout] For more information about an error, try `rustc --explain E0433`.
[INFO] [stdout] 
[INFO] [stderr] error: could not compile `object_store` (lib) due to 9 previous errors
[INFO] running `Command { std: "docker" "inspect" "23cc8d848b9fb09586d1b7c4a0d0cf9c89500bed3d55bf188c245ff421a914dd", kill_on_drop: false }`
[INFO] running `Command { std: "docker" "rm" "-f" "23cc8d848b9fb09586d1b7c4a0d0cf9c89500bed3d55bf188c245ff421a914dd", kill_on_drop: false }`
[INFO] [stdout] 23cc8d848b9fb09586d1b7c4a0d0cf9c89500bed3d55bf188c245ff421a914dd
