[INFO] fetching crate rustlane-macros 0.1.1...
[INFO] testing rustlane-macros-0.1.1 against 1.99.0-beta.8 for beta-1.100-2
[INFO] extracting crate rustlane-macros 0.1.1 into /workspace/builds/worker-4-tc1/source
[INFO] started tweaking crates.io crate rustlane-macros 0.1.1
[INFO] removed 0 missing tests
[INFO] finished tweaking crates.io crate rustlane-macros 0.1.1
[INFO] tweaked toml for crates.io crate rustlane-macros 0.1.1 written to /workspace/builds/worker-4-tc1/source/Cargo.toml
[INFO] validating manifest of crates.io crate rustlane-macros 0.1.1 on toolchain 1.99.0-beta.8
[INFO] running `Command { std: CARGO_HOME="/workspace/cargo-home" RUSTUP_HOME="/workspace/rustup-home" "/workspace/cargo-home/bin/cargo" "+1.99.0-beta.8" "metadata" "--manifest-path" "Cargo.toml" "--no-deps", kill_on_drop: false }`
[INFO] crate crates.io crate rustlane-macros 0.1.1 already has a lockfile, it will not be regenerated
[INFO] running `Command { std: CARGO_HOME="/workspace/cargo-home" RUSTUP_HOME="/workspace/rustup-home" "/workspace/cargo-home/bin/cargo" "+1.99.0-beta.8" "fetch" "--manifest-path" "Cargo.toml", kill_on_drop: false }`
[INFO] [stderr]     Updating crates.io index
[INFO] [stderr]  Downloading crates ...
[INFO] [stderr]   Downloaded rustlane v0.1.0
[INFO] [stderr]   Downloaded target-triple v1.0.1
[INFO] [stderr]   Downloaded trybuild v1.0.118
[INFO] [stderr]   Downloaded rustlane-macros v0.1.0
[INFO] running `Command { std: "docker" "create" "-v" "/var/lib/crater-agent-workspace/builds/worker-4-tc1/source:/opt/rustwide/workdir:ro,Z" "-v" "/var/lib/crater-agent-workspace/builds/worker-4-tc1/target:/opt/rustwide/target:rw,Z" "-v" "/var/lib/crater-agent-workspace/cargo-home:/opt/rustwide/cargo-home:ro,Z" "-v" "/var/lib/crater-agent-workspace/rustup-home:/opt/rustwide/rustup-home:ro,Z" "-m" "1610612736" "--network" "none" "ghcr.io/rust-lang/crates-build-env/linux@sha256:3111399a4047eeb3a02b7a90e478d715f38a8c6669b5c4b49d30a17385265909" "sleep" "infinity", kill_on_drop: false }`
[INFO] [stdout] 5f090fa3544ddcb7064e2737bf3c2c6a1a1057f1c405b8f2c374350b5cc66441
[INFO] running `Command { std: "docker" "start" "5f090fa3544ddcb7064e2737bf3c2c6a1a1057f1c405b8f2c374350b5cc66441", kill_on_drop: false }`
[INFO] running `Command { std: "docker" "inspect" "5f090fa3544ddcb7064e2737bf3c2c6a1a1057f1c405b8f2c374350b5cc66441", kill_on_drop: false }`
[INFO] running `Command { std: "docker" "exec" "-e" "SOURCE_DIR=/opt/rustwide/workdir" "-e" "CARGO_HOME=/opt/rustwide/cargo-home" "-e" "RUSTUP_HOME=/opt/rustwide/rustup-home" "-e" "CARGO_TARGET_DIR=/opt/rustwide/target" "-w" "/opt/rustwide/workdir" "--user" "0:0" "5f090fa3544ddcb7064e2737bf3c2c6a1a1057f1c405b8f2c374350b5cc66441" "/opt/rustwide/cargo-home/bin/cargo" "+1.99.0-beta.8" "metadata" "--no-deps" "--format-version=1", kill_on_drop: false }`
[INFO] running `Command { std: "docker" "inspect" "5f090fa3544ddcb7064e2737bf3c2c6a1a1057f1c405b8f2c374350b5cc66441", kill_on_drop: false }`
[INFO] running `Command { std: "docker" "exec" "-e" "SOURCE_DIR=/opt/rustwide/workdir" "-e" "CARGO_HOME=/opt/rustwide/cargo-home" "-e" "RUSTUP_HOME=/opt/rustwide/rustup-home" "-e" "CARGO_TARGET_DIR=/opt/rustwide/target" "-e" "CARGO_INCREMENTAL=0" "-e" "RUST_BACKTRACE=full" "-e" "RUSTFLAGS=--cap-lints=warn" "-e" "RUSTDOCFLAGS=--cap-lints=warn" "-w" "/opt/rustwide/workdir" "--user" "0:0" "5f090fa3544ddcb7064e2737bf3c2c6a1a1057f1c405b8f2c374350b5cc66441" "/opt/rustwide/cargo-home/bin/cargo" "+1.99.0-beta.8" "build" "--frozen" "--message-format=json", kill_on_drop: false }`
[INFO] [stderr]    Compiling syn v2.0.119
[INFO] [stderr]    Compiling rustlane-macros v0.1.1 (/opt/rustwide/workdir)
[INFO] [stderr]     Finished `dev` profile [unoptimized + debuginfo] target(s) in 6.89s
[INFO] running `Command { std: "docker" "inspect" "5f090fa3544ddcb7064e2737bf3c2c6a1a1057f1c405b8f2c374350b5cc66441", kill_on_drop: false }`
[INFO] running `Command { std: "docker" "exec" "-e" "SOURCE_DIR=/opt/rustwide/workdir" "-e" "CARGO_HOME=/opt/rustwide/cargo-home" "-e" "RUSTUP_HOME=/opt/rustwide/rustup-home" "-e" "CARGO_TARGET_DIR=/opt/rustwide/target" "-e" "CARGO_INCREMENTAL=0" "-e" "RUST_BACKTRACE=full" "-e" "RUSTFLAGS=--cap-lints=warn" "-e" "RUSTDOCFLAGS=--cap-lints=warn" "-w" "/opt/rustwide/workdir" "--user" "0:0" "5f090fa3544ddcb7064e2737bf3c2c6a1a1057f1c405b8f2c374350b5cc66441" "/opt/rustwide/cargo-home/bin/cargo" "+1.99.0-beta.8" "test" "--frozen" "--no-run" "--message-format=json", kill_on_drop: false }`
[INFO] [stderr]    Compiling proc-macro2 v1.0.107
[INFO] [stderr]    Compiling unicode-ident v1.0.24
[INFO] [stderr]    Compiling quote v1.0.47
[INFO] [stderr]    Compiling serde_core v1.0.229
[INFO] [stderr]    Compiling winnow v1.0.4
[INFO] [stderr]    Compiling target-triple v1.0.1
[INFO] [stderr]    Compiling serde v1.0.229
[INFO] [stderr]    Compiling toml_writer v1.1.2+spec-1.1.0
[INFO] [stderr]    Compiling toml_parser v1.1.2+spec-1.1.0
[INFO] [stderr]    Compiling syn v2.0.119
[INFO] [stderr]    Compiling syn v3.0.3
[INFO] [stderr]    Compiling serde_derive v1.0.229
[INFO] [stderr]    Compiling toml_datetime v1.1.1+spec-1.1.0
[INFO] [stderr]    Compiling serde_spanned v1.1.1
[INFO] [stderr]    Compiling serde_json v1.0.151
[INFO] [stderr]    Compiling toml v1.1.3+spec-1.1.0
[INFO] [stderr]    Compiling rustlane-macros v0.1.0
[INFO] [stderr]    Compiling rustlane-macros v0.1.1 (/opt/rustwide/workdir)
[INFO] [stderr]    Compiling trybuild v1.0.118
[INFO] [stderr]    Compiling rustlane v0.1.0
[INFO] [stdout] error[E0432]: unresolved imports `core::simd::LaneCount`, `core::simd::SupportedLaneCount`
[INFO] [stdout]   --> /opt/rustwide/cargo-home/registry/src/index.crates.io-1949cf8c6b5b557f/rustlane-0.1.0/src/cond.rs:13:18
[INFO] [stdout]    |
[INFO] [stdout] 13 | use core::simd::{LaneCount, Mask, Simd, SimdElement, SupportedLaneCount};
[INFO] [stdout]    |                  ^^^^^^^^^ no `LaneCount` in `simd`  ^^^^^^^^^^^^^^^^^^ no `SupportedLaneCount` in `simd`
[INFO] [stdout] 
[INFO] [stdout] 
[INFO] [stdout] error[E0432]: unresolved imports `core::simd::LaneCount`, `core::simd::SupportedLaneCount`
[INFO] [stdout]   --> /opt/rustwide/cargo-home/registry/src/index.crates.io-1949cf8c6b5b557f/rustlane-0.1.0/src/exec.rs:15:18
[INFO] [stdout]    |
[INFO] [stdout] 15 | use core::simd::{LaneCount, Mask, Simd, SupportedLaneCount};
[INFO] [stdout]    |                  ^^^^^^^^^              ^^^^^^^^^^^^^^^^^^ no `SupportedLaneCount` in `simd`
[INFO] [stdout]    |                  |
[INFO] [stdout]    |                  no `LaneCount` in `simd`
[INFO] [stdout] 
[INFO] [stdout] 
[INFO] [stdout] error[E0432]: unresolved imports `core::simd::LaneCount`, `core::simd::SupportedLaneCount`
[INFO] [stdout]   --> /opt/rustwide/cargo-home/registry/src/index.crates.io-1949cf8c6b5b557f/rustlane-0.1.0/src/math.rs:44:18
[INFO] [stdout]    |
[INFO] [stdout] 44 | use core::simd::{LaneCount, Simd, SimdElement, SupportedLaneCount};
[INFO] [stdout]    |                  ^^^^^^^^^                     ^^^^^^^^^^^^^^^^^^ no `SupportedLaneCount` in `simd`
[INFO] [stdout]    |                  |
[INFO] [stdout]    |                  no `LaneCount` in `simd`
[INFO] [stdout] 
[INFO] [stdout] 
[INFO] [stdout] error[E0432]: unresolved imports `core::simd::LaneCount`, `core::simd::SupportedLaneCount`
[INFO] [stdout]   --> /opt/rustwide/cargo-home/registry/src/index.crates.io-1949cf8c6b5b557f/rustlane-0.1.0/src/memory.rs:45:18
[INFO] [stdout]    |
[INFO] [stdout] 45 | use core::simd::{LaneCount, Mask, Simd, SimdElement, SupportedLaneCount};
[INFO] [stdout]    |                  ^^^^^^^^^ no `LaneCount` in `simd`  ^^^^^^^^^^^^^^^^^^ no `SupportedLaneCount` in `simd`
[INFO] [stdout] 
[INFO] [stdout] 
[INFO] [stdout] error[E0432]: unresolved imports `core::simd::LaneCount`, `core::simd::SupportedLaneCount`
[INFO] [stdout]   --> /opt/rustwide/cargo-home/registry/src/index.crates.io-1949cf8c6b5b557f/rustlane-0.1.0/src/reduce.rs:13:18
[INFO] [stdout]    |
[INFO] [stdout] 13 | use core::simd::{LaneCount, Mask, Simd, SimdElement, SupportedLaneCount};
[INFO] [stdout]    |                  ^^^^^^^^^ no `LaneCount` in `simd`  ^^^^^^^^^^^^^^^^^^ no `SupportedLaneCount` in `simd`
[INFO] [stdout] 
[INFO] [stdout] 
[INFO] [stdout] error[E0432]: unresolved imports `core::simd::LaneCount`, `core::simd::SupportedLaneCount`
[INFO] [stdout]   --> /opt/rustwide/cargo-home/registry/src/index.crates.io-1949cf8c6b5b557f/rustlane-0.1.0/src/rng.rs:22:18
[INFO] [stdout]    |
[INFO] [stdout] 22 | use core::simd::{LaneCount, Simd, SupportedLaneCount};
[INFO] [stdout]    |                  ^^^^^^^^^        ^^^^^^^^^^^^^^^^^^ no `SupportedLaneCount` in `simd`
[INFO] [stdout]    |                  |
[INFO] [stdout]    |                  no `LaneCount` in `simd`
[INFO] [stdout] 
[INFO] [stdout] 
[INFO] [stdout] error[E0432]: unresolved imports `core::simd::LaneCount`, `core::simd::SupportedLaneCount`
[INFO] [stdout]   --> /opt/rustwide/cargo-home/registry/src/index.crates.io-1949cf8c6b5b557f/rustlane-0.1.0/src/value.rs:34:18
[INFO] [stdout]    |
[INFO] [stdout] 34 | use core::simd::{LaneCount, SupportedLaneCount};
[INFO] [stdout]    |                  ^^^^^^^^^  ^^^^^^^^^^^^^^^^^^ no `SupportedLaneCount` in `simd`
[INFO] [stdout]    |                  |
[INFO] [stdout]    |                  no `LaneCount` in `simd`
[INFO] [stdout] 
[INFO] [stdout] 
[INFO] [stdout] error[E0432]: unresolved imports `core::simd::LaneCount`, `core::simd::SupportedLaneCount`
[INFO] [stdout]   --> /opt/rustwide/cargo-home/registry/src/index.crates.io-1949cf8c6b5b557f/rustlane-0.1.0/src/varying.rs:13:18
[INFO] [stdout]    |
[INFO] [stdout] 13 | use core::simd::{LaneCount, Mask, Simd, SimdCast, SimdElement, SupportedLaneCount};
[INFO] [stdout]    |                  ^^^^^^^^^ no `LaneCount` in `simd`            ^^^^^^^^^^^^^^^^^^ no `SupportedLaneCount` in `simd`
[INFO] [stdout] 
[INFO] [stdout] 
[INFO] [stdout] error[E0554]: `#![feature]` may not be used on the beta release channel
[INFO] [stdout]   --> /opt/rustwide/cargo-home/registry/src/index.crates.io-1949cf8c6b5b557f/rustlane-0.1.0/src/lib.rs:25:1
[INFO] [stdout]    |
[INFO] [stdout] 25 | #![feature(portable_simd)]
[INFO] [stdout]    | ^^^^^^^^^^^^^^^^^^^^^^^^^^
[INFO] [stdout] 
[INFO] [stdout] 
[INFO] [stdout] Some errors have detailed explanations: E0432, E0554.
[INFO] [stdout] 
[INFO] [stdout] For more information about an error, try `rustc --explain E0432`.
[INFO] [stdout] 
[INFO] [stderr] error: could not compile `rustlane` (lib) due to 9 previous errors
[INFO] [stderr] warning: build failed, waiting for other jobs to finish...
[INFO] running `Command { std: "docker" "inspect" "5f090fa3544ddcb7064e2737bf3c2c6a1a1057f1c405b8f2c374350b5cc66441", kill_on_drop: false }`
[INFO] running `Command { std: "docker" "rm" "-f" "5f090fa3544ddcb7064e2737bf3c2c6a1a1057f1c405b8f2c374350b5cc66441", kill_on_drop: false }`
[INFO] [stdout] 5f090fa3544ddcb7064e2737bf3c2c6a1a1057f1c405b8f2c374350b5cc66441
