[INFO] fetching crate rustf 1.0.0-rc2...
[INFO] testing rustf-1.0.0-rc2 against 1.99.0-beta.8 for beta-1.100-2
[INFO] extracting crate rustf 1.0.0-rc2 into /workspace/builds/worker-5-tc1/source
[INFO] started tweaking crates.io crate rustf 1.0.0-rc2
[INFO] removed 0 missing tests
[INFO] finished tweaking crates.io crate rustf 1.0.0-rc2
[INFO] tweaked toml for crates.io crate rustf 1.0.0-rc2 written to /workspace/builds/worker-5-tc1/source/Cargo.toml
[INFO] validating manifest of crates.io crate rustf 1.0.0-rc2 on toolchain 1.99.0-beta.8
[INFO] running `Command { std: CARGO_HOME="/workspace/cargo-home" RUSTUP_HOME="/workspace/rustup-home" "/workspace/cargo-home/bin/cargo" "+1.99.0-beta.8" "metadata" "--manifest-path" "Cargo.toml" "--no-deps", kill_on_drop: false }`
[INFO] crate crates.io crate rustf 1.0.0-rc2 already has a lockfile, it will not be regenerated
[INFO] running `Command { std: CARGO_HOME="/workspace/cargo-home" RUSTUP_HOME="/workspace/rustup-home" "/workspace/cargo-home/bin/cargo" "+1.99.0-beta.8" "fetch" "--manifest-path" "Cargo.toml", kill_on_drop: false }`
[INFO] [stderr]     Updating crates.io index
[INFO] [stderr]  Downloading crates ...
[INFO] [stderr]   Downloaded wasm-bindgen v0.2.104
[INFO] [stderr]   Downloaded wasm-bindgen-shared v0.2.104
[INFO] [stderr]   Downloaded uuid v1.18.1
[INFO] [stderr]   Downloaded wasm-bindgen-macro v0.2.104
[INFO] [stderr]   Downloaded wasm-bindgen-macro-support v0.2.104
[INFO] [stderr]   Downloaded serde_spanned v1.0.3
[INFO] [stderr]   Downloaded potential_utf v0.1.3
[INFO] [stderr]   Downloaded wasm-bindgen-backend v0.2.104
[INFO] [stderr]   Downloaded toml_writer v1.0.4
[INFO] [stderr]   Downloaded zerovec v0.11.4
[INFO] [stderr]   Downloaded toml v0.9.8
[INFO] [stderr]   Downloaded hashbrown v0.16.0
[INFO] [stderr]   Downloaded js-sys v0.3.81
[INFO] [stderr]   Downloaded indexmap v2.12.0
[INFO] [stderr]   Downloaded winnow v0.7.13
[INFO] [stderr]   Downloaded mio v1.1.0
[INFO] [stderr]   Downloaded cc v1.2.43
[INFO] [stderr]   Downloaded webpki-roots v1.0.3
[INFO] [stderr]   Downloaded rustls-webpki v0.103.7
[INFO] [stderr]   Downloaded rustls v0.23.34
[INFO] [stderr]   Downloaded ipnetwork v0.20.0
[INFO] [stderr]   Downloaded zerocopy-derive v0.8.27
[INFO] [stderr]   Downloaded zerocopy v0.8.27
[INFO] [stderr]   Downloaded borsh-derive v1.5.7
[INFO] [stderr]   Downloaded borsh v1.5.7
[INFO] [stderr]   Downloaded libredox v0.1.10
[INFO] [stderr]   Downloaded toml_edit v0.23.7
[INFO] [stderr]   Downloaded simd-json v0.13.11
[INFO] [stderr]   Downloaded alloc_counter_macro v0.0.2
[INFO] [stderr]   Downloaded pest_meta v2.8.3
[INFO] [stderr]   Downloaded alloc_counter v0.0.4
[INFO] [stderr]   Downloaded pest v2.8.3
[INFO] [stderr]   Downloaded rustf-macros v1.0.0-rc2
[INFO] [stderr]   Downloaded serde-toml-merge v0.3.11
[INFO] [stderr]   Downloaded pest_derive v2.8.3
[INFO] [stderr]   Downloaded tokio-util v0.7.16
[INFO] [stderr]   Downloaded pest_generator v2.8.3
[INFO] [stderr]   Downloaded rust-embed-utils v8.8.0
[INFO] [stderr]   Downloaded handlebars v4.5.0
[INFO] [stderr]   Downloaded deadpool-redis v0.18.0
[INFO] [stderr]   Downloaded rust-embed-impl v8.8.0
[INFO] [stderr]   Downloaded clap v4.5.50
[INFO] [stderr]   Downloaded rust-embed v8.8.0
[INFO] [stderr]   Downloaded clap_builder v4.5.50
[INFO] [stderr]   Downloaded web-sys v0.3.81
[INFO] [stderr]   Downloaded rustf-schema v1.0.0-rc2
[INFO] running `Command { std: "docker" "create" "-v" "/var/lib/crater-agent-workspace/builds/worker-5-tc1/source:/opt/rustwide/workdir:ro,Z" "-v" "/var/lib/crater-agent-workspace/builds/worker-5-tc1/target:/opt/rustwide/target:rw,Z" "-v" "/var/lib/crater-agent-workspace/cargo-home:/opt/rustwide/cargo-home:ro,Z" "-v" "/var/lib/crater-agent-workspace/rustup-home:/opt/rustwide/rustup-home:ro,Z" "-m" "1610612736" "--network" "none" "ghcr.io/rust-lang/crates-build-env/linux@sha256:3111399a4047eeb3a02b7a90e478d715f38a8c6669b5c4b49d30a17385265909" "sleep" "infinity", kill_on_drop: false }`
[INFO] [stdout] f3b0b8cba4005d58455326daf6459d7eda4839408868e521b4110ed3ad7f8e5e
[INFO] running `Command { std: "docker" "start" "f3b0b8cba4005d58455326daf6459d7eda4839408868e521b4110ed3ad7f8e5e", kill_on_drop: false }`
[INFO] running `Command { std: "docker" "inspect" "f3b0b8cba4005d58455326daf6459d7eda4839408868e521b4110ed3ad7f8e5e", kill_on_drop: false }`
[INFO] running `Command { std: "docker" "exec" "-e" "SOURCE_DIR=/opt/rustwide/workdir" "-e" "CARGO_HOME=/opt/rustwide/cargo-home" "-e" "RUSTUP_HOME=/opt/rustwide/rustup-home" "-e" "CARGO_TARGET_DIR=/opt/rustwide/target" "-w" "/opt/rustwide/workdir" "--user" "0:0" "f3b0b8cba4005d58455326daf6459d7eda4839408868e521b4110ed3ad7f8e5e" "/opt/rustwide/cargo-home/bin/cargo" "+1.99.0-beta.8" "metadata" "--no-deps" "--format-version=1", kill_on_drop: false }`
[INFO] running `Command { std: "docker" "inspect" "f3b0b8cba4005d58455326daf6459d7eda4839408868e521b4110ed3ad7f8e5e", kill_on_drop: false }`
[INFO] running `Command { std: "docker" "exec" "-e" "SOURCE_DIR=/opt/rustwide/workdir" "-e" "CARGO_HOME=/opt/rustwide/cargo-home" "-e" "RUSTUP_HOME=/opt/rustwide/rustup-home" "-e" "CARGO_TARGET_DIR=/opt/rustwide/target" "-e" "CARGO_INCREMENTAL=0" "-e" "RUST_BACKTRACE=full" "-e" "RUSTFLAGS=--cap-lints=warn" "-e" "RUSTDOCFLAGS=--cap-lints=warn" "-w" "/opt/rustwide/workdir" "--user" "0:0" "f3b0b8cba4005d58455326daf6459d7eda4839408868e521b4110ed3ad7f8e5e" "/opt/rustwide/cargo-home/bin/cargo" "+1.99.0-beta.8" "build" "--frozen" "--message-format=json", kill_on_drop: false }`
[INFO] [stderr]    Compiling unicode-ident v1.0.20
[INFO] [stderr]    Compiling libc v0.2.177
[INFO] [stderr]    Compiling libm v0.2.15
[INFO] [stderr]    Compiling bytes v1.10.1
[INFO] [stderr]    Compiling generic-array v0.14.9
[INFO] [stderr]    Compiling num-traits v0.2.19
[INFO] [stderr]    Compiling const-oid v0.9.6
[INFO] [stderr]    Compiling zerocopy v0.8.27
[INFO] [stderr]    Compiling find-msvc-tools v0.1.4
[INFO] [stderr]    Compiling litemap v0.8.0
[INFO] [stderr]    Compiling writeable v0.6.1
[INFO] [stderr]    Compiling icu_properties_data v2.0.1
[INFO] [stderr]    Compiling icu_normalizer_data v2.0.0
[INFO] [stderr]    Compiling futures-io v0.3.31
[INFO] [stderr]    Compiling rustls-pki-types v1.12.0
[INFO] [stderr]    Compiling tracing-core v0.1.34
[INFO] [stderr]    Compiling proc-macro2 v1.0.103
[INFO] [stderr]    Compiling spin v0.9.8
[INFO] [stderr]    Compiling hashbrown v0.16.0
[INFO] [stderr]    Compiling log v0.4.28
[INFO] [stderr]    Compiling base64ct v1.8.0
[INFO] [stderr]    Compiling serde_json v1.0.145
[INFO] [stderr]    Compiling cc v1.2.43
[INFO] [stderr]    Compiling rustls v0.23.34
[INFO] [stderr]    Compiling quote v1.0.41
[INFO] [stderr]    Compiling rust_decimal v1.39.0
[INFO] [stderr]    Compiling pem-rfc7468 v0.7.0
[INFO] [stderr]    Compiling lazy_static v1.5.0
[INFO] [stderr]    Compiling concurrent-queue v2.5.0
[INFO] [stderr]    Compiling lexical-util v1.0.7
[INFO] [stderr]    Compiling parking v2.2.1
[INFO] [stderr]    Compiling der v0.7.10
[INFO] [stderr]    Compiling syn v2.0.108
[INFO] [stderr]    Compiling arrayvec v0.7.6
[INFO] [stderr]    Compiling event-listener v5.4.1
[INFO] [stderr]    Compiling indexmap v2.12.0
[INFO] [stderr]    Compiling block-buffer v0.10.4
[INFO] [stderr]    Compiling crypto-common v0.1.6
[INFO] [stderr]    Compiling webpki-roots v1.0.3
[INFO] [stderr]    Compiling crc v3.3.0
[INFO] [stderr]    Compiling tinyvec v1.10.0
[INFO] [stderr]    Compiling digest v0.10.7
[INFO] [stderr]    Compiling hashlink v0.10.0
[INFO] [stderr]    Compiling crossbeam-queue v0.3.12
[INFO] [stderr]    Compiling webpki-roots v0.26.11
[INFO] [stderr]    Compiling sha2 v0.10.9
[INFO] [stderr]    Compiling syn v1.0.109
[INFO] [stderr]    Compiling num-bigint-dig v0.8.4
[INFO] [stderr]    Compiling hmac v0.12.1
[INFO] [stderr]    Compiling unicode-normalization v0.1.24
[INFO] [stderr]    Compiling http v1.4.2
[INFO] [stderr]    Compiling unicode-properties v0.1.3
[INFO] [stderr]    Compiling socket2 v0.6.1
[INFO] [stderr]    Compiling mio v1.1.0
[INFO] [stderr]    Compiling signal-hook-registry v1.4.6
[INFO] [stderr]    Compiling getrandom v0.2.16
[INFO] [stderr]    Compiling getrandom v0.3.4
[INFO] [stderr]    Compiling lexical-write-integer v1.0.6
[INFO] [stderr]    Compiling rand_core v0.6.4
[INFO] [stderr]    Compiling lexical-parse-integer v1.0.6
[INFO] [stderr]    Compiling spki v0.7.3
[INFO] [stderr]    Compiling num-integer v0.1.46
[INFO] [stderr]    Compiling ring v0.17.14
[INFO] [stderr]    Compiling uuid v1.18.1
[INFO] [stderr]    Compiling libsqlite3-sys v0.30.1
[INFO] [stderr]    Compiling atoi v2.0.0
[INFO] [stderr]    Compiling signature v2.2.0
[INFO] [stderr]    Compiling stringprep v0.1.5
[INFO] [stderr]    Compiling pkcs8 v0.10.2
[INFO] [stderr]    Compiling http-body v1.0.1
[INFO] [stderr]    Compiling hkdf v0.12.4
[INFO] [stderr]    Compiling md-5 v0.10.6
[INFO] [stderr]    Compiling bitflags v2.10.0
[INFO] [stderr]    Compiling pkcs1 v0.7.5
[INFO] [stderr]    Compiling ppv-lite86 v0.2.21
[INFO] [stderr]    Compiling ahash v0.8.12
[INFO] [stderr]    Compiling num-iter v0.1.45
[INFO] [stderr]    Compiling winnow v0.7.13
[INFO] [stderr]    Compiling whoami v1.6.1
[INFO] [stderr]    Compiling rand_chacha v0.3.1
[INFO] [stderr]    Compiling hashbrown v0.14.5
[INFO] [stderr]    Compiling dotenvy v0.15.7
[INFO] [stderr]    Compiling num-bigint v0.4.6
[INFO] [stderr]    Compiling rust-embed-utils v8.8.0
[INFO] [stderr]    Compiling lexical-write-float v1.0.6
[INFO] [stderr]    Compiling float-cmp v0.9.0
[INFO] [stderr]    Compiling lexical-parse-float v1.0.6
[INFO] [stderr]    Compiling num_cpus v1.17.0
[INFO] [stderr]    Compiling socket2 v0.5.10
[INFO] [stderr]    Compiling sha1 v0.10.6
[INFO] [stderr]    Compiling rand v0.8.5
[INFO] [stderr]    Compiling flume v0.11.1
[INFO] [stderr]    Compiling toml_datetime v0.7.3
[INFO] [stderr]    Compiling serde_spanned v1.0.3
[INFO] [stderr]    Compiling aho-corasick v1.1.3
[INFO] [stderr]    Compiling home v0.5.12
[INFO] [stderr]    Compiling toml_writer v1.0.4
[INFO] [stderr]    Compiling sha1_smol v1.0.1
[INFO] [stderr]    Compiling arc-swap v1.7.1
[INFO] [stderr]    Compiling lexical-core v1.0.6
[INFO] [stderr]    Compiling flate2 v1.1.9
[INFO] [stderr]    Compiling http-body-util v0.1.3
[INFO] [stderr]    Compiling urlencoding v2.1.3
[INFO] [stderr]    Compiling regex-automata v0.4.13
[INFO] [stderr]    Compiling synstructure v0.13.2
[INFO] [stderr]    Compiling toml_parser v1.0.4
[INFO] [stderr]    Compiling serde_derive v1.0.228
[INFO] [stderr]    Compiling zerofrom-derive v0.1.6
[INFO] [stderr]    Compiling yoke-derive v0.8.0
[INFO] [stderr]    Compiling zerovec-derive v0.11.1
[INFO] [stderr]    Compiling displaydoc v0.2.5
[INFO] [stderr]    Compiling tokio-macros v2.6.0
[INFO] [stderr]    Compiling futures-macro v0.3.31
[INFO] [stderr]    Compiling tracing-attributes v0.1.30
[INFO] [stderr]    Compiling thiserror-impl v2.0.17
[INFO] [stderr]    Compiling ref-cast-impl v1.0.25
[INFO] [stderr]    Compiling alloc_counter_macro v0.0.2
[INFO] [stderr]    Compiling async-trait v0.1.89
[INFO] [stderr]    Compiling alloc_counter v0.0.4
[INFO] [stderr]    Compiling ref-cast v1.0.25
[INFO] [stderr]    Compiling toml v0.9.8
[INFO] [stderr]    Compiling rust-embed-impl v8.8.0
[INFO] [stderr]    Compiling rustf-macros v1.0.0-rc2
[INFO] [stderr]    Compiling futures-util v0.3.31
[INFO] [stderr]    Compiling zerofrom v0.1.6
[INFO] [stderr]    Compiling yoke v0.8.0
[INFO] [stderr]    Compiling zerovec v0.11.4
[INFO] [stderr]    Compiling zerotrie v0.2.2
[INFO] [stderr]    Compiling tracing v0.1.41
[INFO] [stderr]    Compiling thiserror v2.0.17
[INFO] [stderr]    Compiling rust-embed v8.8.0
[INFO] [stderr]    Compiling rustls-webpki v0.103.7
[INFO] [stderr]    Compiling regex v1.12.2
[INFO] [stderr]    Compiling serde-toml-merge v0.3.11
[INFO] [stderr]    Compiling tinystr v0.8.1
[INFO] [stderr]    Compiling potential_utf v0.1.3
[INFO] [stderr]    Compiling serde v1.0.228
[INFO] [stderr]    Compiling icu_collections v2.0.0
[INFO] [stderr]    Compiling icu_locale_core v2.0.0
[INFO] [stderr]    Compiling smallvec v1.15.1
[INFO] [stderr]    Compiling either v1.15.0
[INFO] [stderr]    Compiling chrono v0.4.42
[INFO] [stderr]    Compiling ipnetwork v0.20.0
[INFO] [stderr]    Compiling serde_urlencoded v0.7.1
[INFO] [stderr]    Compiling halfbrown v0.2.5
[INFO] [stderr]    Compiling parking_lot_core v0.9.12
[INFO] [stderr]    Compiling parking_lot v0.12.5
[INFO] [stderr]    Compiling dashmap v6.1.0
[INFO] [stderr]    Compiling itertools v0.13.0
[INFO] [stderr]    Compiling value-trait v0.8.1
[INFO] [stderr]    Compiling futures-executor v0.3.31
[INFO] [stderr]    Compiling simd-json v0.13.11
[INFO] [stderr]    Compiling icu_provider v2.0.0
[INFO] [stderr]    Compiling tokio v1.48.0
[INFO] [stderr]    Compiling futures-intrusive v0.5.0
[INFO] [stderr]    Compiling futures v0.3.31
[INFO] [stderr]    Compiling rsa v0.9.8
[INFO] [stderr]    Compiling icu_normalizer v2.0.0
[INFO] [stderr]    Compiling icu_properties v2.0.1
[INFO] [stderr]    Compiling idna_adapter v1.2.1
[INFO] [stderr]    Compiling idna v1.1.0
[INFO] [stderr]    Compiling url v2.5.7
[INFO] [stderr]    Compiling tokio-util v0.7.16
[INFO] [stderr]    Compiling tokio-stream v0.1.17
[INFO] [stderr]    Compiling deadpool-runtime v0.1.4
[INFO] [stderr]    Compiling deadpool v0.12.3
[INFO] [stderr]    Compiling sqlx-core v0.8.6
[INFO] [stderr]    Compiling h2 v0.4.15
[INFO] [stderr]    Compiling combine v4.6.7
[INFO] [stderr]    Compiling sqlx-mysql v0.8.6
[INFO] [stderr]    Compiling sqlx-sqlite v0.8.6
[INFO] [stderr]    Compiling sqlx-postgres v0.8.6
[INFO] [stderr]    Compiling redis v0.27.6
[INFO] [stderr]    Compiling hyper v1.10.1
[INFO] [stderr]    Compiling hyper-util v0.1.20
[INFO] [stderr]    Compiling sqlx v0.8.6
[INFO] [stderr]    Compiling deadpool-redis v0.18.0
[INFO] [stderr]    Compiling rustf v1.0.0-rc2 (/opt/rustwide/workdir)
[INFO] [stderr]     Finished `dev` profile [unoptimized + debuginfo] target(s) in 1m 28s
[INFO] [stderr] warning: the following packages contain code that will be rejected by a future version of Rust: num-bigint-dig v0.8.4
[INFO] [stderr] note: to see what the problems were, use the option `--future-incompat-report`, or run `cargo report future-incompatibilities --id 2`
[INFO] running `Command { std: "docker" "inspect" "f3b0b8cba4005d58455326daf6459d7eda4839408868e521b4110ed3ad7f8e5e", kill_on_drop: false }`
[INFO] running `Command { std: "docker" "exec" "-e" "SOURCE_DIR=/opt/rustwide/workdir" "-e" "CARGO_HOME=/opt/rustwide/cargo-home" "-e" "RUSTUP_HOME=/opt/rustwide/rustup-home" "-e" "CARGO_TARGET_DIR=/opt/rustwide/target" "-e" "CARGO_INCREMENTAL=0" "-e" "RUST_BACKTRACE=full" "-e" "RUSTFLAGS=--cap-lints=warn" "-e" "RUSTDOCFLAGS=--cap-lints=warn" "-w" "/opt/rustwide/workdir" "--user" "0:0" "f3b0b8cba4005d58455326daf6459d7eda4839408868e521b4110ed3ad7f8e5e" "/opt/rustwide/cargo-home/bin/cargo" "+1.99.0-beta.8" "test" "--frozen" "--no-run" "--message-format=json", kill_on_drop: false }`
[INFO] [stderr]    Compiling zerocopy v0.8.27
[INFO] [stderr]    Compiling num-traits v0.2.19
[INFO] [stderr]    Compiling zerocopy-derive v0.8.27
[INFO] [stderr]    Compiling tokio v1.48.0
[INFO] [stderr]    Compiling bitflags v2.10.0
[INFO] [stderr]    Compiling rustix v1.1.2
[INFO] [stderr]    Compiling clap_builder v4.5.50
[INFO] [stderr]    Compiling itertools v0.10.5
[INFO] [stderr]    Compiling async-stream-impl v0.3.6
[INFO] [stderr]    Compiling rayon v1.11.0
[INFO] [stderr]    Compiling tinytemplate v1.2.1
[INFO] [stderr]    Compiling is-terminal v0.4.17
[INFO] [stderr]    Compiling async-stream v0.3.6
[INFO] [stderr]    Compiling num-integer v0.1.46
[INFO] [stderr]    Compiling rust_decimal v1.39.0
[INFO] [stderr]    Compiling chrono v0.4.42
[INFO] [stderr]    Compiling atoi v2.0.0
[INFO] [stderr]    Compiling float-cmp v0.9.0
[INFO] [stderr]    Compiling plotters v0.3.7
[INFO] [stderr]    Compiling criterion-plot v0.5.0
[INFO] [stderr]    Compiling clap v4.5.50
[INFO] [stderr]    Compiling num-iter v0.1.45
[INFO] [stderr]    Compiling num-bigint v0.4.6
[INFO] [stderr]    Compiling tempfile v3.23.0
[INFO] [stderr]    Compiling ppv-lite86 v0.2.21
[INFO] [stderr]    Compiling ahash v0.8.12
[INFO] [stderr]    Compiling half v2.7.1
[INFO] [stderr]    Compiling hashbrown v0.14.5
[INFO] [stderr]    Compiling ciborium-ll v0.2.2
[INFO] [stderr]    Compiling ciborium v0.2.2
[INFO] [stderr]    Compiling rand_chacha v0.3.1
[INFO] [stderr]    Compiling rand v0.8.5
[INFO] [stderr]    Compiling criterion v0.5.1
[INFO] [stderr]    Compiling halfbrown v0.2.5
[INFO] [stderr]    Compiling dashmap v6.1.0
[INFO] [stderr]    Compiling value-trait v0.8.1
[INFO] [stderr]    Compiling num-bigint-dig v0.8.4
[INFO] [stderr]    Compiling simd-json v0.13.11
[INFO] [stderr]    Compiling rsa v0.9.8
[INFO] [stderr]    Compiling tokio-stream v0.1.17
[INFO] [stderr]    Compiling tokio-util v0.7.16
[INFO] [stderr]    Compiling deadpool-runtime v0.1.4
[INFO] [stderr]    Compiling deadpool v0.12.3
[INFO] [stderr]    Compiling h2 v0.4.15
[INFO] [stderr]    Compiling combine v4.6.7
[INFO] [stderr]    Compiling sqlx-core v0.8.6
[INFO] [stderr]    Compiling tokio-test v0.4.4
[INFO] [stderr]    Compiling sqlx-mysql v0.8.6
[INFO] [stderr]    Compiling sqlx-sqlite v0.8.6
[INFO] [stderr]    Compiling sqlx-postgres v0.8.6
[INFO] [stderr]    Compiling hyper v1.10.1
[INFO] [stderr]    Compiling redis v0.27.6
[INFO] [stderr]    Compiling hyper-util v0.1.20
[INFO] [stderr]    Compiling sqlx v0.8.6
[INFO] [stderr]    Compiling deadpool-redis v0.18.0
[INFO] [stderr]    Compiling rustf v1.0.0-rc2 (/opt/rustwide/workdir)
[INFO] [stderr] error: could not compile `rustf` (test "server_hosting_listener_test")
[INFO] [stderr] 
[INFO] [stderr] Caused by:
[INFO] [stderr]   process didn't exit successfully: `/opt/rustwide/rustup-home/toolchains/1.99.0-beta.8-x86_64-unknown-linux-gnu/bin/rustc --crate-name server_hosting_listener_test --edition=2021 tests/server_hosting_listener_test.rs --error-format=json --json=diagnostic-rendered-ansi,artifacts,future-incompat --emit=dep-info,link -C embed-bitcode=no -C debuginfo=2 --test --cfg 'feature="database"' --cfg 'feature="db-mysql"' --cfg 'feature="db-postgres"' --cfg 'feature="db-sqlite"' --cfg 'feature="decimal"' --cfg 'feature="default"' --cfg 'feature="embedded-views"' --cfg 'feature="redis"' --cfg 'feature="rust-embed"' --cfg 'feature="rust_decimal"' --check-cfg 'cfg(docsrs,test)' --check-cfg 'cfg(feature, values("clap", "cli", "database", "db-mysql", "db-postgres", "db-sqlite", "decimal", "default", "embedded-views", "redis", "rust-embed", "rust_decimal", "rustf-schema", "schema"))' -C metadata=38ca6d5af69335b6 -C extra-filename=-83c4fdf08395a380 --out-dir /opt/rustwide/target/debug/deps -L dependency=/opt/rustwide/target/debug/deps --extern anyhow=/opt/rustwide/target/debug/deps/libanyhow-4342eda19ce54c8e.rlib --extern async_trait=/opt/rustwide/target/debug/deps/libasync_trait-f87d38a72e9d9d0c.so --extern base64=/opt/rustwide/target/debug/deps/libbase64-32787b0325ea6df8.rlib --extern bytes=/opt/rustwide/target/debug/deps/libbytes-82ad4f0211bdc963.rlib --extern chrono=/opt/rustwide/target/debug/deps/libchrono-03f294b0f88d238d.rlib --extern criterion=/opt/rustwide/target/debug/deps/libcriterion-2cf7fd19394dbe02.rlib --extern dashmap=/opt/rustwide/target/debug/deps/libdashmap-5c60c4dc2f724afc.rlib --extern deadpool_redis=/opt/rustwide/target/debug/deps/libdeadpool_redis-0c05097dcc8a5e34.rlib --extern flate2=/opt/rustwide/target/debug/deps/libflate2-d64feaa294f5afb3.rlib --extern futures=/opt/rustwide/target/debug/deps/libfutures-baa00c5064e8f0dc.rlib --extern http_body_util=/opt/rustwide/target/debug/deps/libhttp_body_util-356b3bf568dc5bc9.rlib --extern hyper=/opt/rustwide/target/debug/deps/libhyper-cbde599636e2bffc.rlib --extern hyper_util=/opt/rustwide/target/debug/deps/libhyper_util-c16c1ea40c510cb4.rlib --extern indexmap=/opt/rustwide/target/debug/deps/libindexmap-92c609a00701d15e.rlib --extern ipnetwork=/opt/rustwide/target/debug/deps/libipnetwork-9d6af7fb2cfbbf8d.rlib --extern lazy_static=/opt/rustwide/target/debug/deps/liblazy_static-4cc5bfcd654dcd8a.rlib --extern log=/opt/rustwide/target/debug/deps/liblog-40ebd7d040175aeb.rlib --extern md5=/opt/rustwide/target/debug/deps/libmd5-ba180450c8b1b3f3.rlib --extern num_cpus=/opt/rustwide/target/debug/deps/libnum_cpus-d828ec8f78047ecb.rlib --extern once_cell=/opt/rustwide/target/debug/deps/libonce_cell-e9252a7b5119f3eb.rlib --extern percent_encoding=/opt/rustwide/target/debug/deps/libpercent_encoding-fa055ecaa1e57cfa.rlib --extern rand=/opt/rustwide/target/debug/deps/librand-0ba062f5e99983b9.rlib --extern redis=/opt/rustwide/target/debug/deps/libredis-cf7d66f9e33970b5.rlib --extern regex=/opt/rustwide/target/debug/deps/libregex-bf9b024b0add40f7.rlib --extern rust_embed=/opt/rustwide/target/debug/deps/librust_embed-4666f7b7e934d2c0.rlib --extern rust_decimal=/opt/rustwide/target/debug/deps/librust_decimal-d7f5a61f22fef43e.rlib --extern rustf=/opt/rustwide/target/debug/deps/librustf-9e73dd43d13481ec.rlib --extern rustf_macros=/opt/rustwide/target/debug/deps/librustf_macros-a4a692682648adc0.so --extern serde=/opt/rustwide/target/debug/deps/libserde-86e5b1c306468384.rlib --extern serde_toml_merge=/opt/rustwide/target/debug/deps/libserde_toml_merge-5a0ab127092bc5dd.rlib --extern serde_json=/opt/rustwide/target/debug/deps/libserde_json-3cddb4140b501717.rlib --extern sha1=/opt/rustwide/target/debug/deps/libsha1-50dd621cfbfeac95.rlib --extern sha2=/opt/rustwide/target/debug/deps/libsha2-64807da74b9dd23b.rlib --extern simd_json=/opt/rustwide/target/debug/deps/libsimd_json-77a89383cf1f315a.rlib --extern sqlx=/opt/rustwide/target/debug/deps/libsqlx-322b5810de97b3e9.rlib --extern tempfile=/opt/rustwide/target/debug/deps/libtempfile-b71b14a6a977c6c7.rlib --extern thiserror=/opt/rustwide/target/debug/deps/libthiserror-fd47f3c2668b82ed.rlib --extern tokio=/opt/rustwide/target/debug/deps/libtokio-684d1e7ee0b4d755.rlib --extern tokio_test=/opt/rustwide/target/debug/deps/libtokio_test-54abdb441610335c.rlib --extern toml=/opt/rustwide/target/debug/deps/libtoml-c6210d69a4a92612.rlib --extern url=/opt/rustwide/target/debug/deps/liburl-6f60e050a59a40d7.rlib --extern urlencoding=/opt/rustwide/target/debug/deps/liburlencoding-061758bc6028ea3e.rlib --extern uuid=/opt/rustwide/target/debug/deps/libuuid-9278d6dde3bc2252.rlib --cap-lints=warn -L native=/opt/rustwide/target/debug/build/ring-a18254fc8ecb61a0/out -L native=/opt/rustwide/target/debug/build/libsqlite3-sys-f799493a8a4e5719/out` (signal: 9, SIGKILL: kill)
[INFO] [stderr] warning: build failed, waiting for other jobs to finish...
[INFO] [stderr] error: could not compile `rustf` (lib test)
[INFO] [stderr] 
[INFO] [stderr] Caused by:
[INFO] [stderr]   process didn't exit successfully: `/opt/rustwide/rustup-home/toolchains/1.99.0-beta.8-x86_64-unknown-linux-gnu/bin/rustc --crate-name rustf --edition=2021 src/lib.rs --error-format=json --json=diagnostic-rendered-ansi,artifacts,future-incompat --emit=dep-info,link -C embed-bitcode=no -C debuginfo=2 --test --cfg 'feature="database"' --cfg 'feature="db-mysql"' --cfg 'feature="db-postgres"' --cfg 'feature="db-sqlite"' --cfg 'feature="decimal"' --cfg 'feature="default"' --cfg 'feature="embedded-views"' --cfg 'feature="redis"' --cfg 'feature="rust-embed"' --cfg 'feature="rust_decimal"' --check-cfg 'cfg(docsrs,test)' --check-cfg 'cfg(feature, values("clap", "cli", "database", "db-mysql", "db-postgres", "db-sqlite", "decimal", "default", "embedded-views", "redis", "rust-embed", "rust_decimal", "rustf-schema", "schema"))' -C metadata=5e2139adde32d9d8 -C extra-filename=-4017b366b36d3cc7 --out-dir /opt/rustwide/target/debug/deps -L dependency=/opt/rustwide/target/debug/deps --extern anyhow=/opt/rustwide/target/debug/deps/libanyhow-4342eda19ce54c8e.rlib --extern async_trait=/opt/rustwide/target/debug/deps/libasync_trait-f87d38a72e9d9d0c.so --extern base64=/opt/rustwide/target/debug/deps/libbase64-32787b0325ea6df8.rlib --extern bytes=/opt/rustwide/target/debug/deps/libbytes-82ad4f0211bdc963.rlib --extern chrono=/opt/rustwide/target/debug/deps/libchrono-03f294b0f88d238d.rlib --extern criterion=/opt/rustwide/target/debug/deps/libcriterion-2cf7fd19394dbe02.rlib --extern dashmap=/opt/rustwide/target/debug/deps/libdashmap-5c60c4dc2f724afc.rlib --extern deadpool_redis=/opt/rustwide/target/debug/deps/libdeadpool_redis-0c05097dcc8a5e34.rlib --extern flate2=/opt/rustwide/target/debug/deps/libflate2-d64feaa294f5afb3.rlib --extern futures=/opt/rustwide/target/debug/deps/libfutures-baa00c5064e8f0dc.rlib --extern http_body_util=/opt/rustwide/target/debug/deps/libhttp_body_util-356b3bf568dc5bc9.rlib --extern hyper=/opt/rustwide/target/debug/deps/libhyper-cbde599636e2bffc.rlib --extern hyper_util=/opt/rustwide/target/debug/deps/libhyper_util-c16c1ea40c510cb4.rlib --extern indexmap=/opt/rustwide/target/debug/deps/libindexmap-92c609a00701d15e.rlib --extern ipnetwork=/opt/rustwide/target/debug/deps/libipnetwork-9d6af7fb2cfbbf8d.rlib --extern lazy_static=/opt/rustwide/target/debug/deps/liblazy_static-4cc5bfcd654dcd8a.rlib --extern log=/opt/rustwide/target/debug/deps/liblog-40ebd7d040175aeb.rlib --extern md5=/opt/rustwide/target/debug/deps/libmd5-ba180450c8b1b3f3.rlib --extern num_cpus=/opt/rustwide/target/debug/deps/libnum_cpus-d828ec8f78047ecb.rlib --extern once_cell=/opt/rustwide/target/debug/deps/libonce_cell-e9252a7b5119f3eb.rlib --extern percent_encoding=/opt/rustwide/target/debug/deps/libpercent_encoding-fa055ecaa1e57cfa.rlib --extern rand=/opt/rustwide/target/debug/deps/librand-0ba062f5e99983b9.rlib --extern redis=/opt/rustwide/target/debug/deps/libredis-cf7d66f9e33970b5.rlib --extern regex=/opt/rustwide/target/debug/deps/libregex-bf9b024b0add40f7.rlib --extern rust_embed=/opt/rustwide/target/debug/deps/librust_embed-4666f7b7e934d2c0.rlib --extern rust_decimal=/opt/rustwide/target/debug/deps/librust_decimal-d7f5a61f22fef43e.rlib --extern rustf_macros=/opt/rustwide/target/debug/deps/librustf_macros-a4a692682648adc0.so --extern serde=/opt/rustwide/target/debug/deps/libserde-86e5b1c306468384.rlib --extern serde_toml_merge=/opt/rustwide/target/debug/deps/libserde_toml_merge-5a0ab127092bc5dd.rlib --extern serde_json=/opt/rustwide/target/debug/deps/libserde_json-3cddb4140b501717.rlib --extern sha1=/opt/rustwide/target/debug/deps/libsha1-50dd621cfbfeac95.rlib --extern sha2=/opt/rustwide/target/debug/deps/libsha2-64807da74b9dd23b.rlib --extern simd_json=/opt/rustwide/target/debug/deps/libsimd_json-77a89383cf1f315a.rlib --extern sqlx=/opt/rustwide/target/debug/deps/libsqlx-322b5810de97b3e9.rlib --extern tempfile=/opt/rustwide/target/debug/deps/libtempfile-b71b14a6a977c6c7.rlib --extern thiserror=/opt/rustwide/target/debug/deps/libthiserror-fd47f3c2668b82ed.rlib --extern tokio=/opt/rustwide/target/debug/deps/libtokio-684d1e7ee0b4d755.rlib --extern tokio_test=/opt/rustwide/target/debug/deps/libtokio_test-54abdb441610335c.rlib --extern toml=/opt/rustwide/target/debug/deps/libtoml-c6210d69a4a92612.rlib --extern url=/opt/rustwide/target/debug/deps/liburl-6f60e050a59a40d7.rlib --extern urlencoding=/opt/rustwide/target/debug/deps/liburlencoding-061758bc6028ea3e.rlib --extern uuid=/opt/rustwide/target/debug/deps/libuuid-9278d6dde3bc2252.rlib --cap-lints=warn -L native=/opt/rustwide/target/debug/build/ring-a18254fc8ecb61a0/out -L native=/opt/rustwide/target/debug/build/libsqlite3-sys-f799493a8a4e5719/out` (signal: 9, SIGKILL: kill)
[INFO] [stderr] error: could not compile `rustf` (test "session_exemption_test")
[INFO] [stderr] 
[INFO] [stderr] Caused by:
[INFO] [stderr]   process didn't exit successfully: `/opt/rustwide/rustup-home/toolchains/1.99.0-beta.8-x86_64-unknown-linux-gnu/bin/rustc --crate-name session_exemption_test --edition=2021 tests/session_exemption_test.rs --error-format=json --json=diagnostic-rendered-ansi,artifacts,future-incompat --emit=dep-info,link -C embed-bitcode=no -C debuginfo=2 --test --cfg 'feature="database"' --cfg 'feature="db-mysql"' --cfg 'feature="db-postgres"' --cfg 'feature="db-sqlite"' --cfg 'feature="decimal"' --cfg 'feature="default"' --cfg 'feature="embedded-views"' --cfg 'feature="redis"' --cfg 'feature="rust-embed"' --cfg 'feature="rust_decimal"' --check-cfg 'cfg(docsrs,test)' --check-cfg 'cfg(feature, values("clap", "cli", "database", "db-mysql", "db-postgres", "db-sqlite", "decimal", "default", "embedded-views", "redis", "rust-embed", "rust_decimal", "rustf-schema", "schema"))' -C metadata=df9d6fd6c6bc9c41 -C extra-filename=-5c261a35c308761e --out-dir /opt/rustwide/target/debug/deps -L dependency=/opt/rustwide/target/debug/deps --extern anyhow=/opt/rustwide/target/debug/deps/libanyhow-4342eda19ce54c8e.rlib --extern async_trait=/opt/rustwide/target/debug/deps/libasync_trait-f87d38a72e9d9d0c.so --extern base64=/opt/rustwide/target/debug/deps/libbase64-32787b0325ea6df8.rlib --extern bytes=/opt/rustwide/target/debug/deps/libbytes-82ad4f0211bdc963.rlib --extern chrono=/opt/rustwide/target/debug/deps/libchrono-03f294b0f88d238d.rlib --extern criterion=/opt/rustwide/target/debug/deps/libcriterion-2cf7fd19394dbe02.rlib --extern dashmap=/opt/rustwide/target/debug/deps/libdashmap-5c60c4dc2f724afc.rlib --extern deadpool_redis=/opt/rustwide/target/debug/deps/libdeadpool_redis-0c05097dcc8a5e34.rlib --extern flate2=/opt/rustwide/target/debug/deps/libflate2-d64feaa294f5afb3.rlib --extern futures=/opt/rustwide/target/debug/deps/libfutures-baa00c5064e8f0dc.rlib --extern http_body_util=/opt/rustwide/target/debug/deps/libhttp_body_util-356b3bf568dc5bc9.rlib --extern hyper=/opt/rustwide/target/debug/deps/libhyper-cbde599636e2bffc.rlib --extern hyper_util=/opt/rustwide/target/debug/deps/libhyper_util-c16c1ea40c510cb4.rlib --extern indexmap=/opt/rustwide/target/debug/deps/libindexmap-92c609a00701d15e.rlib --extern ipnetwork=/opt/rustwide/target/debug/deps/libipnetwork-9d6af7fb2cfbbf8d.rlib --extern lazy_static=/opt/rustwide/target/debug/deps/liblazy_static-4cc5bfcd654dcd8a.rlib --extern log=/opt/rustwide/target/debug/deps/liblog-40ebd7d040175aeb.rlib --extern md5=/opt/rustwide/target/debug/deps/libmd5-ba180450c8b1b3f3.rlib --extern num_cpus=/opt/rustwide/target/debug/deps/libnum_cpus-d828ec8f78047ecb.rlib --extern once_cell=/opt/rustwide/target/debug/deps/libonce_cell-e9252a7b5119f3eb.rlib --extern percent_encoding=/opt/rustwide/target/debug/deps/libpercent_encoding-fa055ecaa1e57cfa.rlib --extern rand=/opt/rustwide/target/debug/deps/librand-0ba062f5e99983b9.rlib --extern redis=/opt/rustwide/target/debug/deps/libredis-cf7d66f9e33970b5.rlib --extern regex=/opt/rustwide/target/debug/deps/libregex-bf9b024b0add40f7.rlib --extern rust_embed=/opt/rustwide/target/debug/deps/librust_embed-4666f7b7e934d2c0.rlib --extern rust_decimal=/opt/rustwide/target/debug/deps/librust_decimal-d7f5a61f22fef43e.rlib --extern rustf=/opt/rustwide/target/debug/deps/librustf-9e73dd43d13481ec.rlib --extern rustf_macros=/opt/rustwide/target/debug/deps/librustf_macros-a4a692682648adc0.so --extern serde=/opt/rustwide/target/debug/deps/libserde-86e5b1c306468384.rlib --extern serde_toml_merge=/opt/rustwide/target/debug/deps/libserde_toml_merge-5a0ab127092bc5dd.rlib --extern serde_json=/opt/rustwide/target/debug/deps/libserde_json-3cddb4140b501717.rlib --extern sha1=/opt/rustwide/target/debug/deps/libsha1-50dd621cfbfeac95.rlib --extern sha2=/opt/rustwide/target/debug/deps/libsha2-64807da74b9dd23b.rlib --extern simd_json=/opt/rustwide/target/debug/deps/libsimd_json-77a89383cf1f315a.rlib --extern sqlx=/opt/rustwide/target/debug/deps/libsqlx-322b5810de97b3e9.rlib --extern tempfile=/opt/rustwide/target/debug/deps/libtempfile-b71b14a6a977c6c7.rlib --extern thiserror=/opt/rustwide/target/debug/deps/libthiserror-fd47f3c2668b82ed.rlib --extern tokio=/opt/rustwide/target/debug/deps/libtokio-684d1e7ee0b4d755.rlib --extern tokio_test=/opt/rustwide/target/debug/deps/libtokio_test-54abdb441610335c.rlib --extern toml=/opt/rustwide/target/debug/deps/libtoml-c6210d69a4a92612.rlib --extern url=/opt/rustwide/target/debug/deps/liburl-6f60e050a59a40d7.rlib --extern urlencoding=/opt/rustwide/target/debug/deps/liburlencoding-061758bc6028ea3e.rlib --extern uuid=/opt/rustwide/target/debug/deps/libuuid-9278d6dde3bc2252.rlib --cap-lints=warn -L native=/opt/rustwide/target/debug/build/ring-a18254fc8ecb61a0/out -L native=/opt/rustwide/target/debug/build/libsqlite3-sys-f799493a8a4e5719/out` (signal: 9, SIGKILL: kill)
[INFO] [stderr] error: could not compile `rustf` (test "context_preservation_test")
[INFO] [stderr] 
[INFO] [stderr] Caused by:
[INFO] [stderr]   process didn't exit successfully: `/opt/rustwide/rustup-home/toolchains/1.99.0-beta.8-x86_64-unknown-linux-gnu/bin/rustc --crate-name context_preservation_test --edition=2021 tests/context_preservation_test.rs --error-format=json --json=diagnostic-rendered-ansi,artifacts,future-incompat --emit=dep-info,link -C embed-bitcode=no -C debuginfo=2 --test --cfg 'feature="database"' --cfg 'feature="db-mysql"' --cfg 'feature="db-postgres"' --cfg 'feature="db-sqlite"' --cfg 'feature="decimal"' --cfg 'feature="default"' --cfg 'feature="embedded-views"' --cfg 'feature="redis"' --cfg 'feature="rust-embed"' --cfg 'feature="rust_decimal"' --check-cfg 'cfg(docsrs,test)' --check-cfg 'cfg(feature, values("clap", "cli", "database", "db-mysql", "db-postgres", "db-sqlite", "decimal", "default", "embedded-views", "redis", "rust-embed", "rust_decimal", "rustf-schema", "schema"))' -C metadata=a0014a15952c8503 -C extra-filename=-d09712adf3542bcd --out-dir /opt/rustwide/target/debug/deps -L dependency=/opt/rustwide/target/debug/deps --extern anyhow=/opt/rustwide/target/debug/deps/libanyhow-4342eda19ce54c8e.rlib --extern async_trait=/opt/rustwide/target/debug/deps/libasync_trait-f87d38a72e9d9d0c.so --extern base64=/opt/rustwide/target/debug/deps/libbase64-32787b0325ea6df8.rlib --extern bytes=/opt/rustwide/target/debug/deps/libbytes-82ad4f0211bdc963.rlib --extern chrono=/opt/rustwide/target/debug/deps/libchrono-03f294b0f88d238d.rlib --extern criterion=/opt/rustwide/target/debug/deps/libcriterion-2cf7fd19394dbe02.rlib --extern dashmap=/opt/rustwide/target/debug/deps/libdashmap-5c60c4dc2f724afc.rlib --extern deadpool_redis=/opt/rustwide/target/debug/deps/libdeadpool_redis-0c05097dcc8a5e34.rlib --extern flate2=/opt/rustwide/target/debug/deps/libflate2-d64feaa294f5afb3.rlib --extern futures=/opt/rustwide/target/debug/deps/libfutures-baa00c5064e8f0dc.rlib --extern http_body_util=/opt/rustwide/target/debug/deps/libhttp_body_util-356b3bf568dc5bc9.rlib --extern hyper=/opt/rustwide/target/debug/deps/libhyper-cbde599636e2bffc.rlib --extern hyper_util=/opt/rustwide/target/debug/deps/libhyper_util-c16c1ea40c510cb4.rlib --extern indexmap=/opt/rustwide/target/debug/deps/libindexmap-92c609a00701d15e.rlib --extern ipnetwork=/opt/rustwide/target/debug/deps/libipnetwork-9d6af7fb2cfbbf8d.rlib --extern lazy_static=/opt/rustwide/target/debug/deps/liblazy_static-4cc5bfcd654dcd8a.rlib --extern log=/opt/rustwide/target/debug/deps/liblog-40ebd7d040175aeb.rlib --extern md5=/opt/rustwide/target/debug/deps/libmd5-ba180450c8b1b3f3.rlib --extern num_cpus=/opt/rustwide/target/debug/deps/libnum_cpus-d828ec8f78047ecb.rlib --extern once_cell=/opt/rustwide/target/debug/deps/libonce_cell-e9252a7b5119f3eb.rlib --extern percent_encoding=/opt/rustwide/target/debug/deps/libpercent_encoding-fa055ecaa1e57cfa.rlib --extern rand=/opt/rustwide/target/debug/deps/librand-0ba062f5e99983b9.rlib --extern redis=/opt/rustwide/target/debug/deps/libredis-cf7d66f9e33970b5.rlib --extern regex=/opt/rustwide/target/debug/deps/libregex-bf9b024b0add40f7.rlib --extern rust_embed=/opt/rustwide/target/debug/deps/librust_embed-4666f7b7e934d2c0.rlib --extern rust_decimal=/opt/rustwide/target/debug/deps/librust_decimal-d7f5a61f22fef43e.rlib --extern rustf=/opt/rustwide/target/debug/deps/librustf-9e73dd43d13481ec.rlib --extern rustf_macros=/opt/rustwide/target/debug/deps/librustf_macros-a4a692682648adc0.so --extern serde=/opt/rustwide/target/debug/deps/libserde-86e5b1c306468384.rlib --extern serde_toml_merge=/opt/rustwide/target/debug/deps/libserde_toml_merge-5a0ab127092bc5dd.rlib --extern serde_json=/opt/rustwide/target/debug/deps/libserde_json-3cddb4140b501717.rlib --extern sha1=/opt/rustwide/target/debug/deps/libsha1-50dd621cfbfeac95.rlib --extern sha2=/opt/rustwide/target/debug/deps/libsha2-64807da74b9dd23b.rlib --extern simd_json=/opt/rustwide/target/debug/deps/libsimd_json-77a89383cf1f315a.rlib --extern sqlx=/opt/rustwide/target/debug/deps/libsqlx-322b5810de97b3e9.rlib --extern tempfile=/opt/rustwide/target/debug/deps/libtempfile-b71b14a6a977c6c7.rlib --extern thiserror=/opt/rustwide/target/debug/deps/libthiserror-fd47f3c2668b82ed.rlib --extern tokio=/opt/rustwide/target/debug/deps/libtokio-684d1e7ee0b4d755.rlib --extern tokio_test=/opt/rustwide/target/debug/deps/libtokio_test-54abdb441610335c.rlib --extern toml=/opt/rustwide/target/debug/deps/libtoml-c6210d69a4a92612.rlib --extern url=/opt/rustwide/target/debug/deps/liburl-6f60e050a59a40d7.rlib --extern urlencoding=/opt/rustwide/target/debug/deps/liburlencoding-061758bc6028ea3e.rlib --extern uuid=/opt/rustwide/target/debug/deps/libuuid-9278d6dde3bc2252.rlib --cap-lints=warn -L native=/opt/rustwide/target/debug/build/ring-a18254fc8ecb61a0/out -L native=/opt/rustwide/target/debug/build/libsqlite3-sys-f799493a8a4e5719/out` (signal: 9, SIGKILL: kill)
[INFO] [stderr] error: could not compile `rustf` (test "middleware_pipeline_test")
[INFO] [stderr] 
[INFO] [stderr] Caused by:
[INFO] [stderr]   process didn't exit successfully: `/opt/rustwide/rustup-home/toolchains/1.99.0-beta.8-x86_64-unknown-linux-gnu/bin/rustc --crate-name middleware_pipeline_test --edition=2021 tests/middleware_pipeline_test.rs --error-format=json --json=diagnostic-rendered-ansi,artifacts,future-incompat --emit=dep-info,link -C embed-bitcode=no -C debuginfo=2 --test --cfg 'feature="database"' --cfg 'feature="db-mysql"' --cfg 'feature="db-postgres"' --cfg 'feature="db-sqlite"' --cfg 'feature="decimal"' --cfg 'feature="default"' --cfg 'feature="embedded-views"' --cfg 'feature="redis"' --cfg 'feature="rust-embed"' --cfg 'feature="rust_decimal"' --check-cfg 'cfg(docsrs,test)' --check-cfg 'cfg(feature, values("clap", "cli", "database", "db-mysql", "db-postgres", "db-sqlite", "decimal", "default", "embedded-views", "redis", "rust-embed", "rust_decimal", "rustf-schema", "schema"))' -C metadata=e2e325cb3af5f96a -C extra-filename=-a7651eaf9881f1d2 --out-dir /opt/rustwide/target/debug/deps -L dependency=/opt/rustwide/target/debug/deps --extern anyhow=/opt/rustwide/target/debug/deps/libanyhow-4342eda19ce54c8e.rlib --extern async_trait=/opt/rustwide/target/debug/deps/libasync_trait-f87d38a72e9d9d0c.so --extern base64=/opt/rustwide/target/debug/deps/libbase64-32787b0325ea6df8.rlib --extern bytes=/opt/rustwide/target/debug/deps/libbytes-82ad4f0211bdc963.rlib --extern chrono=/opt/rustwide/target/debug/deps/libchrono-03f294b0f88d238d.rlib --extern criterion=/opt/rustwide/target/debug/deps/libcriterion-2cf7fd19394dbe02.rlib --extern dashmap=/opt/rustwide/target/debug/deps/libdashmap-5c60c4dc2f724afc.rlib --extern deadpool_redis=/opt/rustwide/target/debug/deps/libdeadpool_redis-0c05097dcc8a5e34.rlib --extern flate2=/opt/rustwide/target/debug/deps/libflate2-d64feaa294f5afb3.rlib --extern futures=/opt/rustwide/target/debug/deps/libfutures-baa00c5064e8f0dc.rlib --extern http_body_util=/opt/rustwide/target/debug/deps/libhttp_body_util-356b3bf568dc5bc9.rlib --extern hyper=/opt/rustwide/target/debug/deps/libhyper-cbde599636e2bffc.rlib --extern hyper_util=/opt/rustwide/target/debug/deps/libhyper_util-c16c1ea40c510cb4.rlib --extern indexmap=/opt/rustwide/target/debug/deps/libindexmap-92c609a00701d15e.rlib --extern ipnetwork=/opt/rustwide/target/debug/deps/libipnetwork-9d6af7fb2cfbbf8d.rlib --extern lazy_static=/opt/rustwide/target/debug/deps/liblazy_static-4cc5bfcd654dcd8a.rlib --extern log=/opt/rustwide/target/debug/deps/liblog-40ebd7d040175aeb.rlib --extern md5=/opt/rustwide/target/debug/deps/libmd5-ba180450c8b1b3f3.rlib --extern num_cpus=/opt/rustwide/target/debug/deps/libnum_cpus-d828ec8f78047ecb.rlib --extern once_cell=/opt/rustwide/target/debug/deps/libonce_cell-e9252a7b5119f3eb.rlib --extern percent_encoding=/opt/rustwide/target/debug/deps/libpercent_encoding-fa055ecaa1e57cfa.rlib --extern rand=/opt/rustwide/target/debug/deps/librand-0ba062f5e99983b9.rlib --extern redis=/opt/rustwide/target/debug/deps/libredis-cf7d66f9e33970b5.rlib --extern regex=/opt/rustwide/target/debug/deps/libregex-bf9b024b0add40f7.rlib --extern rust_embed=/opt/rustwide/target/debug/deps/librust_embed-4666f7b7e934d2c0.rlib --extern rust_decimal=/opt/rustwide/target/debug/deps/librust_decimal-d7f5a61f22fef43e.rlib --extern rustf=/opt/rustwide/target/debug/deps/librustf-9e73dd43d13481ec.rlib --extern rustf_macros=/opt/rustwide/target/debug/deps/librustf_macros-a4a692682648adc0.so --extern serde=/opt/rustwide/target/debug/deps/libserde-86e5b1c306468384.rlib --extern serde_toml_merge=/opt/rustwide/target/debug/deps/libserde_toml_merge-5a0ab127092bc5dd.rlib --extern serde_json=/opt/rustwide/target/debug/deps/libserde_json-3cddb4140b501717.rlib --extern sha1=/opt/rustwide/target/debug/deps/libsha1-50dd621cfbfeac95.rlib --extern sha2=/opt/rustwide/target/debug/deps/libsha2-64807da74b9dd23b.rlib --extern simd_json=/opt/rustwide/target/debug/deps/libsimd_json-77a89383cf1f315a.rlib --extern sqlx=/opt/rustwide/target/debug/deps/libsqlx-322b5810de97b3e9.rlib --extern tempfile=/opt/rustwide/target/debug/deps/libtempfile-b71b14a6a977c6c7.rlib --extern thiserror=/opt/rustwide/target/debug/deps/libthiserror-fd47f3c2668b82ed.rlib --extern tokio=/opt/rustwide/target/debug/deps/libtokio-684d1e7ee0b4d755.rlib --extern tokio_test=/opt/rustwide/target/debug/deps/libtokio_test-54abdb441610335c.rlib --extern toml=/opt/rustwide/target/debug/deps/libtoml-c6210d69a4a92612.rlib --extern url=/opt/rustwide/target/debug/deps/liburl-6f60e050a59a40d7.rlib --extern urlencoding=/opt/rustwide/target/debug/deps/liburlencoding-061758bc6028ea3e.rlib --extern uuid=/opt/rustwide/target/debug/deps/libuuid-9278d6dde3bc2252.rlib --cap-lints=warn -L native=/opt/rustwide/target/debug/build/ring-a18254fc8ecb61a0/out -L native=/opt/rustwide/target/debug/build/libsqlite3-sys-f799493a8a4e5719/out` (signal: 9, SIGKILL: kill)
[INFO] [stdout] error: linking with `cc` failed: exit status: 1
[INFO] [stdout]   |
[INFO] [stdout]   = note:  "cc" "-m64" "/opt/rustwide/target/debug/deps/rustcjE6FWv/symbols.o" "<2 object files omitted>" "-Wl,--as-needed" "-Wl,-Bstatic" "<sysroot>/lib/rustlib/x86_64-unknown-linux-gnu/lib/{libtest-*,libgetopts-*,librustc_std_workspace_std-*}.rlib" "/opt/rustwide/target/debug/deps/{librustf-9e73dd43d13481ec,liburlencoding-061758bc6028ea3e,librust_embed-4666f7b7e934d2c0,librust_embed_utils-1fa27b4f3cd6ae71,libwalkdir-7cc6f300a6f0bf06,libsame_file-ff49545450c0b63c,libsqlx-322b5810de97b3e9,libsqlx_sqlite-20e3bb7b59eba679,libflume-9cf6c4b6bd3cdb20,libserde_urlencoded-58981e0fe4dd49a5,libfutures_intrusive-d6ea954803e7f124,liblibsqlite3_sys-f5b1bae90699e818,libsqlx_postgres-f93570d94f4c44c7,libhex-13e08b3b00984ab7,libwhoami-679b18861a32e944,libhome-2459c00c573c2c5a,libatoi-ee4c53ff4802ebe8,libstringprep-091da1f89871e454,libunicode_properties-cba66a393c3a616e,libunicode_normalization-bd06b54553e210b3,libtinyvec-0e7c5ebf3c1ba3ec,libtinyvec_macros-7b77ea21c73594ca,libunicode_bidi-a9d2c96e849c6f3c,libhkdf-7708c9cd693e29c4,libhmac-866c6d177bc318f0,libsqlx_mysql-abf4af75ae441f0b,libbyteorder-7fb216e967c6a54f,libbitflags-e6fbd1143c3595be,librsa-338a9ca8d99671b9,libpkcs1-5d245e114ccead90,libpkcs8-55a8f834f982ba72,libspki-3b72e2f6762e6703,libder-70d6360a0c7b6b6d,libpem_rfc7468-66ec325bc1acd34a,libbase64ct-6b4c7cf7de85df6c,libsignature-6f2f452d744346b6,libnum_bigint_dig-71f9dcca39e7ca77,liblibm-fcdc73388b8e5e3e,libnum_iter-aede8951fc4c6ff2,libsqlx_core-788d98dadc408919,libwebpki_roots-626204f27ffc486d,libwebpki_roots-56419ed697b26ced,librustls-e8b2bc3900f4477c,libwebpki-841d86d88104ebd7,libring-306ac3563369ca6a,libuntrusted-b2f816886faf2178,librustls_pki_types-ab21366761a00234,libzeroize-7f213bea776ca5b6,libhashlink-f007fbd3ee912335,libhashbrown-621f4a290160b487,libfoldhash-07f233db1c671507,librust_decimal-d7f5a61f22fef43e,libarrayvec-9d0aa62fa88910b3,libcrossbeam_queue-7daa350311a600b8,libevent_listener-66c1ec68da7e2a92,libparking-a9ae72c6c16ee980,libuuid-9278d6dde3bc2252,libgetrandom-2b1facee597330d3,libsha2-64807da74b9dd23b,libsha1-50dd621cfbfeac95,libcpufeatures-e04321643d03190d,libmd5-ba180450c8b1b3f3,libdigest-3ad3718793f1d2b6,libsubtle-2ae6a7038b9a0630,libconst_oid-2aadc73a32842898,libblock_buffer-7988ecfa1de5c521,libcrypto_common-9d65e64b5074e294,libgeneric_array-1e3326d3c84f855e,libtypenum-973adb5204d6e560,libdeadpool_redis-0c05097dcc8a5e34,libdeadpool-c8dd6a09abab9d66,libnum_cpus-d828ec8f78047ecb,liblazy_static-4cc5bfcd654dcd8a,libspin-a10f8ca15d1a6a27,libdeadpool_runtime-9891d2e2edf42e26,libredis-cf7d66f9e33970b5,libsocket2-0ecd3ad1ac9bcebd,libitertools-dfe0035cb2577ce1,libeither-2369ffa53a97c6fb,libsha1_smol-a320b1639232fa11,libnum_bigint-1ec55e0682665320,libnum_integer-02b5974065c419b8,libcombine-770b4778de0f0cf3,libanyhow-4342eda19ce54c8e,libdashmap-5c60c4dc2f724afc,libcrossbeam_utils-f696a08ab1e94e7a,libbase64-32787b0325ea6df8,libflate2-d64feaa294f5afb3,libminiz_oxide-06b92a8d01088f52,libsimd_adler32-579395eb30afc243,libcrc32fast-77160f4e25d6fc25,libhyper_util-c16c1ea40c510cb4,liburl-6f60e050a59a40d7,libidna-0b7de11e10f1a1c3,libutf8_iter-51566bbad89f3a68,libidna_adapter-3504748518d39469,libicu_properties-112406e4ed33e88c,libicu_properties_data-b53d225676b50701,libicu_normalizer-5a2b3c441697d291,libicu_normalizer_data-ff82f05aef08137e,libicu_collections-eb3bf65100198fdd,libpotential_utf-fec63d3c0dee302d,libicu_provider-5a0504d7ca31c32d,libicu_locale_core-f905eb34a39e3b5b,libtinystr-d985832f578ec31d,liblitemap-76c583890b84c465,libwriteable-240af3fb4837c678,libzerovec-deb6ef9b7476d76c,libzerotrie-963245bdf44c1e2a,libyoke-68052cfacfa3b28e,libstable_deref_trait-49463a691f385e1c,libzerofrom-beb95815ff9eb92f,libform_urlencoded-58b0f0edb59b40d2,libpercent_encoding-fa055ecaa1e57cfa,libsimd_json-77a89383cf1f315a,liblexical_core-f3f440cfda88a4fa,liblexical_write_float-ee9a63c491e4ec93,liblexical_write_integer-f67776da85b6d0df,liblexical_parse_float-2563499bcc61bcfc,liblexical_parse_integer-550967270425b844,liblexical_util-60170618ff3c1425,libsimdutf8-b36df37888a1e0f6,libvalue_trait-73e0adb303a83f8b,libhalfbrown-2ff23f8f2b43714d,libhashbrown-89f52f6300effad0,libahash-764637b8ac17fcb3,liballocator_api2-8d9c1e895dea53bd,libfloat_cmp-2e58c76e80c8a4ea,libhttp_body_util-356b3bf568dc5bc9,libfutures-baa00c5064e8f0dc,libfutures_executor-0012e6bdd6c2d4ae,libfutures_util-25c3a2f197b7c723,libfutures_io-6a4719510b0746bc,libfutures_task-e09ab7898221cb97,libpin_utils-3860774ad9b215b5,librand-0ba062f5e99983b9,librand_chacha-59a47de1595f0143,libppv_lite86-829c57e4676dce12,libzerocopy-abd5b139c8192ada,librand_core-63dde4fbc902e982,libgetrandom-b88ab2d099bb9cc3,libthiserror-fd47f3c2668b82ed,libregex-bf9b024b0add40f7,libregex_automata-e05cc0142768e6d9,libaho_corasick-d6cdf6268587ae82,libregex_syntax-21c69862a9074e56,libchrono-03f294b0f88d238d,libiana_time_zone-bab5d12b40894ac1,libnum_traits-fb98a85ad81fd4ec,libserde_toml_merge-5a0ab127092bc5dd,libtoml-c6210d69a4a92612,libtoml_writer-52a5edf7c9bb7065,libtoml_parser-305775f2a81a1bcd,libwinnow-db63d13b6dbe8fb5,libserde_spanned-44e0d7f853150ff9,libtoml_datetime-82f7f5897fb08e25,libhyper-cbde599636e2bffc,libhttparse-8c9b827b8f345444,libh2-e6d6d8307874ceb7,libtracing-e35ba4df53663465,libtracing_core-05e1b75a06fc0004,libonce_cell-e9252a7b5119f3eb,libindexmap-92c609a00701d15e,libequivalent-6a754676e6af62ae,libhashbrown-ac2229ec4aecf871,libslab-5629529544b2a983,libfnv-79e2cbfbe03dcd16,libtokio_util-4f783291cdb653f4,libatomic_waker-06950c8c08d2b8fa,libhttpdate-331798cefc82cc7e,libfutures_channel-3bb2db6cecc5bacb,libfutures_sink-ae1eb2d060de53a2,libfutures_core-3b920243fce8fec0,libhttp_body-49763f49b7ce548a,libhttp-b9d74a05cb9a5e2c,libserde_json-3cddb4140b501717,libmemchr-9be7e24c0cc6f173,libitoa-ef40fa516293a9d3,libryu-a7164637bc4900ee,liblog-40ebd7d040175aeb,libtokio-684d1e7ee0b4d755,libsignal_hook_registry-3baf84eaf720662e,libsocket2-079e36dcc0be2ef0,libbytes-82ad4f0211bdc963,libmio-1f0b2668c1a29a12,libparking_lot-85e95dd7f4065145,libparking_lot_core-0db6256811d4c339,liblibc-520a1cd7a1b3fe13,libcfg_if-83060ec5685761ae,libsmallvec-9b28db7e5b5bcc05,liblock_api-16d46fed645f7bff,libscopeguard-7ec2214574194454,libpin_project_lite-72bf04572caa1c84,libipnetwork-9d6af7fb2cfbbf8d,libserde-86e5b1c306468384,libserde_core-49c5f0449f9ff544}.rlib" "<sysroot>/lib/rustlib/x86_64-unknown-linux-gnu/lib/{libstd-*,libpanic_unwind-*,libobject-*,libmemchr-*,libaddr2line-*,libgimli-*,libcfg_if-*,librustc_demangle-*,libstd_detect-*,libhashbrown-*,librustc_std_workspace_alloc-*,libminiz_oxide-*,libadler2-*,libunwind-*,liblibc-*,librustc_std_workspace_core-*,liballoc-*,libcore-*,libcompiler_builtins-*}.rlib" "-Wl,-Bdynamic" "-lgcc_s" "-lutil" "-lrt" "-lpthread" "-lm" "-ldl" "-lc" "-L" "/opt/rustwide/target/debug/deps/rustcjE6FWv/raw-dylibs" "-B<sysroot>/lib/rustlib/x86_64-unknown-linux-gnu/bin/gcc-ld" "-fuse-ld=lld" "-Wl,--eh-frame-hdr" "-Wl,-z,noexecstack" "-L" "/opt/rustwide/target/debug/build/ring-a18254fc8ecb61a0/out" "-L" "/opt/rustwide/target/debug/build/libsqlite3-sys-f799493a8a4e5719/out" "-L" "<sysroot>/lib/rustlib/x86_64-unknown-linux-gnu/lib" "-o" "/opt/rustwide/target/debug/deps/test_or_simple-da8278a7112ca1dc" "-Wl,--gc-sections" "-pie" "-Wl,-z,relro,-z,now" "-nodefaultlibs"
[INFO] [stdout]   = note: some arguments are omitted. use `--verbose` to show all linker arguments
[INFO] [stdout]   = note: collect2: fatal error: ld terminated with signal 9 [Killed]
[INFO] [stdout]           compilation terminated.
[INFO] [stdout]           
[INFO] [stdout] 
[INFO] [stdout] 
[INFO] [stderr] error: could not compile `rustf` (test "test_or_simple") due to 1 previous error
[INFO] [stdout] error: linking with `cc` failed: exit status: 1
[INFO] [stdout]   |
[INFO] [stdout]   = note:  "cc" "-m64" "/opt/rustwide/target/debug/deps/rustcwI1pTo/symbols.o" "<2 object files omitted>" "-Wl,--as-needed" "-Wl,-Bstatic" "<sysroot>/lib/rustlib/x86_64-unknown-linux-gnu/lib/{libtest-*,libgetopts-*,librustc_std_workspace_std-*}.rlib" "/opt/rustwide/target/debug/deps/{librustf-9e73dd43d13481ec,liburlencoding-061758bc6028ea3e,librust_embed-4666f7b7e934d2c0,librust_embed_utils-1fa27b4f3cd6ae71,libwalkdir-7cc6f300a6f0bf06,libsame_file-ff49545450c0b63c,libsqlx-322b5810de97b3e9,libsqlx_sqlite-20e3bb7b59eba679,libflume-9cf6c4b6bd3cdb20,libserde_urlencoded-58981e0fe4dd49a5,libfutures_intrusive-d6ea954803e7f124,liblibsqlite3_sys-f5b1bae90699e818,libsqlx_postgres-f93570d94f4c44c7,libhex-13e08b3b00984ab7,libwhoami-679b18861a32e944,libhome-2459c00c573c2c5a,libatoi-ee4c53ff4802ebe8,libstringprep-091da1f89871e454,libunicode_properties-cba66a393c3a616e,libunicode_normalization-bd06b54553e210b3,libtinyvec-0e7c5ebf3c1ba3ec,libtinyvec_macros-7b77ea21c73594ca,libunicode_bidi-a9d2c96e849c6f3c,libhkdf-7708c9cd693e29c4,libhmac-866c6d177bc318f0,libsqlx_mysql-abf4af75ae441f0b,libbyteorder-7fb216e967c6a54f,libbitflags-e6fbd1143c3595be,librsa-338a9ca8d99671b9,libpkcs1-5d245e114ccead90,libpkcs8-55a8f834f982ba72,libspki-3b72e2f6762e6703,libder-70d6360a0c7b6b6d,libpem_rfc7468-66ec325bc1acd34a,libbase64ct-6b4c7cf7de85df6c,libsignature-6f2f452d744346b6,libnum_bigint_dig-71f9dcca39e7ca77,liblibm-fcdc73388b8e5e3e,libnum_iter-aede8951fc4c6ff2,libsqlx_core-788d98dadc408919,libwebpki_roots-626204f27ffc486d,libwebpki_roots-56419ed697b26ced,librustls-e8b2bc3900f4477c,libwebpki-841d86d88104ebd7,libring-306ac3563369ca6a,libuntrusted-b2f816886faf2178,librustls_pki_types-ab21366761a00234,libzeroize-7f213bea776ca5b6,libhashlink-f007fbd3ee912335,libhashbrown-621f4a290160b487,libfoldhash-07f233db1c671507,librust_decimal-d7f5a61f22fef43e,libarrayvec-9d0aa62fa88910b3,libcrossbeam_queue-7daa350311a600b8,libevent_listener-66c1ec68da7e2a92,libparking-a9ae72c6c16ee980,libuuid-9278d6dde3bc2252,libgetrandom-2b1facee597330d3,libsha2-64807da74b9dd23b,libsha1-50dd621cfbfeac95,libcpufeatures-e04321643d03190d,libmd5-ba180450c8b1b3f3,libdigest-3ad3718793f1d2b6,libsubtle-2ae6a7038b9a0630,libconst_oid-2aadc73a32842898,libblock_buffer-7988ecfa1de5c521,libcrypto_common-9d65e64b5074e294,libgeneric_array-1e3326d3c84f855e,libtypenum-973adb5204d6e560,libdeadpool_redis-0c05097dcc8a5e34,libdeadpool-c8dd6a09abab9d66,libnum_cpus-d828ec8f78047ecb,liblazy_static-4cc5bfcd654dcd8a,libspin-a10f8ca15d1a6a27,libdeadpool_runtime-9891d2e2edf42e26,libredis-cf7d66f9e33970b5,libsocket2-0ecd3ad1ac9bcebd,libitertools-dfe0035cb2577ce1,libeither-2369ffa53a97c6fb,libsha1_smol-a320b1639232fa11,libnum_bigint-1ec55e0682665320,libnum_integer-02b5974065c419b8,libcombine-770b4778de0f0cf3,libanyhow-4342eda19ce54c8e,libdashmap-5c60c4dc2f724afc,libcrossbeam_utils-f696a08ab1e94e7a,libbase64-32787b0325ea6df8,libflate2-d64feaa294f5afb3,libminiz_oxide-06b92a8d01088f52,libsimd_adler32-579395eb30afc243,libcrc32fast-77160f4e25d6fc25,libhyper_util-c16c1ea40c510cb4,liburl-6f60e050a59a40d7,libidna-0b7de11e10f1a1c3,libutf8_iter-51566bbad89f3a68,libidna_adapter-3504748518d39469,libicu_properties-112406e4ed33e88c,libicu_properties_data-b53d225676b50701,libicu_normalizer-5a2b3c441697d291,libicu_normalizer_data-ff82f05aef08137e,libicu_collections-eb3bf65100198fdd,libpotential_utf-fec63d3c0dee302d,libicu_provider-5a0504d7ca31c32d,libicu_locale_core-f905eb34a39e3b5b,libtinystr-d985832f578ec31d,liblitemap-76c583890b84c465,libwriteable-240af3fb4837c678,libzerovec-deb6ef9b7476d76c,libzerotrie-963245bdf44c1e2a,libyoke-68052cfacfa3b28e,libstable_deref_trait-49463a691f385e1c,libzerofrom-beb95815ff9eb92f,libform_urlencoded-58b0f0edb59b40d2,libpercent_encoding-fa055ecaa1e57cfa,libsimd_json-77a89383cf1f315a,liblexical_core-f3f440cfda88a4fa,liblexical_write_float-ee9a63c491e4ec93,liblexical_write_integer-f67776da85b6d0df,liblexical_parse_float-2563499bcc61bcfc,liblexical_parse_integer-550967270425b844,liblexical_util-60170618ff3c1425,libsimdutf8-b36df37888a1e0f6,libvalue_trait-73e0adb303a83f8b,libhalfbrown-2ff23f8f2b43714d,libhashbrown-89f52f6300effad0,libahash-764637b8ac17fcb3,liballocator_api2-8d9c1e895dea53bd,libfloat_cmp-2e58c76e80c8a4ea,libhttp_body_util-356b3bf568dc5bc9,libfutures-baa00c5064e8f0dc,libfutures_executor-0012e6bdd6c2d4ae,libfutures_util-25c3a2f197b7c723,libfutures_io-6a4719510b0746bc,libfutures_task-e09ab7898221cb97,libpin_utils-3860774ad9b215b5,librand-0ba062f5e99983b9,librand_chacha-59a47de1595f0143,libppv_lite86-829c57e4676dce12,libzerocopy-abd5b139c8192ada,librand_core-63dde4fbc902e982,libgetrandom-b88ab2d099bb9cc3,libthiserror-fd47f3c2668b82ed,libregex-bf9b024b0add40f7,libregex_automata-e05cc0142768e6d9,libaho_corasick-d6cdf6268587ae82,libregex_syntax-21c69862a9074e56,libchrono-03f294b0f88d238d,libiana_time_zone-bab5d12b40894ac1,libnum_traits-fb98a85ad81fd4ec,libserde_toml_merge-5a0ab127092bc5dd,libtoml-c6210d69a4a92612,libtoml_writer-52a5edf7c9bb7065,libtoml_parser-305775f2a81a1bcd,libwinnow-db63d13b6dbe8fb5,libserde_spanned-44e0d7f853150ff9,libtoml_datetime-82f7f5897fb08e25,libhyper-cbde599636e2bffc,libhttparse-8c9b827b8f345444,libh2-e6d6d8307874ceb7,libtracing-e35ba4df53663465,libtracing_core-05e1b75a06fc0004,libonce_cell-e9252a7b5119f3eb,libindexmap-92c609a00701d15e,libequivalent-6a754676e6af62ae,libhashbrown-ac2229ec4aecf871,libslab-5629529544b2a983,libfnv-79e2cbfbe03dcd16,libtokio_util-4f783291cdb653f4,libatomic_waker-06950c8c08d2b8fa,libhttpdate-331798cefc82cc7e,libfutures_channel-3bb2db6cecc5bacb,libfutures_sink-ae1eb2d060de53a2,libfutures_core-3b920243fce8fec0,libhttp_body-49763f49b7ce548a,libhttp-b9d74a05cb9a5e2c,libserde_json-3cddb4140b501717,libmemchr-9be7e24c0cc6f173,libitoa-ef40fa516293a9d3,libryu-a7164637bc4900ee,liblog-40ebd7d040175aeb,libtokio-684d1e7ee0b4d755,libsignal_hook_registry-3baf84eaf720662e,libsocket2-079e36dcc0be2ef0,libbytes-82ad4f0211bdc963,libmio-1f0b2668c1a29a12,libparking_lot-85e95dd7f4065145,libparking_lot_core-0db6256811d4c339,liblibc-520a1cd7a1b3fe13,libcfg_if-83060ec5685761ae,libsmallvec-9b28db7e5b5bcc05,liblock_api-16d46fed645f7bff,libscopeguard-7ec2214574194454,libpin_project_lite-72bf04572caa1c84,libipnetwork-9d6af7fb2cfbbf8d,libserde-86e5b1c306468384,libserde_core-49c5f0449f9ff544}.rlib" "<sysroot>/lib/rustlib/x86_64-unknown-linux-gnu/lib/{libstd-*,libpanic_unwind-*,libobject-*,libmemchr-*,libaddr2line-*,libgimli-*,libcfg_if-*,librustc_demangle-*,libstd_detect-*,libhashbrown-*,librustc_std_workspace_alloc-*,libminiz_oxide-*,libadler2-*,libunwind-*,liblibc-*,librustc_std_workspace_core-*,liballoc-*,libcore-*,libcompiler_builtins-*}.rlib" "-Wl,-Bdynamic" "-lgcc_s" "-lutil" "-lrt" "-lpthread" "-lm" "-ldl" "-lc" "-L" "/opt/rustwide/target/debug/deps/rustcwI1pTo/raw-dylibs" "-B<sysroot>/lib/rustlib/x86_64-unknown-linux-gnu/bin/gcc-ld" "-fuse-ld=lld" "-Wl,--eh-frame-hdr" "-Wl,-z,noexecstack" "-L" "/opt/rustwide/target/debug/build/ring-a18254fc8ecb61a0/out" "-L" "/opt/rustwide/target/debug/build/libsqlite3-sys-f799493a8a4e5719/out" "-L" "<sysroot>/lib/rustlib/x86_64-unknown-linux-gnu/lib" "-o" "/opt/rustwide/target/debug/deps/template_form_test-b6d764f048cb064a" "-Wl,--gc-sections" "-pie" "-Wl,-z,relro,-z,now" "-nodefaultlibs"
[INFO] [stdout]   = note: some arguments are omitted. use `--verbose` to show all linker arguments
[INFO] [stdout]   = note: collect2: fatal error: ld terminated with signal 9 [Killed]
[INFO] [stdout]           compilation terminated.
[INFO] [stdout]           
[INFO] [stdout] 
[INFO] [stdout] 
[INFO] [stdout] error: linking with `cc` failed: exit status: 1
[INFO] [stdout]   |
[INFO] [stdout]   = note:  "cc" "-m64" "/opt/rustwide/target/debug/deps/rustclWqLmx/symbols.o" "<2 object files omitted>" "-Wl,--as-needed" "-Wl,-Bstatic" "<sysroot>/lib/rustlib/x86_64-unknown-linux-gnu/lib/{libtest-*,libgetopts-*,librustc_std_workspace_std-*}.rlib" "/opt/rustwide/target/debug/deps/{librustf-9e73dd43d13481ec,liburlencoding-061758bc6028ea3e,librust_embed-4666f7b7e934d2c0,librust_embed_utils-1fa27b4f3cd6ae71,libwalkdir-7cc6f300a6f0bf06,libsame_file-ff49545450c0b63c,libsqlx-322b5810de97b3e9,libsqlx_sqlite-20e3bb7b59eba679,libflume-9cf6c4b6bd3cdb20,libserde_urlencoded-58981e0fe4dd49a5,libfutures_intrusive-d6ea954803e7f124,liblibsqlite3_sys-f5b1bae90699e818,libsqlx_postgres-f93570d94f4c44c7,libhex-13e08b3b00984ab7,libwhoami-679b18861a32e944,libhome-2459c00c573c2c5a,libatoi-ee4c53ff4802ebe8,libstringprep-091da1f89871e454,libunicode_properties-cba66a393c3a616e,libunicode_normalization-bd06b54553e210b3,libtinyvec-0e7c5ebf3c1ba3ec,libtinyvec_macros-7b77ea21c73594ca,libunicode_bidi-a9d2c96e849c6f3c,libhkdf-7708c9cd693e29c4,libhmac-866c6d177bc318f0,libsqlx_mysql-abf4af75ae441f0b,libbyteorder-7fb216e967c6a54f,libbitflags-e6fbd1143c3595be,librsa-338a9ca8d99671b9,libpkcs1-5d245e114ccead90,libpkcs8-55a8f834f982ba72,libspki-3b72e2f6762e6703,libder-70d6360a0c7b6b6d,libpem_rfc7468-66ec325bc1acd34a,libbase64ct-6b4c7cf7de85df6c,libsignature-6f2f452d744346b6,libnum_bigint_dig-71f9dcca39e7ca77,liblibm-fcdc73388b8e5e3e,libnum_iter-aede8951fc4c6ff2,libsqlx_core-788d98dadc408919,libwebpki_roots-626204f27ffc486d,libwebpki_roots-56419ed697b26ced,librustls-e8b2bc3900f4477c,libwebpki-841d86d88104ebd7,libring-306ac3563369ca6a,libuntrusted-b2f816886faf2178,librustls_pki_types-ab21366761a00234,libzeroize-7f213bea776ca5b6,libhashlink-f007fbd3ee912335,libhashbrown-621f4a290160b487,libfoldhash-07f233db1c671507,librust_decimal-d7f5a61f22fef43e,libarrayvec-9d0aa62fa88910b3,libcrossbeam_queue-7daa350311a600b8,libevent_listener-66c1ec68da7e2a92,libparking-a9ae72c6c16ee980,libuuid-9278d6dde3bc2252,libgetrandom-2b1facee597330d3,libsha2-64807da74b9dd23b,libsha1-50dd621cfbfeac95,libcpufeatures-e04321643d03190d,libmd5-ba180450c8b1b3f3,libdigest-3ad3718793f1d2b6,libsubtle-2ae6a7038b9a0630,libconst_oid-2aadc73a32842898,libblock_buffer-7988ecfa1de5c521,libcrypto_common-9d65e64b5074e294,libgeneric_array-1e3326d3c84f855e,libtypenum-973adb5204d6e560,libdeadpool_redis-0c05097dcc8a5e34,libdeadpool-c8dd6a09abab9d66,libnum_cpus-d828ec8f78047ecb,liblazy_static-4cc5bfcd654dcd8a,libspin-a10f8ca15d1a6a27,libdeadpool_runtime-9891d2e2edf42e26,libredis-cf7d66f9e33970b5,libsocket2-0ecd3ad1ac9bcebd,libitertools-dfe0035cb2577ce1,libeither-2369ffa53a97c6fb,libsha1_smol-a320b1639232fa11,libnum_bigint-1ec55e0682665320,libnum_integer-02b5974065c419b8,libcombine-770b4778de0f0cf3,libanyhow-4342eda19ce54c8e,libdashmap-5c60c4dc2f724afc,libcrossbeam_utils-f696a08ab1e94e7a,libbase64-32787b0325ea6df8,libflate2-d64feaa294f5afb3,libminiz_oxide-06b92a8d01088f52,libsimd_adler32-579395eb30afc243,libcrc32fast-77160f4e25d6fc25,libhyper_util-c16c1ea40c510cb4,liburl-6f60e050a59a40d7,libidna-0b7de11e10f1a1c3,libutf8_iter-51566bbad89f3a68,libidna_adapter-3504748518d39469,libicu_properties-112406e4ed33e88c,libicu_properties_data-b53d225676b50701,libicu_normalizer-5a2b3c441697d291,libicu_normalizer_data-ff82f05aef08137e,libicu_collections-eb3bf65100198fdd,libpotential_utf-fec63d3c0dee302d,libicu_provider-5a0504d7ca31c32d,libicu_locale_core-f905eb34a39e3b5b,libtinystr-d985832f578ec31d,liblitemap-76c583890b84c465,libwriteable-240af3fb4837c678,libzerovec-deb6ef9b7476d76c,libzerotrie-963245bdf44c1e2a,libyoke-68052cfacfa3b28e,libstable_deref_trait-49463a691f385e1c,libzerofrom-beb95815ff9eb92f,libform_urlencoded-58b0f0edb59b40d2,libpercent_encoding-fa055ecaa1e57cfa,libsimd_json-77a89383cf1f315a,liblexical_core-f3f440cfda88a4fa,liblexical_write_float-ee9a63c491e4ec93,liblexical_write_integer-f67776da85b6d0df,liblexical_parse_float-2563499bcc61bcfc,liblexical_parse_integer-550967270425b844,liblexical_util-60170618ff3c1425,libsimdutf8-b36df37888a1e0f6,libvalue_trait-73e0adb303a83f8b,libhalfbrown-2ff23f8f2b43714d,libhashbrown-89f52f6300effad0,libahash-764637b8ac17fcb3,liballocator_api2-8d9c1e895dea53bd,libfloat_cmp-2e58c76e80c8a4ea,libhttp_body_util-356b3bf568dc5bc9,libfutures-baa00c5064e8f0dc,libfutures_executor-0012e6bdd6c2d4ae,libfutures_util-25c3a2f197b7c723,libfutures_io-6a4719510b0746bc,libfutures_task-e09ab7898221cb97,libpin_utils-3860774ad9b215b5,librand-0ba062f5e99983b9,librand_chacha-59a47de1595f0143,libppv_lite86-829c57e4676dce12,libzerocopy-abd5b139c8192ada,librand_core-63dde4fbc902e982,libgetrandom-b88ab2d099bb9cc3,libthiserror-fd47f3c2668b82ed,libregex-bf9b024b0add40f7,libregex_automata-e05cc0142768e6d9,libaho_corasick-d6cdf6268587ae82,libregex_syntax-21c69862a9074e56,libchrono-03f294b0f88d238d,libiana_time_zone-bab5d12b40894ac1,libnum_traits-fb98a85ad81fd4ec,libserde_toml_merge-5a0ab127092bc5dd,libtoml-c6210d69a4a92612,libtoml_writer-52a5edf7c9bb7065,libtoml_parser-305775f2a81a1bcd,libwinnow-db63d13b6dbe8fb5,libserde_spanned-44e0d7f853150ff9,libtoml_datetime-82f7f5897fb08e25,libhyper-cbde599636e2bffc,libhttparse-8c9b827b8f345444,libh2-e6d6d8307874ceb7,libtracing-e35ba4df53663465,libtracing_core-05e1b75a06fc0004,libonce_cell-e9252a7b5119f3eb,libindexmap-92c609a00701d15e,libequivalent-6a754676e6af62ae,libhashbrown-ac2229ec4aecf871,libslab-5629529544b2a983,libfnv-79e2cbfbe03dcd16,libtokio_util-4f783291cdb653f4,libatomic_waker-06950c8c08d2b8fa,libhttpdate-331798cefc82cc7e,libfutures_channel-3bb2db6cecc5bacb,libfutures_sink-ae1eb2d060de53a2,libfutures_core-3b920243fce8fec0,libhttp_body-49763f49b7ce548a,libhttp-b9d74a05cb9a5e2c,libserde_json-3cddb4140b501717,libmemchr-9be7e24c0cc6f173,libitoa-ef40fa516293a9d3,libryu-a7164637bc4900ee,liblog-40ebd7d040175aeb,libtokio-684d1e7ee0b4d755,libsignal_hook_registry-3baf84eaf720662e,libsocket2-079e36dcc0be2ef0,libbytes-82ad4f0211bdc963,libmio-1f0b2668c1a29a12,libparking_lot-85e95dd7f4065145,libparking_lot_core-0db6256811d4c339,liblibc-520a1cd7a1b3fe13,libcfg_if-83060ec5685761ae,libsmallvec-9b28db7e5b5bcc05,liblock_api-16d46fed645f7bff,libscopeguard-7ec2214574194454,libpin_project_lite-72bf04572caa1c84,libipnetwork-9d6af7fb2cfbbf8d,libserde-86e5b1c306468384,libserde_core-49c5f0449f9ff544}.rlib" "<sysroot>/lib/rustlib/x86_64-unknown-linux-gnu/lib/{libstd-*,libpanic_unwind-*,libobject-*,libmemchr-*,libaddr2line-*,libgimli-*,libcfg_if-*,librustc_demangle-*,libstd_detect-*,libhashbrown-*,librustc_std_workspace_alloc-*,libminiz_oxide-*,libadler2-*,libunwind-*,liblibc-*,librustc_std_workspace_core-*,liballoc-*,libcore-*,libcompiler_builtins-*}.rlib" "-Wl,-Bdynamic" "-lgcc_s" "-lutil" "-lrt" "-lpthread" "-lm" "-ldl" "-lc" "-L" "/opt/rustwide/target/debug/deps/rustclWqLmx/raw-dylibs" "-B<sysroot>/lib/rustlib/x86_64-unknown-linux-gnu/bin/gcc-ld" "-fuse-ld=lld" "-Wl,--eh-frame-hdr" "-Wl,-z,noexecstack" "-L" "/opt/rustwide/target/debug/build/ring-a18254fc8ecb61a0/out" "-L" "/opt/rustwide/target/debug/build/libsqlite3-sys-f799493a8a4e5719/out" "-L" "<sysroot>/lib/rustlib/x86_64-unknown-linux-gnu/lib" "-o" "/opt/rustwide/target/debug/deps/test_index_simple-b580cc33a7f9d338" "-Wl,--gc-sections" "-pie" "-Wl,-z,relro,-z,now" "-nodefaultlibs"
[INFO] [stdout]   = note: some arguments are omitted. use `--verbose` to show all linker arguments
[INFO] [stdout]   = note: collect2: fatal error: ld terminated with signal 9 [Killed]
[INFO] [stdout]           compilation terminated.
[INFO] [stdout]           
[INFO] [stdout] 
[INFO] [stdout] 
[INFO] [stderr] error: could not compile `rustf` (test "template_form_test") due to 1 previous error
[INFO] [stderr] error: could not compile `rustf` (test "test_index_simple") due to 1 previous error
[INFO] [stdout] error: linking with `cc` failed: exit status: 1
[INFO] [stdout]   |
[INFO] [stdout]   = note:  "cc" "-m64" "/opt/rustwide/target/debug/deps/rustcAuPF53/symbols.o" "<2 object files omitted>" "-Wl,--as-needed" "-Wl,-Bstatic" "<sysroot>/lib/rustlib/x86_64-unknown-linux-gnu/lib/{libtest-*,libgetopts-*,librustc_std_workspace_std-*}.rlib" "/opt/rustwide/target/debug/deps/{librustf-9e73dd43d13481ec,liburlencoding-061758bc6028ea3e,librust_embed-4666f7b7e934d2c0,librust_embed_utils-1fa27b4f3cd6ae71,libwalkdir-7cc6f300a6f0bf06,libsame_file-ff49545450c0b63c,libsqlx-322b5810de97b3e9,libsqlx_sqlite-20e3bb7b59eba679,libflume-9cf6c4b6bd3cdb20,libserde_urlencoded-58981e0fe4dd49a5,libfutures_intrusive-d6ea954803e7f124,liblibsqlite3_sys-f5b1bae90699e818,libsqlx_postgres-f93570d94f4c44c7,libhex-13e08b3b00984ab7,libwhoami-679b18861a32e944,libhome-2459c00c573c2c5a,libatoi-ee4c53ff4802ebe8,libstringprep-091da1f89871e454,libunicode_properties-cba66a393c3a616e,libunicode_normalization-bd06b54553e210b3,libtinyvec-0e7c5ebf3c1ba3ec,libtinyvec_macros-7b77ea21c73594ca,libunicode_bidi-a9d2c96e849c6f3c,libhkdf-7708c9cd693e29c4,libhmac-866c6d177bc318f0,libsqlx_mysql-abf4af75ae441f0b,libbyteorder-7fb216e967c6a54f,libbitflags-e6fbd1143c3595be,librsa-338a9ca8d99671b9,libpkcs1-5d245e114ccead90,libpkcs8-55a8f834f982ba72,libspki-3b72e2f6762e6703,libder-70d6360a0c7b6b6d,libpem_rfc7468-66ec325bc1acd34a,libbase64ct-6b4c7cf7de85df6c,libsignature-6f2f452d744346b6,libnum_bigint_dig-71f9dcca39e7ca77,liblibm-fcdc73388b8e5e3e,libnum_iter-aede8951fc4c6ff2,libsqlx_core-788d98dadc408919,libwebpki_roots-626204f27ffc486d,libwebpki_roots-56419ed697b26ced,librustls-e8b2bc3900f4477c,libwebpki-841d86d88104ebd7,libring-306ac3563369ca6a,libuntrusted-b2f816886faf2178,librustls_pki_types-ab21366761a00234,libzeroize-7f213bea776ca5b6,libhashlink-f007fbd3ee912335,libhashbrown-621f4a290160b487,libfoldhash-07f233db1c671507,librust_decimal-d7f5a61f22fef43e,libarrayvec-9d0aa62fa88910b3,libcrossbeam_queue-7daa350311a600b8,libevent_listener-66c1ec68da7e2a92,libparking-a9ae72c6c16ee980,libuuid-9278d6dde3bc2252,libgetrandom-2b1facee597330d3,libsha2-64807da74b9dd23b,libsha1-50dd621cfbfeac95,libcpufeatures-e04321643d03190d,libmd5-ba180450c8b1b3f3,libdigest-3ad3718793f1d2b6,libsubtle-2ae6a7038b9a0630,libconst_oid-2aadc73a32842898,libblock_buffer-7988ecfa1de5c521,libcrypto_common-9d65e64b5074e294,libgeneric_array-1e3326d3c84f855e,libtypenum-973adb5204d6e560,libdeadpool_redis-0c05097dcc8a5e34,libdeadpool-c8dd6a09abab9d66,libnum_cpus-d828ec8f78047ecb,liblazy_static-4cc5bfcd654dcd8a,libspin-a10f8ca15d1a6a27,libdeadpool_runtime-9891d2e2edf42e26,libredis-cf7d66f9e33970b5,libsocket2-0ecd3ad1ac9bcebd,libitertools-dfe0035cb2577ce1,libeither-2369ffa53a97c6fb,libsha1_smol-a320b1639232fa11,libnum_bigint-1ec55e0682665320,libnum_integer-02b5974065c419b8,libcombine-770b4778de0f0cf3,libanyhow-4342eda19ce54c8e,libdashmap-5c60c4dc2f724afc,libcrossbeam_utils-f696a08ab1e94e7a,libbase64-32787b0325ea6df8,libflate2-d64feaa294f5afb3,libminiz_oxide-06b92a8d01088f52,libsimd_adler32-579395eb30afc243,libcrc32fast-77160f4e25d6fc25,libhyper_util-c16c1ea40c510cb4,liburl-6f60e050a59a40d7,libidna-0b7de11e10f1a1c3,libutf8_iter-51566bbad89f3a68,libidna_adapter-3504748518d39469,libicu_properties-112406e4ed33e88c,libicu_properties_data-b53d225676b50701,libicu_normalizer-5a2b3c441697d291,libicu_normalizer_data-ff82f05aef08137e,libicu_collections-eb3bf65100198fdd,libpotential_utf-fec63d3c0dee302d,libicu_provider-5a0504d7ca31c32d,libicu_locale_core-f905eb34a39e3b5b,libtinystr-d985832f578ec31d,liblitemap-76c583890b84c465,libwriteable-240af3fb4837c678,libzerovec-deb6ef9b7476d76c,libzerotrie-963245bdf44c1e2a,libyoke-68052cfacfa3b28e,libstable_deref_trait-49463a691f385e1c,libzerofrom-beb95815ff9eb92f,libform_urlencoded-58b0f0edb59b40d2,libpercent_encoding-fa055ecaa1e57cfa,libsimd_json-77a89383cf1f315a,liblexical_core-f3f440cfda88a4fa,liblexical_write_float-ee9a63c491e4ec93,liblexical_write_integer-f67776da85b6d0df,liblexical_parse_float-2563499bcc61bcfc,liblexical_parse_integer-550967270425b844,liblexical_util-60170618ff3c1425,libsimdutf8-b36df37888a1e0f6,libvalue_trait-73e0adb303a83f8b,libhalfbrown-2ff23f8f2b43714d,libhashbrown-89f52f6300effad0,libahash-764637b8ac17fcb3,liballocator_api2-8d9c1e895dea53bd,libfloat_cmp-2e58c76e80c8a4ea,libhttp_body_util-356b3bf568dc5bc9,libfutures-baa00c5064e8f0dc,libfutures_executor-0012e6bdd6c2d4ae,libfutures_util-25c3a2f197b7c723,libfutures_io-6a4719510b0746bc,libfutures_task-e09ab7898221cb97,libpin_utils-3860774ad9b215b5,librand-0ba062f5e99983b9,librand_chacha-59a47de1595f0143,libppv_lite86-829c57e4676dce12,libzerocopy-abd5b139c8192ada,librand_core-63dde4fbc902e982,libgetrandom-b88ab2d099bb9cc3,libthiserror-fd47f3c2668b82ed,libregex-bf9b024b0add40f7,libregex_automata-e05cc0142768e6d9,libaho_corasick-d6cdf6268587ae82,libregex_syntax-21c69862a9074e56,libchrono-03f294b0f88d238d,libiana_time_zone-bab5d12b40894ac1,libnum_traits-fb98a85ad81fd4ec,libserde_toml_merge-5a0ab127092bc5dd,libtoml-c6210d69a4a92612,libtoml_writer-52a5edf7c9bb7065,libtoml_parser-305775f2a81a1bcd,libwinnow-db63d13b6dbe8fb5,libserde_spanned-44e0d7f853150ff9,libtoml_datetime-82f7f5897fb08e25,libhyper-cbde599636e2bffc,libhttparse-8c9b827b8f345444,libh2-e6d6d8307874ceb7,libtracing-e35ba4df53663465,libtracing_core-05e1b75a06fc0004,libonce_cell-e9252a7b5119f3eb,libindexmap-92c609a00701d15e,libequivalent-6a754676e6af62ae,libhashbrown-ac2229ec4aecf871,libslab-5629529544b2a983,libfnv-79e2cbfbe03dcd16,libtokio_util-4f783291cdb653f4,libatomic_waker-06950c8c08d2b8fa,libhttpdate-331798cefc82cc7e,libfutures_channel-3bb2db6cecc5bacb,libfutures_sink-ae1eb2d060de53a2,libfutures_core-3b920243fce8fec0,libhttp_body-49763f49b7ce548a,libhttp-b9d74a05cb9a5e2c,libserde_json-3cddb4140b501717,libmemchr-9be7e24c0cc6f173,libitoa-ef40fa516293a9d3,libryu-a7164637bc4900ee,liblog-40ebd7d040175aeb,libtokio-684d1e7ee0b4d755,libsignal_hook_registry-3baf84eaf720662e,libsocket2-079e36dcc0be2ef0,libbytes-82ad4f0211bdc963,libmio-1f0b2668c1a29a12,libparking_lot-85e95dd7f4065145,libparking_lot_core-0db6256811d4c339,liblibc-520a1cd7a1b3fe13,libcfg_if-83060ec5685761ae,libsmallvec-9b28db7e5b5bcc05,liblock_api-16d46fed645f7bff,libscopeguard-7ec2214574194454,libpin_project_lite-72bf04572caa1c84,libipnetwork-9d6af7fb2cfbbf8d,libserde-86e5b1c306468384,libserde_core-49c5f0449f9ff544}.rlib" "<sysroot>/lib/rustlib/x86_64-unknown-linux-gnu/lib/{libstd-*,libpanic_unwind-*,libobject-*,libmemchr-*,libaddr2line-*,libgimli-*,libcfg_if-*,librustc_demangle-*,libstd_detect-*,libhashbrown-*,librustc_std_workspace_alloc-*,libminiz_oxide-*,libadler2-*,libunwind-*,liblibc-*,librustc_std_workspace_core-*,liballoc-*,libcore-*,libcompiler_builtins-*}.rlib" "-Wl,-Bdynamic" "-lgcc_s" "-lutil" "-lrt" "-lpthread" "-lm" "-ldl" "-lc" "-L" "/opt/rustwide/target/debug/deps/rustcAuPF53/raw-dylibs" "-B<sysroot>/lib/rustlib/x86_64-unknown-linux-gnu/bin/gcc-ld" "-fuse-ld=lld" "-Wl,--eh-frame-hdr" "-Wl,-z,noexecstack" "-L" "/opt/rustwide/target/debug/build/ring-a18254fc8ecb61a0/out" "-L" "/opt/rustwide/target/debug/build/libsqlite3-sys-f799493a8a4e5719/out" "-L" "<sysroot>/lib/rustlib/x86_64-unknown-linux-gnu/lib" "-o" "/opt/rustwide/target/debug/deps/qualified_column_test-85cf73485818737a" "-Wl,--gc-sections" "-pie" "-Wl,-z,relro,-z,now" "-nodefaultlibs"
[INFO] [stdout]   = note: some arguments are omitted. use `--verbose` to show all linker arguments
[INFO] [stdout]   = note: collect2: fatal error: ld terminated with signal 9 [Killed]
[INFO] [stdout]           compilation terminated.
[INFO] [stdout]           
[INFO] [stdout] 
[INFO] [stdout] 
[INFO] [stderr] error: could not compile `rustf` (test "qualified_column_test") due to 1 previous error
[ERROR] error running command: no output for 300 seconds
[INFO] running `Command { std: "docker" "inspect" "f3b0b8cba4005d58455326daf6459d7eda4839408868e521b4110ed3ad7f8e5e", kill_on_drop: false }`
[INFO] running `Command { std: "docker" "rm" "-f" "f3b0b8cba4005d58455326daf6459d7eda4839408868e521b4110ed3ad7f8e5e", kill_on_drop: false }`
[INFO] [stdout] f3b0b8cba4005d58455326daf6459d7eda4839408868e521b4110ed3ad7f8e5e
