[INFO] fetching crate rust_dylib 0.1.0...
[INFO] testing rust_dylib-0.1.0 against 1.99.0-beta.8 for beta-1.100-2
[INFO] extracting crate rust_dylib 0.1.0 into /workspace/builds/worker-1-tc1/source
[INFO] started tweaking crates.io crate rust_dylib 0.1.0
[INFO] removed 0 missing examples
[INFO] removed 0 missing tests
[INFO] finished tweaking crates.io crate rust_dylib 0.1.0
[INFO] tweaked toml for crates.io crate rust_dylib 0.1.0 written to /workspace/builds/worker-1-tc1/source/Cargo.toml
[INFO] validating manifest of crates.io crate rust_dylib 0.1.0 on toolchain 1.99.0-beta.8
[INFO] running `Command { std: CARGO_HOME="/workspace/cargo-home" RUSTUP_HOME="/workspace/rustup-home" "/workspace/cargo-home/bin/cargo" "+1.99.0-beta.8" "metadata" "--manifest-path" "Cargo.toml" "--no-deps", kill_on_drop: false }`
[INFO] crate crates.io crate rust_dylib 0.1.0 already has a lockfile, it will not be regenerated
[INFO] running `Command { std: CARGO_HOME="/workspace/cargo-home" RUSTUP_HOME="/workspace/rustup-home" "/workspace/cargo-home/bin/cargo" "+1.99.0-beta.8" "fetch" "--manifest-path" "Cargo.toml", kill_on_drop: false }`
[INFO] [stderr]     Blocking waiting for file lock on package cache
[INFO] running `Command { std: "docker" "create" "-v" "/var/lib/crater-agent-workspace/builds/worker-1-tc1/source:/opt/rustwide/workdir:ro,Z" "-v" "/var/lib/crater-agent-workspace/builds/worker-1-tc1/target:/opt/rustwide/target:rw,Z" "-v" "/var/lib/crater-agent-workspace/cargo-home:/opt/rustwide/cargo-home:ro,Z" "-v" "/var/lib/crater-agent-workspace/rustup-home:/opt/rustwide/rustup-home:ro,Z" "-m" "1610612736" "--network" "none" "ghcr.io/rust-lang/crates-build-env/linux@sha256:3111399a4047eeb3a02b7a90e478d715f38a8c6669b5c4b49d30a17385265909" "sleep" "infinity", kill_on_drop: false }`
[INFO] [stdout] 84eda0466697731e08959d3eab977fcf7cc28c810e95c91396b2957d18ba042f
[INFO] running `Command { std: "docker" "start" "84eda0466697731e08959d3eab977fcf7cc28c810e95c91396b2957d18ba042f", kill_on_drop: false }`
[INFO] running `Command { std: "docker" "inspect" "84eda0466697731e08959d3eab977fcf7cc28c810e95c91396b2957d18ba042f", kill_on_drop: false }`
[INFO] running `Command { std: "docker" "exec" "-e" "SOURCE_DIR=/opt/rustwide/workdir" "-e" "CARGO_HOME=/opt/rustwide/cargo-home" "-e" "RUSTUP_HOME=/opt/rustwide/rustup-home" "-e" "CARGO_TARGET_DIR=/opt/rustwide/target" "-w" "/opt/rustwide/workdir" "--user" "0:0" "84eda0466697731e08959d3eab977fcf7cc28c810e95c91396b2957d18ba042f" "/opt/rustwide/cargo-home/bin/cargo" "+1.99.0-beta.8" "metadata" "--no-deps" "--format-version=1", kill_on_drop: false }`
[INFO] running `Command { std: "docker" "inspect" "84eda0466697731e08959d3eab977fcf7cc28c810e95c91396b2957d18ba042f", kill_on_drop: false }`
[INFO] running `Command { std: "docker" "exec" "-e" "SOURCE_DIR=/opt/rustwide/workdir" "-e" "CARGO_HOME=/opt/rustwide/cargo-home" "-e" "RUSTUP_HOME=/opt/rustwide/rustup-home" "-e" "CARGO_TARGET_DIR=/opt/rustwide/target" "-e" "CARGO_INCREMENTAL=0" "-e" "RUST_BACKTRACE=full" "-e" "RUSTFLAGS=--cap-lints=warn" "-e" "RUSTDOCFLAGS=--cap-lints=warn" "-w" "/opt/rustwide/workdir" "--user" "0:0" "84eda0466697731e08959d3eab977fcf7cc28c810e95c91396b2957d18ba042f" "/opt/rustwide/cargo-home/bin/cargo" "+1.99.0-beta.8" "build" "--frozen" "--message-format=json", kill_on_drop: false }`
[INFO] [stderr]    Compiling cfg-if v1.0.4
[INFO] [stderr]    Compiling once_cell v1.21.4
[INFO] [stderr]    Compiling syn v2.0.117
[INFO] [stderr]    Compiling libloading v0.8.9
[INFO] [stderr]    Compiling rust_dylib v0.1.0 (/opt/rustwide/workdir)
[INFO] [stderr]     Finished `dev` profile [unoptimized + debuginfo] target(s) in 5.42s
[INFO] running `Command { std: "docker" "inspect" "84eda0466697731e08959d3eab977fcf7cc28c810e95c91396b2957d18ba042f", kill_on_drop: false }`
[INFO] running `Command { std: "docker" "exec" "-e" "SOURCE_DIR=/opt/rustwide/workdir" "-e" "CARGO_HOME=/opt/rustwide/cargo-home" "-e" "RUSTUP_HOME=/opt/rustwide/rustup-home" "-e" "CARGO_TARGET_DIR=/opt/rustwide/target" "-e" "CARGO_INCREMENTAL=0" "-e" "RUST_BACKTRACE=full" "-e" "RUSTFLAGS=--cap-lints=warn" "-e" "RUSTDOCFLAGS=--cap-lints=warn" "-w" "/opt/rustwide/workdir" "--user" "0:0" "84eda0466697731e08959d3eab977fcf7cc28c810e95c91396b2957d18ba042f" "/opt/rustwide/cargo-home/bin/cargo" "+1.99.0-beta.8" "test" "--frozen" "--no-run" "--message-format=json", kill_on_drop: false }`
[INFO] [stderr]    Compiling proc-macro2 v1.0.106
[INFO] [stderr]    Compiling quote v1.0.45
[INFO] [stderr]    Compiling syn v2.0.117
[INFO] [stderr]    Compiling rust_dylib v0.1.0 (/opt/rustwide/workdir)
[INFO] [stdout] error[E0432]: unresolved import `platform`
[INFO] [stdout]  --> tests/loadlibraryex_flags.rs:1:5
[INFO] [stdout]   |
[INFO] [stdout] 1 | use platform::*;
[INFO] [stdout]   |     ^^^^^^^^ use of unresolved module or unlinked crate `platform`
[INFO] [stdout]   |
[INFO] [stdout]   = help: if you wanted to use a crate named `platform`, use `cargo add platform` to add it to your `Cargo.toml`
[INFO] [stdout] 
[INFO] [stdout] 
[INFO] [stdout] error[E0433]: cannot find module or crate `windows_dll` in this scope
[INFO] [stdout]  --> tests/loadlibraryex_flags.rs:2:5
[INFO] [stdout]   |
[INFO] [stdout] 2 | use windows_dll::{dll, flags::*};
[INFO] [stdout]   |     ^^^^^^^^^^^ use of unresolved module or unlinked crate `windows_dll`
[INFO] [stdout]   |
[INFO] [stdout]   = help: if you wanted to use a crate named `windows_dll`, use `cargo add windows_dll` to add it to your `Cargo.toml`
[INFO] [stdout] 
[INFO] [stdout] 
[INFO] [stdout] error[E0432]: unresolved import `windows_dll`
[INFO] [stdout]  --> tests/loadlibraryex_flags.rs:2:5
[INFO] [stdout]   |
[INFO] [stdout] 2 | use windows_dll::{dll, flags::*};
[INFO] [stdout]   |     ^^^^^^^^^^^ use of unresolved module or unlinked crate `windows_dll`
[INFO] [stdout]   |
[INFO] [stdout]   = help: if you wanted to use a crate named `windows_dll`, use `cargo add windows_dll` to add it to your `Cargo.toml`
[INFO] [stdout] 
[INFO] [stdout] 
[INFO] [stdout] warning: unexpected `cfg` condition value: `winapi`
[INFO] [stdout]   --> tests/loadlibraryex_flags.rs:34:7
[INFO] [stdout]    |
[INFO] [stdout] 34 | #[cfg(feature = "winapi")]
[INFO] [stdout]    |       ^^^^^^^^^^^^^^^^^^ help: remove the condition
[INFO] [stdout]    |
[INFO] [stdout]    = note: no expected values for `feature`
[INFO] [stdout]    = help: consider adding `winapi` as a feature in `Cargo.toml`
[INFO] [stdout]    = note: see <https://doc.rust-lang.org/nightly/rustc/check-cfg/cargo-specifics.html> for more information about checking conditional configuration
[INFO] [stdout]    = note: `#[warn(unexpected_cfgs)]` on by default
[INFO] [stdout] 
[INFO] [stdout] 
[INFO] [stdout] warning: unexpected `cfg` condition value: `windows`
[INFO] [stdout]   --> tests/loadlibraryex_flags.rs:42:7
[INFO] [stdout]    |
[INFO] [stdout] 42 | #[cfg(feature = "windows")]
[INFO] [stdout]    |       ^^^^^^^^^^^^^^^^^^^ help: remove the condition
[INFO] [stdout]    |
[INFO] [stdout]    = note: no expected values for `feature`
[INFO] [stdout]    = help: consider adding `windows` as a feature in `Cargo.toml`
[INFO] [stdout]    = note: see <https://doc.rust-lang.org/nightly/rustc/check-cfg/cargo-specifics.html> for more information about checking conditional configuration
[INFO] [stdout] 
[INFO] [stdout] 
[INFO] [stdout] Some errors have detailed explanations: E0432, E0433.
[INFO] [stdout] 
[INFO] [stdout] For more information about an error, try `rustc --explain E0432`.
[INFO] [stdout] 
[INFO] [stdout] error[E0432]: unresolved import `platform`
[INFO] [stdout]  --> tests/link_ordinal.rs:1:5
[INFO] [stdout]   |
[INFO] [stdout] 1 | use platform::*;
[INFO] [stdout]   |     ^^^^^^^^ use of unresolved module or unlinked crate `platform`
[INFO] [stdout]   |
[INFO] [stdout]   = help: if you wanted to use a crate named `platform`, use `cargo add platform` to add it to your `Cargo.toml`
[INFO] [stdout] 
[INFO] [stdout] 
[INFO] [stdout] error[E0432]: unresolved import `windows_dll`
[INFO] [stdout]  --> tests/link_ordinal.rs:2:5
[INFO] [stdout]   |
[INFO] [stdout] 2 | use windows_dll::dll;
[INFO] [stdout]   |     ^^^^^^^^^^^ use of unresolved module or unlinked crate `windows_dll`
[INFO] [stdout]   |
[INFO] [stdout]   = help: if you wanted to use a crate named `windows_dll`, use `cargo add windows_dll` to add it to your `Cargo.toml`
[INFO] [stdout] 
[INFO] [stdout] 
[INFO] [stdout] warning: unexpected `cfg` condition value: `winapi`
[INFO] [stdout]   --> tests/link_ordinal.rs:22:7
[INFO] [stdout]    |
[INFO] [stdout] 22 | #[cfg(feature = "winapi")]
[INFO] [stdout]    |       ^^^^^^^^^^^^^^^^^^ help: remove the condition
[INFO] [stdout]    |
[INFO] [stdout]    = note: no expected values for `feature`
[INFO] [stdout]    = help: consider adding `winapi` as a feature in `Cargo.toml`
[INFO] [stdout]    = note: see <https://doc.rust-lang.org/nightly/rustc/check-cfg/cargo-specifics.html> for more information about checking conditional configuration
[INFO] [stdout]    = note: `#[warn(unexpected_cfgs)]` on by default
[INFO] [stdout] 
[INFO] [stdout] 
[INFO] [stdout] warning: unexpected `cfg` condition value: `windows`
[INFO] [stdout]   --> tests/link_ordinal.rs:27:7
[INFO] [stdout]    |
[INFO] [stdout] 27 | #[cfg(feature = "windows")]
[INFO] [stdout]    |       ^^^^^^^^^^^^^^^^^^^ help: remove the condition
[INFO] [stdout]    |
[INFO] [stdout]    = note: no expected values for `feature`
[INFO] [stdout]    = help: consider adding `windows` as a feature in `Cargo.toml`
[INFO] [stdout]    = note: see <https://doc.rust-lang.org/nightly/rustc/check-cfg/cargo-specifics.html> for more information about checking conditional configuration
[INFO] [stdout] 
[INFO] [stdout] 
[INFO] [stdout] error[E0539]: malformed `link_ordinal` attribute input
[INFO] [stdout]  --> tests/link_ordinal.rs:8:11
[INFO] [stdout]   |
[INFO] [stdout] 8 |         #[link_ordinal = 137]
[INFO] [stdout]   |           ^^^^^^^^^^^^^-----
[INFO] [stdout]   |                        |
[INFO] [stdout]   |                        expected this to be a list
[INFO] [stdout]   |
[INFO] [stdout]   = note: for more information, visit <https://doc.rust-lang.org/reference/items/external-blocks.html#the-link_ordinal-attribute>
[INFO] [stdout] help: must be of the form
[INFO] [stdout]   |
[INFO] [stdout] 8 -         #[link_ordinal = 137]
[INFO] [stdout] 8 +         #[link_ordinal(ordinal)]
[INFO] [stdout]   |
[INFO] [stdout] 
[INFO] [stdout] 
[INFO] [stdout] error[E0539]: malformed `link_ordinal` attribute input
[INFO] [stdout]   --> tests/link_ordinal.rs:17:11
[INFO] [stdout]    |
[INFO] [stdout] 17 |         #[link_ordinal = 133]
[INFO] [stdout]    |           ^^^^^^^^^^^^^-----
[INFO] [stdout]    |                        |
[INFO] [stdout]    |                        expected this to be a list
[INFO] [stdout]    |
[INFO] [stdout]    = note: for more information, visit <https://doc.rust-lang.org/reference/items/external-blocks.html#the-link_ordinal-attribute>
[INFO] [stdout] help: must be of the form
[INFO] [stdout]    |
[INFO] [stdout] 17 -         #[link_ordinal = 133]
[INFO] [stdout] 17 +         #[link_ordinal(ordinal)]
[INFO] [stdout]    |
[INFO] [stdout] 
[INFO] [stdout] 
[INFO] [stdout] Some errors have detailed explanations: E0432, E0539.
[INFO] [stdout] 
[INFO] [stdout] For more information about an error, try `rustc --explain E0432`.
[INFO] [stdout] 
[INFO] [stderr] error: could not compile `rust_dylib` (test "link_ordinal") due to 4 previous errors; 2 warnings emitted
[INFO] [stderr] warning: build failed, waiting for other jobs to finish...
[INFO] [stderr] error: could not compile `rust_dylib` (test "loadlibraryex_flags") due to 3 previous errors; 2 warnings emitted
[INFO] [stdout] error[E0432]: unresolved import `platform`
[INFO] [stdout]  --> tests/error_size.rs:1:5
[INFO] [stdout]   |
[INFO] [stdout] 1 | use platform::*;
[INFO] [stdout]   |     ^^^^^^^^ use of unresolved module or unlinked crate `platform`
[INFO] [stdout]   |
[INFO] [stdout]   = help: if you wanted to use a crate named `platform`, use `cargo add platform` to add it to your `Cargo.toml`
[INFO] [stdout] 
[INFO] [stdout] 
[INFO] [stdout] error[E0432]: unresolved import `windows_dll`
[INFO] [stdout]  --> tests/error_size.rs:2:5
[INFO] [stdout]   |
[INFO] [stdout] 2 | use windows_dll::{dll, Error};
[INFO] [stdout]   |     ^^^^^^^^^^^ use of unresolved module or unlinked crate `windows_dll`
[INFO] [stdout]   |
[INFO] [stdout]   = help: if you wanted to use a crate named `windows_dll`, use `cargo add windows_dll` to add it to your `Cargo.toml`
[INFO] [stdout] 
[INFO] [stdout] 
[INFO] [stdout] error[E0432]: unresolved import `platform`
[INFO] [stdout]  --> tests/link_name.rs:1:5
[INFO] [stdout]   |
[INFO] [stdout] 1 | use platform::*;
[INFO] [stdout]   |     ^^^^^^^^ use of unresolved module or unlinked crate `platform`
[INFO] [stdout]   |
[INFO] [stdout]   = help: if you wanted to use a crate named `platform`, use `cargo add platform` to add it to your `Cargo.toml`
[INFO] [stdout] 
[INFO] [stdout] 
[INFO] [stdout] error[E0432]: unresolved import `windows_dll`
[INFO] [stdout]  --> tests/link_name.rs:2:5
[INFO] [stdout]   |
[INFO] [stdout] 2 | use windows_dll::dll;
[INFO] [stdout]   |     ^^^^^^^^^^^ use of unresolved module or unlinked crate `windows_dll`
[INFO] [stdout]   |
[INFO] [stdout]   = help: if you wanted to use a crate named `windows_dll`, use `cargo add windows_dll` to add it to your `Cargo.toml`
[INFO] [stdout] 
[INFO] [stdout] 
[INFO] [stdout] warning: unexpected `cfg` condition value: `winapi`
[INFO] [stdout]   --> tests/link_name.rs:27:7
[INFO] [stdout]    |
[INFO] [stdout] 27 | #[cfg(feature = "winapi")]
[INFO] [stdout]    |       ^^^^^^^^^^^^^^^^^^ help: remove the condition
[INFO] [stdout]    |
[INFO] [stdout]    = note: no expected values for `feature`
[INFO] [stdout]    = help: consider adding `winapi` as a feature in `Cargo.toml`
[INFO] [stdout]    = note: see <https://doc.rust-lang.org/nightly/rustc/check-cfg/cargo-specifics.html> for more information about checking conditional configuration
[INFO] [stdout]    = note: `#[warn(unexpected_cfgs)]` on by default
[INFO] [stdout] 
[INFO] [stdout] 
[INFO] [stdout] warning: unexpected `cfg` condition value: `windows`
[INFO] [stdout]   --> tests/link_name.rs:32:7
[INFO] [stdout]    |
[INFO] [stdout] 32 | #[cfg(feature = "windows")]
[INFO] [stdout]    |       ^^^^^^^^^^^^^^^^^^^ help: remove the condition
[INFO] [stdout]    |
[INFO] [stdout]    = note: no expected values for `feature`
[INFO] [stdout]    = help: consider adding `windows` as a feature in `Cargo.toml`
[INFO] [stdout]    = note: see <https://doc.rust-lang.org/nightly/rustc/check-cfg/cargo-specifics.html> for more information about checking conditional configuration
[INFO] [stdout] 
[INFO] [stdout] 
[INFO] [stdout] error[E0432]: unresolved import `minifb`
[INFO] [stdout]  --> examples/dark_mode.rs:2:5
[INFO] [stdout]   |
[INFO] [stdout] 2 | use minifb::{Key, Window, WindowOptions};
[INFO] [stdout]   |     ^^^^^^ use of unresolved module or unlinked crate `minifb`
[INFO] [stdout]   |
[INFO] [stdout]   = help: if you wanted to use a crate named `minifb`, use `cargo add minifb` to add it to your `Cargo.toml`
[INFO] [stdout] 
[INFO] [stdout] 
[INFO] [stdout] error[E0432]: unresolved import `windows_dll`
[INFO] [stdout]  --> examples/dark_mode.rs:4:5
[INFO] [stdout]   |
[INFO] [stdout] 4 | use windows_dll::dll;
[INFO] [stdout]   |     ^^^^^^^^^^^ use of unresolved module or unlinked crate `windows_dll`
[INFO] [stdout]   |
[INFO] [stdout]   = help: if you wanted to use a crate named `windows_dll`, use `cargo add windows_dll` to add it to your `Cargo.toml`
[INFO] [stdout] 
[INFO] [stdout] 
[INFO] [stdout] error[E0432]: unresolved import `platform`
[INFO] [stdout]   --> examples/dark_mode.rs:36:5
[INFO] [stdout]    |
[INFO] [stdout] 36 | use platform::dark_dwm_decorations;
[INFO] [stdout]    |     ^^^^^^^^ use of unresolved module or unlinked crate `platform`
[INFO] [stdout]    |
[INFO] [stdout]    = help: if you wanted to use a crate named `platform`, use `cargo add platform` to add it to your `Cargo.toml`
[INFO] [stdout] 
[INFO] [stdout] 
[INFO] [stdout] warning: unexpected `cfg` condition value: `winapi`
[INFO] [stdout]   --> examples/dark_mode.rs:38:7
[INFO] [stdout]    |
[INFO] [stdout] 38 | #[cfg(feature = "winapi")]
[INFO] [stdout]    |       ^^^^^^^^^^^^^^^^^^ help: remove the condition
[INFO] [stdout]    |
[INFO] [stdout]    = note: no expected values for `feature`
[INFO] [stdout]    = help: consider adding `winapi` as a feature in `Cargo.toml`
[INFO] [stdout]    = note: see <https://doc.rust-lang.org/nightly/rustc/check-cfg/cargo-specifics.html> for more information about checking conditional configuration
[INFO] [stdout]    = note: `#[warn(unexpected_cfgs)]` on by default
[INFO] [stdout] 
[INFO] [stdout] 
[INFO] [stdout] warning: unexpected `cfg` condition value: `windows`
[INFO] [stdout]    --> examples/dark_mode.rs:138:7
[INFO] [stdout]     |
[INFO] [stdout] 138 | #[cfg(feature = "windows")]
[INFO] [stdout]     |       ^^^^^^^^^^^^^^^^^^^ help: remove the condition
[INFO] [stdout]     |
[INFO] [stdout]     = note: no expected values for `feature`
[INFO] [stdout]     = help: consider adding `windows` as a feature in `Cargo.toml`
[INFO] [stdout]     = note: see <https://doc.rust-lang.org/nightly/rustc/check-cfg/cargo-specifics.html> for more information about checking conditional configuration
[INFO] [stdout] 
[INFO] [stdout] 
[INFO] [stdout] warning: unused imports: `ffi::c_void` and `mem`
[INFO] [stdout]  --> examples/dark_mode.rs:1:12
[INFO] [stdout]   |
[INFO] [stdout] 1 | use core::{ffi::c_void, mem};
[INFO] [stdout]   |            ^^^^^^^^^^^  ^^^
[INFO] [stdout]   |
[INFO] [stdout]   = note: `#[warn(unused_imports)]` (part of `#[warn(unused)]`) on by default
[INFO] [stdout] 
[INFO] [stdout] 
[INFO] [stdout] warning: unused import: `once_cell::sync::Lazy`
[INFO] [stdout]  --> examples/dark_mode.rs:3:5
[INFO] [stdout]   |
[INFO] [stdout] 3 | use once_cell::sync::Lazy;
[INFO] [stdout]   |     ^^^^^^^^^^^^^^^^^^^^^
[INFO] [stdout] 
[INFO] [stdout] 
[INFO] [stdout] For more information about this error, try `rustc --explain E0432`.
[INFO] [stdout] 
[INFO] [stderr] error: could not compile `rust_dylib` (example "dark_mode") due to 3 previous errors; 4 warnings emitted
[INFO] [stdout] For more information about this error, try `rustc --explain E0432`.
[INFO] [stdout] 
[INFO] [stderr] error: could not compile `rust_dylib` (test "link_name") due to 2 previous errors; 2 warnings emitted
[INFO] [stdout] error[E0432]: unresolved import `platform`
[INFO] [stdout]  --> tests/fallible.rs:1:5
[INFO] [stdout]   |
[INFO] [stdout] 1 | use platform::*;
[INFO] [stdout]   |     ^^^^^^^^ use of unresolved module or unlinked crate `platform`
[INFO] [stdout]   |
[INFO] [stdout]   = help: if you wanted to use a crate named `platform`, use `cargo add platform` to add it to your `Cargo.toml`
[INFO] [stdout] 
[INFO] [stdout] 
[INFO] [stdout] error[E0432]: unresolved import `windows_dll`
[INFO] [stdout]  --> tests/fallible.rs:2:5
[INFO] [stdout]   |
[INFO] [stdout] 2 | use windows_dll::dll;
[INFO] [stdout]   |     ^^^^^^^^^^^ use of unresolved module or unlinked crate `windows_dll`
[INFO] [stdout]   |
[INFO] [stdout]   = help: if you wanted to use a crate named `windows_dll`, use `cargo add windows_dll` to add it to your `Cargo.toml`
[INFO] [stdout] 
[INFO] [stdout] 
[INFO] [stdout] error[E0432]: unresolved import `platform`
[INFO] [stdout]  --> tests/fn_name.rs:1:5
[INFO] [stdout]   |
[INFO] [stdout] 1 | use platform::*;
[INFO] [stdout]   |     ^^^^^^^^ use of unresolved module or unlinked crate `platform`
[INFO] [stdout]   |
[INFO] [stdout]   = help: if you wanted to use a crate named `platform`, use `cargo add platform` to add it to your `Cargo.toml`
[INFO] [stdout] 
[INFO] [stdout] 
[INFO] [stdout] error[E0432]: unresolved import `windows_dll`
[INFO] [stdout]  --> tests/fn_name.rs:2:5
[INFO] [stdout]   |
[INFO] [stdout] 2 | use windows_dll::dll;
[INFO] [stdout]   |     ^^^^^^^^^^^ use of unresolved module or unlinked crate `windows_dll`
[INFO] [stdout]   |
[INFO] [stdout]   = help: if you wanted to use a crate named `windows_dll`, use `cargo add windows_dll` to add it to your `Cargo.toml`
[INFO] [stdout] 
[INFO] [stdout] 
[INFO] [stdout] warning: unexpected `cfg` condition value: `winapi`
[INFO] [stdout]   --> tests/fn_name.rs:27:7
[INFO] [stdout]    |
[INFO] [stdout] 27 | #[cfg(feature = "winapi")]
[INFO] [stdout]    |       ^^^^^^^^^^^^^^^^^^ help: remove the condition
[INFO] [stdout]    |
[INFO] [stdout]    = note: no expected values for `feature`
[INFO] [stdout]    = help: consider adding `winapi` as a feature in `Cargo.toml`
[INFO] [stdout]    = note: see <https://doc.rust-lang.org/nightly/rustc/check-cfg/cargo-specifics.html> for more information about checking conditional configuration
[INFO] [stdout]    = note: `#[warn(unexpected_cfgs)]` on by default
[INFO] [stdout] 
[INFO] [stdout] 
[INFO] [stdout] warning: unexpected `cfg` condition value: `windows`
[INFO] [stdout]   --> tests/fn_name.rs:32:7
[INFO] [stdout]    |
[INFO] [stdout] 32 | #[cfg(feature = "windows")]
[INFO] [stdout]    |       ^^^^^^^^^^^^^^^^^^^ help: remove the condition
[INFO] [stdout]    |
[INFO] [stdout]    = note: no expected values for `feature`
[INFO] [stdout]    = help: consider adding `windows` as a feature in `Cargo.toml`
[INFO] [stdout]    = note: see <https://doc.rust-lang.org/nightly/rustc/check-cfg/cargo-specifics.html> for more information about checking conditional configuration
[INFO] [stdout] 
[INFO] [stdout] 
[INFO] [stdout] error: cannot find attribute `fallible` in this scope
[INFO] [stdout]  --> tests/error_size.rs:9:11
[INFO] [stdout]   |
[INFO] [stdout] 9 |         #[fallible]
[INFO] [stdout]   |           ^^^^^^^^
[INFO] [stdout] 
[INFO] [stdout] 
[INFO] [stdout] warning: unexpected `cfg` condition value: `winapi`
[INFO] [stdout]   --> tests/error_size.rs:33:7
[INFO] [stdout]    |
[INFO] [stdout] 33 | #[cfg(feature = "winapi")]
[INFO] [stdout]    |       ^^^^^^^^^^^^^^^^^^ help: remove the condition
[INFO] [stdout]    |
[INFO] [stdout]    = note: no expected values for `feature`
[INFO] [stdout]    = help: consider adding `winapi` as a feature in `Cargo.toml`
[INFO] [stdout]    = note: see <https://doc.rust-lang.org/nightly/rustc/check-cfg/cargo-specifics.html> for more information about checking conditional configuration
[INFO] [stdout]    = note: `#[warn(unexpected_cfgs)]` on by default
[INFO] [stdout] 
[INFO] [stdout] 
[INFO] [stdout] warning: unexpected `cfg` condition value: `windows`
[INFO] [stdout]   --> tests/error_size.rs:38:7
[INFO] [stdout]    |
[INFO] [stdout] 38 | #[cfg(feature = "windows")]
[INFO] [stdout]    |       ^^^^^^^^^^^^^^^^^^^ help: remove the condition
[INFO] [stdout]    |
[INFO] [stdout]    = note: no expected values for `feature`
[INFO] [stdout]    = help: consider adding `windows` as a feature in `Cargo.toml`
[INFO] [stdout]    = note: see <https://doc.rust-lang.org/nightly/rustc/check-cfg/cargo-specifics.html> for more information about checking conditional configuration
[INFO] [stdout] 
[INFO] [stdout] 
[INFO] [stdout] For more information about this error, try `rustc --explain E0432`.
[INFO] [stdout] 
[INFO] [stdout] error[E0432]: unresolved import `self::platform`
[INFO] [stdout]  --> tests/call.rs:4:11
[INFO] [stdout]   |
[INFO] [stdout] 4 | use self::platform::*;
[INFO] [stdout]   |           ^^^^^^^^ could not find `platform` in the crate root
[INFO] [stdout] 
[INFO] [stdout] 
[INFO] [stdout] error[E0432]: unresolved import `windows_dll`
[INFO] [stdout]  --> tests/call.rs:2:5
[INFO] [stdout]   |
[INFO] [stdout] 2 | use windows_dll::dll;
[INFO] [stdout]   |     ^^^^^^^^^^^ use of unresolved module or unlinked crate `windows_dll`
[INFO] [stdout]   |
[INFO] [stdout]   = help: if you wanted to use a crate named `windows_dll`, use `cargo add windows_dll` to add it to your `Cargo.toml`
[INFO] [stdout] 
[INFO] [stdout] 
[INFO] [stdout] error: cannot find attribute `fallible` in this scope
[INFO] [stdout]  --> tests/call.rs:9:7
[INFO] [stdout]   |
[INFO] [stdout] 9 |     #[fallible]
[INFO] [stdout]   |       ^^^^^^^^
[INFO] [stdout] 
[INFO] [stdout] 
[INFO] [stderr] error: could not compile `rust_dylib` (test "error_size") due to 3 previous errors; 2 warnings emitted
[INFO] [stdout] For more information about this error, try `rustc --explain E0432`.
[INFO] [stdout] 
[INFO] [stdout] warning: unexpected `cfg` condition value: `winapi`
[INFO] [stdout]   --> tests/call.rs:24:7
[INFO] [stdout]    |
[INFO] [stdout] 24 | #[cfg(feature = "winapi")]
[INFO] [stdout]    |       ^^^^^^^^^^^^^^^^^^ help: remove the condition
[INFO] [stdout]    |
[INFO] [stdout]    = note: no expected values for `feature`
[INFO] [stdout]    = help: consider adding `winapi` as a feature in `Cargo.toml`
[INFO] [stdout]    = note: see <https://doc.rust-lang.org/nightly/rustc/check-cfg/cargo-specifics.html> for more information about checking conditional configuration
[INFO] [stdout]    = note: `#[warn(unexpected_cfgs)]` on by default
[INFO] [stdout] 
[INFO] [stdout] 
[INFO] [stdout] warning: unexpected `cfg` condition value: `windows`
[INFO] [stdout]   --> tests/call.rs:57:7
[INFO] [stdout]    |
[INFO] [stdout] 57 | #[cfg(feature = "windows")]
[INFO] [stdout]    |       ^^^^^^^^^^^^^^^^^^^ help: remove the condition
[INFO] [stdout]    |
[INFO] [stdout]    = note: no expected values for `feature`
[INFO] [stdout]    = help: consider adding `windows` as a feature in `Cargo.toml`
[INFO] [stdout]    = note: see <https://doc.rust-lang.org/nightly/rustc/check-cfg/cargo-specifics.html> for more information about checking conditional configuration
[INFO] [stdout] 
[INFO] [stdout] 
[INFO] [stderr] error: could not compile `rust_dylib` (test "fn_name") due to 2 previous errors; 2 warnings emitted
[INFO] [stdout] warning: unused import: `std::error::Error`
[INFO] [stdout]  --> tests/call.rs:1:5
[INFO] [stdout]   |
[INFO] [stdout] 1 | use std::error::Error;
[INFO] [stdout]   |     ^^^^^^^^^^^^^^^^^
[INFO] [stdout]   |
[INFO] [stdout]   = note: `#[warn(unused_imports)]` (part of `#[warn(unused)]`) on by default
[INFO] [stdout] 
[INFO] [stdout] 
[INFO] [stdout] For more information about this error, try `rustc --explain E0432`.
[INFO] [stdout] 
[INFO] [stderr] error: could not compile `rust_dylib` (test "call") due to 3 previous errors; 3 warnings emitted
[INFO] [stdout] error: cannot find attribute `fallible` in this scope
[INFO] [stdout]  --> tests/fallible.rs:9:11
[INFO] [stdout]   |
[INFO] [stdout] 9 |         #[fallible]
[INFO] [stdout]   |           ^^^^^^^^
[INFO] [stdout] 
[INFO] [stdout] 
[INFO] [stdout] warning: unexpected `cfg` condition value: `winapi`
[INFO] [stdout]   --> tests/fallible.rs:28:7
[INFO] [stdout]    |
[INFO] [stdout] 28 | #[cfg(feature = "winapi")]
[INFO] [stdout]    |       ^^^^^^^^^^^^^^^^^^ help: remove the condition
[INFO] [stdout]    |
[INFO] [stdout]    = note: no expected values for `feature`
[INFO] [stdout]    = help: consider adding `winapi` as a feature in `Cargo.toml`
[INFO] [stdout]    = note: see <https://doc.rust-lang.org/nightly/rustc/check-cfg/cargo-specifics.html> for more information about checking conditional configuration
[INFO] [stdout]    = note: `#[warn(unexpected_cfgs)]` on by default
[INFO] [stdout] 
[INFO] [stdout] 
[INFO] [stdout] warning: unexpected `cfg` condition value: `windows`
[INFO] [stdout]   --> tests/fallible.rs:33:7
[INFO] [stdout]    |
[INFO] [stdout] 33 | #[cfg(feature = "windows")]
[INFO] [stdout]    |       ^^^^^^^^^^^^^^^^^^^ help: remove the condition
[INFO] [stdout]    |
[INFO] [stdout]    = note: no expected values for `feature`
[INFO] [stdout]    = help: consider adding `windows` as a feature in `Cargo.toml`
[INFO] [stdout]    = note: see <https://doc.rust-lang.org/nightly/rustc/check-cfg/cargo-specifics.html> for more information about checking conditional configuration
[INFO] [stdout] 
[INFO] [stdout] 
[INFO] [stdout] For more information about this error, try `rustc --explain E0432`.
[INFO] [stdout] 
[INFO] [stderr] error: could not compile `rust_dylib` (test "fallible") due to 3 previous errors; 2 warnings emitted
[INFO] running `Command { std: "docker" "inspect" "84eda0466697731e08959d3eab977fcf7cc28c810e95c91396b2957d18ba042f", kill_on_drop: false }`
[INFO] running `Command { std: "docker" "rm" "-f" "84eda0466697731e08959d3eab977fcf7cc28c810e95c91396b2957d18ba042f", kill_on_drop: false }`
[INFO] [stdout] 84eda0466697731e08959d3eab977fcf7cc28c810e95c91396b2957d18ba042f
