[INFO] fetching crate rust-mc-status 3.0.0...
[INFO] testing rust-mc-status-3.0.0 against 1.99.0-beta.8 for beta-1.100-2
[INFO] extracting crate rust-mc-status 3.0.0 into /workspace/builds/worker-4-tc1/source
[INFO] started tweaking crates.io crate rust-mc-status 3.0.0
[INFO] removed 0 missing examples
[INFO] removed 0 missing tests
[INFO] finished tweaking crates.io crate rust-mc-status 3.0.0
[INFO] tweaked toml for crates.io crate rust-mc-status 3.0.0 written to /workspace/builds/worker-4-tc1/source/Cargo.toml
[INFO] validating manifest of crates.io crate rust-mc-status 3.0.0 on toolchain 1.99.0-beta.8
[INFO] running `Command { std: CARGO_HOME="/workspace/cargo-home" RUSTUP_HOME="/workspace/rustup-home" "/workspace/cargo-home/bin/cargo" "+1.99.0-beta.8" "metadata" "--manifest-path" "Cargo.toml" "--no-deps", kill_on_drop: false }`
[INFO] crate crates.io crate rust-mc-status 3.0.0 already has a lockfile, it will not be regenerated
[INFO] running `Command { std: CARGO_HOME="/workspace/cargo-home" RUSTUP_HOME="/workspace/rustup-home" "/workspace/cargo-home/bin/cargo" "+1.99.0-beta.8" "fetch" "--manifest-path" "Cargo.toml", kill_on_drop: false }`
[INFO] [stderr]     Updating crates.io index
[INFO] [stderr]  Downloading crates ...
[INFO] [stderr]   Downloaded icu_properties v2.1.1
[INFO] [stderr]   Downloaded http-range-header v0.4.2
[INFO] [stderr]   Downloaded lru v0.18.0
[INFO] [stderr]   Downloaded ipconfig v0.3.2
[INFO] [stderr]   Downloaded data-encoding v2.9.0
[INFO] [stderr]   Downloaded tokio-socks v0.5.2
[INFO] [stderr]   Downloaded resolv-conf v0.7.5
[INFO] [stderr]   Downloaded icu_properties_data v2.1.1
[INFO] [stderr]   Downloaded prefix-trie v0.8.2
[INFO] [stderr]   Downloaded hickory-net v0.26.0
[INFO] [stderr]   Downloaded hickory-resolver v0.26.0
[INFO] [stderr]   Downloaded tower-http v0.7.0
[INFO] [stderr]   Downloaded hickory-proto v0.26.0
[INFO] [stderr]   Downloaded libc v0.2.185
[INFO] running `Command { std: "docker" "create" "-v" "/var/lib/crater-agent-workspace/builds/worker-4-tc1/source:/opt/rustwide/workdir:ro,Z" "-v" "/var/lib/crater-agent-workspace/builds/worker-4-tc1/target:/opt/rustwide/target:rw,Z" "-v" "/var/lib/crater-agent-workspace/cargo-home:/opt/rustwide/cargo-home:ro,Z" "-v" "/var/lib/crater-agent-workspace/rustup-home:/opt/rustwide/rustup-home:ro,Z" "-m" "1610612736" "--network" "none" "ghcr.io/rust-lang/crates-build-env/linux@sha256:3111399a4047eeb3a02b7a90e478d715f38a8c6669b5c4b49d30a17385265909" "sleep" "infinity", kill_on_drop: false }`
[INFO] [stdout] df01ff1ede634d9c39564d13bdbbd92618d678a13a313d90c73c6a667814bc23
[INFO] running `Command { std: "docker" "start" "df01ff1ede634d9c39564d13bdbbd92618d678a13a313d90c73c6a667814bc23", kill_on_drop: false }`
[INFO] running `Command { std: "docker" "inspect" "df01ff1ede634d9c39564d13bdbbd92618d678a13a313d90c73c6a667814bc23", kill_on_drop: false }`
[INFO] running `Command { std: "docker" "exec" "-e" "SOURCE_DIR=/opt/rustwide/workdir" "-e" "CARGO_HOME=/opt/rustwide/cargo-home" "-e" "RUSTUP_HOME=/opt/rustwide/rustup-home" "-e" "CARGO_TARGET_DIR=/opt/rustwide/target" "-w" "/opt/rustwide/workdir" "--user" "0:0" "df01ff1ede634d9c39564d13bdbbd92618d678a13a313d90c73c6a667814bc23" "/opt/rustwide/cargo-home/bin/cargo" "+1.99.0-beta.8" "metadata" "--no-deps" "--format-version=1", kill_on_drop: false }`
[INFO] running `Command { std: "docker" "inspect" "df01ff1ede634d9c39564d13bdbbd92618d678a13a313d90c73c6a667814bc23", kill_on_drop: false }`
[INFO] running `Command { std: "docker" "exec" "-e" "SOURCE_DIR=/opt/rustwide/workdir" "-e" "CARGO_HOME=/opt/rustwide/cargo-home" "-e" "RUSTUP_HOME=/opt/rustwide/rustup-home" "-e" "CARGO_TARGET_DIR=/opt/rustwide/target" "-e" "CARGO_INCREMENTAL=0" "-e" "RUST_BACKTRACE=full" "-e" "RUSTFLAGS=--cap-lints=warn" "-e" "RUSTDOCFLAGS=--cap-lints=warn" "-w" "/opt/rustwide/workdir" "--user" "0:0" "df01ff1ede634d9c39564d13bdbbd92618d678a13a313d90c73c6a667814bc23" "/opt/rustwide/cargo-home/bin/cargo" "+1.99.0-beta.8" "build" "--frozen" "--message-format=json", kill_on_drop: false }`
[INFO] [stderr]    Compiling libc v0.2.185
[INFO] [stderr]    Compiling icu_properties_data v2.1.1
[INFO] [stderr]    Compiling getrandom v0.4.2
[INFO] [stderr]    Compiling critical-section v1.2.0
[INFO] [stderr]    Compiling proc-macro2 v1.0.101
[INFO] [stderr]    Compiling lock_api v0.4.13
[INFO] [stderr]    Compiling parking_lot_core v0.9.11
[INFO] [stderr]    Compiling form_urlencoded v1.2.2
[INFO] [stderr]    Compiling chacha20 v0.10.0
[INFO] [stderr]    Compiling tinyvec_macros v0.1.1
[INFO] [stderr]    Compiling slab v0.4.11
[INFO] [stderr]    Compiling data-encoding v2.9.0
[INFO] [stderr]    Compiling futures-channel v0.3.32
[INFO] [stderr]    Compiling serde_json v1.0.149
[INFO] [stderr]    Compiling hashbrown v0.17.0
[INFO] [stderr]    Compiling memchr v2.7.5
[INFO] [stderr]    Compiling tinyvec v1.10.0
[INFO] [stderr]    Compiling once_cell v1.21.4
[INFO] [stderr]    Compiling resolv-conf v0.7.5
[INFO] [stderr]    Compiling tracing-core v0.1.34
[INFO] [stderr]    Compiling quote v1.0.40
[INFO] [stderr]    Compiling tracing v0.1.41
[INFO] [stderr]    Compiling syn v2.0.106
[INFO] [stderr]    Compiling socket2 v0.6.3
[INFO] [stderr]    Compiling mio v1.2.0
[INFO] [stderr]    Compiling lru v0.18.0
[INFO] [stderr]    Compiling rand v0.10.1
[INFO] [stderr]    Compiling uuid v1.23.1
[INFO] [stderr]    Compiling synstructure v0.13.2
[INFO] [stderr]    Compiling zerofrom-derive v0.1.6
[INFO] [stderr]    Compiling yoke-derive v0.8.1
[INFO] [stderr]    Compiling serde_derive v1.0.228
[INFO] [stderr]    Compiling zerovec-derive v0.11.2
[INFO] [stderr]    Compiling displaydoc v0.2.5
[INFO] [stderr]    Compiling thiserror-impl v2.0.18
[INFO] [stderr]    Compiling futures-macro v0.3.32
[INFO] [stderr]    Compiling tokio-macros v2.7.0
[INFO] [stderr]    Compiling async-trait v0.1.89
[INFO] [stderr]    Compiling tokio v1.52.1
[INFO] [stderr]    Compiling futures-util v0.3.32
[INFO] [stderr]    Compiling zerofrom v0.1.6
[INFO] [stderr]    Compiling thiserror v2.0.18
[INFO] [stderr]    Compiling yoke v0.8.1
[INFO] [stderr]    Compiling zerovec v0.11.5
[INFO] [stderr]    Compiling zerotrie v0.2.3
[INFO] [stderr]    Compiling tinystr v0.8.2
[INFO] [stderr]    Compiling potential_utf v0.1.4
[INFO] [stderr]    Compiling icu_collections v2.1.1
[INFO] [stderr]    Compiling icu_locale_core v2.1.1
[INFO] [stderr]    Compiling serde v1.0.228
[INFO] [stderr]    Compiling icu_provider v2.1.1
[INFO] [stderr]    Compiling icu_properties v2.1.1
[INFO] [stderr]    Compiling smallvec v1.15.1
[INFO] [stderr]    Compiling ipnet v2.11.0
[INFO] [stderr]    Compiling icu_normalizer v2.1.1
[INFO] [stderr]    Compiling prefix-trie v0.8.2
[INFO] [stderr]    Compiling parking_lot v0.12.4
[INFO] [stderr]    Compiling moka v0.12.15
[INFO] [stderr]    Compiling idna_adapter v1.2.1
[INFO] [stderr]    Compiling idna v1.1.0
[INFO] [stderr]    Compiling url v2.5.7
[INFO] [stderr]    Compiling hickory-proto v0.26.0
[INFO] [stderr]    Compiling hickory-net v0.26.0
[INFO] [stderr]    Compiling hickory-resolver v0.26.0
[INFO] [stderr]    Compiling rust-mc-status v3.0.0 (/opt/rustwide/workdir)
[INFO] [stderr]     Finished `dev` profile [unoptimized + debuginfo] target(s) in 38.44s
[INFO] running `Command { std: "docker" "inspect" "df01ff1ede634d9c39564d13bdbbd92618d678a13a313d90c73c6a667814bc23", kill_on_drop: false }`
[INFO] running `Command { std: "docker" "exec" "-e" "SOURCE_DIR=/opt/rustwide/workdir" "-e" "CARGO_HOME=/opt/rustwide/cargo-home" "-e" "RUSTUP_HOME=/opt/rustwide/rustup-home" "-e" "CARGO_TARGET_DIR=/opt/rustwide/target" "-e" "CARGO_INCREMENTAL=0" "-e" "RUST_BACKTRACE=full" "-e" "RUSTFLAGS=--cap-lints=warn" "-e" "RUSTDOCFLAGS=--cap-lints=warn" "-w" "/opt/rustwide/workdir" "--user" "0:0" "df01ff1ede634d9c39564d13bdbbd92618d678a13a313d90c73c6a667814bc23" "/opt/rustwide/cargo-home/bin/cargo" "+1.99.0-beta.8" "test" "--frozen" "--no-run" "--message-format=json", kill_on_drop: false }`
[INFO] [stderr]    Compiling tracing-attributes v0.1.31
[INFO] [stderr]    Compiling tracing-core v0.1.34
[INFO] [stderr]    Compiling thread_local v1.1.9
[INFO] [stderr]    Compiling tracing-log v0.2.0
[INFO] [stderr]    Compiling tracing-subscriber v0.3.20
[INFO] [stderr]    Compiling tracing v0.1.41
[INFO] [stderr]    Compiling hickory-proto v0.26.0
[INFO] [stderr]    Compiling hickory-net v0.26.0
[INFO] [stderr]    Compiling hickory-resolver v0.26.0
[INFO] [stderr]    Compiling rust-mc-status v3.0.0 (/opt/rustwide/workdir)
[INFO] [stdout] error[E0433]: cannot find module or crate `tower` in this scope
[INFO] [stdout]   --> examples/tower_usage.rs:20:5
[INFO] [stdout]    |
[INFO] [stdout] 20 | use tower::load_shed::LoadShedLayer;
[INFO] [stdout]    |     ^^^^^ use of unresolved module or unlinked crate `tower`
[INFO] [stdout]    |
[INFO] [stdout]    = help: if you wanted to use a crate named `tower`, use `cargo add tower` to add it to your `Cargo.toml`
[INFO] [stdout] 
[INFO] [stdout] 
[INFO] [stdout] error[E0432]: unresolved imports `rust_mc_status::McRetryPolicy`, `rust_mc_status::PingRequestTower`, `rust_mc_status::PingResponseTower`
[INFO] [stdout]    --> examples/tower_usage.rs:22:41
[INFO] [stdout]     |
[INFO] [stdout]  22 | use rust_mc_status::{McClient, McError, McRetryPolicy, PingRequestTower, PingResponseTower};
[INFO] [stdout]     |                                         ^^^^^^^^^^^^^  ^^^^^^^^^^^^^^^^  ^^^^^^^^^^^^^^^^^ no `PingResponseTower` in the root
[INFO] [stdout]     |                                         |              |
[INFO] [stdout]     |                                         |              no `PingRequestTower` in the root
[INFO] [stdout]     |                                         no `McRetryPolicy` in the root
[INFO] [stdout]     |
[INFO] [stdout] note: found an item that was configured out
[INFO] [stdout]    --> src/lib.rs:146:30
[INFO] [stdout]     |
[INFO] [stdout] 144 | #[cfg(feature = "tower")]
[INFO] [stdout]     |       ----------------- the item is gated behind the `tower` feature
[INFO] [stdout] 145 | #[cfg_attr(docsrs, doc(cfg(feature = "tower")))]
[INFO] [stdout] 146 | pub use service::{McService, McRetryPolicy, PingRequestTower, PingResponseTower};
[INFO] [stdout]     |                              ^^^^^^^^^^^^^
[INFO] [stdout] note: found an item that was configured out
[INFO] [stdout]    --> src/lib.rs:146:45
[INFO] [stdout]     |
[INFO] [stdout] 144 | #[cfg(feature = "tower")]
[INFO] [stdout]     |       ----------------- the item is gated behind the `tower` feature
[INFO] [stdout] 145 | #[cfg_attr(docsrs, doc(cfg(feature = "tower")))]
[INFO] [stdout] 146 | pub use service::{McService, McRetryPolicy, PingRequestTower, PingResponseTower};
[INFO] [stdout]     |                                             ^^^^^^^^^^^^^^^^
[INFO] [stdout] note: found an item that was configured out
[INFO] [stdout]    --> src/lib.rs:146:63
[INFO] [stdout]     |
[INFO] [stdout] 144 | #[cfg(feature = "tower")]
[INFO] [stdout]     |       ----------------- the item is gated behind the `tower` feature
[INFO] [stdout] 145 | #[cfg_attr(docsrs, doc(cfg(feature = "tower")))]
[INFO] [stdout] 146 | pub use service::{McService, McRetryPolicy, PingRequestTower, PingResponseTower};
[INFO] [stdout]     |                                                               ^^^^^^^^^^^^^^^^^
[INFO] [stdout] 
[INFO] [stdout] 
[INFO] [stdout] error[E0432]: unresolved import `tower`
[INFO] [stdout]   --> examples/tower_usage.rs:21:5
[INFO] [stdout]    |
[INFO] [stdout] 21 | use tower::{Layer, Service, ServiceBuilder, ServiceExt};
[INFO] [stdout]    |     ^^^^^ use of unresolved module or unlinked crate `tower`
[INFO] [stdout]    |
[INFO] [stdout]    = help: if you wanted to use a crate named `tower`, use `cargo add tower` to add it to your `Cargo.toml`
[INFO] [stdout] 
[INFO] [stdout] 
[INFO] [stdout] error[E0432]: unresolved import `rust_mc_status::error::ProxyError`
[INFO] [stdout]    --> examples/proxy_usage.rs:20:5
[INFO] [stdout]     |
[INFO] [stdout]  20 | use rust_mc_status::error::ProxyError;
[INFO] [stdout]     |     ^^^^^^^^^^^^^^^^^^^^^^^----------
[INFO] [stdout]     |                            |
[INFO] [stdout]     |                            no `ProxyError` in `error`
[INFO] [stdout]     |
[INFO] [stdout] note: found an item that was configured out
[INFO] [stdout]    --> src/error.rs:187:10
[INFO] [stdout]     |
[INFO] [stdout] 185 | #[cfg(feature = "proxy")]
[INFO] [stdout]     |       ----------------- the item is gated behind the `proxy` feature
[INFO] [stdout] 186 | #[derive(Error, Debug)]
[INFO] [stdout] 187 | pub enum ProxyError {
[INFO] [stdout]     |          ^^^^^^^^^^
[INFO] [stdout] 
[INFO] [stdout] 
[INFO] [stdout] error[E0223]: ambiguous associated type
[INFO] [stdout]   --> examples/tower_usage.rs:45:34
[INFO] [stdout]    |
[INFO] [stdout] 45 |     fn layer(&self, inner: S) -> Self::Service {
[INFO] [stdout]    |                                  ^^^^^^^^^^^^^
[INFO] [stdout]    |
[INFO] [stdout] help: if there were a trait named `Example` with associated type `Service` implemented for `LogLayer`, you could use the fully-qualified path
[INFO] [stdout]    |
[INFO] [stdout] 45 -     fn layer(&self, inner: S) -> Self::Service {
[INFO] [stdout] 45 +     fn layer(&self, inner: S) -> <LogLayer as Example>::Service {
[INFO] [stdout]    |
[INFO] [stdout] 
[INFO] [stdout] 
[INFO] [stdout] error[E0223]: ambiguous associated type
[INFO] [stdout]   --> examples/tower_usage.rs:69:50
[INFO] [stdout]    |
[INFO] [stdout] 69 |     fn call(&mut self, req: PingRequestTower) -> Self::Future {
[INFO] [stdout]    |                                                  ^^^^^^^^^^^^
[INFO] [stdout]    |
[INFO] [stdout] help: if there were a trait named `Example` with associated type `Future` implemented for `LogService<S>`, you could use the fully-qualified path
[INFO] [stdout]    |
[INFO] [stdout] 69 -     fn call(&mut self, req: PingRequestTower) -> Self::Future {
[INFO] [stdout] 69 +     fn call(&mut self, req: PingRequestTower) -> <LogService<S> as Example>::Future {
[INFO] [stdout]    |
[INFO] [stdout] 
[INFO] [stdout] 
[INFO] [stdout] error[E0223]: ambiguous associated type
[INFO] [stdout]    --> examples/tower_usage.rs:131:34
[INFO] [stdout]     |
[INFO] [stdout] 131 |     fn layer(&self, inner: S) -> Self::Service {
[INFO] [stdout]     |                                  ^^^^^^^^^^^^^
[INFO] [stdout]     |
[INFO] [stdout] help: if there were a trait named `Example` with associated type `Service` implemented for `MetricsLayer`, you could use the fully-qualified path
[INFO] [stdout]     |
[INFO] [stdout] 131 -     fn layer(&self, inner: S) -> Self::Service {
[INFO] [stdout] 131 +     fn layer(&self, inner: S) -> <MetricsLayer as Example>::Service {
[INFO] [stdout]     |
[INFO] [stdout] 
[INFO] [stdout] 
[INFO] [stdout] error[E0223]: ambiguous associated type
[INFO] [stdout]    --> examples/tower_usage.rs:155:50
[INFO] [stdout]     |
[INFO] [stdout] 155 |     fn call(&mut self, req: PingRequestTower) -> Self::Future {
[INFO] [stdout]     |                                                  ^^^^^^^^^^^^
[INFO] [stdout]     |
[INFO] [stdout] help: if there were a trait named `Example` with associated type `Future` implemented for `MetricsService<S>`, you could use the fully-qualified path
[INFO] [stdout]     |
[INFO] [stdout] 155 -     fn call(&mut self, req: PingRequestTower) -> Self::Future {
[INFO] [stdout] 155 +     fn call(&mut self, req: PingRequestTower) -> <MetricsService<S> as Example>::Future {
[INFO] [stdout]     |
[INFO] [stdout] 
[INFO] [stdout] 
[INFO] [stdout] error[E0223]: ambiguous associated type
[INFO] [stdout]    --> examples/tower_usage.rs:193:34
[INFO] [stdout]     |
[INFO] [stdout] 193 |     fn layer(&self, inner: S) -> Self::Service {
[INFO] [stdout]     |                                  ^^^^^^^^^^^^^
[INFO] [stdout]     |
[INFO] [stdout] help: if there were a trait named `Example` with associated type `Service` implemented for `TracingLayer`, you could use the fully-qualified path
[INFO] [stdout]     |
[INFO] [stdout] 193 -     fn layer(&self, inner: S) -> Self::Service {
[INFO] [stdout] 193 +     fn layer(&self, inner: S) -> <TracingLayer as Example>::Service {
[INFO] [stdout]     |
[INFO] [stdout] 
[INFO] [stdout] 
[INFO] [stdout] error[E0223]: ambiguous associated type
[INFO] [stdout]    --> examples/tower_usage.rs:217:50
[INFO] [stdout]     |
[INFO] [stdout] 217 |     fn call(&mut self, req: PingRequestTower) -> Self::Future {
[INFO] [stdout]     |                                                  ^^^^^^^^^^^^
[INFO] [stdout]     |
[INFO] [stdout] help: if there were a trait named `Example` with associated type `Future` implemented for `TracingService<S>`, you could use the fully-qualified path
[INFO] [stdout]     |
[INFO] [stdout] 217 -     fn call(&mut self, req: PingRequestTower) -> Self::Future {
[INFO] [stdout] 217 +     fn call(&mut self, req: PingRequestTower) -> <TracingService<S> as Example>::Future {
[INFO] [stdout]     |
[INFO] [stdout] 
[INFO] [stdout] 
[INFO] [stdout] error[E0223]: ambiguous associated type
[INFO] [stdout]    --> examples/tower_usage.rs:254:34
[INFO] [stdout]     |
[INFO] [stdout] 254 |     fn layer(&self, inner: S) -> Self::Service {
[INFO] [stdout]     |                                  ^^^^^^^^^^^^^
[INFO] [stdout]     |
[INFO] [stdout] help: if there were a trait named `Example` with associated type `Service` implemented for `PollTimingLayer`, you could use the fully-qualified path
[INFO] [stdout]     |
[INFO] [stdout] 254 -     fn layer(&self, inner: S) -> Self::Service {
[INFO] [stdout] 254 +     fn layer(&self, inner: S) -> <PollTimingLayer as Example>::Service {
[INFO] [stdout]     |
[INFO] [stdout] 
[INFO] [stdout] 
[INFO] [stdout] error[E0223]: ambiguous associated type
[INFO] [stdout]    --> examples/tower_usage.rs:282:50
[INFO] [stdout]     |
[INFO] [stdout] 282 |     fn call(&mut self, req: PingRequestTower) -> Self::Future {
[INFO] [stdout]     |                                                  ^^^^^^^^^^^^
[INFO] [stdout]     |
[INFO] [stdout] help: if there were a trait named `Example` with associated type `Future` implemented for `PollTimingService<S>`, you could use the fully-qualified path
[INFO] [stdout]     |
[INFO] [stdout] 282 -     fn call(&mut self, req: PingRequestTower) -> Self::Future {
[INFO] [stdout] 282 +     fn call(&mut self, req: PingRequestTower) -> <PollTimingService<S> as Example>::Future {
[INFO] [stdout]     |
[INFO] [stdout] 
[INFO] [stdout] 
[INFO] [stdout] Some errors have detailed explanations: E0223, E0432, E0433.
[INFO] [stdout] 
[INFO] [stdout] For more information about an error, try `rustc --explain E0223`.
[INFO] [stdout] 
[INFO] [stderr] error: could not compile `rust-mc-status` (example "tower_usage") due to 11 previous errors
[INFO] [stderr] warning: build failed, waiting for other jobs to finish...
[INFO] [stdout] error[E0599]: no method named `proxy` found for struct `McClientBuilder` in the current scope
[INFO] [stdout]   --> examples/proxy_usage.rs:39:10
[INFO] [stdout]    |
[INFO] [stdout] 37 |       let client = McClient::builder()
[INFO] [stdout]    |  __________________-
[INFO] [stdout] 38 | |         .timeout(Duration::from_secs(10))
[INFO] [stdout] 39 | |         .proxy(ProxyConfig::socks5("127.0.0.1:1080"))
[INFO] [stdout]    | |         -^^^^^ method not found in `McClientBuilder`
[INFO] [stdout]    | |_________|
[INFO] [stdout]    |
[INFO] [stdout] 
[INFO] [stdout] 
[INFO] [stdout] error[E0599]: no method named `proxy` found for struct `McClientBuilder` in the current scope
[INFO] [stdout]   --> examples/proxy_usage.rs:57:10
[INFO] [stdout]    |
[INFO] [stdout] 55 |       let client = McClient::builder()
[INFO] [stdout]    |  __________________-
[INFO] [stdout] 56 | |         .timeout(Duration::from_secs(10))
[INFO] [stdout] 57 | |         .proxy(
[INFO] [stdout]    | |         -^^^^^ method not found in `McClientBuilder`
[INFO] [stdout]    | |_________|
[INFO] [stdout]    |
[INFO] [stdout] 
[INFO] [stdout] 
[INFO] [stdout] error[E0599]: no method named `proxy` found for struct `McClientBuilder` in the current scope
[INFO] [stdout]   --> examples/proxy_usage.rs:81:10
[INFO] [stdout]    |
[INFO] [stdout] 79 |       let client = McClient::builder()
[INFO] [stdout]    |  __________________-
[INFO] [stdout] 80 | |         .timeout(Duration::from_secs(10))
[INFO] [stdout] 81 | |         .proxy(ProxyConfig::http("squid.example.com:3128"))
[INFO] [stdout]    | |         -^^^^^ method not found in `McClientBuilder`
[INFO] [stdout]    | |_________|
[INFO] [stdout]    |
[INFO] [stdout] 
[INFO] [stdout] 
[INFO] [stdout] error[E0599]: no method named `proxy` found for struct `McClientBuilder` in the current scope
[INFO] [stdout]   --> examples/proxy_usage.rs:93:10
[INFO] [stdout]    |
[INFO] [stdout] 91 |       let client = McClient::builder()
[INFO] [stdout]    |  __________________-
[INFO] [stdout] 92 | |         .timeout(Duration::from_secs(10))
[INFO] [stdout] 93 | |         .proxy(
[INFO] [stdout]    | |         -^^^^^ method not found in `McClientBuilder`
[INFO] [stdout]    | |_________|
[INFO] [stdout]    |
[INFO] [stdout] 
[INFO] [stdout] 
[INFO] [stdout] error[E0599]: no method named `proxy` found for struct `McClientBuilder` in the current scope
[INFO] [stdout]    --> examples/proxy_usage.rs:119:10
[INFO] [stdout]     |
[INFO] [stdout] 117 |       let client = McClient::builder()
[INFO] [stdout]     |  __________________-
[INFO] [stdout] 118 | |         .timeout(Duration::from_secs(10))
[INFO] [stdout] 119 | |         .proxy(ProxyConfig::socks5("127.0.0.1:1080")) // no UDP support
[INFO] [stdout]     | |         -^^^^^ method not found in `McClientBuilder`
[INFO] [stdout]     | |_________|
[INFO] [stdout]     |
[INFO] [stdout] 
[INFO] [stdout] 
[INFO] [stdout] error[E0599]: no variant, associated function, or constant named `Proxy` found for enum `McError` in the current scope
[INFO] [stdout]    --> examples/proxy_usage.rs:124:22
[INFO] [stdout]     |
[INFO] [stdout] 124 |         Err(McError::Proxy(ProxyError::UdpUnsupported(addr))) => {
[INFO] [stdout]     |                      ^^^^^ variant, associated function, or constant not found in `McError`
[INFO] [stdout] 
[INFO] [stdout] 
[INFO] [stdout] error[E0599]: no method named `proxy` found for struct `McClientBuilder` in the current scope
[INFO] [stdout]    --> examples/proxy_usage.rs:134:10
[INFO] [stdout]     |
[INFO] [stdout] 132 |       let client = McClient::builder()
[INFO] [stdout]     |  __________________-
[INFO] [stdout] 133 | |         .timeout(Duration::from_secs(10))
[INFO] [stdout] 134 | |         .proxy(ProxyConfig::http("squid.example.com:3128"))
[INFO] [stdout]     | |         -^^^^^ method not found in `McClientBuilder`
[INFO] [stdout]     | |_________|
[INFO] [stdout]     |
[INFO] [stdout] 
[INFO] [stdout] 
[INFO] [stdout] error[E0599]: no variant, associated function, or constant named `Proxy` found for enum `McError` in the current scope
[INFO] [stdout]    --> examples/proxy_usage.rs:139:22
[INFO] [stdout]     |
[INFO] [stdout] 139 |         Err(McError::Proxy(ProxyError::UdpUnsupported(addr))) => {
[INFO] [stdout]     |                      ^^^^^ variant, associated function, or constant not found in `McError`
[INFO] [stdout] 
[INFO] [stdout] 
[INFO] [stdout] error[E0599]: no method named `proxy` found for struct `McClientBuilder` in the current scope
[INFO] [stdout]    --> examples/proxy_usage.rs:157:10
[INFO] [stdout]     |
[INFO] [stdout] 155 |       let client = McClient::builder()
[INFO] [stdout]     |  __________________-
[INFO] [stdout] 156 | |         .timeout(Duration::from_secs(10))
[INFO] [stdout] 157 | |         .proxy(ProxyConfig::socks5_with_udp("127.0.0.1:1080"))
[INFO] [stdout]     | |         -^^^^^ method not found in `McClientBuilder`
[INFO] [stdout]     | |_________|
[INFO] [stdout]     |
[INFO] [stdout] 
[INFO] [stdout] 
[INFO] [stdout] error[E0599]: no method named `proxy` found for struct `McClientBuilder` in the current scope
[INFO] [stdout]    --> examples/proxy_usage.rs:179:10
[INFO] [stdout]     |
[INFO] [stdout] 177 |       let client = McClient::builder()
[INFO] [stdout]     |  __________________-
[INFO] [stdout] 178 | |         .timeout(Duration::from_secs(10))
[INFO] [stdout] 179 | |         .proxy(ProxyConfig::socks5("127.0.0.1:1080"))
[INFO] [stdout]     | |         -^^^^^ method not found in `McClientBuilder`
[INFO] [stdout]     | |_________|
[INFO] [stdout]     |
[INFO] [stdout] 
[INFO] [stdout] 
[INFO] [stdout] error[E0599]: no method named `proxy` found for struct `McClientBuilder` in the current scope
[INFO] [stdout]    --> examples/proxy_usage.rs:209:10
[INFO] [stdout]     |
[INFO] [stdout] 207 |       let eu_client = McClient::builder()
[INFO] [stdout]     |  _____________________-
[INFO] [stdout] 208 | |         .timeout(Duration::from_secs(10))
[INFO] [stdout] 209 | |         .proxy(ProxyConfig::socks5("eu-proxy.example.com:1080"))
[INFO] [stdout]     | |         -^^^^^ method not found in `McClientBuilder`
[INFO] [stdout]     | |_________|
[INFO] [stdout]     |
[INFO] [stdout] 
[INFO] [stdout] 
[INFO] [stdout] error[E0599]: no method named `proxy` found for struct `McClientBuilder` in the current scope
[INFO] [stdout]    --> examples/proxy_usage.rs:214:10
[INFO] [stdout]     |
[INFO] [stdout] 212 |       let us_client = McClient::builder()
[INFO] [stdout]     |  _____________________-
[INFO] [stdout] 213 | |         .timeout(Duration::from_secs(10))
[INFO] [stdout] 214 | |         .proxy(ProxyConfig::socks5("us-proxy.example.com:1080"))
[INFO] [stdout]     | |         -^^^^^ method not found in `McClientBuilder`
[INFO] [stdout]     | |_________|
[INFO] [stdout]     |
[INFO] [stdout] 
[INFO] [stdout] 
[INFO] [stdout] Some errors have detailed explanations: E0432, E0599.
[INFO] [stdout] 
[INFO] [stdout] For more information about an error, try `rustc --explain E0432`.
[INFO] [stdout] 
[INFO] [stderr] error: could not compile `rust-mc-status` (example "proxy_usage") due to 13 previous errors
[INFO] running `Command { std: "docker" "inspect" "df01ff1ede634d9c39564d13bdbbd92618d678a13a313d90c73c6a667814bc23", kill_on_drop: false }`
[INFO] running `Command { std: "docker" "rm" "-f" "df01ff1ede634d9c39564d13bdbbd92618d678a13a313d90c73c6a667814bc23", kill_on_drop: false }`
[INFO] [stdout] df01ff1ede634d9c39564d13bdbbd92618d678a13a313d90c73c6a667814bc23
