[INFO] fetching crate runifold-agent 0.10.1...
[INFO] testing runifold-agent-0.10.1 against 1.100.0-beta.1 for beta-1.100-2
[INFO] extracting crate runifold-agent 0.10.1 into /workspace/builds/worker-0-tc2/source
[INFO] started tweaking crates.io crate runifold-agent 0.10.1
[INFO] finished tweaking crates.io crate runifold-agent 0.10.1
[INFO] tweaked toml for crates.io crate runifold-agent 0.10.1 written to /workspace/builds/worker-0-tc2/source/Cargo.toml
[INFO] validating manifest of crates.io crate runifold-agent 0.10.1 on toolchain 1.100.0-beta.1
[INFO] running `Command { std: CARGO_HOME="/workspace/cargo-home" RUSTUP_HOME="/workspace/rustup-home" "/workspace/cargo-home/bin/cargo" "+1.100.0-beta.1" "metadata" "--manifest-path" "Cargo.toml" "--no-deps", kill_on_drop: false }`
[INFO] crate crates.io crate runifold-agent 0.10.1 already has a lockfile, it will not be regenerated
[INFO] running `Command { std: CARGO_HOME="/workspace/cargo-home" RUSTUP_HOME="/workspace/rustup-home" "/workspace/cargo-home/bin/cargo" "+1.100.0-beta.1" "fetch" "--manifest-path" "Cargo.toml", kill_on_drop: false }`
[INFO] running `Command { std: "docker" "create" "-v" "/var/lib/crater-agent-workspace/builds/worker-0-tc2/source:/opt/rustwide/workdir:ro,Z" "-v" "/var/lib/crater-agent-workspace/builds/worker-0-tc2/target:/opt/rustwide/target:rw,Z" "-v" "/var/lib/crater-agent-workspace/cargo-home:/opt/rustwide/cargo-home:ro,Z" "-v" "/var/lib/crater-agent-workspace/rustup-home:/opt/rustwide/rustup-home:ro,Z" "-m" "1610612736" "--network" "none" "ghcr.io/rust-lang/crates-build-env/linux@sha256:3111399a4047eeb3a02b7a90e478d715f38a8c6669b5c4b49d30a17385265909" "sleep" "infinity", kill_on_drop: false }`
[INFO] [stdout] 645606340f712fbf393559f50d9f9af230e41231c046514dc773cdd22965599f
[INFO] running `Command { std: "docker" "start" "645606340f712fbf393559f50d9f9af230e41231c046514dc773cdd22965599f", kill_on_drop: false }`
[INFO] running `Command { std: "docker" "inspect" "645606340f712fbf393559f50d9f9af230e41231c046514dc773cdd22965599f", kill_on_drop: false }`
[INFO] running `Command { std: "docker" "exec" "-e" "SOURCE_DIR=/opt/rustwide/workdir" "-e" "CARGO_HOME=/opt/rustwide/cargo-home" "-e" "RUSTUP_HOME=/opt/rustwide/rustup-home" "-e" "CARGO_TARGET_DIR=/opt/rustwide/target" "-w" "/opt/rustwide/workdir" "--user" "0:0" "645606340f712fbf393559f50d9f9af230e41231c046514dc773cdd22965599f" "/opt/rustwide/cargo-home/bin/cargo" "+1.100.0-beta.1" "metadata" "--no-deps" "--format-version=1", kill_on_drop: false }`
[INFO] running `Command { std: "docker" "inspect" "645606340f712fbf393559f50d9f9af230e41231c046514dc773cdd22965599f", kill_on_drop: false }`
[INFO] running `Command { std: "docker" "exec" "-e" "SOURCE_DIR=/opt/rustwide/workdir" "-e" "CARGO_HOME=/opt/rustwide/cargo-home" "-e" "RUSTUP_HOME=/opt/rustwide/rustup-home" "-e" "CARGO_TARGET_DIR=/opt/rustwide/target" "-e" "CARGO_INCREMENTAL=0" "-e" "RUST_BACKTRACE=full" "-e" "RUSTFLAGS=--cap-lints=warn" "-e" "RUSTDOCFLAGS=--cap-lints=warn" "-w" "/opt/rustwide/workdir" "--user" "0:0" "645606340f712fbf393559f50d9f9af230e41231c046514dc773cdd22965599f" "/opt/rustwide/cargo-home/bin/cargo" "+1.100.0-beta.1" "build" "--frozen" "--message-format=json", kill_on_drop: false }`
[INFO] [stderr]    Compiling serde_json v1.0.151
[INFO] [stderr]    Compiling ref-cast v1.0.26
[INFO] [stderr]    Compiling smallvec v1.15.2
[INFO] [stderr]    Compiling icu_properties_data v2.1.1
[INFO] [stderr]    Compiling thiserror v2.0.19
[INFO] [stderr]    Compiling hybrid-array v0.4.13
[INFO] [stderr]    Compiling parking v2.2.1
[INFO] [stderr]    Compiling syn v3.0.3
[INFO] [stderr]    Compiling ahash v0.8.12
[INFO] [stderr]    Compiling getrandom v0.4.3
[INFO] [stderr]    Compiling getrandom v0.3.4
[INFO] [stderr]    Compiling aho-corasick v1.1.4
[INFO] [stderr]    Compiling displaydoc v0.2.6
[INFO] [stderr]    Compiling num-integer v0.1.46
[INFO] [stderr]    Compiling event-listener v5.4.2
[INFO] [stderr]    Compiling futures-macro v0.3.33
[INFO] [stderr]    Compiling num-complex v0.4.6
[INFO] [stderr]    Compiling num-bigint v0.4.8
[INFO] [stderr]    Compiling num-iter v0.1.46
[INFO] [stderr]    Compiling parking_lot_core v0.9.12
[INFO] [stderr]    Compiling serde_derive_internals v0.29.1
[INFO] [stderr]    Compiling bit-vec v0.8.0
[INFO] [stderr]    Compiling uuid v1.24.0
[INFO] [stderr]    Compiling unicode-general-category v1.1.0
[INFO] [stderr]    Compiling borrow-or-share v0.2.4
[INFO] [stderr]    Compiling parking_lot v0.12.5
[INFO] [stderr]    Compiling strum_macros v0.28.0
[INFO] [stderr]    Compiling bit-set v0.8.0
[INFO] [stderr]    Compiling hashbrown v0.17.1
[INFO] [stderr]    Compiling async-stream-impl v0.3.6
[INFO] [stderr]    Compiling num-cmp v0.1.0
[INFO] [stderr]    Compiling micromap v0.3.0
[INFO] [stderr]    Compiling bytecount v0.6.9
[INFO] [stderr]    Compiling regex-automata v0.4.16
[INFO] [stderr]    Compiling outref v0.5.2
[INFO] [stderr]    Compiling vsimd v0.8.0
[INFO] [stderr]    Compiling jsonschema-regex v0.49.5
[INFO] [stderr]    Compiling crypto-common v0.2.2
[INFO] [stderr]    Compiling block-buffer v0.12.1
[INFO] [stderr]    Compiling futures-timer v3.0.4
[INFO] [stderr]    Compiling num-rational v0.4.2
[INFO] [stderr]    Compiling uuid-simd v0.8.0
[INFO] [stderr]    Compiling serde_derive v1.0.229
[INFO] [stderr]    Compiling ref-cast-impl v1.0.26
[INFO] [stderr]    Compiling thiserror-impl v2.0.19
[INFO] [stderr]    Compiling num v0.4.3
[INFO] [stderr]    Compiling fraction v0.15.4
[INFO] [stderr]    Compiling digest v0.11.3
[INFO] [stderr]    Compiling async-stream v0.3.6
[INFO] [stderr]    Compiling tinystr v0.8.3
[INFO] [stderr]    Compiling zerotrie v0.2.4
[INFO] [stderr]    Compiling icu_collections v2.1.1
[INFO] [stderr]    Compiling futures-util v0.3.33
[INFO] [stderr]    Compiling strum v0.28.0
[INFO] [stderr]    Compiling sha2 v0.11.0
[INFO] [stderr]    Compiling schemars_derive v1.2.1
[INFO] [stderr]    Compiling serde v1.0.229
[INFO] [stderr]    Compiling icu_locale_core v2.1.1
[INFO] [stderr]    Compiling runifold-core v0.10.1
[INFO] [stderr]    Compiling fluent-uri v0.4.1
[INFO] [stderr]    Compiling schemars v1.2.1
[INFO] [stderr]    Compiling email_address v0.2.9
[INFO] [stderr]    Compiling runifold-model v0.10.1
[INFO] [stderr]    Compiling runifold-effect v0.10.1
[INFO] [stderr]    Compiling runifold-retrieval v0.10.1
[INFO] [stderr]    Compiling referencing v0.49.5
[INFO] [stderr]    Compiling jsonschema-value v0.49.5
[INFO] [stderr]    Compiling icu_provider v2.1.1
[INFO] [stderr]    Compiling icu_properties v2.1.1
[INFO] [stderr]    Compiling icu_normalizer v2.1.1
[INFO] [stderr]    Compiling idna_adapter v1.2.1
[INFO] [stderr]    Compiling idna v1.1.0
[INFO] [stderr]    Compiling fancy-regex v0.19.0
[INFO] [stderr]    Compiling regex v1.13.1
[INFO] [stderr]    Compiling jsonschema v0.49.5
[INFO] [stderr]    Compiling runifold-tool v0.10.1
[INFO] [stderr]    Compiling runifold-agent v0.10.1 (/opt/rustwide/workdir)
[INFO] [stderr]     Finished `dev` profile [unoptimized + debuginfo] target(s) in 33.56s
[INFO] running `Command { std: "docker" "inspect" "645606340f712fbf393559f50d9f9af230e41231c046514dc773cdd22965599f", kill_on_drop: false }`
[INFO] running `Command { std: "docker" "exec" "-e" "SOURCE_DIR=/opt/rustwide/workdir" "-e" "CARGO_HOME=/opt/rustwide/cargo-home" "-e" "RUSTUP_HOME=/opt/rustwide/rustup-home" "-e" "CARGO_TARGET_DIR=/opt/rustwide/target" "-e" "CARGO_INCREMENTAL=0" "-e" "RUST_BACKTRACE=full" "-e" "RUSTFLAGS=--cap-lints=warn" "-e" "RUSTDOCFLAGS=--cap-lints=warn" "-w" "/opt/rustwide/workdir" "--user" "0:0" "645606340f712fbf393559f50d9f9af230e41231c046514dc773cdd22965599f" "/opt/rustwide/cargo-home/bin/cargo" "+1.100.0-beta.1" "test" "--frozen" "--no-run" "--message-format=json", kill_on_drop: false }`
[INFO] [stderr]    Compiling futures-executor v0.3.33
[INFO] [stderr]    Compiling runifold-agent v0.10.1 (/opt/rustwide/workdir)
[INFO] [stdout] error[E0432]: unresolved import `runifold_testkit`
[INFO] [stdout]   --> src/agent/tests.rs:24:5
[INFO] [stdout]    |
[INFO] [stdout] 24 | use runifold_testkit::ScriptedModel;
[INFO] [stdout]    |     ^^^^^^^^^^^^^^^^ use of unresolved module or unlinked crate `runifold_testkit`
[INFO] [stdout]    |
[INFO] [stdout] help: there is a crate or module with a similar name
[INFO] [stdout]    |
[INFO] [stdout] 24 - use runifold_testkit::ScriptedModel;
[INFO] [stdout] 24 + use runifold_effect::ScriptedModel;
[INFO] [stdout]    |
[INFO] [stdout] 
[INFO] [stdout] 
[INFO] [stdout] error[E0432]: unresolved import `runifold_testkit`
[INFO] [stdout]    --> src/builder.rs:591:9
[INFO] [stdout]     |
[INFO] [stdout] 591 |     use runifold_testkit::ScriptedModel;
[INFO] [stdout]     |         ^^^^^^^^^^^^^^^^ use of unresolved module or unlinked crate `runifold_testkit`
[INFO] [stdout]     |
[INFO] [stdout] help: there is a crate or module with a similar name
[INFO] [stdout]     |
[INFO] [stdout] 591 -     use runifold_testkit::ScriptedModel;
[INFO] [stdout] 591 +     use runifold_effect::ScriptedModel;
[INFO] [stdout]     |
[INFO] [stdout] 
[INFO] [stdout] 
[INFO] [stdout] error[E0432]: unresolved import `runifold_testkit`
[INFO] [stdout]    --> src/gateway.rs:442:9
[INFO] [stdout]     |
[INFO] [stdout] 442 |     use runifold_testkit::ScriptedModel;
[INFO] [stdout]     |         ^^^^^^^^^^^^^^^^ use of unresolved module or unlinked crate `runifold_testkit`
[INFO] [stdout]     |
[INFO] [stdout] help: there is a crate or module with a similar name
[INFO] [stdout]     |
[INFO] [stdout] 442 -     use runifold_testkit::ScriptedModel;
[INFO] [stdout] 442 +     use runifold_effect::ScriptedModel;
[INFO] [stdout]     |
[INFO] [stdout] 
[INFO] [stdout] 
[INFO] [stdout] error[E0432]: unresolved import `runifold_testkit`
[INFO] [stdout]    --> src/middleware.rs:209:9
[INFO] [stdout]     |
[INFO] [stdout] 209 |     use runifold_testkit::ScriptedModel;
[INFO] [stdout]     |         ^^^^^^^^^^^^^^^^ use of unresolved module or unlinked crate `runifold_testkit`
[INFO] [stdout]     |
[INFO] [stdout] help: there is a crate or module with a similar name
[INFO] [stdout]     |
[INFO] [stdout] 209 -     use runifold_testkit::ScriptedModel;
[INFO] [stdout] 209 +     use runifold_effect::ScriptedModel;
[INFO] [stdout]     |
[INFO] [stdout] 
[INFO] [stdout] 
[INFO] [stdout] error[E0432]: unresolved import `runifold_testkit`
[INFO] [stdout]    --> src/structured.rs:102:9
[INFO] [stdout]     |
[INFO] [stdout] 102 |     use runifold_testkit::ScriptedModel;
[INFO] [stdout]     |         ^^^^^^^^^^^^^^^^ use of unresolved module or unlinked crate `runifold_testkit`
[INFO] [stdout]     |
[INFO] [stdout] help: there is a crate or module with a similar name
[INFO] [stdout]     |
[INFO] [stdout] 102 -     use runifold_testkit::ScriptedModel;
[INFO] [stdout] 102 +     use runifold_effect::ScriptedModel;
[INFO] [stdout]     |
[INFO] [stdout] 
[INFO] [stdout] 
[INFO] [stdout] error[E0614]: type `bool` cannot be dereferenced
[INFO] [stdout]    --> src/structured.rs:155:17
[INFO] [stdout]     |
[INFO] [stdout] 155 |         assert!(*strict);
[INFO] [stdout]     |                 ^^^^^^^ can't be dereferenced
[INFO] [stdout] 
[INFO] [stdout] 
[INFO] [stdout] Some errors have detailed explanations: E0432, E0614.
[INFO] [stdout] 
[INFO] [stdout] For more information about an error, try `rustc --explain E0432`.
[INFO] [stdout] 
[INFO] [stderr] error: could not compile `runifold-agent` (lib test) due to 6 previous errors
[INFO] running `Command { std: "docker" "inspect" "645606340f712fbf393559f50d9f9af230e41231c046514dc773cdd22965599f", kill_on_drop: false }`
[INFO] running `Command { std: "docker" "rm" "-f" "645606340f712fbf393559f50d9f9af230e41231c046514dc773cdd22965599f", kill_on_drop: false }`
[INFO] [stdout] 645606340f712fbf393559f50d9f9af230e41231c046514dc773cdd22965599f
