[INFO] fetching crate rune-lower 0.1.0...
[INFO] testing rune-lower-0.1.0 against 1.100.0-beta.1 for beta-1.100-2
[INFO] extracting crate rune-lower 0.1.0 into /workspace/builds/worker-4-tc2/source
[INFO] started tweaking crates.io crate rune-lower 0.1.0
[INFO] finished tweaking crates.io crate rune-lower 0.1.0
[INFO] tweaked toml for crates.io crate rune-lower 0.1.0 written to /workspace/builds/worker-4-tc2/source/Cargo.toml
[INFO] validating manifest of crates.io crate rune-lower 0.1.0 on toolchain 1.100.0-beta.1
[INFO] running `Command { std: CARGO_HOME="/workspace/cargo-home" RUSTUP_HOME="/workspace/rustup-home" "/workspace/cargo-home/bin/cargo" "+1.100.0-beta.1" "metadata" "--manifest-path" "Cargo.toml" "--no-deps", kill_on_drop: false }`
[INFO] crate crates.io crate rune-lower 0.1.0 already has a lockfile, it will not be regenerated
[INFO] running `Command { std: CARGO_HOME="/workspace/cargo-home" RUSTUP_HOME="/workspace/rustup-home" "/workspace/cargo-home/bin/cargo" "+1.100.0-beta.1" "fetch" "--manifest-path" "Cargo.toml", kill_on_drop: false }`
[INFO] running `Command { std: "docker" "create" "-v" "/var/lib/crater-agent-workspace/builds/worker-4-tc2/source:/opt/rustwide/workdir:ro,Z" "-v" "/var/lib/crater-agent-workspace/builds/worker-4-tc2/target:/opt/rustwide/target:rw,Z" "-v" "/var/lib/crater-agent-workspace/cargo-home:/opt/rustwide/cargo-home:ro,Z" "-v" "/var/lib/crater-agent-workspace/rustup-home:/opt/rustwide/rustup-home:ro,Z" "-m" "1610612736" "--network" "none" "ghcr.io/rust-lang/crates-build-env/linux@sha256:3111399a4047eeb3a02b7a90e478d715f38a8c6669b5c4b49d30a17385265909" "sleep" "infinity", kill_on_drop: false }`
[INFO] [stdout] 111c6b15f155fe5398175febdbf630d071fe5b4b76e3006611d2d9f724868bd9
[INFO] running `Command { std: "docker" "start" "111c6b15f155fe5398175febdbf630d071fe5b4b76e3006611d2d9f724868bd9", kill_on_drop: false }`
[INFO] running `Command { std: "docker" "inspect" "111c6b15f155fe5398175febdbf630d071fe5b4b76e3006611d2d9f724868bd9", kill_on_drop: false }`
[INFO] running `Command { std: "docker" "exec" "-e" "SOURCE_DIR=/opt/rustwide/workdir" "-e" "CARGO_HOME=/opt/rustwide/cargo-home" "-e" "RUSTUP_HOME=/opt/rustwide/rustup-home" "-e" "CARGO_TARGET_DIR=/opt/rustwide/target" "-w" "/opt/rustwide/workdir" "--user" "0:0" "111c6b15f155fe5398175febdbf630d071fe5b4b76e3006611d2d9f724868bd9" "/opt/rustwide/cargo-home/bin/cargo" "+1.100.0-beta.1" "metadata" "--no-deps" "--format-version=1", kill_on_drop: false }`
[INFO] running `Command { std: "docker" "inspect" "111c6b15f155fe5398175febdbf630d071fe5b4b76e3006611d2d9f724868bd9", kill_on_drop: false }`
[INFO] running `Command { std: "docker" "exec" "-e" "SOURCE_DIR=/opt/rustwide/workdir" "-e" "CARGO_HOME=/opt/rustwide/cargo-home" "-e" "RUSTUP_HOME=/opt/rustwide/rustup-home" "-e" "CARGO_TARGET_DIR=/opt/rustwide/target" "-e" "CARGO_INCREMENTAL=0" "-e" "RUST_BACKTRACE=full" "-e" "RUSTFLAGS=--cap-lints=warn" "-e" "RUSTDOCFLAGS=--cap-lints=warn" "-w" "/opt/rustwide/workdir" "--user" "0:0" "111c6b15f155fe5398175febdbf630d071fe5b4b76e3006611d2d9f724868bd9" "/opt/rustwide/cargo-home/bin/cargo" "+1.100.0-beta.1" "build" "--frozen" "--message-format=json", kill_on_drop: false }`
[INFO] [stderr]    Compiling rune-ast v0.1.0
[INFO] [stderr]    Compiling cyber-hemera v0.3.0
[INFO] [stderr]    Compiling rune-subject v0.1.0
[INFO] [stderr]    Compiling rune-lower v0.1.0 (/opt/rustwide/workdir)
[INFO] [stderr]     Finished `dev` profile [unoptimized + debuginfo] target(s) in 1.41s
[INFO] running `Command { std: "docker" "inspect" "111c6b15f155fe5398175febdbf630d071fe5b4b76e3006611d2d9f724868bd9", kill_on_drop: false }`
[INFO] running `Command { std: "docker" "exec" "-e" "SOURCE_DIR=/opt/rustwide/workdir" "-e" "CARGO_HOME=/opt/rustwide/cargo-home" "-e" "RUSTUP_HOME=/opt/rustwide/rustup-home" "-e" "CARGO_TARGET_DIR=/opt/rustwide/target" "-e" "CARGO_INCREMENTAL=0" "-e" "RUST_BACKTRACE=full" "-e" "RUSTFLAGS=--cap-lints=warn" "-e" "RUSTDOCFLAGS=--cap-lints=warn" "-w" "/opt/rustwide/workdir" "--user" "0:0" "111c6b15f155fe5398175febdbf630d071fe5b4b76e3006611d2d9f724868bd9" "/opt/rustwide/cargo-home/bin/cargo" "+1.100.0-beta.1" "test" "--frozen" "--no-run" "--message-format=json", kill_on_drop: false }`
[INFO] [stderr]    Compiling rune-lower v0.1.0 (/opt/rustwide/workdir)
[INFO] [stdout] error[E0433]: cannot find module or crate `rune_interp` in this scope
[INFO] [stdout]     --> lib.rs:1021:22
[INFO] [stdout]      |
[INFO] [stdout] 1021 |         let result = rune_interp::eval(&Noun::Atom(0), &f).unwrap();
[INFO] [stdout]      |                      ^^^^^^^^^^^ use of unresolved module or unlinked crate `rune_interp`
[INFO] [stdout]      |
[INFO] [stdout]      = help: if you wanted to use a crate named `rune_interp`, use `cargo add rune_interp` to add it to your `Cargo.toml`
[INFO] [stdout] 
[INFO] [stdout] 
[INFO] [stdout] error[E0433]: cannot find module or crate `rune_interp` in this scope
[INFO] [stdout]     --> lib.rs:1044:22
[INFO] [stdout]      |
[INFO] [stdout] 1044 |         let result = rune_interp::eval(&Noun::Atom(0), &f).unwrap();
[INFO] [stdout]      |                      ^^^^^^^^^^^ use of unresolved module or unlinked crate `rune_interp`
[INFO] [stdout]      |
[INFO] [stdout]      = help: if you wanted to use a crate named `rune_interp`, use `cargo add rune_interp` to add it to your `Cargo.toml`
[INFO] [stdout] 
[INFO] [stdout] 
[INFO] [stdout] error[E0433]: cannot find module or crate `rune_interp` in this scope
[INFO] [stdout]     --> lib.rs:1056:22
[INFO] [stdout]      |
[INFO] [stdout] 1056 |         let result = rune_interp::eval(&Noun::Atom(0), &f).unwrap();
[INFO] [stdout]      |                      ^^^^^^^^^^^ use of unresolved module or unlinked crate `rune_interp`
[INFO] [stdout]      |
[INFO] [stdout]      = help: if you wanted to use a crate named `rune_interp`, use `cargo add rune_interp` to add it to your `Cargo.toml`
[INFO] [stdout] 
[INFO] [stdout] 
[INFO] [stdout] error[E0433]: cannot find module or crate `rune_interp` in this scope
[INFO] [stdout]     --> lib.rs:1065:22
[INFO] [stdout]      |
[INFO] [stdout] 1065 |         let result = rune_interp::eval(&Noun::Atom(0), &f).unwrap();
[INFO] [stdout]      |                      ^^^^^^^^^^^ use of unresolved module or unlinked crate `rune_interp`
[INFO] [stdout]      |
[INFO] [stdout]      = help: if you wanted to use a crate named `rune_interp`, use `cargo add rune_interp` to add it to your `Cargo.toml`
[INFO] [stdout] 
[INFO] [stdout] 
[INFO] [stdout] error[E0433]: cannot find module or crate `rune_interp` in this scope
[INFO] [stdout]     --> lib.rs:1095:22
[INFO] [stdout]      |
[INFO] [stdout] 1095 |         let result = rune_interp::eval(&Noun::Atom(0), &f).unwrap();
[INFO] [stdout]      |                      ^^^^^^^^^^^ use of unresolved module or unlinked crate `rune_interp`
[INFO] [stdout]      |
[INFO] [stdout]      = help: if you wanted to use a crate named `rune_interp`, use `cargo add rune_interp` to add it to your `Cargo.toml`
[INFO] [stdout] 
[INFO] [stdout] 
[INFO] [stdout] error[E0433]: cannot find module or crate `rune_interp` in this scope
[INFO] [stdout]     --> lib.rs:1113:22
[INFO] [stdout]      |
[INFO] [stdout] 1113 |         let result = rune_interp::eval(&Noun::Atom(0), &f).unwrap();
[INFO] [stdout]      |                      ^^^^^^^^^^^ use of unresolved module or unlinked crate `rune_interp`
[INFO] [stdout]      |
[INFO] [stdout]      = help: if you wanted to use a crate named `rune_interp`, use `cargo add rune_interp` to add it to your `Cargo.toml`
[INFO] [stdout] 
[INFO] [stdout] 
[INFO] [stdout] error[E0433]: cannot find module or crate `rune_interp` in this scope
[INFO] [stdout]     --> lib.rs:1139:22
[INFO] [stdout]      |
[INFO] [stdout] 1139 |         let result = rune_interp::eval(&Noun::Atom(0), &f).unwrap();
[INFO] [stdout]      |                      ^^^^^^^^^^^ use of unresolved module or unlinked crate `rune_interp`
[INFO] [stdout]      |
[INFO] [stdout]      = help: if you wanted to use a crate named `rune_interp`, use `cargo add rune_interp` to add it to your `Cargo.toml`
[INFO] [stdout] 
[INFO] [stdout] 
[INFO] [stdout] For more information about this error, try `rustc --explain E0433`.
[INFO] [stdout] 
[INFO] [stderr] error: could not compile `rune-lower` (lib test) due to 7 previous errors
[INFO] running `Command { std: "docker" "inspect" "111c6b15f155fe5398175febdbf630d071fe5b4b76e3006611d2d9f724868bd9", kill_on_drop: false }`
[INFO] running `Command { std: "docker" "rm" "-f" "111c6b15f155fe5398175febdbf630d071fe5b4b76e3006611d2d9f724868bd9", kill_on_drop: false }`
[INFO] [stdout] 111c6b15f155fe5398175febdbf630d071fe5b4b76e3006611d2d9f724868bd9
