[INFO] fetching crate rune-interp 0.1.0...
[INFO] testing rune-interp-0.1.0 against 1.100.0-beta.1 for beta-1.100-2
[INFO] extracting crate rune-interp 0.1.0 into /workspace/builds/worker-3-tc2/source
[INFO] started tweaking crates.io crate rune-interp 0.1.0
[INFO] removed 0 missing tests
[INFO] finished tweaking crates.io crate rune-interp 0.1.0
[INFO] tweaked toml for crates.io crate rune-interp 0.1.0 written to /workspace/builds/worker-3-tc2/source/Cargo.toml
[INFO] validating manifest of crates.io crate rune-interp 0.1.0 on toolchain 1.100.0-beta.1
[INFO] running `Command { std: CARGO_HOME="/workspace/cargo-home" RUSTUP_HOME="/workspace/rustup-home" "/workspace/cargo-home/bin/cargo" "+1.100.0-beta.1" "metadata" "--manifest-path" "Cargo.toml" "--no-deps", kill_on_drop: false }`
[INFO] crate crates.io crate rune-interp 0.1.0 already has a lockfile, it will not be regenerated
[INFO] running `Command { std: CARGO_HOME="/workspace/cargo-home" RUSTUP_HOME="/workspace/rustup-home" "/workspace/cargo-home/bin/cargo" "+1.100.0-beta.1" "fetch" "--manifest-path" "Cargo.toml", kill_on_drop: false }`
[INFO] running `Command { std: "docker" "create" "-v" "/var/lib/crater-agent-workspace/builds/worker-3-tc2/source:/opt/rustwide/workdir:ro,Z" "-v" "/var/lib/crater-agent-workspace/builds/worker-3-tc2/target:/opt/rustwide/target:rw,Z" "-v" "/var/lib/crater-agent-workspace/cargo-home:/opt/rustwide/cargo-home:ro,Z" "-v" "/var/lib/crater-agent-workspace/rustup-home:/opt/rustwide/rustup-home:ro,Z" "-m" "1610612736" "--network" "none" "ghcr.io/rust-lang/crates-build-env/linux@sha256:3111399a4047eeb3a02b7a90e478d715f38a8c6669b5c4b49d30a17385265909" "sleep" "infinity", kill_on_drop: false }`
[INFO] [stdout] 6c2dba85cff05e36b413acf2a350716075f8506f81451bde968f21304cdc07c2
[INFO] running `Command { std: "docker" "start" "6c2dba85cff05e36b413acf2a350716075f8506f81451bde968f21304cdc07c2", kill_on_drop: false }`
[INFO] running `Command { std: "docker" "inspect" "6c2dba85cff05e36b413acf2a350716075f8506f81451bde968f21304cdc07c2", kill_on_drop: false }`
[INFO] running `Command { std: "docker" "exec" "-e" "SOURCE_DIR=/opt/rustwide/workdir" "-e" "CARGO_HOME=/opt/rustwide/cargo-home" "-e" "RUSTUP_HOME=/opt/rustwide/rustup-home" "-e" "CARGO_TARGET_DIR=/opt/rustwide/target" "-w" "/opt/rustwide/workdir" "--user" "0:0" "6c2dba85cff05e36b413acf2a350716075f8506f81451bde968f21304cdc07c2" "/opt/rustwide/cargo-home/bin/cargo" "+1.100.0-beta.1" "metadata" "--no-deps" "--format-version=1", kill_on_drop: false }`
[INFO] running `Command { std: "docker" "inspect" "6c2dba85cff05e36b413acf2a350716075f8506f81451bde968f21304cdc07c2", kill_on_drop: false }`
[INFO] running `Command { std: "docker" "exec" "-e" "SOURCE_DIR=/opt/rustwide/workdir" "-e" "CARGO_HOME=/opt/rustwide/cargo-home" "-e" "RUSTUP_HOME=/opt/rustwide/rustup-home" "-e" "CARGO_TARGET_DIR=/opt/rustwide/target" "-e" "CARGO_INCREMENTAL=0" "-e" "RUST_BACKTRACE=full" "-e" "RUSTFLAGS=--cap-lints=warn" "-e" "RUSTDOCFLAGS=--cap-lints=warn" "-w" "/opt/rustwide/workdir" "--user" "0:0" "6c2dba85cff05e36b413acf2a350716075f8506f81451bde968f21304cdc07c2" "/opt/rustwide/cargo-home/bin/cargo" "+1.100.0-beta.1" "build" "--frozen" "--message-format=json", kill_on_drop: false }`
[INFO] [stderr]    Compiling cyber-hemera v0.3.0
[INFO] [stderr]    Compiling rune-ast v0.1.0
[INFO] [stderr]    Compiling rune-interp v0.1.0 (/opt/rustwide/workdir)
[INFO] [stderr]     Finished `dev` profile [unoptimized + debuginfo] target(s) in 1.15s
[INFO] running `Command { std: "docker" "inspect" "6c2dba85cff05e36b413acf2a350716075f8506f81451bde968f21304cdc07c2", kill_on_drop: false }`
[INFO] running `Command { std: "docker" "exec" "-e" "SOURCE_DIR=/opt/rustwide/workdir" "-e" "CARGO_HOME=/opt/rustwide/cargo-home" "-e" "RUSTUP_HOME=/opt/rustwide/rustup-home" "-e" "CARGO_TARGET_DIR=/opt/rustwide/target" "-e" "CARGO_INCREMENTAL=0" "-e" "RUST_BACKTRACE=full" "-e" "RUSTFLAGS=--cap-lints=warn" "-e" "RUSTDOCFLAGS=--cap-lints=warn" "-w" "/opt/rustwide/workdir" "--user" "0:0" "6c2dba85cff05e36b413acf2a350716075f8506f81451bde968f21304cdc07c2" "/opt/rustwide/cargo-home/bin/cargo" "+1.100.0-beta.1" "test" "--frozen" "--no-run" "--message-format=json", kill_on_drop: false }`
[INFO] [stderr]    Compiling rune-interp v0.1.0 (/opt/rustwide/workdir)
[INFO] [stdout] error[E0432]: unresolved import `rune_lower`
[INFO] [stdout]  --> tests/integration.rs:8:5
[INFO] [stdout]   |
[INFO] [stdout] 8 | use rune_lower::lower;
[INFO] [stdout]   |     ^^^^^^^^^^ use of unresolved module or unlinked crate `rune_lower`
[INFO] [stdout]   |
[INFO] [stdout]   = help: if you wanted to use a crate named `rune_lower`, use `cargo add rune_lower` to add it to your `Cargo.toml`
[INFO] [stdout] 
[INFO] [stdout] 
[INFO] [stdout] error[E0432]: unresolved import `rune_parse`
[INFO] [stdout]  --> tests/integration.rs:9:5
[INFO] [stdout]   |
[INFO] [stdout] 9 | use rune_parse::parse;
[INFO] [stdout]   |     ^^^^^^^^^^ use of unresolved module or unlinked crate `rune_parse`
[INFO] [stdout]   |
[INFO] [stdout] help: there is a crate or module with a similar name
[INFO] [stdout]   |
[INFO] [stdout] 9 - use rune_parse::parse;
[INFO] [stdout] 9 + use rune_ast::parse;
[INFO] [stdout]   |
[INFO] [stdout] 
[INFO] [stdout] 
[INFO] [stdout] error[E0432]: unresolved import `rune_subject`
[INFO] [stdout]   --> tests/integration.rs:10:5
[INFO] [stdout]    |
[INFO] [stdout] 10 | use rune_subject::Subject;
[INFO] [stdout]    |     ^^^^^^^^^^^^ use of unresolved module or unlinked crate `rune_subject`
[INFO] [stdout]    |
[INFO] [stdout]    = help: if you wanted to use a crate named `rune_subject`, use `cargo add rune_subject` to add it to your `Cargo.toml`
[INFO] [stdout] 
[INFO] [stdout] 
[INFO] [stderr] error: could not compile `rune-interp` (test "integration") due to 5 previous errors
[INFO] [stdout] error[E0433]: cannot find module or crate `rune_subject` in this scope
[INFO] [stdout]   --> tests/integration.rs:53:15
[INFO] [stdout]    |
[INFO] [stdout] 53 |     s.world = rune_subject::world(&[("cyber/truth", rune_ast::Noun::Atom(42))]);
[INFO] [stdout]    |               ^^^^^^^^^^^^ use of unresolved module or unlinked crate `rune_subject`
[INFO] [stdout]    |
[INFO] [stdout]    = help: if you wanted to use a crate named `rune_subject`, use `cargo add rune_subject` to add it to your `Cargo.toml`
[INFO] [stdout] 
[INFO] [stdout] 
[INFO] [stderr] warning: build failed, waiting for other jobs to finish...
[INFO] [stdout] error[E0433]: cannot find module or crate `rune_subject` in this scope
[INFO] [stdout]   --> tests/integration.rs:60:15
[INFO] [stdout]    |
[INFO] [stdout] 60 |     s.world = rune_subject::world(&[("cyber/truth", rune_ast::Noun::Atom(42))]);
[INFO] [stdout]    |               ^^^^^^^^^^^^ use of unresolved module or unlinked crate `rune_subject`
[INFO] [stdout]    |
[INFO] [stdout]    = help: if you wanted to use a crate named `rune_subject`, use `cargo add rune_subject` to add it to your `Cargo.toml`
[INFO] [stdout] 
[INFO] [stdout] 
[INFO] [stdout] Some errors have detailed explanations: E0432, E0433.
[INFO] [stdout] 
[INFO] [stdout] For more information about an error, try `rustc --explain E0432`.
[INFO] [stdout] 
[INFO] running `Command { std: "docker" "inspect" "6c2dba85cff05e36b413acf2a350716075f8506f81451bde968f21304cdc07c2", kill_on_drop: false }`
[INFO] running `Command { std: "docker" "rm" "-f" "6c2dba85cff05e36b413acf2a350716075f8506f81451bde968f21304cdc07c2", kill_on_drop: false }`
[INFO] [stdout] 6c2dba85cff05e36b413acf2a350716075f8506f81451bde968f21304cdc07c2
