[INFO] fetching crate runarium 0.1.0...
[INFO] testing runarium-0.1.0 against 1.100.0-beta.1 for beta-1.100-2
[INFO] extracting crate runarium 0.1.0 into /workspace/builds/worker-2-tc2/source
[INFO] started tweaking crates.io crate runarium 0.1.0
[INFO] removed 0 missing examples
[INFO] finished tweaking crates.io crate runarium 0.1.0
[INFO] tweaked toml for crates.io crate runarium 0.1.0 written to /workspace/builds/worker-2-tc2/source/Cargo.toml
[INFO] validating manifest of crates.io crate runarium 0.1.0 on toolchain 1.100.0-beta.1
[INFO] running `Command { std: CARGO_HOME="/workspace/cargo-home" RUSTUP_HOME="/workspace/rustup-home" "/workspace/cargo-home/bin/cargo" "+1.100.0-beta.1" "metadata" "--manifest-path" "Cargo.toml" "--no-deps", kill_on_drop: false }`
[INFO] crate crates.io crate runarium 0.1.0 already has a lockfile, it will not be regenerated
[INFO] running `Command { std: CARGO_HOME="/workspace/cargo-home" RUSTUP_HOME="/workspace/rustup-home" "/workspace/cargo-home/bin/cargo" "+1.100.0-beta.1" "fetch" "--manifest-path" "Cargo.toml", kill_on_drop: false }`
[INFO] [stderr] warning: `package.homepage` is redundant with `package.repository`
[INFO] [stderr]   --> Cargo.toml:77:12
[INFO] [stderr]    |
[INFO] [stderr] 77 | homepage = "https://github.com/JFKongphop/runarium"
[INFO] [stderr]    |            ^^^^^^^^^^^^^^^^^^^^^^^^^^^^^^^^^^^^^^^^
[INFO] [stderr] ...
[INFO] [stderr] 82 | repository = "https://github.com/JFKongphop/runarium"
[INFO] [stderr]    |              ----------------------------------------
[INFO] [stderr]    |
[INFO] [stderr]    = note: `cargo::redundant_homepage` is set to `warn` by default
[INFO] [stderr] help: consider removing `package.homepage`
[INFO] [stderr] warning: `runarium` (manifest) generated 1 warning
[INFO] running `Command { std: "docker" "create" "-v" "/var/lib/crater-agent-workspace/builds/worker-2-tc2/source:/opt/rustwide/workdir:ro,Z" "-v" "/var/lib/crater-agent-workspace/builds/worker-2-tc2/target:/opt/rustwide/target:rw,Z" "-v" "/var/lib/crater-agent-workspace/cargo-home:/opt/rustwide/cargo-home:ro,Z" "-v" "/var/lib/crater-agent-workspace/rustup-home:/opt/rustwide/rustup-home:ro,Z" "-m" "1610612736" "--network" "none" "ghcr.io/rust-lang/crates-build-env/linux@sha256:3111399a4047eeb3a02b7a90e478d715f38a8c6669b5c4b49d30a17385265909" "sleep" "infinity", kill_on_drop: false }`
[INFO] [stdout] e9af3feacd9cdee7c8f9722e30adee6b390ebee2c5ca07be483d8493ac2bb854
[INFO] running `Command { std: "docker" "start" "e9af3feacd9cdee7c8f9722e30adee6b390ebee2c5ca07be483d8493ac2bb854", kill_on_drop: false }`
[INFO] running `Command { std: "docker" "inspect" "e9af3feacd9cdee7c8f9722e30adee6b390ebee2c5ca07be483d8493ac2bb854", kill_on_drop: false }`
[INFO] running `Command { std: "docker" "exec" "-e" "SOURCE_DIR=/opt/rustwide/workdir" "-e" "CARGO_HOME=/opt/rustwide/cargo-home" "-e" "RUSTUP_HOME=/opt/rustwide/rustup-home" "-e" "CARGO_TARGET_DIR=/opt/rustwide/target" "-w" "/opt/rustwide/workdir" "--user" "0:0" "e9af3feacd9cdee7c8f9722e30adee6b390ebee2c5ca07be483d8493ac2bb854" "/opt/rustwide/cargo-home/bin/cargo" "+1.100.0-beta.1" "metadata" "--no-deps" "--format-version=1", kill_on_drop: false }`
[INFO] running `Command { std: "docker" "inspect" "e9af3feacd9cdee7c8f9722e30adee6b390ebee2c5ca07be483d8493ac2bb854", kill_on_drop: false }`
[INFO] running `Command { std: "docker" "exec" "-e" "SOURCE_DIR=/opt/rustwide/workdir" "-e" "CARGO_HOME=/opt/rustwide/cargo-home" "-e" "RUSTUP_HOME=/opt/rustwide/rustup-home" "-e" "CARGO_TARGET_DIR=/opt/rustwide/target" "-e" "CARGO_INCREMENTAL=0" "-e" "RUST_BACKTRACE=full" "-e" "RUSTFLAGS=--cap-lints=warn" "-e" "RUSTDOCFLAGS=--cap-lints=warn" "-w" "/opt/rustwide/workdir" "--user" "0:0" "e9af3feacd9cdee7c8f9722e30adee6b390ebee2c5ca07be483d8493ac2bb854" "/opt/rustwide/cargo-home/bin/cargo" "+1.100.0-beta.1" "build" "--frozen" "--message-format=json", kill_on_drop: false }`
[INFO] [stderr] warning: `package.homepage` is redundant with `package.repository`
[INFO] [stderr]   --> Cargo.toml:77:12
[INFO] [stderr]    |
[INFO] [stderr] 77 | homepage = "https://github.com/JFKongphop/runarium"
[INFO] [stderr]    |            ^^^^^^^^^^^^^^^^^^^^^^^^^^^^^^^^^^^^^^^^
[INFO] [stderr] ...
[INFO] [stderr] 82 | repository = "https://github.com/JFKongphop/runarium"
[INFO] [stderr]    |              ----------------------------------------
[INFO] [stderr]    |
[INFO] [stderr]    = note: `cargo::redundant_homepage` is set to `warn` by default
[INFO] [stderr] help: consider removing `package.homepage`
[INFO] [stderr] warning: `runarium` (manifest) generated 1 warning
[INFO] [stderr]    Compiling quote v1.0.41
[INFO] [stderr]    Compiling libc v0.2.177
[INFO] [stderr]    Compiling libm v0.2.15
[INFO] [stderr]    Compiling memchr v2.7.6
[INFO] [stderr]    Compiling once_cell v1.21.3
[INFO] [stderr]    Compiling num-traits v0.2.19
[INFO] [stderr]    Compiling find-msvc-tools v0.1.4
[INFO] [stderr]    Compiling zerocopy v0.8.27
[INFO] [stderr]    Compiling simd-adler32 v0.3.7
[INFO] [stderr]    Compiling syn v2.0.107
[INFO] [stderr]    Compiling clang-sys v1.8.1
[INFO] [stderr]    Compiling tracing-core v0.1.34
[INFO] [stderr]    Compiling bytemuck v1.24.0
[INFO] [stderr]    Compiling indexmap v2.12.0
[INFO] [stderr]    Compiling miniz_oxide v0.8.9
[INFO] [stderr]    Compiling tracing v0.1.41
[INFO] [stderr]    Compiling aho-corasick v1.1.3
[INFO] [stderr]    Compiling built v0.7.7
[INFO] [stderr]    Compiling regex-syntax v0.8.8
[INFO] [stderr]    Compiling openssl v0.10.74
[INFO] [stderr]    Compiling rustix v1.1.2
[INFO] [stderr]    Compiling minimal-lexical v0.2.1
[INFO] [stderr]    Compiling jobserver v0.1.34
[INFO] [stderr]    Compiling parking_lot_core v0.9.12
[INFO] [stderr]    Compiling parking_lot v0.12.5
[INFO] [stderr]    Compiling cc v1.2.41
[INFO] [stderr]    Compiling mio v1.1.0
[INFO] [stderr]    Compiling signal-hook-registry v1.4.7
[INFO] [stderr]    Compiling socket2 v0.6.1
[INFO] [stderr]    Compiling num-integer v0.1.46
[INFO] [stderr]    Compiling arrayvec v0.7.6
[INFO] [stderr]    Compiling nom v7.1.3
[INFO] [stderr]    Compiling num-bigint v0.4.6
[INFO] [stderr]    Compiling getrandom v0.2.16
[INFO] [stderr]    Compiling rav1e v0.7.1
[INFO] [stderr]    Compiling httpdate v1.0.3
[INFO] [stderr]    Compiling clang v2.0.0
[INFO] [stderr]    Compiling maybe-rayon v0.1.1
[INFO] [stderr]    Compiling flate2 v1.1.4
[INFO] [stderr]    Compiling openssl-sys v0.9.110
[INFO] [stderr]    Compiling regex-automata v0.4.13
[INFO] [stderr]    Compiling num-rational v0.4.2
[INFO] [stderr]    Compiling native-tls v0.2.14
[INFO] [stderr]    Compiling rand_core v0.6.4
[INFO] [stderr]    Compiling num-complex v0.4.6
[INFO] [stderr]    Compiling safe_arch v0.7.4
[INFO] [stderr]    Compiling itertools v0.12.1
[INFO] [stderr]    Compiling simd_helpers v0.1.0
[INFO] [stderr]    Compiling matrixmultiply v0.3.10
[INFO] [stderr]    Compiling zune-core v0.4.12
[INFO] [stderr]    Compiling percent-encoding v2.3.2
[INFO] [stderr]    Compiling imgref v1.12.0
[INFO] [stderr]    Compiling rustversion v1.0.22
[INFO] [stderr]    Compiling weezl v0.1.10
[INFO] [stderr]    Compiling bitstream-io v2.6.0
[INFO] [stderr]    Compiling dunce v1.0.5
[INFO] [stderr]    Compiling loop9 v0.1.5
[INFO] [stderr]    Compiling zune-jpeg v0.4.21
[INFO] [stderr]    Compiling multer v3.1.0
[INFO] [stderr]    Compiling wide v0.7.33
[INFO] [stderr]    Compiling terminal_size v0.4.3
[INFO] [stderr]    Compiling avif-serialize v0.8.6
[INFO] [stderr]    Compiling synstructure v0.13.2
[INFO] [stderr]    Compiling pxfm v0.1.25
[INFO] [stderr]    Compiling approx v0.5.1
[INFO] [stderr]    Compiling zune-inflate v0.2.54
[INFO] [stderr]    Compiling fdeflate v0.3.7
[INFO] [stderr]    Compiling encoding_rs v0.8.35
[INFO] [stderr]    Compiling ttf-parser v0.25.1
[INFO] [stderr]    Compiling rgb v0.8.52
[INFO] [stderr]    Compiling clap_lex v0.7.6
[INFO] [stderr]    Compiling semver v1.0.27
[INFO] [stderr]    Compiling regex v1.12.2
[INFO] [stderr]    Compiling rawpointer v0.2.1
[INFO] [stderr]    Compiling serde_json v1.0.145
[INFO] [stderr]    Compiling opencv-binding-generator v0.99.0
[INFO] [stderr]    Compiling simba v0.8.1
[INFO] [stderr]    Compiling zerofrom-derive v0.1.6
[INFO] [stderr]    Compiling yoke-derive v0.8.0
[INFO] [stderr]    Compiling zerovec-derive v0.11.1
[INFO] [stderr]    Compiling displaydoc v0.2.5
[INFO] [stderr]    Compiling futures-macro v0.3.31
[INFO] [stderr]    Compiling tokio-macros v2.6.0
[INFO] [stderr]    Compiling zerofrom v0.1.6
[INFO] [stderr]    Compiling yoke v0.8.0
[INFO] [stderr]    Compiling futures-util v0.3.31
[INFO] [stderr]    Compiling zerocopy-derive v0.8.27
[INFO] [stderr]    Compiling equator-macro v0.4.2
[INFO] [stderr]    Compiling tokio v1.48.0
[INFO] [stderr]    Compiling zerovec v0.11.4
[INFO] [stderr]    Compiling equator v0.4.2
[INFO] [stderr]    Compiling zerotrie v0.2.2
[INFO] [stderr]    Compiling serde_derive v1.0.228
[INFO] [stderr]    Compiling aligned-vec v0.6.4
[INFO] [stderr]    Compiling v_frame v0.3.9
[INFO] [stderr]    Compiling profiling-procmacros v1.0.17
[INFO] [stderr]    Compiling tinystr v0.8.1
[INFO] [stderr]    Compiling potential_utf v0.1.3
[INFO] [stderr]    Compiling icu_locale_core v2.0.0
[INFO] [stderr]    Compiling icu_collections v2.0.0
[INFO] [stderr]    Compiling openssl-macros v0.1.1
[INFO] [stderr]    Compiling icu_provider v2.0.0
[INFO] [stderr]    Compiling thiserror-impl v1.0.69
[INFO] [stderr]    Compiling icu_properties v2.0.1
[INFO] [stderr]    Compiling icu_normalizer v2.0.0
[INFO] [stderr]    Compiling half v2.7.1
[INFO] [stderr]    Compiling ppv-lite86 v0.2.21
[INFO] [stderr]    Compiling thiserror v1.0.69
[INFO] [stderr]    Compiling profiling v1.0.17
[INFO] [stderr]    Compiling av1-grain v0.2.4
[INFO] [stderr]    Compiling num-derive v0.4.2
[INFO] [stderr]    Compiling fax_derive v0.2.0
[INFO] [stderr]    Compiling arg_enum_proc_macro v0.3.4
[INFO] [stderr]    Compiling fax v0.2.6
[INFO] [stderr]    Compiling idna_adapter v1.2.1
[INFO] [stderr]    Compiling rand_chacha v0.3.1
[INFO] [stderr]    Compiling idna v1.1.0
[INFO] [stderr]    Compiling tiff v0.10.3
[INFO] [stderr]    Compiling serde v1.0.228
[INFO] [stderr]    Compiling rand v0.8.5
[INFO] [stderr]    Compiling opencv v0.97.2
[INFO] [stderr]    Compiling serde_urlencoded v0.7.1
[INFO] [stderr]    Compiling exr v1.73.0
[INFO] [stderr]    Compiling owned_ttf_parser v0.25.1
[INFO] [stderr]    Compiling moxcms v0.7.7
[INFO] [stderr]    Compiling async-trait v0.1.89
[INFO] [stderr]    Compiling tokio-util v0.7.16
[INFO] [stderr]    Compiling tower v0.5.2
[INFO] [stderr]    Compiling clap_builder v4.5.53
[INFO] [stderr]    Compiling h2 v0.4.12
[INFO] [stderr]    Compiling tokio-native-tls v0.3.1
[INFO] [stderr]    Compiling gif v0.13.3
[INFO] [stderr]    Compiling png v0.18.0
[INFO] [stderr]    Compiling num-iter v0.1.45
[INFO] [stderr]    Compiling qoi v0.4.1
[INFO] [stderr]    Compiling spin v0.9.8
[INFO] [stderr]    Compiling iana-time-zone v0.1.64
[INFO] [stderr]    Compiling ab_glyph_rasterizer v0.1.10
[INFO] [stderr]    Compiling zeroize v1.8.2
[INFO] [stderr]    Compiling ab_glyph v0.2.32
[INFO] [stderr]    Compiling rustls-pki-types v1.12.0
[INFO] [stderr]    Compiling tower-http v0.6.6
[INFO] [stderr]    Compiling chrono v0.4.42
[INFO] [stderr]    Compiling clap v4.5.53
[INFO] [stderr]    Compiling num v0.4.3
[INFO] [stderr]    Compiling axum-core v0.4.5
[INFO] [stderr]    Compiling nalgebra v0.32.6
[INFO] [stderr]    Compiling ravif v0.11.20
[INFO] [stderr]    Compiling rand_distr v0.4.3
[INFO] [stderr]    Compiling url v2.5.7
[INFO] [stderr]    Compiling futures-executor v0.3.31
[INFO] [stderr]    Compiling hyper v1.7.0
[INFO] [stderr]    Compiling divan-macros v0.1.21
[INFO] [stderr]    Compiling image v0.25.8
[INFO] [stderr]    Compiling getrandom v0.3.4
[INFO] [stderr]    Compiling hyper-util v0.1.17
[INFO] [stderr]    Compiling nom v8.0.0
[INFO] [stderr]    Compiling serde_path_to_error v0.1.20
[INFO] [stderr]    Compiling regex-lite v0.1.8
[INFO] [stderr]    Compiling condtype v1.3.0
[INFO] [stderr]    Compiling matchit v0.7.3
[INFO] [stderr]    Compiling uuid v1.19.0
[INFO] [stderr]    Compiling divan v0.1.21
[INFO] [stderr]    Compiling futures v0.3.31
[INFO] [stderr]    Compiling hyper-tls v0.6.0
[INFO] [stderr]    Compiling fitparser v0.10.0
[INFO] [stderr]    Compiling reqwest v0.12.24
[INFO] [stderr]    Compiling imageproc v0.25.0
[INFO] [stderr]    Compiling axum v0.7.9
[INFO] [stderr] warning: opencv@0.97.2: c++: fatal error: Killed signal terminated program cc1plus
[INFO] [stderr] warning: opencv@0.97.2: compilation terminated.
[INFO] [stderr] warning: opencv@0.97.2: ToolExecError: command did not execute successfully (status code exit status: 1): LC_ALL="C" "c++" "-O0" "-ffunction-sections" "-fdata-sections" "-fPIC" "-gdwarf-4" "-fno-omit-frame-pointer" "-m64" "-std=c++17" "-I" "/opt/rustwide/cargo-home/registry/src/index.crates.io-1949cf8c6b5b557f/opencv-0.97.2/src_cpp" "-I" "/opt/rustwide/target/debug/build/opencv/6303993c72754634/out" "-I" "." "-I" "/usr/include/opencv4" "-I" "/usr/include/x86_64-linux-gnu/opencv4" "-Wall" "-Wextra" "-Wno-deprecated-declarations" "-Wno-deprecated-copy" "-Wno-unused-parameter" "-Wno-sign-compare" "-Wno-comment" "-Wno-uninitialized" "-Wno-unused-variable" "-Wno-ignored-qualifiers" "-Wno-return-type-c-linkage" "-Wno-overloaded-virtual" "-Wno-delete-non-virtual-dtor" "-DOCVRS_FFI_EXPORT_SUFFIX=_0_97_2" "-DOCVRS_TARGET_OS_WINDOWS=0" "-o" "/opt/rustwide/target/debug/build/opencv/6303993c72754634/out/2752065271157728-core.o" "-c" "/opt/rustwide/target/debug/build/opencv/6303993c72754634/out/core.cpp"cargo:warning=c++: fatal error: Killed signal terminated program cc1plus
[INFO] [stderr] warning: opencv@0.97.2: compilation terminated.
[INFO] [stderr] warning: opencv@0.97.2: ToolExecError: command did not execute successfully (status code exit status: 1): LC_ALL="C" "c++" "-O0" "-ffunction-sections" "-fdata-sections" "-fPIC" "-gdwarf-4" "-fno-omit-frame-pointer" "-m64" "-std=c++17" "-I" "/opt/rustwide/cargo-home/registry/src/index.crates.io-1949cf8c6b5b557f/opencv-0.97.2/src_cpp" "-I" "/opt/rustwide/target/debug/build/opencv/6303993c72754634/out" "-I" "." "-I" "/usr/include/opencv4" "-I" "/usr/include/x86_64-linux-gnu/opencv4" "-Wall" "-Wextra" "-Wno-deprecated-declarations" "-Wno-deprecated-copy" "-Wno-unused-parameter" "-Wno-sign-compare" "-Wno-comment" "-Wno-uninitialized" "-Wno-unused-variable" "-Wno-ignored-qualifiers" "-Wno-return-type-c-linkage" "-Wno-overloaded-virtual" "-Wno-delete-non-virtual-dtor" "-DOCVRS_FFI_EXPORT_SUFFIX=_0_97_2" "-DOCVRS_TARGET_OS_WINDOWS=0" "-o" "/opt/rustwide/target/debug/build/opencv/6303993c72754634/out/2752065271157728-dnn.o" "-c" "/opt/rustwide/target/debug/build/opencv/6303993c72754634/out/dnn.cpp"
[INFO] [stderr] warning: opencv@0.97.2: c++: fatal error: Killed signal terminated program cc1plus
[INFO] [stderr] warning: opencv@0.97.2: compilation terminated.
[INFO] [stderr] warning: opencv@0.97.2: ToolExecError: command did not execute successfully (status code exit status: 1): LC_ALL="C" "c++" "-O0" "-ffunction-sections" "-fdata-sections" "-fPIC" "-gdwarf-4" "-fno-omit-frame-pointer" "-m64" "-std=c++17" "-I" "/opt/rustwide/cargo-home/registry/src/index.crates.io-1949cf8c6b5b557f/opencv-0.97.2/src_cpp" "-I" "/opt/rustwide/target/debug/build/opencv/6303993c72754634/out" "-I" "." "-I" "/usr/include/opencv4" "-I" "/usr/include/x86_64-linux-gnu/opencv4" "-Wall" "-Wextra" "-Wno-deprecated-declarations" "-Wno-deprecated-copy" "-Wno-unused-parameter" "-Wno-sign-compare" "-Wno-comment" "-Wno-uninitialized" "-Wno-unused-variable" "-Wno-ignored-qualifiers" "-Wno-return-type-c-linkage" "-Wno-overloaded-virtual" "-Wno-delete-non-virtual-dtor" "-DOCVRS_FFI_EXPORT_SUFFIX=_0_97_2" "-DOCVRS_TARGET_OS_WINDOWS=0" "-o" "/opt/rustwide/target/debug/build/opencv/6303993c72754634/out/2752065271157728-stitching.o" "-c" "/opt/rustwide/target/debug/build/opencv/6303993c72754634/out/stitching.cpp"cargo:warning=c++: fatal error: Killed signal terminated program cc1plus
[INFO] [stderr] warning: opencv@0.97.2: compilation terminated.
[INFO] [stderr] warning: opencv@0.97.2: ToolExecError: command did not execute successfully (status code exit status: 1): LC_ALL="C" "c++" "-O0" "-ffunction-sections" "-fdata-sections" "-fPIC" "-gdwarf-4" "-fno-omit-frame-pointer" "-m64" "-std=c++17" "-I" "/opt/rustwide/cargo-home/registry/src/index.crates.io-1949cf8c6b5b557f/opencv-0.97.2/src_cpp" "-I" "/opt/rustwide/target/debug/build/opencv/6303993c72754634/out" "-I" "." "-I" "/usr/include/opencv4" "-I" "/usr/include/x86_64-linux-gnu/opencv4" "-Wall" "-Wextra" "-Wno-deprecated-declarations" "-Wno-deprecated-copy" "-Wno-unused-parameter" "-Wno-sign-compare" "-Wno-comment" "-Wno-uninitialized" "-Wno-unused-variable" "-Wno-ignored-qualifiers" "-Wno-return-type-c-linkage" "-Wno-overloaded-virtual" "-Wno-delete-non-virtual-dtor" "-DOCVRS_FFI_EXPORT_SUFFIX=_0_97_2" "-DOCVRS_TARGET_OS_WINDOWS=0" "-o" "/opt/rustwide/target/debug/build/opencv/6303993c72754634/out/2752065271157728-tracking.o" "-c" "/opt/rustwide/target/debug/build/opencv/6303993c72754634/out/tracking.cpp"
[INFO] [stderr] error: failed to run custom build command for `opencv v0.97.2`
[INFO] [stderr] note: To improve backtraces for build dependencies, set the CARGO_PROFILE_DEV_BUILD_OVERRIDE_DEBUG=true environment variable to enable debug information generation.
[INFO] [stderr] 
[INFO] [stderr] Caused by:
[INFO] [stderr]   process didn't exit successfully: `/opt/rustwide/target/debug/build/opencv/85e66573bda01336/out/build_script_build` (exit status: 1)
[INFO] [stderr]   --- stdout
[INFO] [stderr]   cargo::rustc-check-cfg=cfg(ocvrs_opencv_branch_34)
[INFO] [stderr]   cargo::rustc-check-cfg=cfg(ocvrs_opencv_branch_4)
[INFO] [stderr]   cargo::rustc-check-cfg=cfg(ocvrs_opencv_branch_5)
[INFO] [stderr]   cargo::rustc-check-cfg=cfg(ocvrs_has_module_3d)
[INFO] [stderr]   cargo::rustc-check-cfg=cfg(ocvrs_has_module_alphamat)
[INFO] [stderr]   cargo::rustc-check-cfg=cfg(ocvrs_has_module_aruco)
[INFO] [stderr]   cargo::rustc-check-cfg=cfg(ocvrs_has_module_aruco_detector)
[INFO] [stderr]   cargo::rustc-check-cfg=cfg(ocvrs_has_module_barcode)
[INFO] [stderr]   cargo::rustc-check-cfg=cfg(ocvrs_has_module_bgsegm)
[INFO] [stderr]   cargo::rustc-check-cfg=cfg(ocvrs_has_module_bioinspired)
[INFO] [stderr]   cargo::rustc-check-cfg=cfg(ocvrs_has_module_calib)
[INFO] [stderr]   cargo::rustc-check-cfg=cfg(ocvrs_has_module_calib3d)
[INFO] [stderr]   cargo::rustc-check-cfg=cfg(ocvrs_has_module_ccalib)
[INFO] [stderr]   cargo::rustc-check-cfg=cfg(ocvrs_has_module_core)
[INFO] [stderr]   cargo::rustc-check-cfg=cfg(ocvrs_has_module_cudaarithm)
[INFO] [stderr]   cargo::rustc-check-cfg=cfg(ocvrs_has_module_cudabgsegm)
[INFO] [stderr]   cargo::rustc-check-cfg=cfg(ocvrs_has_module_cudacodec)
[INFO] [stderr]   cargo::rustc-check-cfg=cfg(ocvrs_has_module_cudafeatures2d)
[INFO] [stderr]   cargo::rustc-check-cfg=cfg(ocvrs_has_module_cudafilters)
[INFO] [stderr]   cargo::rustc-check-cfg=cfg(ocvrs_has_module_cudaimgproc)
[INFO] [stderr]   cargo::rustc-check-cfg=cfg(ocvrs_has_module_cudalegacy)
[INFO] [stderr]   cargo::rustc-check-cfg=cfg(ocvrs_has_module_cudaobjdetect)
[INFO] [stderr]   cargo::rustc-check-cfg=cfg(ocvrs_has_module_cudaoptflow)
[INFO] [stderr]   cargo::rustc-check-cfg=cfg(ocvrs_has_module_cudastereo)
[INFO] [stderr]   cargo::rustc-check-cfg=cfg(ocvrs_has_module_cudawarping)
[INFO] [stderr]   cargo::rustc-check-cfg=cfg(ocvrs_has_module_cvv)
[INFO] [stderr]   cargo::rustc-check-cfg=cfg(ocvrs_has_module_dnn)
[INFO] [stderr]   cargo::rustc-check-cfg=cfg(ocvrs_has_module_dnn_superres)
[INFO] [stderr]   cargo::rustc-check-cfg=cfg(ocvrs_has_module_dpm)
[INFO] [stderr]   cargo::rustc-check-cfg=cfg(ocvrs_has_module_face)
[INFO] [stderr]   cargo::rustc-check-cfg=cfg(ocvrs_has_module_features)
[INFO] [stderr]   cargo::rustc-check-cfg=cfg(ocvrs_has_module_features2d)
[INFO] [stderr]   cargo::rustc-check-cfg=cfg(ocvrs_has_module_flann)
[INFO] [stderr]   cargo::rustc-check-cfg=cfg(ocvrs_has_module_freetype)
[INFO] [stderr]   cargo::rustc-check-cfg=cfg(ocvrs_has_module_fuzzy)
[INFO] [stderr]   cargo::rustc-check-cfg=cfg(ocvrs_has_module_gapi)
[INFO] [stderr]   cargo::rustc-check-cfg=cfg(ocvrs_has_module_hdf)
[INFO] [stderr]   cargo::rustc-check-cfg=cfg(ocvrs_has_module_hfs)
[INFO] [stderr]   cargo::rustc-check-cfg=cfg(ocvrs_has_module_highgui)
[INFO] [stderr]   cargo::rustc-check-cfg=cfg(ocvrs_has_module_img_hash)
[INFO] [stderr]   cargo::rustc-check-cfg=cfg(ocvrs_has_module_imgcodecs)
[INFO] [stderr]   cargo::rustc-check-cfg=cfg(ocvrs_has_module_imgproc)
[INFO] [stderr]   cargo::rustc-check-cfg=cfg(ocvrs_has_module_intensity_transform)
[INFO] [stderr]   cargo::rustc-check-cfg=cfg(ocvrs_has_module_line_descriptor)
[INFO] [stderr]   cargo::rustc-check-cfg=cfg(ocvrs_has_module_mcc)
[INFO] [stderr]   cargo::rustc-check-cfg=cfg(ocvrs_has_module_ml)
[INFO] [stderr]   cargo::rustc-check-cfg=cfg(ocvrs_has_module_objdetect)
[INFO] [stderr]   cargo::rustc-check-cfg=cfg(ocvrs_has_module_optflow)
[INFO] [stderr]   cargo::rustc-check-cfg=cfg(ocvrs_has_module_ovis)
[INFO] [stderr]   cargo::rustc-check-cfg=cfg(ocvrs_has_module_phase_unwrapping)
[INFO] [stderr]   cargo::rustc-check-cfg=cfg(ocvrs_has_module_photo)
[INFO] [stderr]   cargo::rustc-check-cfg=cfg(ocvrs_has_module_plot)
[INFO] [stderr]   cargo::rustc-check-cfg=cfg(ocvrs_has_module_quality)
[INFO] [stderr]   cargo::rustc-check-cfg=cfg(ocvrs_has_module_rapid)
[INFO] [stderr]   cargo::rustc-check-cfg=cfg(ocvrs_has_module_rgbd)
[INFO] [stderr]   cargo::rustc-check-cfg=cfg(ocvrs_has_module_saliency)
[INFO] [stderr]   cargo::rustc-check-cfg=cfg(ocvrs_has_module_sfm)
[INFO] [stderr]   cargo::rustc-check-cfg=cfg(ocvrs_has_module_shape)
[INFO] [stderr]   cargo::rustc-check-cfg=cfg(ocvrs_has_module_signal)
[INFO] [stderr]   cargo::rustc-check-cfg=cfg(ocvrs_has_module_stereo)
[INFO] [stderr]   cargo::rustc-check-cfg=cfg(ocvrs_has_module_stitching)
[INFO] [stderr]   cargo::rustc-check-cfg=cfg(ocvrs_has_module_structured_light)
[INFO] [stderr]   cargo::rustc-check-cfg=cfg(ocvrs_has_module_superres)
[INFO] [stderr]   cargo::rustc-check-cfg=cfg(ocvrs_has_module_surface_matching)
[INFO] [stderr]   cargo::rustc-check-cfg=cfg(ocvrs_has_module_text)
[INFO] [stderr]   cargo::rustc-check-cfg=cfg(ocvrs_has_module_tracking)
[INFO] [stderr]   cargo::rustc-check-cfg=cfg(ocvrs_has_module_video)
[INFO] [stderr]   cargo::rustc-check-cfg=cfg(ocvrs_has_module_videoio)
[INFO] [stderr]   cargo::rustc-check-cfg=cfg(ocvrs_has_module_videostab)
[INFO] [stderr]   cargo::rustc-check-cfg=cfg(ocvrs_has_module_viz)
[INFO] [stderr]   cargo::rustc-check-cfg=cfg(ocvrs_has_module_wechat_qrcode)
[INFO] [stderr]   cargo::rustc-check-cfg=cfg(ocvrs_has_module_xfeatures2d)
[INFO] [stderr]   cargo::rustc-check-cfg=cfg(ocvrs_has_module_ximgproc)
[INFO] [stderr]   cargo::rustc-check-cfg=cfg(ocvrs_has_module_xobjdetect)
[INFO] [stderr]   cargo::rustc-check-cfg=cfg(ocvrs_has_module_xphoto)
[INFO] [stderr]   cargo::rustc-check-cfg=cfg(ocvrs_has_module_xstereo)
[INFO] [stderr]   cargo::rustc-check-cfg=cfg(ocvrs_has_inherent_feature_opencl)
[INFO] [stderr]   cargo::rustc-check-cfg=cfg(ocvrs_has_inherent_feature_cuda)
[INFO] [stderr]   cargo::rustc-check-cfg=cfg(ocvrs_has_inherent_feature_hfloat)
[INFO] [stderr]   cargo::rustc-check-cfg=cfg(ocvrs_has_inherent_feature_algorithm_hint)
[INFO] [stderr]   cargo:rerun-if-env-changed=OPENCV4_NO_PKG_CONFIG
[INFO] [stderr]   cargo:rerun-if-env-changed=PKG_CONFIG_x86_64-unknown-linux-gnu
[INFO] [stderr]   cargo:rerun-if-env-changed=PKG_CONFIG_x86_64_unknown_linux_gnu
[INFO] [stderr]   cargo:rerun-if-env-changed=HOST_PKG_CONFIG
[INFO] [stderr]   cargo:rerun-if-env-changed=PKG_CONFIG
[INFO] [stderr]   cargo:rerun-if-env-changed=OPENCV4_STATIC
[INFO] [stderr]   cargo:rerun-if-env-changed=OPENCV4_DYNAMIC
[INFO] [stderr]   cargo:rerun-if-env-changed=PKG_CONFIG_ALL_STATIC
[INFO] [stderr]   cargo:rerun-if-env-changed=PKG_CONFIG_ALL_DYNAMIC
[INFO] [stderr]   cargo:rerun-if-env-changed=PKG_CONFIG_PATH_x86_64-unknown-linux-gnu
[INFO] [stderr]   cargo:rerun-if-env-changed=PKG_CONFIG_PATH_x86_64_unknown_linux_gnu
[INFO] [stderr]   cargo:rerun-if-env-changed=HOST_PKG_CONFIG_PATH
[INFO] [stderr]   cargo:rerun-if-env-changed=PKG_CONFIG_PATH
[INFO] [stderr]   cargo:rerun-if-env-changed=PKG_CONFIG_LIBDIR_x86_64-unknown-linux-gnu
[INFO] [stderr]   cargo:rerun-if-env-changed=PKG_CONFIG_LIBDIR_x86_64_unknown_linux_gnu
[INFO] [stderr]   cargo:rerun-if-env-changed=HOST_PKG_CONFIG_LIBDIR
[INFO] [stderr]   cargo:rerun-if-env-changed=PKG_CONFIG_LIBDIR
[INFO] [stderr]   cargo:rerun-if-env-changed=PKG_CONFIG_SYSROOT_DIR_x86_64-unknown-linux-gnu
[INFO] [stderr]   cargo:rerun-if-env-changed=PKG_CONFIG_SYSROOT_DIR_x86_64_unknown_linux_gnu
[INFO] [stderr]   cargo:rerun-if-env-changed=HOST_PKG_CONFIG_SYSROOT_DIR
[INFO] [stderr]   cargo:rerun-if-env-changed=PKG_CONFIG_SYSROOT_DIR
[INFO] [stderr]   cargo:rerun-if-env-changed=PKG_CONFIG_SYSROOT_DIR
[INFO] [stderr]   cargo:rerun-if-env-changed=SYSROOT
[INFO] [stderr]   cargo:rerun-if-env-changed=OPENCV4_STATIC
[INFO] [stderr]   cargo:rerun-if-env-changed=OPENCV4_DYNAMIC
[INFO] [stderr]   cargo:rerun-if-env-changed=PKG_CONFIG_ALL_STATIC
[INFO] [stderr]   cargo:rerun-if-env-changed=PKG_CONFIG_ALL_DYNAMIC
[INFO] [stderr]   cargo:rerun-if-env-changed=PKG_CONFIG_x86_64-unknown-linux-gnu
[INFO] [stderr]   cargo:rerun-if-env-changed=PKG_CONFIG_x86_64_unknown_linux_gnu
[INFO] [stderr]   cargo:rerun-if-env-changed=HOST_PKG_CONFIG
[INFO] [stderr]   cargo:rerun-if-env-changed=PKG_CONFIG
[INFO] [stderr]   cargo:rerun-if-env-changed=OPENCV4_STATIC
[INFO] [stderr]   cargo:rerun-if-env-changed=OPENCV4_DYNAMIC
[INFO] [stderr]   cargo:rerun-if-env-changed=PKG_CONFIG_ALL_STATIC
[INFO] [stderr]   cargo:rerun-if-env-changed=PKG_CONFIG_ALL_DYNAMIC
[INFO] [stderr]   cargo:rerun-if-env-changed=PKG_CONFIG_PATH_x86_64-unknown-linux-gnu
[INFO] [stderr]   cargo:rerun-if-env-changed=PKG_CONFIG_PATH_x86_64_unknown_linux_gnu
[INFO] [stderr]   cargo:rerun-if-env-changed=HOST_PKG_CONFIG_PATH
[INFO] [stderr]   cargo:rerun-if-env-changed=PKG_CONFIG_PATH
[INFO] [stderr]   cargo:rerun-if-env-changed=PKG_CONFIG_LIBDIR_x86_64-unknown-linux-gnu
[INFO] [stderr]   cargo:rerun-if-env-changed=PKG_CONFIG_LIBDIR_x86_64_unknown_linux_gnu
[INFO] [stderr]   cargo:rerun-if-env-changed=HOST_PKG_CONFIG_LIBDIR
[INFO] [stderr]   cargo:rerun-if-env-changed=PKG_CONFIG_LIBDIR
[INFO] [stderr]   cargo:rerun-if-env-changed=PKG_CONFIG_SYSROOT_DIR_x86_64-unknown-linux-gnu
[INFO] [stderr]   cargo:rerun-if-env-changed=PKG_CONFIG_SYSROOT_DIR_x86_64_unknown_linux_gnu
[INFO] [stderr]   cargo:rerun-if-env-changed=HOST_PKG_CONFIG_SYSROOT_DIR
[INFO] [stderr]   cargo:rerun-if-env-changed=PKG_CONFIG_SYSROOT_DIR
[INFO] [stderr]   cargo::rustc-cfg=ocvrs_opencv_branch_4
[INFO] [stderr]   cargo::rustc-cfg=ocvrs_has_inherent_feature_opencl
[INFO] [stderr]   cargo::rustc-cfg=ocvrs_has_inherent_feature_hfloat
[INFO] [stderr]   cargo::rustc-cfg=ocvrs_has_module_alphamat
[INFO] [stderr]   cargo::rustc-cfg=ocvrs_has_module_aruco
[INFO] [stderr]   cargo::rustc-cfg=ocvrs_has_module_bgsegm
[INFO] [stderr]   cargo::rustc-cfg=ocvrs_has_module_bioinspired
[INFO] [stderr]   cargo::rustc-cfg=ocvrs_has_module_calib3d
[INFO] [stderr]   cargo::rustc-cfg=ocvrs_has_module_ccalib
[INFO] [stderr]   cargo::rustc-cfg=ocvrs_has_module_core
[INFO] [stderr]   cargo::rustc-cfg=ocvrs_has_module_cvv
[INFO] [stderr]   cargo::rustc-cfg=ocvrs_has_module_dnn
[INFO] [stderr]   cargo::rustc-cfg=ocvrs_has_module_dnn_superres
[INFO] [stderr]   cargo::rustc-cfg=ocvrs_has_module_dpm
[INFO] [stderr]   cargo::rustc-cfg=ocvrs_has_module_face
[INFO] [stderr]   cargo::rustc-cfg=ocvrs_has_module_features2d
[INFO] [stderr]   cargo::rustc-cfg=ocvrs_has_module_flann
[INFO] [stderr]   cargo::rustc-cfg=ocvrs_has_module_freetype
[INFO] [stderr]   cargo::rustc-cfg=ocvrs_has_module_fuzzy
[INFO] [stderr]   cargo::rustc-cfg=ocvrs_has_module_hdf
[INFO] [stderr]   cargo::rustc-cfg=ocvrs_has_module_hfs
[INFO] [stderr]   cargo::rustc-cfg=ocvrs_has_module_highgui
[INFO] [stderr]   cargo::rustc-cfg=ocvrs_has_module_img_hash
[INFO] [stderr]   cargo::rustc-cfg=ocvrs_has_module_imgcodecs
[INFO] [stderr]   cargo::rustc-cfg=ocvrs_has_module_imgproc
[INFO] [stderr]   cargo::rustc-cfg=ocvrs_has_module_intensity_transform
[INFO] [stderr]   cargo::rustc-cfg=ocvrs_has_module_line_descriptor
[INFO] [stderr]   cargo::rustc-cfg=ocvrs_has_module_mcc
[INFO] [stderr]   cargo::rustc-cfg=ocvrs_has_module_ml
[INFO] [stderr]   cargo::rustc-cfg=ocvrs_has_module_objdetect
[INFO] [stderr]   cargo::rustc-cfg=ocvrs_has_module_optflow
[INFO] [stderr]   cargo::rustc-cfg=ocvrs_has_module_phase_unwrapping
[INFO] [stderr]   cargo::rustc-cfg=ocvrs_has_module_photo
[INFO] [stderr]   cargo::rustc-cfg=ocvrs_has_module_plot
[INFO] [stderr]   cargo::rustc-cfg=ocvrs_has_module_quality
[INFO] [stderr]   cargo::rustc-cfg=ocvrs_has_module_rapid
[INFO] [stderr]   cargo::rustc-cfg=ocvrs_has_module_rgbd
[INFO] [stderr]   cargo::rustc-cfg=ocvrs_has_module_saliency
[INFO] [stderr]   cargo::rustc-cfg=ocvrs_has_module_shape
[INFO] [stderr]   cargo::rustc-cfg=ocvrs_has_module_signal
[INFO] [stderr]   cargo::rustc-cfg=ocvrs_has_module_stereo
[INFO] [stderr]   cargo::rustc-cfg=ocvrs_has_module_stitching
[INFO] [stderr]   cargo::rustc-cfg=ocvrs_has_module_structured_light
[INFO] [stderr]   cargo::rustc-cfg=ocvrs_has_module_superres
[INFO] [stderr]   cargo::rustc-cfg=ocvrs_has_module_surface_matching
[INFO] [stderr]   cargo::rustc-cfg=ocvrs_has_module_text
[INFO] [stderr]   cargo::rustc-cfg=ocvrs_has_module_tracking
[INFO] [stderr]   cargo::rustc-cfg=ocvrs_has_module_video
[INFO] [stderr]   cargo::rustc-cfg=ocvrs_has_module_videoio
[INFO] [stderr]   cargo::rustc-cfg=ocvrs_has_module_videostab
[INFO] [stderr]   cargo::rustc-cfg=ocvrs_has_module_viz
[INFO] [stderr]   cargo::rustc-cfg=ocvrs_has_module_wechat_qrcode
[INFO] [stderr]   cargo::rustc-cfg=ocvrs_has_module_ximgproc
[INFO] [stderr]   cargo::rustc-cfg=ocvrs_has_module_xobjdetect
[INFO] [stderr]   cargo::rustc-cfg=ocvrs_has_module_xphoto
[INFO] [stderr]   cargo::rerun-if-env-changed=OPENCV_PACKAGE_NAME
[INFO] [stderr]   cargo::rerun-if-env-changed=OPENCV_PKGCONFIG_NAME
[INFO] [stderr]   cargo::rerun-if-env-changed=OPENCV_CMAKE_NAME
[INFO] [stderr]   cargo::rerun-if-env-changed=OPENCV_CMAKE_BIN
[INFO] [stderr]   cargo::rerun-if-env-changed=OPENCV_VCPKG_NAME
[INFO] [stderr]   cargo::rerun-if-env-changed=OPENCV_LINK_LIBS
[INFO] [stderr]   cargo::rerun-if-env-changed=OPENCV_LINK_PATHS
[INFO] [stderr]   cargo::rerun-if-env-changed=OPENCV_INCLUDE_PATHS
[INFO] [stderr]   cargo::rerun-if-env-changed=OPENCV_DISABLE_PROBES
[INFO] [stderr]   cargo::rerun-if-env-changed=OPENCV_MSVC_CRT
[INFO] [stderr]   cargo::rerun-if-env-changed=OPENCV_CMAKE_TOOLCHAIN_FILE
[INFO] [stderr]   cargo::rerun-if-env-changed=OPENCV_CMAKE_ARGS
[INFO] [stderr]   cargo::rerun-if-env-changed=CMAKE_PREFIX_PATH
[INFO] [stderr]   cargo::rerun-if-env-changed=OpenCV_DIR
[INFO] [stderr]   cargo::rerun-if-env-changed=PKG_CONFIG_PATH
[INFO] [stderr]   cargo::rerun-if-env-changed=VCPKG_ROOT
[INFO] [stderr]   cargo::rerun-if-env-changed=VCPKGRS_DYNAMIC
[INFO] [stderr]   cargo::rerun-if-env-changed=VCPKGRS_TRIPLET
[INFO] [stderr]   cargo::rerun-if-env-changed=OCVRS_DOCS_GENERATE_DIR
[INFO] [stderr]   cargo::rerun-if-env-changed=DOCS_RS
[INFO] [stderr]   cargo::rerun-if-changed=/opt/rustwide/cargo-home/registry/src/index.crates.io-1949cf8c6b5b557f/opencv-0.97.2/src_cpp/face.hpp
[INFO] [stderr]   cargo::rerun-if-changed=/opt/rustwide/cargo-home/registry/src/index.crates.io-1949cf8c6b5b557f/opencv-0.97.2/src_cpp/video.hpp
[INFO] [stderr]   cargo::rerun-if-changed=/opt/rustwide/cargo-home/registry/src/index.crates.io-1949cf8c6b5b557f/opencv-0.97.2/src_cpp/tracking.hpp
[INFO] [stderr]   cargo::rerun-if-changed=/opt/rustwide/cargo-home/registry/src/index.crates.io-1949cf8c6b5b557f/opencv-0.97.2/src_cpp/sfm.hpp
[INFO] [stderr]   cargo::rerun-if-changed=/opt/rustwide/cargo-home/registry/src/index.crates.io-1949cf8c6b5b557f/opencv-0.97.2/src_cpp/ccalib.hpp
[INFO] [stderr]   cargo::rerun-if-changed=/opt/rustwide/cargo-home/registry/src/index.crates.io-1949cf8c6b5b557f/opencv-0.97.2/src_cpp/manual-core.cpp
[INFO] [stderr]   cargo::rerun-if-changed=/opt/rustwide/cargo-home/registry/src/index.crates.io-1949cf8c6b5b557f/opencv-0.97.2/src_cpp/aruco.hpp
[INFO] [stderr]   cargo::rerun-if-changed=/opt/rustwide/cargo-home/registry/src/index.crates.io-1949cf8c6b5b557f/opencv-0.97.2/src_cpp/core.hpp
[INFO] [stderr]   cargo::rerun-if-changed=/opt/rustwide/cargo-home/registry/src/index.crates.io-1949cf8c6b5b557f/opencv-0.97.2/src_cpp/ocvrs_common.hpp
[INFO] [stderr]   cargo::rerun-if-changed=/opt/rustwide/cargo-home/registry/src/index.crates.io-1949cf8c6b5b557f/opencv-0.97.2/src_cpp/xfeatures2d.hpp
[INFO] [stderr]   cargo::rerun-if-changed=/opt/rustwide/cargo-home/registry/src/index.crates.io-1949cf8c6b5b557f/opencv-0.97.2/src_cpp/stitching.hpp
[INFO] [stderr]   cargo::rerun-if-changed=/opt/rustwide/cargo-home/registry/src/index.crates.io-1949cf8c6b5b557f/opencv-0.97.2/src_cpp/alphamat.hpp
[INFO] [stderr]   cargo::rerun-if-changed=/opt/rustwide/cargo-home/registry/src/index.crates.io-1949cf8c6b5b557f/opencv-0.97.2/src_cpp/bioinspired.hpp
[INFO] [stderr]   cargo::rerun-if-changed=/opt/rustwide/cargo-home/registry/src/index.crates.io-1949cf8c6b5b557f/opencv-0.97.2/src_cpp/photo.hpp
[INFO] [stderr]   cargo::rerun-if-changed=/opt/rustwide/cargo-home/registry/src/index.crates.io-1949cf8c6b5b557f/opencv-0.97.2/src_cpp/gapi.hpp
[INFO] [stderr]   cargo::rerun-if-changed=/opt/rustwide/cargo-home/registry/src/index.crates.io-1949cf8c6b5b557f/opencv-0.97.2/src_cpp/hdf.hpp
[INFO] [stderr]   cargo::rerun-if-changed=/opt/rustwide/cargo-home/registry/src/index.crates.io-1949cf8c6b5b557f/opencv-0.97.2/src_cpp/videoio.hpp
[INFO] [stderr]   cargo::rerun-if-changed=/opt/rustwide/cargo-home/registry/src/index.crates.io-1949cf8c6b5b557f/opencv-0.97.2/src_cpp/dnn.hpp
[INFO] [stderr]   cargo::rerun-if-changed=Cargo.toml
[INFO] [stderr]   OPT_LEVEL = Some(0)
[INFO] [stderr]   OUT_DIR = Some(/opt/rustwide/target/debug/build/opencv/6303993c72754634/out)
[INFO] [stderr]   TARGET = Some(x86_64-unknown-linux-gnu)
[INFO] [stderr]   CARGO_ENCODED_RUSTFLAGS = Some(--cap-lints=warn)
[INFO] [stderr]   HOST = Some(x86_64-unknown-linux-gnu)
[INFO] [stderr]   cargo:rerun-if-env-changed=CXX_x86_64-unknown-linux-gnu
[INFO] [stderr]   CXX_x86_64-unknown-linux-gnu = None
[INFO] [stderr]   cargo:rerun-if-env-changed=CXX_x86_64_unknown_linux_gnu
[INFO] [stderr]   CXX_x86_64_unknown_linux_gnu = None
[INFO] [stderr]   cargo:rerun-if-env-changed=HOST_CXX
[INFO] [stderr]   HOST_CXX = None
[INFO] [stderr]   cargo:rerun-if-env-changed=CXX
[INFO] [stderr]   CXX = None
[INFO] [stderr]   cargo:rerun-if-env-changed=CC_ENABLE_DEBUG_OUTPUT
[INFO] [stderr]   RUSTC_WRAPPER = None
[INFO] [stderr]   cargo:rerun-if-env-changed=CRATE_CC_NO_DEFAULTS
[INFO] [stderr]   CRATE_CC_NO_DEFAULTS = None
[INFO] [stderr]   DEBUG = Some(true)
[INFO] [stderr]   CARGO_CFG_TARGET_FEATURE = Some(fxsr,sse,sse2)
[INFO] [stderr]   cargo:rerun-if-env-changed=CXXFLAGS
[INFO] [stderr]   CXXFLAGS = None
[INFO] [stderr]   cargo:rerun-if-env-changed=HOST_CXXFLAGS
[INFO] [stderr]   HOST_CXXFLAGS = None
[INFO] [stderr]   cargo:rerun-if-env-changed=CXXFLAGS_x86_64_unknown_linux_gnu
[INFO] [stderr]   CXXFLAGS_x86_64_unknown_linux_gnu = None
[INFO] [stderr]   cargo:rerun-if-env-changed=CXXFLAGS_x86_64-unknown-linux-gnu
[INFO] [stderr]   CXXFLAGS_x86_64-unknown-linux-gnu = None
[INFO] [stderr]   OUT_DIR = Some(/opt/rustwide/target/debug/build/opencv/6303993c72754634/out)
[INFO] [stderr]   cargo:rerun-if-env-changed=CC_ENABLE_DEBUG_OUTPUT
[INFO] [stderr]   cargo:rerun-if-env-changed=CRATE_CC_NO_DEFAULTS
[INFO] [stderr]   CRATE_CC_NO_DEFAULTS = None
[INFO] [stderr]   TARGET = Some(x86_64-unknown-linux-gnu)
[INFO] [stderr]   CARGO_CFG_TARGET_FEATURE = Some(fxsr,sse,sse2)
[INFO] [stderr]   HOST = Some(x86_64-unknown-linux-gnu)
[INFO] [stderr]   cargo:rerun-if-env-changed=CXXFLAGS
[INFO] [stderr]   CXXFLAGS = None
[INFO] [stderr]   cargo:rerun-if-env-changed=HOST_CXXFLAGS
[INFO] [stderr]   HOST_CXXFLAGS = None
[INFO] [stderr]   cargo:rerun-if-env-changed=CXXFLAGS_x86_64_unknown_linux_gnu
[INFO] [stderr]   CXXFLAGS_x86_64_unknown_linux_gnu = None
[INFO] [stderr]   cargo:rerun-if-env-changed=CXXFLAGS_x86_64-unknown-linux-gnu
[INFO] [stderr]   CXXFLAGS_x86_64-unknown-linux-gnu = None
[INFO] [stderr]   OUT_DIR = Some(/opt/rustwide/target/debug/build/opencv/6303993c72754634/out)
[INFO] [stderr]   cargo:rerun-if-env-changed=CC_ENABLE_DEBUG_OUTPUT
[INFO] [stderr]   cargo:rerun-if-env-changed=CRATE_CC_NO_DEFAULTS
[INFO] [stderr]   CRATE_CC_NO_DEFAULTS = None
[INFO] [stderr]   TARGET = Some(x86_64-unknown-linux-gnu)
[INFO] [stderr]   CARGO_CFG_TARGET_FEATURE = Some(fxsr,sse,sse2)
[INFO] [stderr]   HOST = Some(x86_64-unknown-linux-gnu)
[INFO] [stderr]   cargo:rerun-if-env-changed=CXXFLAGS
[INFO] [stderr]   CXXFLAGS = None
[INFO] [stderr]   cargo:rerun-if-env-changed=HOST_CXXFLAGS
[INFO] [stderr]   HOST_CXXFLAGS = None
[INFO] [stderr]   cargo:rerun-if-env-changed=CXXFLAGS_x86_64_unknown_linux_gnu
[INFO] [stderr]   CXXFLAGS_x86_64_unknown_linux_gnu = None
[INFO] [stderr]   cargo:rerun-if-env-changed=CXXFLAGS_x86_64-unknown-linux-gnu
[INFO] [stderr]   CXXFLAGS_x86_64-unknown-linux-gnu = None
[INFO] [stderr]   OUT_DIR = Some(/opt/rustwide/target/debug/build/opencv/6303993c72754634/out)
[INFO] [stderr]   cargo:rerun-if-env-changed=CC_ENABLE_DEBUG_OUTPUT
[INFO] [stderr]   cargo:rerun-if-env-changed=CRATE_CC_NO_DEFAULTS
[INFO] [stderr]   CRATE_CC_NO_DEFAULTS = None
[INFO] [stderr]   TARGET = Some(x86_64-unknown-linux-gnu)
[INFO] [stderr]   CARGO_CFG_TARGET_FEATURE = Some(fxsr,sse,sse2)
[INFO] [stderr]   HOST = Some(x86_64-unknown-linux-gnu)
[INFO] [stderr]   cargo:rerun-if-env-changed=CXXFLAGS
[INFO] [stderr]   CXXFLAGS = None
[INFO] [stderr]   cargo:rerun-if-env-changed=HOST_CXXFLAGS
[INFO] [stderr]   HOST_CXXFLAGS = None
[INFO] [stderr]   cargo:rerun-if-env-changed=CXXFLAGS_x86_64_unknown_linux_gnu
[INFO] [stderr]   CXXFLAGS_x86_64_unknown_linux_gnu = None
[INFO] [stderr]   cargo:rerun-if-env-changed=CXXFLAGS_x86_64-unknown-linux-gnu
[INFO] [stderr]   CXXFLAGS_x86_64-unknown-linux-gnu = None
[INFO] [stderr]   OUT_DIR = Some(/opt/rustwide/target/debug/build/opencv/6303993c72754634/out)
[INFO] [stderr]   cargo:rerun-if-env-changed=CC_ENABLE_DEBUG_OUTPUT
[INFO] [stderr]   cargo:rerun-if-env-changed=CRATE_CC_NO_DEFAULTS
[INFO] [stderr]   CRATE_CC_NO_DEFAULTS = None
[INFO] [stderr]   TARGET = Some(x86_64-unknown-linux-gnu)
[INFO] [stderr]   CARGO_CFG_TARGET_FEATURE = Some(fxsr,sse,sse2)
[INFO] [stderr]   HOST = Some(x86_64-unknown-linux-gnu)
[INFO] [stderr]   cargo:rerun-if-env-changed=CXXFLAGS
[INFO] [stderr]   CXXFLAGS = None
[INFO] [stderr]   cargo:rerun-if-env-changed=HOST_CXXFLAGS
[INFO] [stderr]   HOST_CXXFLAGS = None
[INFO] [stderr]   cargo:rerun-if-env-changed=CXXFLAGS_x86_64_unknown_linux_gnu
[INFO] [stderr]   CXXFLAGS_x86_64_unknown_linux_gnu = None
[INFO] [stderr]   cargo:rerun-if-env-changed=CXXFLAGS_x86_64-unknown-linux-gnu
[INFO] [stderr]   CXXFLAGS_x86_64-unknown-linux-gnu = None
[INFO] [stderr]   OUT_DIR = Some(/opt/rustwide/target/debug/build/opencv/6303993c72754634/out)
[INFO] [stderr]   cargo:rerun-if-env-changed=CC_ENABLE_DEBUG_OUTPUT
[INFO] [stderr]   cargo:rerun-if-env-changed=CRATE_CC_NO_DEFAULTS
[INFO] [stderr]   CRATE_CC_NO_DEFAULTS = None
[INFO] [stderr]   TARGET = Some(x86_64-unknown-linux-gnu)
[INFO] [stderr]   CARGO_CFG_TARGET_FEATURE = Some(fxsr,sse,sse2)
[INFO] [stderr]   HOST = Some(x86_64-unknown-linux-gnu)
[INFO] [stderr]   cargo:rerun-if-env-changed=CXXFLAGS
[INFO] [stderr]   CXXFLAGS = None
[INFO] [stderr]   cargo:rerun-if-env-changed=HOST_CXXFLAGS
[INFO] [stderr]   HOST_CXXFLAGS = None
[INFO] [stderr]   cargo:rerun-if-env-changed=CXXFLAGS_x86_64_unknown_linux_gnu
[INFO] [stderr]   CXXFLAGS_x86_64_unknown_linux_gnu = None
[INFO] [stderr]   cargo:rerun-if-env-changed=CXXFLAGS_x86_64-unknown-linux-gnu
[INFO] [stderr]   CXXFLAGS_x86_64-unknown-linux-gnu = None
[INFO] [stderr]   OUT_DIR = Some(/opt/rustwide/target/debug/build/opencv/6303993c72754634/out)
[INFO] [stderr]   cargo:rerun-if-env-changed=CC_ENABLE_DEBUG_OUTPUT
[INFO] [stderr]   cargo:rerun-if-env-changed=CRATE_CC_NO_DEFAULTS
[INFO] [stderr]   CRATE_CC_NO_DEFAULTS = None
[INFO] [stderr]   TARGET = Some(x86_64-unknown-linux-gnu)
[INFO] [stderr]   CARGO_CFG_TARGET_FEATURE = Some(fxsr,sse,sse2)
[INFO] [stderr]   HOST = Some(x86_64-unknown-linux-gnu)
[INFO] [stderr]   cargo:rerun-if-env-changed=CXXFLAGS
[INFO] [stderr]   CXXFLAGS = None
[INFO] [stderr]   cargo:rerun-if-env-changed=HOST_CXXFLAGS
[INFO] [stderr]   HOST_CXXFLAGS = None
[INFO] [stderr]   cargo:rerun-if-env-changed=CXXFLAGS_x86_64_unknown_linux_gnu
[INFO] [stderr]   CXXFLAGS_x86_64_unknown_linux_gnu = None
[INFO] [stderr]   cargo:rerun-if-env-changed=CXXFLAGS_x86_64-unknown-linux-gnu
[INFO] [stderr]   CXXFLAGS_x86_64-unknown-linux-gnu = None
[INFO] [stderr]   OUT_DIR = Some(/opt/rustwide/target/debug/build/opencv/6303993c72754634/out)
[INFO] [stderr]   cargo:rerun-if-env-changed=CC_ENABLE_DEBUG_OUTPUT
[INFO] [stderr]   cargo:rerun-if-env-changed=CRATE_CC_NO_DEFAULTS
[INFO] [stderr]   CRATE_CC_NO_DEFAULTS = None
[INFO] [stderr]   TARGET = Some(x86_64-unknown-linux-gnu)
[INFO] [stderr]   CARGO_CFG_TARGET_FEATURE = Some(fxsr,sse,sse2)
[INFO] [stderr]   HOST = Some(x86_64-unknown-linux-gnu)
[INFO] [stderr]   cargo:rerun-if-env-changed=CXXFLAGS
[INFO] [stderr]   CXXFLAGS = None
[INFO] [stderr]   cargo:rerun-if-env-changed=HOST_CXXFLAGS
[INFO] [stderr]   HOST_CXXFLAGS = None
[INFO] [stderr]   cargo:rerun-if-env-changed=CXXFLAGS_x86_64_unknown_linux_gnu
[INFO] [stderr]   CXXFLAGS_x86_64_unknown_linux_gnu = None
[INFO] [stderr]   cargo:rerun-if-env-changed=CXXFLAGS_x86_64-unknown-linux-gnu
[INFO] [stderr]   CXXFLAGS_x86_64-unknown-linux-gnu = None
[INFO] [stderr]   OUT_DIR = Some(/opt/rustwide/target/debug/build/opencv/6303993c72754634/out)
[INFO] [stderr]   cargo:rerun-if-env-changed=CC_ENABLE_DEBUG_OUTPUT
[INFO] [stderr]   cargo:rerun-if-env-changed=CRATE_CC_NO_DEFAULTS
[INFO] [stderr]   CRATE_CC_NO_DEFAULTS = None
[INFO] [stderr]   TARGET = Some(x86_64-unknown-linux-gnu)
[INFO] [stderr]   CARGO_CFG_TARGET_FEATURE = Some(fxsr,sse,sse2)
[INFO] [stderr]   HOST = Some(x86_64-unknown-linux-gnu)
[INFO] [stderr]   cargo:rerun-if-env-changed=CXXFLAGS
[INFO] [stderr]   CXXFLAGS = None
[INFO] [stderr]   cargo:rerun-if-env-changed=HOST_CXXFLAGS
[INFO] [stderr]   HOST_CXXFLAGS = None
[INFO] [stderr]   cargo:rerun-if-env-changed=CXXFLAGS_x86_64_unknown_linux_gnu
[INFO] [stderr]   CXXFLAGS_x86_64_unknown_linux_gnu = None
[INFO] [stderr]   cargo:rerun-if-env-changed=CXXFLAGS_x86_64-unknown-linux-gnu
[INFO] [stderr]   CXXFLAGS_x86_64-unknown-linux-gnu = None
[INFO] [stderr]   OUT_DIR = Some(/opt/rustwide/target/debug/build/opencv/6303993c72754634/out)
[INFO] [stderr]   cargo:rerun-if-env-changed=CC_ENABLE_DEBUG_OUTPUT
[INFO] [stderr]   cargo:rerun-if-env-changed=CRATE_CC_NO_DEFAULTS
[INFO] [stderr]   CRATE_CC_NO_DEFAULTS = None
[INFO] [stderr]   TARGET = Some(x86_64-unknown-linux-gnu)
[INFO] [stderr]   CARGO_CFG_TARGET_FEATURE = Some(fxsr,sse,sse2)
[INFO] [stderr]   HOST = Some(x86_64-unknown-linux-gnu)
[INFO] [stderr]   cargo:rerun-if-env-changed=CXXFLAGS
[INFO] [stderr]   CXXFLAGS = None
[INFO] [stderr]   cargo:rerun-if-env-changed=HOST_CXXFLAGS
[INFO] [stderr]   HOST_CXXFLAGS = None
[INFO] [stderr]   cargo:rerun-if-env-changed=CXXFLAGS_x86_64_unknown_linux_gnu
[INFO] [stderr]   CXXFLAGS_x86_64_unknown_linux_gnu = None
[INFO] [stderr]   cargo:rerun-if-env-changed=CXXFLAGS_x86_64-unknown-linux-gnu
[INFO] [stderr]   CXXFLAGS_x86_64-unknown-linux-gnu = None
[INFO] [stderr]   OUT_DIR = Some(/opt/rustwide/target/debug/build/opencv/6303993c72754634/out)
[INFO] [stderr]   cargo:rerun-if-env-changed=CC_ENABLE_DEBUG_OUTPUT
[INFO] [stderr]   cargo:rerun-if-env-changed=CRATE_CC_NO_DEFAULTS
[INFO] [stderr]   CRATE_CC_NO_DEFAULTS = None
[INFO] [stderr]   TARGET = Some(x86_64-unknown-linux-gnu)
[INFO] [stderr]   CARGO_CFG_TARGET_FEATURE = Some(fxsr,sse,sse2)
[INFO] [stderr]   HOST = Some(x86_64-unknown-linux-gnu)
[INFO] [stderr]   cargo:rerun-if-env-changed=CXXFLAGS
[INFO] [stderr]   CXXFLAGS = None
[INFO] [stderr]   cargo:rerun-if-env-changed=HOST_CXXFLAGS
[INFO] [stderr]   HOST_CXXFLAGS = None
[INFO] [stderr]   cargo:rerun-if-env-changed=CXXFLAGS_x86_64_unknown_linux_gnu
[INFO] [stderr]   CXXFLAGS_x86_64_unknown_linux_gnu = None
[INFO] [stderr]   cargo:rerun-if-env-changed=CXXFLAGS_x86_64-unknown-linux-gnu
[INFO] [stderr]   CXXFLAGS_x86_64-unknown-linux-gnu = None
[INFO] [stderr]   OUT_DIR = Some(/opt/rustwide/target/debug/build/opencv/6303993c72754634/out)
[INFO] [stderr]   cargo:rerun-if-env-changed=CC_ENABLE_DEBUG_OUTPUT
[INFO] [stderr]   cargo:rerun-if-env-changed=CRATE_CC_NO_DEFAULTS
[INFO] [stderr]   CRATE_CC_NO_DEFAULTS = None
[INFO] [stderr]   TARGET = Some(x86_64-unknown-linux-gnu)
[INFO] [stderr]   CARGO_CFG_TARGET_FEATURE = Some(fxsr,sse,sse2)
[INFO] [stderr]   HOST = Some(x86_64-unknown-linux-gnu)
[INFO] [stderr]   cargo:rerun-if-env-changed=CXXFLAGS
[INFO] [stderr]   CXXFLAGS = None
[INFO] [stderr]   cargo:rerun-if-env-changed=HOST_CXXFLAGS
[INFO] [stderr]   HOST_CXXFLAGS = None
[INFO] [stderr]   cargo:rerun-if-env-changed=CXXFLAGS_x86_64_unknown_linux_gnu
[INFO] [stderr]   CXXFLAGS_x86_64_unknown_linux_gnu = None
[INFO] [stderr]   cargo:rerun-if-env-changed=CXXFLAGS_x86_64-unknown-linux-gnu
[INFO] [stderr]   CXXFLAGS_x86_64-unknown-linux-gnu = None
[INFO] [stderr]   OUT_DIR = Some(/opt/rustwide/target/debug/build/opencv/6303993c72754634/out)
[INFO] [stderr]   cargo:rerun-if-env-changed=CC_ENABLE_DEBUG_OUTPUT
[INFO] [stderr]   cargo:rerun-if-env-changed=CRATE_CC_NO_DEFAULTS
[INFO] [stderr]   CRATE_CC_NO_DEFAULTS = None
[INFO] [stderr]   TARGET = Some(x86_64-unknown-linux-gnu)
[INFO] [stderr]   CARGO_CFG_TARGET_FEATURE = Some(fxsr,sse,sse2)
[INFO] [stderr]   HOST = Some(x86_64-unknown-linux-gnu)
[INFO] [stderr]   cargo:rerun-if-env-changed=CXXFLAGS
[INFO] [stderr]   CXXFLAGS = None
[INFO] [stderr]   cargo:rerun-if-env-changed=HOST_CXXFLAGS
[INFO] [stderr]   HOST_CXXFLAGS = None
[INFO] [stderr]   cargo:rerun-if-env-changed=CXXFLAGS_x86_64_unknown_linux_gnu
[INFO] [stderr]   CXXFLAGS_x86_64_unknown_linux_gnu = None
[INFO] [stderr]   cargo:rerun-if-env-changed=CXXFLAGS_x86_64-unknown-linux-gnu
[INFO] [stderr]   CXXFLAGS_x86_64-unknown-linux-gnu = None
[INFO] [stderr]   exit status: 0
[INFO] [stderr]   exit status: 0
[INFO] [stderr]   exit status: 0
[INFO] [stderr]   exit status: 0
[INFO] [stderr]   exit status: 0
[INFO] [stderr]   exit status: 0
[INFO] [stderr]   exit status: 0
[INFO] [stderr]   exit status: 0
[INFO] [stderr]   cargo:warning=c++: fatal error: Killed signal terminated program cc1plus
[INFO] [stderr]   cargo:warning=compilation terminated.
[INFO] [stderr]   exit status: 0
[INFO] [stderr]   exit status: 0
[INFO] [stderr]   exit status: 1
[INFO] [stderr]   cargo:warning=ToolExecError: command did not execute successfully (status code exit status: 1): LC_ALL="C" "c++" "-O0" "-ffunction-sections" "-fdata-sections" "-fPIC" "-gdwarf-4" "-fno-omit-frame-pointer" "-m64" "-std=c++17" "-I" "/opt/rustwide/cargo-home/registry/src/index.crates.io-1949cf8c6b5b557f/opencv-0.97.2/src_cpp" "-I" "/opt/rustwide/target/debug/build/opencv/6303993c72754634/out" "-I" "." "-I" "/usr/include/opencv4" "-I" "/usr/include/x86_64-linux-gnu/opencv4" "-Wall" "-Wextra" "-Wno-deprecated-declarations" "-Wno-deprecated-copy" "-Wno-unused-parameter" "-Wno-sign-compare" "-Wno-comment" "-Wno-uninitialized" "-Wno-unused-variable" "-Wno-ignored-qualifiers" "-Wno-return-type-c-linkage" "-Wno-overloaded-virtual" "-Wno-delete-non-virtual-dtor" "-DOCVRS_FFI_EXPORT_SUFFIX=_0_97_2" "-DOCVRS_TARGET_OS_WINDOWS=0" "-o" "/opt/rustwide/target/debug/build/opencv/6303993c72754634/out/2752065271157728-core.o" "-c" "/opt/rustwide/target/debug/build/opencv/6303993c72754634/out/core.cpp"cargo:warning=c++: fatal error: Killed signal terminated program cc1plus
[INFO] [stderr]   cargo:warning=compilation terminated.
[INFO] [stderr] 
[INFO] [stderr]   exit status: 1
[INFO] [stderr]   cargo:warning=ToolExecError: command did not execute successfully (status code exit status: 1): LC_ALL="C" "c++" "-O0" "-ffunction-sections" "-fdata-sections" "-fPIC" "-gdwarf-4" "-fno-omit-frame-pointer" "-m64" "-std=c++17" "-I" "/opt/rustwide/cargo-home/registry/src/index.crates.io-1949cf8c6b5b557f/opencv-0.97.2/src_cpp" "-I" "/opt/rustwide/target/debug/build/opencv/6303993c72754634/out" "-I" "." "-I" "/usr/include/opencv4" "-I" "/usr/include/x86_64-linux-gnu/opencv4" "-Wall" "-Wextra" "-Wno-deprecated-declarations" "-Wno-deprecated-copy" "-Wno-unused-parameter" "-Wno-sign-compare" "-Wno-comment" "-Wno-uninitialized" "-Wno-unused-variable" "-Wno-ignored-qualifiers" "-Wno-return-type-c-linkage" "-Wno-overloaded-virtual" "-Wno-delete-non-virtual-dtor" "-DOCVRS_FFI_EXPORT_SUFFIX=_0_97_2" "-DOCVRS_TARGET_OS_WINDOWS=0" "-o" "/opt/rustwide/target/debug/build/opencv/6303993c72754634/out/2752065271157728-dnn.o" "-c" "/opt/rustwide/target/debug/build/opencv/6303993c72754634/out/dnn.cpp"
[INFO] [stderr]   exit status: 0
[INFO] [stderr]   exit status: 0
[INFO] [stderr]   exit status: 0
[INFO] [stderr]   exit status: 0
[INFO] [stderr]   exit status: 0
[INFO] [stderr]   exit status: 0
[INFO] [stderr]   exit status: 0
[INFO] [stderr]   exit status: 0
[INFO] [stderr]   exit status: 0
[INFO] [stderr]   exit status: 0
[INFO] [stderr]   exit status: 0
[INFO] [stderr]   exit status: 0
[INFO] [stderr]   exit status: 0
[INFO] [stderr]   exit status: 0
[INFO] [stderr]   exit status: 0
[INFO] [stderr]   exit status: 0
[INFO] [stderr]   exit status: 0
[INFO] [stderr]   exit status: 0
[INFO] [stderr]   exit status: 0
[INFO] [stderr]   exit status: 0
[INFO] [stderr]   exit status: 0
[INFO] [stderr]   exit status: 0
[INFO] [stderr]   exit status: 0
[INFO] [stderr]   exit status: 0
[INFO] [stderr]   cargo:warning=c++: fatal error: Killed signal terminated program cc1plus
[INFO] [stderr]   cargo:warning=compilation terminated.
[INFO] [stderr]   exit status: 0
[INFO] [stderr]   exit status: 0
[INFO] [stderr]   exit status: 0
[INFO] [stderr]   exit status: 0
[INFO] [stderr]   exit status: 0
[INFO] [stderr]   exit status: 0
[INFO] [stderr]   exit status: 0
[INFO] [stderr]   exit status: 1
[INFO] [stderr]   cargo:warning=ToolExecError: command did not execute successfully (status code exit status: 1): LC_ALL="C" "c++" "-O0" "-ffunction-sections" "-fdata-sections" "-fPIC" "-gdwarf-4" "-fno-omit-frame-pointer" "-m64" "-std=c++17" "-I" "/opt/rustwide/cargo-home/registry/src/index.crates.io-1949cf8c6b5b557f/opencv-0.97.2/src_cpp" "-I" "/opt/rustwide/target/debug/build/opencv/6303993c72754634/out" "-I" "." "-I" "/usr/include/opencv4" "-I" "/usr/include/x86_64-linux-gnu/opencv4" "-Wall" "-Wextra" "-Wno-deprecated-declarations" "-Wno-deprecated-copy" "-Wno-unused-parameter" "-Wno-sign-compare" "-Wno-comment" "-Wno-uninitialized" "-Wno-unused-variable" "-Wno-ignored-qualifiers" "-Wno-return-type-c-linkage" "-Wno-overloaded-virtual" "-Wno-delete-non-virtual-dtor" "-DOCVRS_FFI_EXPORT_SUFFIX=_0_97_2" "-DOCVRS_TARGET_OS_WINDOWS=0" "-o" "/opt/rustwide/target/debug/build/opencv/6303993c72754634/out/2752065271157728-stitching.o" "-c" "/opt/rustwide/target/debug/build/opencv/6303993c72754634/out/stitching.cpp"cargo:warning=c++: fatal error: Killed signal terminated program cc1plus
[INFO] [stderr]   cargo:warning=compilation terminated.
[INFO] [stderr] 
[INFO] [stderr]   exit status: 1
[INFO] [stderr]   cargo:warning=ToolExecError: command did not execute successfully (status code exit status: 1): LC_ALL="C" "c++" "-O0" "-ffunction-sections" "-fdata-sections" "-fPIC" "-gdwarf-4" "-fno-omit-frame-pointer" "-m64" "-std=c++17" "-I" "/opt/rustwide/cargo-home/registry/src/index.crates.io-1949cf8c6b5b557f/opencv-0.97.2/src_cpp" "-I" "/opt/rustwide/target/debug/build/opencv/6303993c72754634/out" "-I" "." "-I" "/usr/include/opencv4" "-I" "/usr/include/x86_64-linux-gnu/opencv4" "-Wall" "-Wextra" "-Wno-deprecated-declarations" "-Wno-deprecated-copy" "-Wno-unused-parameter" "-Wno-sign-compare" "-Wno-comment" "-Wno-uninitialized" "-Wno-unused-variable" "-Wno-ignored-qualifiers" "-Wno-return-type-c-linkage" "-Wno-overloaded-virtual" "-Wno-delete-non-virtual-dtor" "-DOCVRS_FFI_EXPORT_SUFFIX=_0_97_2" "-DOCVRS_TARGET_OS_WINDOWS=0" "-o" "/opt/rustwide/target/debug/build/opencv/6303993c72754634/out/2752065271157728-tracking.o" "-c" "/opt/rustwide/target/debug/build/opencv/6303993c72754634/out/tracking.cpp"
[INFO] [stderr]   exit status: 0
[INFO] [stderr]   exit status: 0
[INFO] [stderr]   exit status: 0
[INFO] [stderr]   exit status: 0
[INFO] [stderr]   exit status: 0
[INFO] [stderr]   exit status: 0
[INFO] [stderr]   exit status: 0
[INFO] [stderr]   exit status: 0
[INFO] [stderr] 
[INFO] [stderr]   --- stderr
[INFO] [stderr]   === Crate version: 0.97.2
[INFO] [stderr]   === Environment configuration:
[INFO] [stderr]   ===   OPENCV_PACKAGE_NAME = None
[INFO] [stderr]   ===   OPENCV_PKGCONFIG_NAME = None
[INFO] [stderr]   ===   OPENCV_CMAKE_NAME = None
[INFO] [stderr]   ===   OPENCV_CMAKE_BIN = None
[INFO] [stderr]   ===   OPENCV_VCPKG_NAME = None
[INFO] [stderr]   ===   OPENCV_LINK_LIBS = None
[INFO] [stderr]   ===   OPENCV_LINK_PATHS = None
[INFO] [stderr]   ===   OPENCV_INCLUDE_PATHS = None
[INFO] [stderr]   ===   OPENCV_DISABLE_PROBES = None
[INFO] [stderr]   ===   OPENCV_MSVC_CRT = None
[INFO] [stderr]   ===   OPENCV_CMAKE_TOOLCHAIN_FILE = None
[INFO] [stderr]   ===   OPENCV_CMAKE_ARGS = None
[INFO] [stderr]   ===   CMAKE_PREFIX_PATH = None
[INFO] [stderr]   ===   OpenCV_DIR = None
[INFO] [stderr]   ===   PKG_CONFIG_PATH = None
[INFO] [stderr]   ===   VCPKG_ROOT = None
[INFO] [stderr]   ===   VCPKGRS_DYNAMIC = None
[INFO] [stderr]   ===   VCPKGRS_TRIPLET = None
[INFO] [stderr]   ===   OCVRS_DOCS_GENERATE_DIR = None
[INFO] [stderr]   ===   DOCS_RS = None
[INFO] [stderr]   ===   PATH = Some("/opt/rustwide/cargo-home/bin:/usr/local/sbin:/usr/local/bin:/usr/sbin:/usr/bin:/sbin:/bin")
[INFO] [stderr]   === Enabled features:
[INFO] [stderr]   ===   3D
[INFO] [stderr]   ===   ALPHAMAT
[INFO] [stderr]   ===   ARUCO
[INFO] [stderr]   ===   ARUCO_DETECTOR
[INFO] [stderr]   ===   BARCODE
[INFO] [stderr]   ===   BGSEGM
[INFO] [stderr]   ===   BIOINSPIRED
[INFO] [stderr]   ===   CALIB
[INFO] [stderr]   ===   CALIB3D
[INFO] [stderr]   ===   CCALIB
[INFO] [stderr]   ===   CUDAARITHM
[INFO] [stderr]   ===   CUDABGSEGM
[INFO] [stderr]   ===   CUDACODEC
[INFO] [stderr]   ===   CUDAFEATURES2D
[INFO] [stderr]   ===   CUDAFILTERS
[INFO] [stderr]   ===   CUDAIMGPROC
[INFO] [stderr]   ===   CUDALEGACY
[INFO] [stderr]   ===   CUDAOBJDETECT
[INFO] [stderr]   ===   CUDAOPTFLOW
[INFO] [stderr]   ===   CUDASTEREO
[INFO] [stderr]   ===   CUDAWARPING
[INFO] [stderr]   ===   CVV
[INFO] [stderr]   ===   DEFAULT
[INFO] [stderr]   ===   DNN
[INFO] [stderr]   ===   DNN_SUPERRES
[INFO] [stderr]   ===   DPM
[INFO] [stderr]   ===   FACE
[INFO] [stderr]   ===   FEATURES
[INFO] [stderr]   ===   FEATURES2D
[INFO] [stderr]   ===   FLANN
[INFO] [stderr]   ===   FREETYPE
[INFO] [stderr]   ===   FUZZY
[INFO] [stderr]   ===   GAPI
[INFO] [stderr]   ===   HDF
[INFO] [stderr]   ===   HFS
[INFO] [stderr]   ===   HIGHGUI
[INFO] [stderr]   ===   IMGCODECS
[INFO] [stderr]   ===   IMGPROC
[INFO] [stderr]   ===   IMG_HASH
[INFO] [stderr]   ===   INTENSITY_TRANSFORM
[INFO] [stderr]   ===   LINE_DESCRIPTOR
[INFO] [stderr]   ===   MCC
[INFO] [stderr]   ===   ML
[INFO] [stderr]   ===   OBJDETECT
[INFO] [stderr]   ===   OPTFLOW
[INFO] [stderr]   ===   OVIS
[INFO] [stderr]   ===   PHASE_UNWRAPPING
[INFO] [stderr]   ===   PHOTO
[INFO] [stderr]   ===   PLOT
[INFO] [stderr]   ===   QUALITY
[INFO] [stderr]   ===   RAPID
[INFO] [stderr]   ===   RGBD
[INFO] [stderr]   ===   SALIENCY
[INFO] [stderr]   ===   SFM
[INFO] [stderr]   ===   SHAPE
[INFO] [stderr]   ===   SIGNAL
[INFO] [stderr]   ===   STEREO
[INFO] [stderr]   ===   STITCHING
[INFO] [stderr]   ===   STRUCTURED_LIGHT
[INFO] [stderr]   ===   SUPERRES
[INFO] [stderr]   ===   SURFACE_MATCHING
[INFO] [stderr]   ===   TEXT
[INFO] [stderr]   ===   TRACKING
[INFO] [stderr]   ===   VIDEO
[INFO] [stderr]   ===   VIDEOIO
[INFO] [stderr]   ===   VIDEOSTAB
[INFO] [stderr]   ===   VIZ
[INFO] [stderr]   ===   WECHAT_QRCODE
[INFO] [stderr]   ===   XFEATURES2D
[INFO] [stderr]   ===   XIMGPROC
[INFO] [stderr]   ===   XOBJDETECT
[INFO] [stderr]   ===   XPHOTO
[INFO] [stderr]   ===   XSTEREO
[INFO] [stderr]   === Detected probe priority boost based on environment vars: pkg_config: false, cmake: false, vcpkg: false
[INFO] [stderr]   === Probing the OpenCV library in the following order: environment, pkg_config, cmake, vcpkg_cmake, vcpkg
[INFO] [stderr]   === Can't probe using: environment, continuing with other methods because: Some environment variables are missing
[INFO] [stderr]   === Probing OpenCV library using pkg_config
[INFO] [stderr]   === Link search path: LinkSearch(Default, "/usr/lib/x86_64-linux-gnu")
[INFO] [stderr]   === Linking to library: LinkLib(Default, "opencv_stitching")
[INFO] [stderr]   === Linking to library: LinkLib(Default, "opencv_alphamat")
[INFO] [stderr]   === Linking to library: LinkLib(Default, "opencv_aruco")
[INFO] [stderr]   === Linking to library: LinkLib(Default, "opencv_bgsegm")
[INFO] [stderr]   === Linking to library: LinkLib(Default, "opencv_bioinspired")
[INFO] [stderr]   === Linking to library: LinkLib(Default, "opencv_ccalib")
[INFO] [stderr]   === Linking to library: LinkLib(Default, "opencv_cvv")
[INFO] [stderr]   === Linking to library: LinkLib(Default, "opencv_dnn_objdetect")
[INFO] [stderr]   === Linking to library: LinkLib(Default, "opencv_dnn_superres")
[INFO] [stderr]   === Linking to library: LinkLib(Default, "opencv_dpm")
[INFO] [stderr]   === Linking to library: LinkLib(Default, "opencv_face")
[INFO] [stderr]   === Linking to library: LinkLib(Default, "opencv_freetype")
[INFO] [stderr]   === Linking to library: LinkLib(Default, "opencv_fuzzy")
[INFO] [stderr]   === Linking to library: LinkLib(Default, "opencv_hdf")
[INFO] [stderr]   === Linking to library: LinkLib(Default, "opencv_hfs")
[INFO] [stderr]   === Linking to library: LinkLib(Default, "opencv_img_hash")
[INFO] [stderr]   === Linking to library: LinkLib(Default, "opencv_intensity_transform")
[INFO] [stderr]   === Linking to library: LinkLib(Default, "opencv_line_descriptor")
[INFO] [stderr]   === Linking to library: LinkLib(Default, "opencv_mcc")
[INFO] [stderr]   === Linking to library: LinkLib(Default, "opencv_quality")
[INFO] [stderr]   === Linking to library: LinkLib(Default, "opencv_rapid")
[INFO] [stderr]   === Linking to library: LinkLib(Default, "opencv_reg")
[INFO] [stderr]   === Linking to library: LinkLib(Default, "opencv_rgbd")
[INFO] [stderr]   === Linking to library: LinkLib(Default, "opencv_saliency")
[INFO] [stderr]   === Linking to library: LinkLib(Default, "opencv_shape")
[INFO] [stderr]   === Linking to library: LinkLib(Default, "opencv_signal")
[INFO] [stderr]   === Linking to library: LinkLib(Default, "opencv_stereo")
[INFO] [stderr]   === Linking to library: LinkLib(Default, "opencv_structured_light")
[INFO] [stderr]   === Linking to library: LinkLib(Default, "opencv_phase_unwrapping")
[INFO] [stderr]   === Linking to library: LinkLib(Default, "opencv_superres")
[INFO] [stderr]   === Linking to library: LinkLib(Default, "opencv_optflow")
[INFO] [stderr]   === Linking to library: LinkLib(Default, "opencv_surface_matching")
[INFO] [stderr]   === Linking to library: LinkLib(Default, "opencv_tracking")
[INFO] [stderr]   === Linking to library: LinkLib(Default, "opencv_highgui")
[INFO] [stderr]   === Linking to library: LinkLib(Default, "opencv_datasets")
[INFO] [stderr]   === Linking to library: LinkLib(Default, "opencv_text")
[INFO] [stderr]   === Linking to library: LinkLib(Default, "opencv_plot")
[INFO] [stderr]   === Linking to library: LinkLib(Default, "opencv_ml")
[INFO] [stderr]   === Linking to library: LinkLib(Default, "opencv_videostab")
[INFO] [stderr]   === Linking to library: LinkLib(Default, "opencv_videoio")
[INFO] [stderr]   === Linking to library: LinkLib(Default, "opencv_viz")
[INFO] [stderr]   === Linking to library: LinkLib(Default, "opencv_wechat_qrcode")
[INFO] [stderr]   === Linking to library: LinkLib(Default, "opencv_ximgproc")
[INFO] [stderr]   === Linking to library: LinkLib(Default, "opencv_video")
[INFO] [stderr]   === Linking to library: LinkLib(Default, "opencv_xobjdetect")
[INFO] [stderr]   === Linking to library: LinkLib(Default, "opencv_objdetect")
[INFO] [stderr]   === Linking to library: LinkLib(Default, "opencv_calib3d")
[INFO] [stderr]   === Linking to library: LinkLib(Default, "opencv_imgcodecs")
[INFO] [stderr]   === Linking to library: LinkLib(Default, "opencv_features2d")
[INFO] [stderr]   === Linking to library: LinkLib(Default, "opencv_dnn")
[INFO] [stderr]   === Linking to library: LinkLib(Default, "opencv_flann")
[INFO] [stderr]   === Linking to library: LinkLib(Default, "opencv_xphoto")
[INFO] [stderr]   === Linking to library: LinkLib(Default, "opencv_photo")
[INFO] [stderr]   === Linking to library: LinkLib(Default, "opencv_imgproc")
[INFO] [stderr]   === Linking to library: LinkLib(Default, "opencv_core")
[INFO] [stderr]   === Trying multiarch paths: ["x86_64-linux-gnu"]
[INFO] [stderr]   === Successfully probed using: pkg_config
[INFO] [stderr]   === OpenCV library configuration: Library {
[INFO] [stderr]       include_paths: [
[INFO] [stderr]           "/usr/include/opencv4",
[INFO] [stderr]           "/usr/include/x86_64-linux-gnu/opencv4",
[INFO] [stderr]       ],
[INFO] [stderr]       version: Version {
[INFO] [stderr]           major: 4,
[INFO] [stderr]           minor: 10,
[INFO] [stderr]           patch: 0,
[INFO] [stderr]       },
[INFO] [stderr]       inherent_features: [
[INFO] [stderr]           "eigen",
[INFO] [stderr]           "gdal",
[INFO] [stderr]           "openjpeg",
[INFO] [stderr]           "jpeg",
[INFO] [stderr]           "gdcm",
[INFO] [stderr]           "opencl",
[INFO] [stderr]           "openexr",
[INFO] [stderr]           "opengl",
[INFO] [stderr]           "png",
[INFO] [stderr]           "pthread",
[INFO] [stderr]           "pthreads_pf",
[INFO] [stderr]           "tbb",
[INFO] [stderr]           "tiff",
[INFO] [stderr]           "va",
[INFO] [stderr]           "lapack",
[INFO] [stderr]           "quirc",
[INFO] [stderr]       ],
[INFO] [stderr]       cargo_metadata: [
[INFO] [stderr]           "cargo::rustc-link-search=/usr/lib/x86_64-linux-gnu",
[INFO] [stderr]           "cargo::rustc-link-lib=opencv_stitching",
[INFO] [stderr]           "cargo::rustc-link-lib=opencv_alphamat",
[INFO] [stderr]           "cargo::rustc-link-lib=opencv_aruco",
[INFO] [stderr]           "cargo::rustc-link-lib=opencv_bgsegm",
[INFO] [stderr]           "cargo::rustc-link-lib=opencv_bioinspired",
[INFO] [stderr]           "cargo::rustc-link-lib=opencv_ccalib",
[INFO] [stderr]           "cargo::rustc-link-lib=opencv_cvv",
[INFO] [stderr]           "cargo::rustc-link-lib=opencv_dnn_objdetect",
[INFO] [stderr]           "cargo::rustc-link-lib=opencv_dnn_superres",
[INFO] [stderr]           "cargo::rustc-link-lib=opencv_dpm",
[INFO] [stderr]           "cargo::rustc-link-lib=opencv_face",
[INFO] [stderr]           "cargo::rustc-link-lib=opencv_freetype",
[INFO] [stderr]           "cargo::rustc-link-lib=opencv_fuzzy",
[INFO] [stderr]           "cargo::rustc-link-lib=opencv_hdf",
[INFO] [stderr]           "cargo::rustc-link-lib=opencv_hfs",
[INFO] [stderr]           "cargo::rustc-link-lib=opencv_img_hash",
[INFO] [stderr]           "cargo::rustc-link-lib=opencv_intensity_transform",
[INFO] [stderr]           "cargo::rustc-link-lib=opencv_line_descriptor",
[INFO] [stderr]           "cargo::rustc-link-lib=opencv_mcc",
[INFO] [stderr]           "cargo::rustc-link-lib=opencv_quality",
[INFO] [stderr]           "cargo::rustc-link-lib=opencv_rapid",
[INFO] [stderr]           "cargo::rustc-link-lib=opencv_reg",
[INFO] [stderr]           "cargo::rustc-link-lib=opencv_rgbd",
[INFO] [stderr]           "cargo::rustc-link-lib=opencv_saliency",
[INFO] [stderr]           "cargo::rustc-link-lib=opencv_shape",
[INFO] [stderr]           "cargo::rustc-link-lib=opencv_signal",
[INFO] [stderr]           "cargo::rustc-link-lib=opencv_stereo",
[INFO] [stderr]           "cargo::rustc-link-lib=opencv_structured_light",
[INFO] [stderr]           "cargo::rustc-link-lib=opencv_phase_unwrapping",
[INFO] [stderr]           "cargo::rustc-link-lib=opencv_superres",
[INFO] [stderr]           "cargo::rustc-link-lib=opencv_optflow",
[INFO] [stderr]           "cargo::rustc-link-lib=opencv_surface_matching",
[INFO] [stderr]           "cargo::rustc-link-lib=opencv_tracking",
[INFO] [stderr]           "cargo::rustc-link-lib=opencv_highgui",
[INFO] [stderr]           "cargo::rustc-link-lib=opencv_datasets",
[INFO] [stderr]           "cargo::rustc-link-lib=opencv_text",
[INFO] [stderr]           "cargo::rustc-link-lib=opencv_plot",
[INFO] [stderr]           "cargo::rustc-link-lib=opencv_ml",
[INFO] [stderr]           "cargo::rustc-link-lib=opencv_videostab",
[INFO] [stderr]           "cargo::rustc-link-lib=opencv_videoio",
[INFO] [stderr]           "cargo::rustc-link-lib=opencv_viz",
[INFO] [stderr]           "cargo::rustc-link-lib=opencv_wechat_qrcode",
[INFO] [stderr]           "cargo::rustc-link-lib=opencv_ximgproc",
[INFO] [stderr]           "cargo::rustc-link-lib=opencv_video",
[INFO] [stderr]           "cargo::rustc-link-lib=opencv_xobjdetect",
[INFO] [stderr]           "cargo::rustc-link-lib=opencv_objdetect",
[INFO] [stderr]           "cargo::rustc-link-lib=opencv_calib3d",
[INFO] [stderr]           "cargo::rustc-link-lib=opencv_imgcodecs",
[INFO] [stderr]           "cargo::rustc-link-lib=opencv_features2d",
[INFO] [stderr]           "cargo::rustc-link-lib=opencv_dnn",
[INFO] [stderr]           "cargo::rustc-link-lib=opencv_flann",
[INFO] [stderr]           "cargo::rustc-link-lib=opencv_xphoto",
[INFO] [stderr]           "cargo::rustc-link-lib=opencv_photo",
[INFO] [stderr]           "cargo::rustc-link-lib=opencv_imgproc",
[INFO] [stderr]           "cargo::rustc-link-lib=opencv_core",
[INFO] [stderr]       ],
[INFO] [stderr]   }
[INFO] [stderr]   === Found OpenCV version: 4.10.0 in headers located at: /usr/include/opencv4
[INFO] [stderr]   === Detected OpenCV module header dir at: /usr/include/opencv4/opencv2
[INFO] [stderr]   === Generating code in: /opt/rustwide/target/debug/build/opencv/6303993c72754634/out
[INFO] [stderr]   === Placing generated bindings into: /opt/rustwide/target/debug/build/opencv/6303993c72754634/out/opencv
[INFO] [stderr]   === Using OpenCV headers from: /usr/include/opencv4
[INFO] [stderr]   === Clang: Ubuntu clang version 21.1.8 (6ubuntu1)
[INFO] [stderr]   === Clang command line args: [
[INFO] [stderr]       "-isystem/usr/lib/gcc/x86_64-linux-gnu/15/../../../../include/c++/15",
[INFO] [stderr]       "-isystem/usr/lib/gcc/x86_64-linux-gnu/15/../../../../include/x86_64-linux-gnu/c++/15",
[INFO] [stderr]       "-isystem/usr/lib/gcc/x86_64-linux-gnu/15/../../../../include/c++/15/backward",
[INFO] [stderr]       "-isystem/usr/lib/llvm-21/lib/clang/21/include",
[INFO] [stderr]       "-isystem/usr/local/include",
[INFO] [stderr]       "-isystem/usr/include/x86_64-linux-gnu",
[INFO] [stderr]       "-isystem/usr/include",
[INFO] [stderr]       "-isystem/usr/include/x86_64-linux-gnu/opencv4",
[INFO] [stderr]       "-I/usr/include/opencv4",
[INFO] [stderr]       "-F/usr/include/opencv4",
[INFO] [stderr]       "-I/opt/rustwide/cargo-home/registry/src/index.crates.io-1949cf8c6b5b557f/opencv-0.97.2/src_cpp",
[INFO] [stderr]       "-F/opt/rustwide/cargo-home/registry/src/index.crates.io-1949cf8c6b5b557f/opencv-0.97.2/src_cpp",
[INFO] [stderr]       "-DOCVRS_PARSING_HEADERS",
[INFO] [stderr]       "-includeocvrs_common.hpp",
[INFO] [stderr]       "-std=c++17",
[INFO] [stderr]   ]
[INFO] [stderr]   === Using environment job server with the the amount of available jobs: 1
[INFO] [stderr]   === Generating 52 modules
[INFO] [stderr]   === Running: "/opt/rustwide/target/debug/build/opencv/85e66573bda01336/out/build_script_build" "/usr/include/opencv4" "/opt/rustwide/cargo-home/registry/src/index.crates.io-1949cf8c6b5b557f/opencv-0.97.2/src_cpp" "/opt/rustwide/target/debug/build/opencv/6303993c72754634/out" "alphamat" "/usr/include/x86_64-linux-gnu/opencv4"
[INFO] [stderr]   === Generated module bindings: alphamat in: 10.521855973s
[INFO] [stderr]   === Running: "/opt/rustwide/target/debug/build/opencv/85e66573bda01336/out/build_script_build" "/usr/include/opencv4" "/opt/rustwide/cargo-home/registry/src/index.crates.io-1949cf8c6b5b557f/opencv-0.97.2/src_cpp" "/opt/rustwide/target/debug/build/opencv/6303993c72754634/out" "aruco" "/usr/include/x86_64-linux-gnu/opencv4"
[INFO] [stderr]   === Generated module bindings: aruco in: 13.165520552s
[INFO] [stderr]   === Running: "/opt/rustwide/target/debug/build/opencv/85e66573bda01336/out/build_script_build" "/usr/include/opencv4" "/opt/rustwide/cargo-home/registry/src/index.crates.io-1949cf8c6b5b557f/opencv-0.97.2/src_cpp" "/opt/rustwide/target/debug/build/opencv/6303993c72754634/out" "bgsegm" "/usr/include/x86_64-linux-gnu/opencv4"
[INFO] [stderr]   === Running: "/opt/rustwide/target/debug/build/opencv/85e66573bda01336/out/build_script_build" "/usr/include/opencv4" "/opt/rustwide/cargo-home/registry/src/index.crates.io-1949cf8c6b5b557f/opencv-0.97.2/src_cpp" "/opt/rustwide/target/debug/build/opencv/6303993c72754634/out" "bioinspired" "/usr/include/x86_64-linux-gnu/opencv4"
[INFO] [stderr]   === Generated module bindings: bgsegm in: 13.117889178s
[INFO] [stderr]   === Running: "/opt/rustwide/target/debug/build/opencv/85e66573bda01336/out/build_script_build" "/usr/include/opencv4" "/opt/rustwide/cargo-home/registry/src/index.crates.io-1949cf8c6b5b557f/opencv-0.97.2/src_cpp" "/opt/rustwide/target/debug/build/opencv/6303993c72754634/out" "calib3d" "/usr/include/x86_64-linux-gnu/opencv4"
[INFO] [stderr]   === Generated module bindings: bioinspired in: 11.225157044s
[INFO] [stderr]   === Running: "/opt/rustwide/target/debug/build/opencv/85e66573bda01336/out/build_script_build" "/usr/include/opencv4" "/opt/rustwide/cargo-home/registry/src/index.crates.io-1949cf8c6b5b557f/opencv-0.97.2/src_cpp" "/opt/rustwide/target/debug/build/opencv/6303993c72754634/out" "ccalib" "/usr/include/x86_64-linux-gnu/opencv4"
[INFO] [stderr]   === Running: "/opt/rustwide/target/debug/build/opencv/85e66573bda01336/out/build_script_build" "/usr/include/opencv4" "/opt/rustwide/cargo-home/registry/src/index.crates.io-1949cf8c6b5b557f/opencv-0.97.2/src_cpp" "/opt/rustwide/target/debug/build/opencv/6303993c72754634/out" "core" "/usr/include/x86_64-linux-gnu/opencv4"
[INFO] [stderr]   === Generated module bindings: calib3d in: 22.006902142s
[INFO] [stderr]   === Generated module bindings: ccalib in: 17.65353551s
[INFO] [stderr]   === Running: "/opt/rustwide/target/debug/build/opencv/85e66573bda01336/out/build_script_build" "/usr/include/opencv4" "/opt/rustwide/cargo-home/registry/src/index.crates.io-1949cf8c6b5b557f/opencv-0.97.2/src_cpp" "/opt/rustwide/target/debug/build/opencv/6303993c72754634/out" "cvv" "/usr/include/x86_64-linux-gnu/opencv4"
[INFO] [stderr]   === Running: "/opt/rustwide/target/debug/build/opencv/85e66573bda01336/out/build_script_build" "/usr/include/opencv4" "/opt/rustwide/cargo-home/registry/src/index.crates.io-1949cf8c6b5b557f/opencv-0.97.2/src_cpp" "/opt/rustwide/target/debug/build/opencv/6303993c72754634/out" "dnn" "/usr/include/x86_64-linux-gnu/opencv4"
[INFO] [stderr]   === Running: "/opt/rustwide/target/debug/build/opencv/85e66573bda01336/out/build_script_build" "/usr/include/opencv4" "/opt/rustwide/cargo-home/registry/src/index.crates.io-1949cf8c6b5b557f/opencv-0.97.2/src_cpp" "/opt/rustwide/target/debug/build/opencv/6303993c72754634/out" "dnn_superres" "/usr/include/x86_64-linux-gnu/opencv4"
[INFO] [stderr]   === Running: "/opt/rustwide/target/debug/build/opencv/85e66573bda01336/out/build_script_build" "/usr/include/opencv4" "/opt/rustwide/cargo-home/registry/src/index.crates.io-1949cf8c6b5b557f/opencv-0.97.2/src_cpp" "/opt/rustwide/target/debug/build/opencv/6303993c72754634/out" "dpm" "/usr/include/x86_64-linux-gnu/opencv4"
[INFO] [stderr]   === Running: "/opt/rustwide/target/debug/build/opencv/85e66573bda01336/out/build_script_build" "/usr/include/opencv4" "/opt/rustwide/cargo-home/registry/src/index.crates.io-1949cf8c6b5b557f/opencv-0.97.2/src_cpp" "/opt/rustwide/target/debug/build/opencv/6303993c72754634/out" "face" "/usr/include/x86_64-linux-gnu/opencv4"
[INFO] [stderr]   === Generated module bindings: cvv in: 12.89571181s
[INFO] [stderr]   === Running: "/opt/rustwide/target/debug/build/opencv/85e66573bda01336/out/build_script_build" "/usr/include/opencv4" "/opt/rustwide/cargo-home/registry/src/index.crates.io-1949cf8c6b5b557f/opencv-0.97.2/src_cpp" "/opt/rustwide/target/debug/build/opencv/6303993c72754634/out" "features2d" "/usr/include/x86_64-linux-gnu/opencv4"
[INFO] [stderr]   === Running: "/opt/rustwide/target/debug/build/opencv/85e66573bda01336/out/build_script_build" "/usr/include/opencv4" "/opt/rustwide/cargo-home/registry/src/index.crates.io-1949cf8c6b5b557f/opencv-0.97.2/src_cpp" "/opt/rustwide/target/debug/build/opencv/6303993c72754634/out" "flann" "/usr/include/x86_64-linux-gnu/opencv4"
[INFO] [stderr]   === Generated module bindings: dpm in: 10.015695644s
[INFO] [stderr]   === Running: "/opt/rustwide/target/debug/build/opencv/85e66573bda01336/out/build_script_build" "/usr/include/opencv4" "/opt/rustwide/cargo-home/registry/src/index.crates.io-1949cf8c6b5b557f/opencv-0.97.2/src_cpp" "/opt/rustwide/target/debug/build/opencv/6303993c72754634/out" "freetype" "/usr/include/x86_64-linux-gnu/opencv4"
[INFO] [stderr]   === Generated module bindings: dnn_superres in: 10.647956081s
[INFO] [stderr]   === Generated module bindings: face in: 16.440894831s
[INFO] [stderr]   === Running: "/opt/rustwide/target/debug/build/opencv/85e66573bda01336/out/build_script_build" "/usr/include/opencv4" "/opt/rustwide/cargo-home/registry/src/index.crates.io-1949cf8c6b5b557f/opencv-0.97.2/src_cpp" "/opt/rustwide/target/debug/build/opencv/6303993c72754634/out" "fuzzy" "/usr/include/x86_64-linux-gnu/opencv4"
[INFO] [stderr]   === Generated module bindings: freetype in: 13.204001029s
[INFO] [stderr]   === Generated module bindings: flann in: 15.570564496s
[INFO] [stderr]   === Running: "/opt/rustwide/target/debug/build/opencv/85e66573bda01336/out/build_script_build" "/usr/include/opencv4" "/opt/rustwide/cargo-home/registry/src/index.crates.io-1949cf8c6b5b557f/opencv-0.97.2/src_cpp" "/opt/rustwide/target/debug/build/opencv/6303993c72754634/out" "hdf" "/usr/include/x86_64-linux-gnu/opencv4"
[INFO] [stderr]   === Running: "/opt/rustwide/target/debug/build/opencv/85e66573bda01336/out/build_script_build" "/usr/include/opencv4" "/opt/rustwide/cargo-home/registry/src/index.crates.io-1949cf8c6b5b557f/opencv-0.97.2/src_cpp" "/opt/rustwide/target/debug/build/opencv/6303993c72754634/out" "hfs" "/usr/include/x86_64-linux-gnu/opencv4"
[INFO] [stderr]   === Generated module bindings: core in: 43.083001374s
[INFO] [stderr]   === Running: "/opt/rustwide/target/debug/build/opencv/85e66573bda01336/out/build_script_build" "/usr/include/opencv4" "/opt/rustwide/cargo-home/registry/src/index.crates.io-1949cf8c6b5b557f/opencv-0.97.2/src_cpp" "/opt/rustwide/target/debug/build/opencv/6303993c72754634/out" "highgui" "/usr/include/x86_64-linux-gnu/opencv4"
[INFO] [stderr]   === Running: "/opt/rustwide/target/debug/build/opencv/85e66573bda01336/out/build_script_build" "/usr/include/opencv4" "/opt/rustwide/cargo-home/registry/src/index.crates.io-1949cf8c6b5b557f/opencv-0.97.2/src_cpp" "/opt/rustwide/target/debug/build/opencv/6303993c72754634/out" "img_hash" "/usr/include/x86_64-linux-gnu/opencv4"
[INFO] [stderr]   === Generated module bindings: features2d in: 20.761002614s
[INFO] [stderr]   === Running: "/opt/rustwide/target/debug/build/opencv/85e66573bda01336/out/build_script_build" "/usr/include/opencv4" "/opt/rustwide/cargo-home/registry/src/index.crates.io-1949cf8c6b5b557f/opencv-0.97.2/src_cpp" "/opt/rustwide/target/debug/build/opencv/6303993c72754634/out" "imgcodecs" "/usr/include/x86_64-linux-gnu/opencv4"
[INFO] [stderr]   === Running: "/opt/rustwide/target/debug/build/opencv/85e66573bda01336/out/build_script_build" "/usr/include/opencv4" "/opt/rustwide/cargo-home/registry/src/index.crates.io-1949cf8c6b5b557f/opencv-0.97.2/src_cpp" "/opt/rustwide/target/debug/build/opencv/6303993c72754634/out" "imgproc" "/usr/include/x86_64-linux-gnu/opencv4"
[INFO] [stderr]   === Generated module bindings: fuzzy in: 13.883981602s
[INFO] [stderr]   === Running: "/opt/rustwide/target/debug/build/opencv/85e66573bda01336/out/build_script_build" "/usr/include/opencv4" "/opt/rustwide/cargo-home/registry/src/index.crates.io-1949cf8c6b5b557f/opencv-0.97.2/src_cpp" "/opt/rustwide/target/debug/build/opencv/6303993c72754634/out" "intensity_transform" "/usr/include/x86_64-linux-gnu/opencv4"
[INFO] [stderr]   === Generated module bindings: hfs in: 13.745005076s
[INFO] [stderr]   === Running: "/opt/rustwide/target/debug/build/opencv/85e66573bda01336/out/build_script_build" "/usr/include/opencv4" "/opt/rustwide/cargo-home/registry/src/index.crates.io-1949cf8c6b5b557f/opencv-0.97.2/src_cpp" "/opt/rustwide/target/debug/build/opencv/6303993c72754634/out" "line_descriptor" "/usr/include/x86_64-linux-gnu/opencv4"
[INFO] [stderr]   === Generated module bindings: hdf in: 14.145243957s
[INFO] [stderr]   === Running: "/opt/rustwide/target/debug/build/opencv/85e66573bda01336/out/build_script_build" "/usr/include/opencv4" "/opt/rustwide/cargo-home/registry/src/index.crates.io-1949cf8c6b5b557f/opencv-0.97.2/src_cpp" "/opt/rustwide/target/debug/build/opencv/6303993c72754634/out" "mcc" "/usr/include/x86_64-linux-gnu/opencv4"
[INFO] [stderr]   === Generated module bindings: highgui in: 13.824656648s
[INFO] [stderr]   === Running: "/opt/rustwide/target/debug/build/opencv/85e66573bda01336/out/build_script_build" "/usr/include/opencv4" "/opt/rustwide/cargo-home/registry/src/index.crates.io-1949cf8c6b5b557f/opencv-0.97.2/src_cpp" "/opt/rustwide/target/debug/build/opencv/6303993c72754634/out" "ml" "/usr/include/x86_64-linux-gnu/opencv4"
[INFO] [stderr]   === Generated module bindings: img_hash in: 13.063756463s
[INFO] [stderr]   === Running: "/opt/rustwide/target/debug/build/opencv/85e66573bda01336/out/build_script_build" "/usr/include/opencv4" "/opt/rustwide/cargo-home/registry/src/index.crates.io-1949cf8c6b5b557f/opencv-0.97.2/src_cpp" "/opt/rustwide/target/debug/build/opencv/6303993c72754634/out" "objdetect" "/usr/include/x86_64-linux-gnu/opencv4"
[INFO] [stderr]   === Generated module bindings: dnn in: 42.180152683s
[INFO] [stderr]   === Running: "/opt/rustwide/target/debug/build/opencv/85e66573bda01336/out/build_script_build" "/usr/include/opencv4" "/opt/rustwide/cargo-home/registry/src/index.crates.io-1949cf8c6b5b557f/opencv-0.97.2/src_cpp" "/opt/rustwide/target/debug/build/opencv/6303993c72754634/out" "optflow" "/usr/include/x86_64-linux-gnu/opencv4"
[INFO] [stderr]   === Generated module bindings: imgcodecs in: 14.165305744s
[INFO] [stderr]   === Running: "/opt/rustwide/target/debug/build/opencv/85e66573bda01336/out/build_script_build" "/usr/include/opencv4" "/opt/rustwide/cargo-home/registry/src/index.crates.io-1949cf8c6b5b557f/opencv-0.97.2/src_cpp" "/opt/rustwide/target/debug/build/opencv/6303993c72754634/out" "phase_unwrapping" "/usr/include/x86_64-linux-gnu/opencv4"
[INFO] [stderr]   === Generated module bindings: intensity_transform in: 12.48058759s
[INFO] [stderr]   === Running: "/opt/rustwide/target/debug/build/opencv/85e66573bda01336/out/build_script_build" "/usr/include/opencv4" "/opt/rustwide/cargo-home/registry/src/index.crates.io-1949cf8c6b5b557f/opencv-0.97.2/src_cpp" "/opt/rustwide/target/debug/build/opencv/6303993c72754634/out" "photo" "/usr/include/x86_64-linux-gnu/opencv4"
[INFO] [stderr]   === Generated module bindings: mcc in: 13.852718945s
[INFO] [stderr]   === Running: "/opt/rustwide/target/debug/build/opencv/85e66573bda01336/out/build_script_build" "/usr/include/opencv4" "/opt/rustwide/cargo-home/registry/src/index.crates.io-1949cf8c6b5b557f/opencv-0.97.2/src_cpp" "/opt/rustwide/target/debug/build/opencv/6303993c72754634/out" "plot" "/usr/include/x86_64-linux-gnu/opencv4"
[INFO] [stderr]   === Generated module bindings: line_descriptor in: 16.307619973s
[INFO] [stderr]   === Running: "/opt/rustwide/target/debug/build/opencv/85e66573bda01336/out/build_script_build" "/usr/include/opencv4" "/opt/rustwide/cargo-home/registry/src/index.crates.io-1949cf8c6b5b557f/opencv-0.97.2/src_cpp" "/opt/rustwide/target/debug/build/opencv/6303993c72754634/out" "quality" "/usr/include/x86_64-linux-gnu/opencv4"
[INFO] [stderr]   === Generated module bindings: phase_unwrapping in: 12.564001122s
[INFO] [stderr]   === Running: "/opt/rustwide/target/debug/build/opencv/85e66573bda01336/out/build_script_build" "/usr/include/opencv4" "/opt/rustwide/cargo-home/registry/src/index.crates.io-1949cf8c6b5b557f/opencv-0.97.2/src_cpp" "/opt/rustwide/target/debug/build/opencv/6303993c72754634/out" "rapid" "/usr/include/x86_64-linux-gnu/opencv4"
[INFO] [stderr]   === Generated module bindings: optflow in: 15.909601942s
[INFO] [stderr]   === Running: "/opt/rustwide/target/debug/build/opencv/85e66573bda01336/out/build_script_build" "/usr/include/opencv4" "/opt/rustwide/cargo-home/registry/src/index.crates.io-1949cf8c6b5b557f/opencv-0.97.2/src_cpp" "/opt/rustwide/target/debug/build/opencv/6303993c72754634/out" "rgbd" "/usr/include/x86_64-linux-gnu/opencv4"
[INFO] [stderr]   === Generated module bindings: ml in: 17.771994639s
[INFO] [stderr]   === Running: "/opt/rustwide/target/debug/build/opencv/85e66573bda01336/out/build_script_build" "/usr/include/opencv4" "/opt/rustwide/cargo-home/registry/src/index.crates.io-1949cf8c6b5b557f/opencv-0.97.2/src_cpp" "/opt/rustwide/target/debug/build/opencv/6303993c72754634/out" "saliency" "/usr/include/x86_64-linux-gnu/opencv4"
[INFO] [stderr]   === Generated module bindings: imgproc in: 24.291968796s
[INFO] [stderr]   === Running: "/opt/rustwide/target/debug/build/opencv/85e66573bda01336/out/build_script_build" "/usr/include/opencv4" "/opt/rustwide/cargo-home/registry/src/index.crates.io-1949cf8c6b5b557f/opencv-0.97.2/src_cpp" "/opt/rustwide/target/debug/build/opencv/6303993c72754634/out" "shape" "/usr/include/x86_64-linux-gnu/opencv4"
[INFO] [stderr]   === Generated module bindings: objdetect in: 19.977994681s
[INFO] [stderr]   === Running: "/opt/rustwide/target/debug/build/opencv/85e66573bda01336/out/build_script_build" "/usr/include/opencv4" "/opt/rustwide/cargo-home/registry/src/index.crates.io-1949cf8c6b5b557f/opencv-0.97.2/src_cpp" "/opt/rustwide/target/debug/build/opencv/6303993c72754634/out" "signal" "/usr/include/x86_64-linux-gnu/opencv4"
[INFO] [stderr]   === Generated module bindings: photo in: 16.2313026s
[INFO] [stderr]   === Running: "/opt/rustwide/target/debug/build/opencv/85e66573bda01336/out/build_script_build" "/usr/include/opencv4" "/opt/rustwide/cargo-home/registry/src/index.crates.io-1949cf8c6b5b557f/opencv-0.97.2/src_cpp" "/opt/rustwide/target/debug/build/opencv/6303993c72754634/out" "stereo" "/usr/include/x86_64-linux-gnu/opencv4"
[INFO] [stderr]   === Generated module bindings: plot in: 12.650982244s
[INFO] [stderr]   === Running: "/opt/rustwide/target/debug/build/opencv/85e66573bda01336/out/build_script_build" "/usr/include/opencv4" "/opt/rustwide/cargo-home/registry/src/index.crates.io-1949cf8c6b5b557f/opencv-0.97.2/src_cpp" "/opt/rustwide/target/debug/build/opencv/6303993c72754634/out" "stitching" "/usr/include/x86_64-linux-gnu/opencv4"
[INFO] [stderr]   === Generated module bindings: quality in: 14.61558079s
[INFO] [stderr]   === Running: "/opt/rustwide/target/debug/build/opencv/85e66573bda01336/out/build_script_build" "/usr/include/opencv4" "/opt/rustwide/cargo-home/registry/src/index.crates.io-1949cf8c6b5b557f/opencv-0.97.2/src_cpp" "/opt/rustwide/target/debug/build/opencv/6303993c72754634/out" "structured_light" "/usr/include/x86_64-linux-gnu/opencv4"
[INFO] [stderr]   === Generated module bindings: rapid in: 13.861001434s
[INFO] [stderr]   === Running: "/opt/rustwide/target/debug/build/opencv/85e66573bda01336/out/build_script_build" "/usr/include/opencv4" "/opt/rustwide/cargo-home/registry/src/index.crates.io-1949cf8c6b5b557f/opencv-0.97.2/src_cpp" "/opt/rustwide/target/debug/build/opencv/6303993c72754634/out" "superres" "/usr/include/x86_64-linux-gnu/opencv4"
[INFO] [stderr]   === Generated module bindings: saliency in: 13.262699683s
[INFO] [stderr]   === Running: "/opt/rustwide/target/debug/build/opencv/85e66573bda01336/out/build_script_build" "/usr/include/opencv4" "/opt/rustwide/cargo-home/registry/src/index.crates.io-1949cf8c6b5b557f/opencv-0.97.2/src_cpp" "/opt/rustwide/target/debug/build/opencv/6303993c72754634/out" "surface_matching" "/usr/include/x86_64-linux-gnu/opencv4"
[INFO] [stderr]   === Generated module bindings: shape in: 14.839981238s
[INFO] [stderr]   === Running: "/opt/rustwide/target/debug/build/opencv/85e66573bda01336/out/build_script_build" "/usr/include/opencv4" "/opt/rustwide/cargo-home/registry/src/index.crates.io-1949cf8c6b5b557f/opencv-0.97.2/src_cpp" "/opt/rustwide/target/debug/build/opencv/6303993c72754634/out" "text" "/usr/include/x86_64-linux-gnu/opencv4"
[INFO] [stderr]   === Generated module bindings: signal in: 13.124984527s
[INFO] [stderr]   === Running: "/opt/rustwide/target/debug/build/opencv/85e66573bda01336/out/build_script_build" "/usr/include/opencv4" "/opt/rustwide/cargo-home/registry/src/index.crates.io-1949cf8c6b5b557f/opencv-0.97.2/src_cpp" "/opt/rustwide/target/debug/build/opencv/6303993c72754634/out" "tracking" "/usr/include/x86_64-linux-gnu/opencv4"
[INFO] [stderr]   === Generated module bindings: stereo in: 12.740999594s
[INFO] [stderr]   === Running: "/opt/rustwide/target/debug/build/opencv/85e66573bda01336/out/build_script_build" "/usr/include/opencv4" "/opt/rustwide/cargo-home/registry/src/index.crates.io-1949cf8c6b5b557f/opencv-0.97.2/src_cpp" "/opt/rustwide/target/debug/build/opencv/6303993c72754634/out" "video" "/usr/include/x86_64-linux-gnu/opencv4"
[INFO] [stderr]   === Generated module bindings: rgbd in: 24.314064214s
[INFO] [stderr]   === Running: "/opt/rustwide/target/debug/build/opencv/85e66573bda01336/out/build_script_build" "/usr/include/opencv4" "/opt/rustwide/cargo-home/registry/src/index.crates.io-1949cf8c6b5b557f/opencv-0.97.2/src_cpp" "/opt/rustwide/target/debug/build/opencv/6303993c72754634/out" "videoio" "/usr/include/x86_64-linux-gnu/opencv4"
[INFO] [stderr]   === Generated module bindings: surface_matching in: 12.553754033s
[INFO] [stderr]   === Running: "/opt/rustwide/target/debug/build/opencv/85e66573bda01336/out/build_script_build" "/usr/include/opencv4" "/opt/rustwide/cargo-home/registry/src/index.crates.io-1949cf8c6b5b557f/opencv-0.97.2/src_cpp" "/opt/rustwide/target/debug/build/opencv/6303993c72754634/out" "videostab" "/usr/include/x86_64-linux-gnu/opencv4"
[INFO] [stderr]   === Generated module bindings: structured_light in: 14.464684454s
[INFO] [stderr]   === Running: "/opt/rustwide/target/debug/build/opencv/85e66573bda01336/out/build_script_build" "/usr/include/opencv4" "/opt/rustwide/cargo-home/registry/src/index.crates.io-1949cf8c6b5b557f/opencv-0.97.2/src_cpp" "/opt/rustwide/target/debug/build/opencv/6303993c72754634/out" "viz" "/usr/include/x86_64-linux-gnu/opencv4"
[INFO] [stderr]   === Generated module bindings: superres in: 13.858936324s
[INFO] [stderr]   === Running: "/opt/rustwide/target/debug/build/opencv/85e66573bda01336/out/build_script_build" "/usr/include/opencv4" "/opt/rustwide/cargo-home/registry/src/index.crates.io-1949cf8c6b5b557f/opencv-0.97.2/src_cpp" "/opt/rustwide/target/debug/build/opencv/6303993c72754634/out" "wechat_qrcode" "/usr/include/x86_64-linux-gnu/opencv4"
[INFO] [stderr]   === Generated module bindings: text in: 15.382785504s
[INFO] [stderr]   === Running: "/opt/rustwide/target/debug/build/opencv/85e66573bda01336/out/build_script_build" "/usr/include/opencv4" "/opt/rustwide/cargo-home/registry/src/index.crates.io-1949cf8c6b5b557f/opencv-0.97.2/src_cpp" "/opt/rustwide/target/debug/build/opencv/6303993c72754634/out" "ximgproc" "/usr/include/x86_64-linux-gnu/opencv4"
[INFO] [stderr]   === Generated module bindings: tracking in: 14.658990065s
[INFO] [stderr]   === Running: "/opt/rustwide/target/debug/build/opencv/85e66573bda01336/out/build_script_build" "/usr/include/opencv4" "/opt/rustwide/cargo-home/registry/src/index.crates.io-1949cf8c6b5b557f/opencv-0.97.2/src_cpp" "/opt/rustwide/target/debug/build/opencv/6303993c72754634/out" "xobjdetect" "/usr/include/x86_64-linux-gnu/opencv4"
[INFO] [stderr]   === Generated module bindings: video in: 15.005907231s
[INFO] [stderr]   === Running: "/opt/rustwide/target/debug/build/opencv/85e66573bda01336/out/build_script_build" "/usr/include/opencv4" "/opt/rustwide/cargo-home/registry/src/index.crates.io-1949cf8c6b5b557f/opencv-0.97.2/src_cpp" "/opt/rustwide/target/debug/build/opencv/6303993c72754634/out" "xphoto" "/usr/include/x86_64-linux-gnu/opencv4"
[INFO] [stderr]   === Generated module bindings: stitching in: 24.869989799s
[INFO] [stderr]   === Generated module bindings: videoio in: 12.392736749s
[INFO] [stderr]   === Generated module bindings: wechat_qrcode in: 10.525502902s
[INFO] [stderr]   === Generated module bindings: xobjdetect in: 7.670967644s
[INFO] [stderr]   === Generated module bindings: videostab in: 14.500747381s
[INFO] [stderr]   === Generated module bindings: viz in: 14.471726194s
[INFO] [stderr]   === Generated module bindings: xphoto in: 9.350450019s
[INFO] [stderr]   === Generated module bindings: ximgproc in: 11.919711285s
[INFO] [stderr]   === Total binding generation time: 190.517683015s
[INFO] [stderr]   === Total binding collection time: 1.722232161s
[INFO] [stderr]   === Compiler information: Tool {
[INFO] [stderr]       path: "c++",
[INFO] [stderr]       cc_wrapper_path: None,
[INFO] [stderr]       cc_wrapper_args: [],
[INFO] [stderr]       args: [
[INFO] [stderr]           "-O0",
[INFO] [stderr]           "-ffunction-sections",
[INFO] [stderr]           "-fdata-sections",
[INFO] [stderr]           "-fPIC",
[INFO] [stderr]           "-gdwarf-4",
[INFO] [stderr]           "-fno-omit-frame-pointer",
[INFO] [stderr]           "-m64",
[INFO] [stderr]           "-std=c++17",
[INFO] [stderr]           "-I",
[INFO] [stderr]           "/opt/rustwide/cargo-home/registry/src/index.crates.io-1949cf8c6b5b557f/opencv-0.97.2/src_cpp",
[INFO] [stderr]           "-I",
[INFO] [stderr]           "/opt/rustwide/target/debug/build/opencv/6303993c72754634/out",
[INFO] [stderr]           "-I",
[INFO] [stderr]           ".",
[INFO] [stderr]           "-I",
[INFO] [stderr]           "/usr/include/opencv4",
[INFO] [stderr]           "-I",
[INFO] [stderr]           "/usr/include/x86_64-linux-gnu/opencv4",
[INFO] [stderr]           "-Wall",
[INFO] [stderr]           "-Wextra",
[INFO] [stderr]           "-Wno-deprecated-declarations",
[INFO] [stderr]           "-Wno-deprecated-copy",
[INFO] [stderr]           "-Wno-unused-parameter",
[INFO] [stderr]           "-Wno-sign-compare",
[INFO] [stderr]           "-Wno-comment",
[INFO] [stderr]           "-Wno-uninitialized",
[INFO] [stderr]           "-Wno-unused-variable",
[INFO] [stderr]           "-Wno-ignored-qualifiers",
[INFO] [stderr]           "-Wno-return-type-c-linkage",
[INFO] [stderr]           "-Wno-overloaded-virtual",
[INFO] [stderr]           "-Wno-delete-non-virtual-dtor",
[INFO] [stderr]           "-DOCVRS_FFI_EXPORT_SUFFIX=_0_97_2",
[INFO] [stderr]           "-DOCVRS_TARGET_OS_WINDOWS=0",
[INFO] [stderr]       ],
[INFO] [stderr]       env: [
[INFO] [stderr]           (
[INFO] [stderr]               "LC_ALL",
[INFO] [stderr]               "C",
[INFO] [stderr]           ),
[INFO] [stderr]       ],
[INFO] [stderr]       family: Gnu,
[INFO] [stderr]       cuda: false,
[INFO] [stderr]       removed_args: [],
[INFO] [stderr]       has_internal_target_arg: false,
[INFO] [stderr]   }
[INFO] [stderr] 
[INFO] [stderr] 
[INFO] [stderr]   error occurred in cc-rs: command did not execute successfully (status code exit status: 1): LC_ALL="C" "c++" "-O0" "-ffunction-sections" "-fdata-sections" "-fPIC" "-gdwarf-4" "-fno-omit-frame-pointer" "-m64" "-std=c++17" "-I" "/opt/rustwide/cargo-home/registry/src/index.crates.io-1949cf8c6b5b557f/opencv-0.97.2/src_cpp" "-I" "/opt/rustwide/target/debug/build/opencv/6303993c72754634/out" "-I" "." "-I" "/usr/include/opencv4" "-I" "/usr/include/x86_64-linux-gnu/opencv4" "-Wall" "-Wextra" "-Wno-deprecated-declarations" "-Wno-deprecated-copy" "-Wno-unused-parameter" "-Wno-sign-compare" "-Wno-comment" "-Wno-uninitialized" "-Wno-unused-variable" "-Wno-ignored-qualifiers" "-Wno-return-type-c-linkage" "-Wno-overloaded-virtual" "-Wno-delete-non-virtual-dtor" "-DOCVRS_FFI_EXPORT_SUFFIX=_0_97_2" "-DOCVRS_TARGET_OS_WINDOWS=0" "-o" "/opt/rustwide/target/debug/build/opencv/6303993c72754634/out/2752065271157728-tracking.o" "-c" "/opt/rustwide/target/debug/build/opencv/6303993c72754634/out/tracking.cpp"
[INFO] [stderr] 
[INFO] [stderr] 
[INFO] running `Command { std: "docker" "inspect" "e9af3feacd9cdee7c8f9722e30adee6b390ebee2c5ca07be483d8493ac2bb854", kill_on_drop: false }`
[INFO] running `Command { std: "docker" "rm" "-f" "e9af3feacd9cdee7c8f9722e30adee6b390ebee2c5ca07be483d8493ac2bb854", kill_on_drop: false }`
[INFO] [stdout] e9af3feacd9cdee7c8f9722e30adee6b390ebee2c5ca07be483d8493ac2bb854
