[INFO] fetching crate rullama-finetune 0.12.0...
[INFO] testing rullama-finetune-0.12.0 against 1.99.0-beta.8 for beta-1.100-2
[INFO] extracting crate rullama-finetune 0.12.0 into /workspace/builds/worker-2-tc1/source
[INFO] started tweaking crates.io crate rullama-finetune 0.12.0
[INFO] removed 0 missing examples
[INFO] finished tweaking crates.io crate rullama-finetune 0.12.0
[INFO] tweaked toml for crates.io crate rullama-finetune 0.12.0 written to /workspace/builds/worker-2-tc1/source/Cargo.toml
[INFO] validating manifest of crates.io crate rullama-finetune 0.12.0 on toolchain 1.99.0-beta.8
[INFO] running `Command { std: CARGO_HOME="/workspace/cargo-home" RUSTUP_HOME="/workspace/rustup-home" "/workspace/cargo-home/bin/cargo" "+1.99.0-beta.8" "metadata" "--manifest-path" "Cargo.toml" "--no-deps", kill_on_drop: false }`
[INFO] crate crates.io crate rullama-finetune 0.12.0 already has a lockfile, it will not be regenerated
[INFO] running `Command { std: CARGO_HOME="/workspace/cargo-home" RUSTUP_HOME="/workspace/rustup-home" "/workspace/cargo-home/bin/cargo" "+1.99.0-beta.8" "fetch" "--manifest-path" "Cargo.toml", kill_on_drop: false }`
[INFO] [stderr]     Updating crates.io index
[INFO] [stderr]  Downloading crates ...
[INFO] [stderr]   Downloaded wasm-bindgen-macro v0.2.121
[INFO] [stderr]   Downloaded uuid v1.23.1
[INFO] [stderr]   Downloaded wasm-bindgen-shared v0.2.121
[INFO] [stderr]   Downloaded wasm-bindgen-macro-support v0.2.121
[INFO] [stderr]   Downloaded zerofrom v0.1.7
[INFO] [stderr]   Downloaded libredox v0.1.16
[INFO] [stderr]   Downloaded http-body v1.0.1
[INFO] [stderr]   Downloaded wasm-bindgen v0.2.121
[INFO] [stderr]   Downloaded wasm-bindgen-futures v0.4.71
[INFO] [stderr]   Downloaded async-stream v0.3.6
[INFO] [stderr]   Downloaded async-stream-impl v0.3.6
[INFO] [stderr]   Downloaded data-encoding v2.11.0
[INFO] [stderr]   Downloaded http-body-util v0.1.3
[INFO] [stderr]   Downloaded tokio-tungstenite v0.26.2
[INFO] [stderr]   Downloaded rustls-native-certs v0.8.3
[INFO] [stderr]   Downloaded tracing-futures v0.2.5
[INFO] [stderr]   Downloaded num-conv v0.2.1
[INFO] [stderr]   Downloaded aws-smithy-runtime-api-macros v1.0.0
[INFO] [stderr]   Downloaded crypto-common v0.2.1
[INFO] [stderr]   Downloaded block-buffer v0.12.0
[INFO] [stderr]   Downloaded cpufeatures v0.3.0
[INFO] [stderr]   Downloaded bitflags v2.11.1
[INFO] [stderr]   Downloaded yoke v0.8.2
[INFO] [stderr]   Downloaded tungstenite v0.26.2
[INFO] [stderr]   Downloaded rullama-core v0.12.0
[INFO] [stderr]   Downloaded rustls-pki-types v1.14.1
[INFO] [stderr]   Downloaded time-macros v0.2.27
[INFO] [stderr]   Downloaded aws-smithy-async v1.2.14
[INFO] [stderr]   Downloaded cmov v0.5.3
[INFO] [stderr]   Downloaded aws-credential-types v1.2.14
[INFO] [stderr]   Downloaded icu_properties v2.0.2
[INFO] [stderr]   Downloaded icu_normalizer v2.0.1
[INFO] [stderr]   Downloaded rullama-datasets v0.12.0
[INFO] [stderr]   Downloaded gcp_auth v0.12.6
[INFO] [stderr]   Downloaded hybrid-array v0.4.11
[INFO] [stderr]   Downloaded aws-smithy-http v0.63.6
[INFO] [stderr]   Downloaded icu_normalizer_data v2.0.0
[INFO] [stderr]   Downloaded openssl-sys v0.9.115
[INFO] [stderr]   Downloaded cc v1.2.61
[INFO] [stderr]   Downloaded icu_collections v2.0.0
[INFO] [stderr]   Downloaded rand v0.9.4
[INFO] [stderr]   Downloaded aws-smithy-runtime-api v1.12.0
[INFO] [stderr]   Downloaded aws-smithy-types v1.4.7
[INFO] [stderr]   Downloaded aws-sigv4 v1.4.3
[INFO] [stderr]   Downloaded js-sys v0.3.98
[INFO] [stderr]   Downloaded wasip2 v1.0.3+wasi-0.2.9
[INFO] [stderr]   Downloaded typenum v1.20.0
[INFO] [stderr]   Downloaded zerocopy-derive v0.8.48
[INFO] [stderr]   Downloaded rullama-provider v0.12.0
[INFO] [stderr]   Downloaded icu_properties_data v2.0.1
[INFO] [stderr]   Downloaded hashbrown v0.17.0
[INFO] [stderr]   Downloaded tower-http v0.6.8
[INFO] [stderr]   Downloaded iri-string v0.7.12
[INFO] [stderr]   Downloaded hyper v1.9.0
[INFO] [stderr]   Downloaded h2 v0.4.14
[INFO] [stderr]   Downloaded chrono v0.4.44
[INFO] [stderr]   Downloaded zerocopy v0.8.48
[INFO] [stderr]   Downloaded openssl v0.10.79
[INFO] [stderr]   Downloaded rustls v0.23.40
[INFO] [stderr]   Downloaded web-sys v0.3.98
[INFO] [stderr]   Downloaded tokio v1.52.2
[INFO] running `Command { std: "docker" "create" "-v" "/var/lib/crater-agent-workspace/builds/worker-2-tc1/source:/opt/rustwide/workdir:ro,Z" "-v" "/var/lib/crater-agent-workspace/builds/worker-2-tc1/target:/opt/rustwide/target:rw,Z" "-v" "/var/lib/crater-agent-workspace/cargo-home:/opt/rustwide/cargo-home:ro,Z" "-v" "/var/lib/crater-agent-workspace/rustup-home:/opt/rustwide/rustup-home:ro,Z" "-m" "1610612736" "--network" "none" "ghcr.io/rust-lang/crates-build-env/linux@sha256:3111399a4047eeb3a02b7a90e478d715f38a8c6669b5c4b49d30a17385265909" "sleep" "infinity", kill_on_drop: false }`
[INFO] [stdout] f226f45099481622dc09692e5ea99415f0f5f6f48cc06bbee8a184cfc77943e9
[INFO] running `Command { std: "docker" "start" "f226f45099481622dc09692e5ea99415f0f5f6f48cc06bbee8a184cfc77943e9", kill_on_drop: false }`
[INFO] running `Command { std: "docker" "inspect" "f226f45099481622dc09692e5ea99415f0f5f6f48cc06bbee8a184cfc77943e9", kill_on_drop: false }`
[INFO] running `Command { std: "docker" "exec" "-e" "SOURCE_DIR=/opt/rustwide/workdir" "-e" "CARGO_HOME=/opt/rustwide/cargo-home" "-e" "RUSTUP_HOME=/opt/rustwide/rustup-home" "-e" "CARGO_TARGET_DIR=/opt/rustwide/target" "-w" "/opt/rustwide/workdir" "--user" "0:0" "f226f45099481622dc09692e5ea99415f0f5f6f48cc06bbee8a184cfc77943e9" "/opt/rustwide/cargo-home/bin/cargo" "+1.99.0-beta.8" "metadata" "--no-deps" "--format-version=1", kill_on_drop: false }`
[INFO] running `Command { std: "docker" "inspect" "f226f45099481622dc09692e5ea99415f0f5f6f48cc06bbee8a184cfc77943e9", kill_on_drop: false }`
[INFO] running `Command { std: "docker" "exec" "-e" "SOURCE_DIR=/opt/rustwide/workdir" "-e" "CARGO_HOME=/opt/rustwide/cargo-home" "-e" "RUSTUP_HOME=/opt/rustwide/rustup-home" "-e" "CARGO_TARGET_DIR=/opt/rustwide/target" "-e" "CARGO_INCREMENTAL=0" "-e" "RUST_BACKTRACE=full" "-e" "RUSTFLAGS=--cap-lints=warn" "-e" "RUSTDOCFLAGS=--cap-lints=warn" "-w" "/opt/rustwide/workdir" "--user" "0:0" "f226f45099481622dc09692e5ea99415f0f5f6f48cc06bbee8a184cfc77943e9" "/opt/rustwide/cargo-home/bin/cargo" "+1.99.0-beta.8" "build" "--frozen" "--message-format=json", kill_on_drop: false }`
[INFO] [stderr]    Compiling proc-macro2 v1.0.106
[INFO] [stderr]    Compiling quote v1.0.45
[INFO] [stderr]    Compiling unicode-ident v1.0.24
[INFO] [stderr]    Compiling libc v0.2.186
[INFO] [stderr]    Compiling pin-project-lite v0.2.17
[INFO] [stderr]    Compiling cfg-if v1.0.4
[INFO] [stderr]    Compiling futures-core v0.3.32
[INFO] [stderr]    Compiling bytes v1.11.1
[INFO] [stderr]    Compiling itoa v1.0.18
[INFO] [stderr]    Compiling stable_deref_trait v1.2.1
[INFO] [stderr]    Compiling futures-sink v0.3.32
[INFO] [stderr]    Compiling find-msvc-tools v0.1.9
[INFO] [stderr]    Compiling shlex v1.3.0
[INFO] [stderr]    Compiling pkg-config v0.3.33
[INFO] [stderr]    Compiling memchr v2.8.0
[INFO] [stderr]    Compiling vcpkg v0.2.15
[INFO] [stderr]    Compiling slab v0.4.12
[INFO] [stderr]    Compiling version_check v0.9.5
[INFO] [stderr]    Compiling futures-io v0.3.32
[INFO] [stderr]    Compiling serde_core v1.0.228
[INFO] [stderr]    Compiling futures-task v0.3.32
[INFO] [stderr]    Compiling typenum v1.20.0
[INFO] [stderr]    Compiling futures-channel v0.3.32
[INFO] [stderr]    Compiling writeable v0.6.3
[INFO] [stderr]    Compiling foreign-types-shared v0.1.1
[INFO] [stderr]    Compiling bitflags v2.11.1
[INFO] [stderr]    Compiling httparse v1.10.1
[INFO] [stderr]    Compiling litemap v0.8.2
[INFO] [stderr]    Compiling cc v1.2.61
[INFO] [stderr]    Compiling smallvec v1.15.1
[INFO] [stderr]    Compiling openssl v0.10.79
[INFO] [stderr]    Compiling generic-array v0.14.7
[INFO] [stderr]    Compiling once_cell v1.21.4
[INFO] [stderr]    Compiling foreign-types v0.3.2
[INFO] [stderr]    Compiling serde v1.0.228
[INFO] [stderr]    Compiling zerocopy v0.8.48
[INFO] [stderr]    Compiling native-tls v0.2.18
[INFO] [stderr]    Compiling icu_normalizer_data v2.0.0
[INFO] [stderr]    Compiling getrandom v0.3.4
[INFO] [stderr]    Compiling icu_properties_data v2.0.1
[INFO] [stderr]    Compiling tracing-core v0.1.36
[INFO] [stderr]    Compiling log v0.4.29
[INFO] [stderr]    Compiling openssl-probe v0.2.1
[INFO] [stderr]    Compiling hashbrown v0.17.0
[INFO] [stderr]    Compiling equivalent v1.0.2
[INFO] [stderr]    Compiling thiserror v2.0.18
[INFO] [stderr]    Compiling percent-encoding v2.3.2
[INFO] [stderr]    Compiling zmij v1.0.21
[INFO] [stderr]    Compiling http v1.4.0
[INFO] [stderr]    Compiling autocfg v1.5.0
[INFO] [stderr]    Compiling try-lock v0.2.5
[INFO] [stderr]    Compiling tower-service v0.3.3
[INFO] [stderr]    Compiling getrandom v0.4.2
[INFO] [stderr]    Compiling serde_json v1.0.149
[INFO] [stderr]    Compiling cpufeatures v0.2.17
[INFO] [stderr]    Compiling fnv v1.0.7
[INFO] [stderr]    Compiling atomic-waker v1.1.2
[INFO] [stderr]    Compiling want v0.3.1
[INFO] [stderr]    Compiling unicase v2.9.0
[INFO] [stderr]    Compiling form_urlencoded v1.2.2
[INFO] [stderr]    Compiling sync_wrapper v1.0.2
[INFO] [stderr]    Compiling base64 v0.22.1
[INFO] [stderr]    Compiling syn v2.0.117
[INFO] [stderr]    Compiling tower-layer v0.3.3
[INFO] [stderr]    Compiling ipnet v2.12.0
[INFO] [stderr]    Compiling indexmap v2.14.0
[INFO] [stderr]    Compiling option-ext v0.2.0
[INFO] [stderr]    Compiling anyhow v1.0.102
[INFO] [stderr]    Compiling utf8_iter v1.0.4
[INFO] [stderr]    Compiling iana-time-zone v0.1.65
[INFO] [stderr]    Compiling mime v0.3.17
[INFO] [stderr]    Compiling http-body v1.0.1
[INFO] [stderr]    Compiling num-traits v0.2.19
[INFO] [stderr]    Compiling mime_guess v2.0.5
[INFO] [stderr]    Compiling iri-string v0.7.12
[INFO] [stderr]    Compiling http-body-util v0.1.3
[INFO] [stderr]    Compiling zeroize v1.8.2
[INFO] [stderr]    Compiling utf-8 v0.7.6
[INFO] [stderr]    Compiling ryu v1.0.23
[INFO] [stderr]    Compiling data-encoding v2.11.0
[INFO] [stderr]    Compiling rustls-pki-types v1.14.1
[INFO] [stderr]    Compiling socket2 v0.6.3
[INFO] [stderr]    Compiling mio v1.2.0
[INFO] [stderr]    Compiling openssl-sys v0.9.115
[INFO] [stderr]    Compiling dirs-sys v0.5.0
[INFO] [stderr]    Compiling rand_core v0.9.5
[INFO] [stderr]    Compiling dirs v6.0.0
[INFO] [stderr]    Compiling block-buffer v0.10.4
[INFO] [stderr]    Compiling crypto-common v0.1.7
[INFO] [stderr]    Compiling encoding_rs v0.8.35
[INFO] [stderr]    Compiling digest v0.10.7
[INFO] [stderr]    Compiling tokio v1.52.2
[INFO] [stderr]    Compiling sha1 v0.10.6
[INFO] [stderr]    Compiling sha2 v0.10.9
[INFO] [stderr]    Compiling uuid v1.23.1
[INFO] [stderr]    Compiling synstructure v0.13.2
[INFO] [stderr]    Compiling zerovec-derive v0.11.3
[INFO] [stderr]    Compiling displaydoc v0.2.5
[INFO] [stderr]    Compiling futures-macro v0.3.32
[INFO] [stderr]    Compiling openssl-macros v0.1.1
[INFO] [stderr]    Compiling tracing-attributes v0.1.31
[INFO] [stderr]    Compiling serde_derive v1.0.228
[INFO] [stderr]    Compiling thiserror-impl v2.0.18
[INFO] [stderr]    Compiling async-stream-impl v0.3.6
[INFO] [stderr]    Compiling async-trait v0.1.89
[INFO] [stderr]    Compiling zerofrom-derive v0.1.7
[INFO] [stderr]    Compiling yoke-derive v0.8.2
[INFO] [stderr]    Compiling async-stream v0.3.6
[INFO] [stderr]    Compiling tracing v0.1.44
[INFO] [stderr]    Compiling zerofrom v0.1.7
[INFO] [stderr]    Compiling futures-util v0.3.32
[INFO] [stderr]    Compiling ppv-lite86 v0.2.21
[INFO] [stderr]    Compiling yoke v0.8.2
[INFO] [stderr]    Compiling zerovec v0.11.6
[INFO] [stderr]    Compiling zerotrie v0.2.4
[INFO] [stderr]    Compiling rand_chacha v0.9.0
[INFO] [stderr]    Compiling tokio-util v0.7.18
[INFO] [stderr]    Compiling rand v0.9.4
[INFO] [stderr]    Compiling h2 v0.4.14
[INFO] [stderr]    Compiling tinystr v0.8.3
[INFO] [stderr]    Compiling potential_utf v0.1.5
[INFO] [stderr]    Compiling icu_collections v2.0.0
[INFO] [stderr]    Compiling icu_locale_core v2.2.0
[INFO] [stderr]    Compiling futures-executor v0.3.32
[INFO] [stderr]    Compiling tower v0.5.3
[INFO] [stderr]    Compiling futures v0.3.32
[INFO] [stderr]    Compiling tower-http v0.6.8
[INFO] [stderr]    Compiling icu_provider v2.2.0
[INFO] [stderr]    Compiling tokio-native-tls v0.3.1
[INFO] [stderr]    Compiling tungstenite v0.26.2
[INFO] [stderr]    Compiling serde_urlencoded v0.7.1
[INFO] [stderr]    Compiling chrono v0.4.44
[INFO] [stderr]    Compiling rullama-datasets v0.12.0
[INFO] [stderr]    Compiling icu_normalizer v2.0.1
[INFO] [stderr]    Compiling icu_properties v2.0.2
[INFO] [stderr]    Compiling tokio-tungstenite v0.26.2
[INFO] [stderr]    Compiling rullama-core v0.12.0
[INFO] [stderr]    Compiling idna_adapter v1.2.1
[INFO] [stderr]    Compiling hyper v1.9.0
[INFO] [stderr]    Compiling idna v1.1.0
[INFO] [stderr]    Compiling url v2.5.8
[INFO] [stderr]    Compiling hyper-util v0.1.20
[INFO] [stderr]    Compiling hyper-tls v0.6.0
[INFO] [stderr]    Compiling reqwest v0.12.28
[INFO] [stderr]    Compiling rullama-provider v0.12.0
[INFO] [stdout] error[E0433]: cannot find `select` in `tokio`
[INFO] [stdout]    --> /opt/rustwide/cargo-home/registry/src/index.crates.io-1949cf8c6b5b557f/rullama-provider-0.12.0/src/ollama/mod.rs:312:28
[INFO] [stdout]     |
[INFO] [stdout] 312 |                     tokio::select! {
[INFO] [stdout]     |                            ^^^^^^ could not find `select` in `tokio`
[INFO] [stdout] 
[INFO] [stdout] 
[INFO] [stdout] error[E0277]: the size for values of type `[u8]` cannot be known at compilation time
[INFO] [stdout]    --> /opt/rustwide/cargo-home/registry/src/index.crates.io-1949cf8c6b5b557f/rullama-provider-0.12.0/src/ollama/mod.rs:326:21
[INFO] [stdout]     |
[INFO] [stdout] 326 |                 let chunk = match chunk_result {
[INFO] [stdout]     |                     ^^^^^ doesn't have a size known at compile-time
[INFO] [stdout]     |
[INFO] [stdout]     = help: the trait `Sized` is not implemented for `[u8]`
[INFO] [stdout]     = note: all local variables must have a statically known size
[INFO] [stdout] 
[INFO] [stdout] 
[INFO] [stdout] error[E0277]: the size for values of type `[u8]` cannot be known at compilation time
[INFO] [stdout]    --> /opt/rustwide/cargo-home/registry/src/index.crates.io-1949cf8c6b5b557f/rullama-provider-0.12.0/src/ollama/mod.rs:327:24
[INFO] [stdout]     |
[INFO] [stdout] 327 |                     Ok(c) => c,
[INFO] [stdout]     |                        ^ doesn't have a size known at compile-time
[INFO] [stdout]     |
[INFO] [stdout]     = help: the trait `Sized` is not implemented for `[u8]`
[INFO] [stdout]     = note: all local variables must have a statically known size
[INFO] [stdout] 
[INFO] [stdout] 
[INFO] [stdout] error[E0277]: the size for values of type `[u8]` cannot be known at compilation time
[INFO] [stdout]    --> /opt/rustwide/cargo-home/registry/src/index.crates.io-1949cf8c6b5b557f/rullama-provider-0.12.0/src/ollama/mod.rs:327:21
[INFO] [stdout]     |
[INFO] [stdout] 327 |                     Ok(c) => c,
[INFO] [stdout]     |                     ^^^^^ doesn't have a size known at compile-time
[INFO] [stdout]     |
[INFO] [stdout]     = help: the trait `Sized` is not implemented for `[u8]`
[INFO] [stdout] note: required by a bound in `std::prelude::v1::Ok`
[INFO] [stdout]    --> /rustc/dfb0accb7f508ae8be965d8629557221c889dd98/library/core/src/result.rs:562:4
[INFO] [stdout] 
[INFO] [stdout] 
[INFO] [stdout] Some errors have detailed explanations: E0277, E0433.
[INFO] [stdout] 
[INFO] [stdout] For more information about an error, try `rustc --explain E0277`.
[INFO] [stdout] 
[INFO] [stderr] error: could not compile `rullama-provider` (lib) due to 4 previous errors
[INFO] running `Command { std: "docker" "inspect" "f226f45099481622dc09692e5ea99415f0f5f6f48cc06bbee8a184cfc77943e9", kill_on_drop: false }`
[INFO] running `Command { std: "docker" "rm" "-f" "f226f45099481622dc09692e5ea99415f0f5f6f48cc06bbee8a184cfc77943e9", kill_on_drop: false }`
[INFO] [stdout] f226f45099481622dc09692e5ea99415f0f5f6f48cc06bbee8a184cfc77943e9
