[INFO] fetching crate rui 0.6.1...
[INFO] testing rui-0.6.1 against 1.100.0-beta.1 for beta-1.100-2
[INFO] extracting crate rui 0.6.1 into /workspace/builds/worker-4-tc2/source
[INFO] removed /workspace/builds/worker-4-tc2/source/rust-toolchain
[INFO] started tweaking crates.io crate rui 0.6.1
[INFO] finished tweaking crates.io crate rui 0.6.1
[INFO] tweaked toml for crates.io crate rui 0.6.1 written to /workspace/builds/worker-4-tc2/source/Cargo.toml
[INFO] validating manifest of crates.io crate rui 0.6.1 on toolchain 1.100.0-beta.1
[INFO] running `Command { std: CARGO_HOME="/workspace/cargo-home" RUSTUP_HOME="/workspace/rustup-home" "/workspace/cargo-home/bin/cargo" "+1.100.0-beta.1" "metadata" "--manifest-path" "Cargo.toml" "--no-deps", kill_on_drop: false }`
[INFO] crate crates.io crate rui 0.6.1 already has a lockfile, it will not be regenerated
[INFO] running `Command { std: CARGO_HOME="/workspace/cargo-home" RUSTUP_HOME="/workspace/rustup-home" "/workspace/cargo-home/bin/cargo" "+1.100.0-beta.1" "fetch" "--manifest-path" "Cargo.toml", kill_on_drop: false }`
[INFO] running `Command { std: "docker" "create" "-v" "/var/lib/crater-agent-workspace/builds/worker-4-tc2/source:/opt/rustwide/workdir:ro,Z" "-v" "/var/lib/crater-agent-workspace/builds/worker-4-tc2/target:/opt/rustwide/target:rw,Z" "-v" "/var/lib/crater-agent-workspace/cargo-home:/opt/rustwide/cargo-home:ro,Z" "-v" "/var/lib/crater-agent-workspace/rustup-home:/opt/rustwide/rustup-home:ro,Z" "-m" "1610612736" "--network" "none" "ghcr.io/rust-lang/crates-build-env/linux@sha256:3111399a4047eeb3a02b7a90e478d715f38a8c6669b5c4b49d30a17385265909" "sleep" "infinity", kill_on_drop: false }`
[INFO] [stdout] e4edaa6ffb3b63763d020ac821acaeff783fed878487936d6dfb2a99e588e7d4
[INFO] running `Command { std: "docker" "start" "e4edaa6ffb3b63763d020ac821acaeff783fed878487936d6dfb2a99e588e7d4", kill_on_drop: false }`
[INFO] running `Command { std: "docker" "inspect" "e4edaa6ffb3b63763d020ac821acaeff783fed878487936d6dfb2a99e588e7d4", kill_on_drop: false }`
[INFO] running `Command { std: "docker" "exec" "-e" "SOURCE_DIR=/opt/rustwide/workdir" "-e" "CARGO_HOME=/opt/rustwide/cargo-home" "-e" "RUSTUP_HOME=/opt/rustwide/rustup-home" "-e" "CARGO_TARGET_DIR=/opt/rustwide/target" "-w" "/opt/rustwide/workdir" "--user" "0:0" "e4edaa6ffb3b63763d020ac821acaeff783fed878487936d6dfb2a99e588e7d4" "/opt/rustwide/cargo-home/bin/cargo" "+1.100.0-beta.1" "metadata" "--no-deps" "--format-version=1", kill_on_drop: false }`
[INFO] running `Command { std: "docker" "inspect" "e4edaa6ffb3b63763d020ac821acaeff783fed878487936d6dfb2a99e588e7d4", kill_on_drop: false }`
[INFO] running `Command { std: "docker" "exec" "-e" "SOURCE_DIR=/opt/rustwide/workdir" "-e" "CARGO_HOME=/opt/rustwide/cargo-home" "-e" "RUSTUP_HOME=/opt/rustwide/rustup-home" "-e" "CARGO_TARGET_DIR=/opt/rustwide/target" "-e" "CARGO_INCREMENTAL=0" "-e" "RUST_BACKTRACE=full" "-e" "RUSTFLAGS=--cap-lints=warn" "-e" "RUSTDOCFLAGS=--cap-lints=warn" "-w" "/opt/rustwide/workdir" "--user" "0:0" "e4edaa6ffb3b63763d020ac821acaeff783fed878487936d6dfb2a99e588e7d4" "/opt/rustwide/cargo-home/bin/cargo" "+1.100.0-beta.1" "build" "--frozen" "--message-format=json", kill_on_drop: false }`
[INFO] [stderr]    Compiling cfg-if v1.0.0
[INFO] [stderr]    Compiling autocfg v1.1.0
[INFO] [stderr]    Compiling libc v0.2.139
[INFO] [stderr]    Compiling proc-macro2 v1.0.51
[INFO] [stderr]    Compiling unicode-ident v1.0.6
[INFO] [stderr]    Compiling quote v1.0.23
[INFO] [stderr]    Compiling version_check v0.9.4
[INFO] [stderr]    Compiling syn v1.0.107
[INFO] [stderr]    Compiling pkg-config v0.3.26
[INFO] [stderr]    Compiling smallvec v1.10.0
[INFO] [stderr]    Compiling xml-rs v0.8.4
[INFO] [stderr]    Compiling log v0.4.17
[INFO] [stderr]    Compiling memchr v2.5.0
[INFO] [stderr]    Compiling thiserror v1.0.38
[INFO] [stderr]    Compiling lazy_static v1.4.0
[INFO] [stderr]    Compiling parking_lot_core v0.9.7
[INFO] [stderr]    Compiling libloading v0.7.4
[INFO] [stderr]    Compiling crc32fast v1.3.2
[INFO] [stderr]    Compiling arrayvec v0.7.2
[INFO] [stderr]    Compiling futures-core v0.3.26
[INFO] [stderr]    Compiling dlib v0.5.0
[INFO] [stderr]    Compiling downcast-rs v1.2.0
[INFO] [stderr]    Compiling scoped-tls v1.0.1
[INFO] [stderr]    Compiling scopeguard v1.1.0
[INFO] [stderr]    Compiling cty v0.2.2
[INFO] [stderr]    Compiling termcolor v1.2.0
[INFO] [stderr]    Compiling ash v0.37.2+1.3.238
[INFO] [stderr]    Compiling unicode-width v0.1.10
[INFO] [stderr]    Compiling khronos-egl v4.1.0
[INFO] [stderr]    Compiling bit-vec v0.6.3
[INFO] [stderr]    Compiling adler v1.0.2
[INFO] [stderr]    Compiling wayland-sys v0.29.5
[INFO] [stderr]    Compiling raw-window-handle v0.5.0
[INFO] [stderr]    Compiling miniz_oxide v0.6.2
[INFO] [stderr]    Compiling ahash v0.7.6
[INFO] [stderr]    Compiling slotmap v1.0.6
[INFO] [stderr]    Compiling nom v7.1.3
[INFO] [stderr]    Compiling gpu-alloc-types v0.2.0
[INFO] [stderr]    Compiling memoffset v0.6.5
[INFO] [stderr]    Compiling num-traits v0.2.15
[INFO] [stderr]    Compiling lock_api v0.4.9
[INFO] [stderr]    Compiling indexmap v1.9.2
[INFO] [stderr]    Compiling codespan-reporting v0.11.1
[INFO] [stderr]    Compiling slab v0.4.7
[INFO] [stderr]    Compiling bit-set v0.5.3
[INFO] [stderr]    Compiling gpu-descriptor-types v0.1.1
[INFO] [stderr]    Compiling bitflags v2.3.1
[INFO] [stderr]    Compiling rustc-hash v1.1.0
[INFO] [stderr]    Compiling futures-task v0.3.26
[INFO] [stderr]    Compiling hexf-parse v0.2.1
[INFO] [stderr]    Compiling futures-channel v0.3.26
[INFO] [stderr]    Compiling unicode-xid v0.2.4
[INFO] [stderr]    Compiling gpu-alloc v0.5.3
[INFO] [stderr]    Compiling wgpu-types v0.16.0
[INFO] [stderr]    Compiling flate2 v1.0.25
[INFO] [stderr]    Compiling smithay-client-toolkit v0.16.0
[INFO] [stderr]    Compiling libloading v0.8.0
[INFO] [stderr]    Compiling wayland-scanner v0.29.5
[INFO] [stderr]    Compiling futures-util v0.3.26
[INFO] [stderr]    Compiling profiling v1.0.7
[INFO] [stderr]    Compiling futures-sink v0.3.26
[INFO] [stderr]    Compiling bytemuck v1.13.0
[INFO] [stderr]    Compiling ttf-parser v0.18.1
[INFO] [stderr]    Compiling glow v0.12.1
[INFO] [stderr]    Compiling strict-num v0.1.0
[INFO] [stderr]    Compiling renderdoc-sys v1.0.0
[INFO] [stderr]    Compiling arrayref v0.3.6
[INFO] [stderr]    Compiling png v0.17.7
[INFO] [stderr]    Compiling x11-dl v2.21.0
[INFO] [stderr]    Compiling tiny-skia-path v0.8.3
[INFO] [stderr]    Compiling ab_glyph_rasterizer v0.1.8
[INFO] [stderr]    Compiling pin-project-lite v0.2.9
[INFO] [stderr]    Compiling cfg_aliases v0.1.1
[INFO] [stderr]    Compiling getrandom v0.2.8
[INFO] [stderr]    Compiling nix v0.24.3
[INFO] [stderr]    Compiling nix v0.25.1
[INFO] [stderr]    Compiling parking_lot v0.12.1
[INFO] [stderr]    Compiling memmap2 v0.5.8
[INFO] [stderr]    Compiling xcursor v0.3.4
[INFO] [stderr]    Compiling hashbrown v0.12.3
[INFO] [stderr]    Compiling futures-io v0.3.26
[INFO] [stderr]    Compiling hashbrown v0.11.2
[INFO] [stderr]    Compiling tiny-skia v0.8.3
[INFO] [stderr]    Compiling wayland-client v0.29.5
[INFO] [stderr]    Compiling wayland-protocols v0.29.5
[INFO] [stderr]    Compiling winit v0.28.1
[INFO] [stderr]    Compiling spirv v0.2.0+1.5.4
[INFO] [stderr]    Compiling ttf-parser v0.15.2
[INFO] [stderr]    Compiling euclid v0.22.7
[INFO] [stderr]    Compiling mio v0.8.6
[INFO] [stderr]    Compiling gpu-descriptor v0.2.3
[INFO] [stderr]    Compiling owned_ttf_parser v0.18.1
[INFO] [stderr]    Compiling instant v0.1.12
[INFO] [stderr]    Compiling ab_glyph v0.2.20
[INFO] [stderr]    Compiling percent-encoding v2.2.0
[INFO] [stderr]    Compiling rect_packer v0.2.1
[INFO] [stderr]    Compiling wayland-commons v0.29.5
[INFO] [stderr]    Compiling accesskit v0.11.0
[INFO] [stderr]    Compiling fontdue v0.7.2
[INFO] [stderr]    Compiling thiserror-impl v1.0.38
[INFO] [stderr]    Compiling futures-macro v0.3.26
[INFO] [stderr]    Compiling wayland-cursor v0.29.5
[INFO] [stderr]    Compiling naga v0.12.2
[INFO] [stderr]    Compiling calloop v0.10.5
[INFO] [stderr]    Compiling futures-executor v0.3.26
[INFO] [stderr]    Compiling futures v0.3.26
[INFO] [stderr]    Compiling wgpu-hal v0.16.0
[INFO] [stderr]    Compiling wgpu-core v0.16.1
[INFO] [stderr]    Compiling wgpu v0.16.1
[INFO] [stderr]    Compiling sctk-adwaita v0.5.3
[INFO] [stderr]    Compiling vger v0.2.7
[INFO] [stderr]    Compiling rui v0.6.1 (/opt/rustwide/workdir)
[INFO] [stdout] warning: use of deprecated constant `std::f32::MAX`: replaced by the `MAX` associated constant on `f32`
[INFO] [stdout]   --> src/views/text_editor.rs:40:31
[INFO] [stdout]    |
[INFO] [stdout] 40 |         let mut d = std::f32::MAX;
[INFO] [stdout]    |                               ^^^
[INFO] [stdout]    |
[INFO] [stdout]    = note: `#[warn(deprecated)]` on by default
[INFO] [stdout] 
[INFO] [stdout] 
[INFO] [stdout] warning: variable does not need to be mutable
[INFO] [stdout]    --> src/context.rs:393:13
[INFO] [stdout]     |
[INFO] [stdout] 393 |         let mut holder = self.state_map.get_mut(&id.id).unwrap();
[INFO] [stdout]     |             ----^^^^^^
[INFO] [stdout]     |             |
[INFO] [stdout]     |             help: remove this `mut`
[INFO] [stdout]     |
[INFO] [stdout]     = note: `#[warn(unused_mut)]` (part of `#[warn(unused)]`) on by default
[INFO] [stdout] 
[INFO] [stdout] 
[INFO] [stdout] warning: hiding a lifetime that's elided elsewhere is confusing
[INFO] [stdout]   --> src/view.rs:16:17
[INFO] [stdout]    |
[INFO] [stdout] 16 |     pub fn size(&mut self, sz: LocalSize) -> LayoutArgs {
[INFO] [stdout]    |                 ^^^^^^^^^                    ^^^^^^^^^^ the same lifetime is hidden here
[INFO] [stdout]    |                 |
[INFO] [stdout]    |                 the lifetime is elided here
[INFO] [stdout]    |
[INFO] [stdout]    = help: the same lifetime is referred to in inconsistent ways, making the signature confusing
[INFO] [stdout]    = note: `#[warn(mismatched_lifetime_syntaxes)]` on by default
[INFO] [stdout] help: use `'_` for type paths
[INFO] [stdout]    |
[INFO] [stdout] 16 |     pub fn size(&mut self, sz: LocalSize) -> LayoutArgs<'_> {
[INFO] [stdout]    |                                                        ++++
[INFO] [stdout] 
[INFO] [stdout] 
[INFO] [stderr]     Finished `dev` profile [unoptimized + debuginfo] target(s) in 1m 01s
[INFO] [stderr] warning: the following packages contain code that will be rejected by a future version of Rust: winit v0.28.1
[INFO] [stderr] note: to see what the problems were, use the option `--future-incompat-report`, or run `cargo report future-incompatibilities --id 4`
[INFO] running `Command { std: "docker" "inspect" "e4edaa6ffb3b63763d020ac821acaeff783fed878487936d6dfb2a99e588e7d4", kill_on_drop: false }`
[INFO] running `Command { std: "docker" "exec" "-e" "SOURCE_DIR=/opt/rustwide/workdir" "-e" "CARGO_HOME=/opt/rustwide/cargo-home" "-e" "RUSTUP_HOME=/opt/rustwide/rustup-home" "-e" "CARGO_TARGET_DIR=/opt/rustwide/target" "-e" "CARGO_INCREMENTAL=0" "-e" "RUST_BACKTRACE=full" "-e" "RUSTFLAGS=--cap-lints=warn" "-e" "RUSTDOCFLAGS=--cap-lints=warn" "-w" "/opt/rustwide/workdir" "--user" "0:0" "e4edaa6ffb3b63763d020ac821acaeff783fed878487936d6dfb2a99e588e7d4" "/opt/rustwide/cargo-home/bin/cargo" "+1.100.0-beta.1" "test" "--frozen" "--no-run" "--message-format=json", kill_on_drop: false }`
[INFO] [stdout] warning: use of deprecated constant `std::f32::MAX`: replaced by the `MAX` associated constant on `f32`
[INFO] [stdout]   --> src/views/text_editor.rs:40:31
[INFO] [stdout]    |
[INFO] [stdout] 40 |         let mut d = std::f32::MAX;
[INFO] [stdout]    |                               ^^^
[INFO] [stdout]    |
[INFO] [stdout]    = note: `#[warn(deprecated)]` on by default
[INFO] [stdout] 
[INFO] [stdout] 
[INFO] [stdout] warning: variable does not need to be mutable
[INFO] [stdout]    --> src/context.rs:393:13
[INFO] [stdout]     |
[INFO] [stdout] 393 |         let mut holder = self.state_map.get_mut(&id.id).unwrap();
[INFO] [stdout]     |             ----^^^^^^
[INFO] [stdout]     |             |
[INFO] [stdout]     |             help: remove this `mut`
[INFO] [stdout]     |
[INFO] [stdout]     = note: `#[warn(unused_mut)]` (part of `#[warn(unused)]`) on by default
[INFO] [stdout] 
[INFO] [stdout] 
[INFO] [stderr]    Compiling rui v0.6.1 (/opt/rustwide/workdir)
[INFO] [stdout] warning: hiding a lifetime that's elided elsewhere is confusing
[INFO] [stdout]   --> src/view.rs:16:17
[INFO] [stdout]    |
[INFO] [stdout] 16 |     pub fn size(&mut self, sz: LocalSize) -> LayoutArgs {
[INFO] [stdout]    |                 ^^^^^^^^^                    ^^^^^^^^^^ the same lifetime is hidden here
[INFO] [stdout]    |                 |
[INFO] [stdout]    |                 the lifetime is elided here
[INFO] [stdout]    |
[INFO] [stdout]    = help: the same lifetime is referred to in inconsistent ways, making the signature confusing
[INFO] [stdout]    = note: `#[warn(mismatched_lifetime_syntaxes)]` on by default
[INFO] [stdout] help: use `'_` for type paths
[INFO] [stdout]    |
[INFO] [stdout] 16 |     pub fn size(&mut self, sz: LocalSize) -> LayoutArgs<'_> {
[INFO] [stdout]    |                                                        ++++
[INFO] [stdout] 
[INFO] [stdout] 
[INFO] [stdout] warning: use of deprecated constant `std::f32::MAX`: replaced by the `MAX` associated constant on `f32`
[INFO] [stdout]   --> src/views/text_editor.rs:40:31
[INFO] [stdout]    |
[INFO] [stdout] 40 |         let mut d = std::f32::MAX;
[INFO] [stdout]    |                               ^^^
[INFO] [stdout]    |
[INFO] [stdout]    = note: `#[warn(deprecated)]` on by default
[INFO] [stdout] 
[INFO] [stdout] 
[INFO] [stderr] error: could not compile `rui` (lib test); 1 warning emitted
[INFO] [stderr] 
[INFO] [stderr] Caused by:
[INFO] [stderr]   process didn't exit successfully: `/opt/rustwide/rustup-home/toolchains/1.100.0-beta.1-x86_64-unknown-linux-gnu/bin/rustc --crate-name rui --edition=2018 src/lib.rs --error-format=json --json=diagnostic-rendered-ansi,artifacts,future-incompat,unused-externs-silent --emit=dep-info,link -C embed-bitcode=no -C debuginfo=2 --test --cfg 'feature="default"' --cfg 'feature="winit"' --check-cfg 'cfg(docsrs,test)' --check-cfg 'cfg(feature, values("default", "winit"))' -C metadata=e44aac25c2f25669 -C extra-filename=-9cd3da0b99c205cb --out-dir /opt/rustwide/target/debug/build/rui/9cd3da0b99c205cb/out -L dependency=/opt/rustwide/target/debug/build/ab_glyph/c2b663038c22a93d/out -L dependency=/opt/rustwide/target/debug/build/ab_glyph_rasterizer/251d33ea7b24466b/out -L dependency=/opt/rustwide/target/debug/build/adler/8a8ce72c9fb247b6/out -L dependency=/opt/rustwide/target/debug/build/ahash/4fbaa0b170375dc1/out -L dependency=/opt/rustwide/target/debug/build/arrayref/25c9fb6ef5409f9c/out -L dependency=/opt/rustwide/target/debug/build/arrayvec/324bee7ec07e0504/out -L dependency=/opt/rustwide/target/debug/build/ash/9687ecd9da1e07ca/out -L dependency=/opt/rustwide/target/debug/build/bit-set/143219562867a8de/out -L dependency=/opt/rustwide/target/debug/build/bit-vec/1484b09fcc589a29/out -L dependency=/opt/rustwide/target/debug/build/bitflags/651f32905c9eab31/out -L dependency=/opt/rustwide/target/debug/build/bitflags/dde12b0d7d495b50/out -L dependency=/opt/rustwide/target/debug/build/bytemuck/890d8a6ca09215dc/out -L dependency=/opt/rustwide/target/debug/build/calloop/bded45cffaae1676/out -L dependency=/opt/rustwide/target/debug/build/cfg-if/3e7fc4e38d4a72b5/out -L dependency=/opt/rustwide/target/debug/build/codespan-reporting/556c4bf2a4321fd3/out -L dependency=/opt/rustwide/target/debug/build/crc32fast/b1b13fb2b4f6e9b8/out -L dependency=/opt/rustwide/target/debug/build/cty/bf0a8fc628231ea7/out -L dependency=/opt/rustwide/target/debug/build/dlib/e6c1d4c4c82a2272/out -L dependency=/opt/rustwide/target/debug/build/downcast-rs/d33906d24142a297/out -L dependency=/opt/rustwide/target/debug/build/euclid/42511a740fa9a6cc/out -L dependency=/opt/rustwide/target/debug/build/flate2/662fbe7caf2e9096/out -L dependency=/opt/rustwide/target/debug/build/fontdue/0432b6b495942b85/out -L dependency=/opt/rustwide/target/debug/build/futures-channel/1fa7e39a8f051f03/out -L dependency=/opt/rustwide/target/debug/build/futures-core/c367463fecfb90d9/out -L dependency=/opt/rustwide/target/debug/build/futures-executor/2610fc2931e0c268/out -L dependency=/opt/rustwide/target/debug/build/futures-io/ed0ea4331398303c/out -L dependency=/opt/rustwide/target/debug/build/futures-macro/902c2dca5ec32dd1/out -L dependency=/opt/rustwide/target/debug/build/futures-sink/d17bea32e522d457/out -L dependency=/opt/rustwide/target/debug/build/futures-task/bec385733ed1b73d/out -L dependency=/opt/rustwide/target/debug/build/futures-util/b3b037c531c2537f/out -L dependency=/opt/rustwide/target/debug/build/getrandom/94f4d42b3360277b/out -L dependency=/opt/rustwide/target/debug/build/glow/5d00420cb824666e/out -L dependency=/opt/rustwide/target/debug/build/gpu-alloc-types/e946f51c51127266/out -L dependency=/opt/rustwide/target/debug/build/gpu-alloc/3546566569fcca64/out -L dependency=/opt/rustwide/target/debug/build/gpu-descriptor-types/b5811168c1556395/out -L dependency=/opt/rustwide/target/debug/build/gpu-descriptor/81118c32c2b1a955/out -L dependency=/opt/rustwide/target/debug/build/hashbrown/17436c2e188428e2/out -L dependency=/opt/rustwide/target/debug/build/hashbrown/69c625b87a80ef77/out -L dependency=/opt/rustwide/target/debug/build/hexf-parse/72d4824186d79465/out -L dependency=/opt/rustwide/target/debug/build/indexmap/64a65e6f0f69ea96/out -L dependency=/opt/rustwide/target/debug/build/instant/a3f719cec2cb9298/out -L dependency=/opt/rustwide/target/debug/build/khronos-egl/7d56338bea513306/out -L dependency=/opt/rustwide/target/debug/build/lazy_static/af860367908b8176/out -L dependency=/opt/rustwide/target/debug/build/libc/7cc9d2450ccf8437/out -L dependency=/opt/rustwide/target/debug/build/libloading/3000dcbd8e9c946a/out -L dependency=/opt/rustwide/target/debug/build/libloading/439a8a51fa0242c9/out -L dependency=/opt/rustwide/target/debug/build/lock_api/b8a33d985491ef6f/out -L dependency=/opt/rustwide/target/debug/build/log/d31671b75f3392bc/out -L dependency=/opt/rustwide/target/debug/build/memchr/3d0ec59241a02054/out -L dependency=/opt/rustwide/target/debug/build/memmap2/c83924c213427a6b/out -L dependency=/opt/rustwide/target/debug/build/memoffset/a572a9bbfa5c97e7/out -L dependency=/opt/rustwide/target/debug/build/minimal-lexical/2a330914b63d672a/out -L dependency=/opt/rustwide/target/debug/build/miniz_oxide/d17addcf00787734/out -L dependency=/opt/rustwide/target/debug/build/mio/291c74266176e79c/out -L dependency=/opt/rustwide/target/debug/build/naga/55d2c3ec655c5c58/out -L dependency=/opt/rustwide/target/debug/build/nix/3cbe84ae6ecb5a0e/out -L dependency=/opt/rustwide/target/debug/build/nix/e00db06ef5a9a442/out -L dependency=/opt/rustwide/target/debug/build/nom/ddcb5865633a6f40/out -L dependency=/opt/rustwide/target/debug/build/num-traits/7b0ccfe1b2dbfa42/out -L dependency=/opt/rustwide/target/debug/build/once_cell/d2ec766eecdc7a51/out -L dependency=/opt/rustwide/target/debug/build/owned_ttf_parser/046ea4dc1bfdf1fb/out -L dependency=/opt/rustwide/target/debug/build/parking_lot/692758a63bc22e59/out -L dependency=/opt/rustwide/target/debug/build/parking_lot_core/03d79e533e4c1f38/out -L dependency=/opt/rustwide/target/debug/build/percent-encoding/bf512ecf668f0e68/out -L dependency=/opt/rustwide/target/debug/build/pin-project-lite/6df6c214457c8ca7/out -L dependency=/opt/rustwide/target/debug/build/pin-utils/3860774ad9b215b5/out -L dependency=/opt/rustwide/target/debug/build/png/a84c6e53346e9fdb/out -L dependency=/opt/rustwide/target/debug/build/profiling/853c377be365507e/out -L dependency=/opt/rustwide/target/debug/build/raw-window-handle/577511740fd28c96/out -L dependency=/opt/rustwide/target/debug/build/rect_packer/ee698bb1f6db6021/out -L dependency=/opt/rustwide/target/debug/build/renderdoc-sys/d2016b251c6fb714/out -L dependency=/opt/rustwide/target/debug/build/rustc-hash/d7c4a66f98a2548f/out -L dependency=/opt/rustwide/target/debug/build/scoped-tls/ddc34d439339bb5f/out -L dependency=/opt/rustwide/target/debug/build/scopeguard/e318caba69bf687f/out -L dependency=/opt/rustwide/target/debug/build/sctk-adwaita/18d85c6c853b9073/out -L dependency=/opt/rustwide/target/debug/build/slab/afb27d02c97db53f/out -L dependency=/opt/rustwide/target/debug/build/slotmap/39be1b079d525159/out -L dependency=/opt/rustwide/target/debug/build/smallvec/26ff5af06145dc1e/out -L dependency=/opt/rustwide/target/debug/build/smithay-client-toolkit/93fcfcce4448967c/out -L dependency=/opt/rustwide/target/debug/build/spirv/0373a8e826429763/out -L dependency=/opt/rustwide/target/debug/build/static_assertions/f0217ecdd817a834/out -L dependency=/opt/rustwide/target/debug/build/strict-num/67c340be368d92c6/out -L dependency=/opt/rustwide/target/debug/build/termcolor/a5251b019e6ea81a/out -L dependency=/opt/rustwide/target/debug/build/thiserror-impl/cf449b751d4aaf1b/out -L dependency=/opt/rustwide/target/debug/build/thiserror/32b1e653afce75b3/out -L dependency=/opt/rustwide/target/debug/build/tiny-skia-path/3bdfebb48a3f7715/out -L dependency=/opt/rustwide/target/debug/build/tiny-skia/94c3e7d271be5bc7/out -L dependency=/opt/rustwide/target/debug/build/ttf-parser/508a7ac76e89b885/out -L dependency=/opt/rustwide/target/debug/build/ttf-parser/c33e73a76335971b/out -L dependency=/opt/rustwide/target/debug/build/unicode-width/e6feeb9daa4fd470/out -L dependency=/opt/rustwide/target/debug/build/unicode-xid/0488fac86b109842/out -L dependency=/opt/rustwide/target/debug/build/vec_map/75126d96f8392bf4/out -L dependency=/opt/rustwide/target/debug/build/wayland-client/5395b1e2575318d2/out -L dependency=/opt/rustwide/target/debug/build/wayland-commons/0971d7db6dfebf0f/out -L dependency=/opt/rustwide/target/debug/build/wayland-cursor/5e2edce44714438f/out -L dependency=/opt/rustwide/target/debug/build/wayland-protocols/b57b85cd5c69510c/out -L dependency=/opt/rustwide/target/debug/build/wayland-sys/0e549d7f4237f2d5/out -L dependency=/opt/rustwide/target/debug/build/wgpu-core/5762c3c18e2c3c08/out -L dependency=/opt/rustwide/target/debug/build/wgpu-hal/7c0a3acd7fc4d600/out -L dependency=/opt/rustwide/target/debug/build/wgpu-types/bfebae229e0edb8f/out -L dependency=/opt/rustwide/target/debug/build/wgpu/cf8d57b27135a5c0/out -L dependency=/opt/rustwide/target/debug/build/x11-dl/c97a976fecfcbb8b/out -L dependency=/opt/rustwide/target/debug/build/xcursor/f5efd5b8ed86849c/out --extern accesskit=/opt/rustwide/target/debug/build/accesskit/a4a20c1bd73e407e/out/libaccesskit-a4a20c1bd73e407e.rlib --extern euclid=/opt/rustwide/target/debug/build/euclid/42511a740fa9a6cc/out/libeuclid-42511a740fa9a6cc.rlib --extern futures=/opt/rustwide/target/debug/build/futures/e8ecc7f623774dd8/out/libfutures-e8ecc7f623774dd8.rlib --extern lazy_static=/opt/rustwide/target/debug/build/lazy_static/af860367908b8176/out/liblazy_static-af860367908b8176.rlib --extern vger=/opt/rustwide/target/debug/build/vger/2dc04baa0856a2fc/out/libvger-2dc04baa0856a2fc.rlib --extern wgpu=/opt/rustwide/target/debug/build/wgpu/cf8d57b27135a5c0/out/libwgpu-cf8d57b27135a5c0.rlib --extern winit=/opt/rustwide/target/debug/build/winit/6fcae857ebabda7e/out/libwinit-6fcae857ebabda7e.rlib --cap-lints=warn --force-warn=unused_crate_dependencies` (signal: 9, SIGKILL: kill)
[INFO] [stderr] warning: build failed, waiting for other jobs to finish...
[INFO] [stderr] error: could not compile `rui` (example "font_size")
[INFO] [stderr] 
[INFO] [stderr] Caused by:
[INFO] [stderr]   process didn't exit successfully: `/opt/rustwide/rustup-home/toolchains/1.100.0-beta.1-x86_64-unknown-linux-gnu/bin/rustc --crate-name font_size --edition=2018 examples/font_size.rs --error-format=json --json=diagnostic-rendered-ansi,artifacts,future-incompat,unused-externs-silent --crate-type bin --emit=dep-info,link -C embed-bitcode=no -C debuginfo=2 --cfg 'feature="default"' --cfg 'feature="winit"' --check-cfg 'cfg(docsrs,test)' --check-cfg 'cfg(feature, values("default", "winit"))' -C metadata=4679b3c991ddd0bf --out-dir /opt/rustwide/target/debug/build/rui/ec5853755447058a/out -L dependency=/opt/rustwide/target/debug/build/ab_glyph/c2b663038c22a93d/out -L dependency=/opt/rustwide/target/debug/build/ab_glyph_rasterizer/251d33ea7b24466b/out -L dependency=/opt/rustwide/target/debug/build/accesskit/a4a20c1bd73e407e/out -L dependency=/opt/rustwide/target/debug/build/adler/8a8ce72c9fb247b6/out -L dependency=/opt/rustwide/target/debug/build/ahash/4fbaa0b170375dc1/out -L dependency=/opt/rustwide/target/debug/build/arrayref/25c9fb6ef5409f9c/out -L dependency=/opt/rustwide/target/debug/build/arrayvec/324bee7ec07e0504/out -L dependency=/opt/rustwide/target/debug/build/ash/9687ecd9da1e07ca/out -L dependency=/opt/rustwide/target/debug/build/bit-set/143219562867a8de/out -L dependency=/opt/rustwide/target/debug/build/bit-vec/1484b09fcc589a29/out -L dependency=/opt/rustwide/target/debug/build/bitflags/651f32905c9eab31/out -L dependency=/opt/rustwide/target/debug/build/bitflags/dde12b0d7d495b50/out -L dependency=/opt/rustwide/target/debug/build/bytemuck/890d8a6ca09215dc/out -L dependency=/opt/rustwide/target/debug/build/calloop/bded45cffaae1676/out -L dependency=/opt/rustwide/target/debug/build/cfg-if/3e7fc4e38d4a72b5/out -L dependency=/opt/rustwide/target/debug/build/codespan-reporting/556c4bf2a4321fd3/out -L dependency=/opt/rustwide/target/debug/build/crc32fast/b1b13fb2b4f6e9b8/out -L dependency=/opt/rustwide/target/debug/build/cty/bf0a8fc628231ea7/out -L dependency=/opt/rustwide/target/debug/build/dlib/e6c1d4c4c82a2272/out -L dependency=/opt/rustwide/target/debug/build/downcast-rs/d33906d24142a297/out -L dependency=/opt/rustwide/target/debug/build/euclid/42511a740fa9a6cc/out -L dependency=/opt/rustwide/target/debug/build/flate2/662fbe7caf2e9096/out -L dependency=/opt/rustwide/target/debug/build/fontdue/0432b6b495942b85/out -L dependency=/opt/rustwide/target/debug/build/futures-channel/1fa7e39a8f051f03/out -L dependency=/opt/rustwide/target/debug/build/futures-core/c367463fecfb90d9/out -L dependency=/opt/rustwide/target/debug/build/futures-executor/2610fc2931e0c268/out -L dependency=/opt/rustwide/target/debug/build/futures-io/ed0ea4331398303c/out -L dependency=/opt/rustwide/target/debug/build/futures-macro/902c2dca5ec32dd1/out -L dependency=/opt/rustwide/target/debug/build/futures-sink/d17bea32e522d457/out -L dependency=/opt/rustwide/target/debug/build/futures-task/bec385733ed1b73d/out -L dependency=/opt/rustwide/target/debug/build/futures-util/b3b037c531c2537f/out -L dependency=/opt/rustwide/target/debug/build/futures/e8ecc7f623774dd8/out -L dependency=/opt/rustwide/target/debug/build/getrandom/94f4d42b3360277b/out -L dependency=/opt/rustwide/target/debug/build/glow/5d00420cb824666e/out -L dependency=/opt/rustwide/target/debug/build/gpu-alloc-types/e946f51c51127266/out -L dependency=/opt/rustwide/target/debug/build/gpu-alloc/3546566569fcca64/out -L dependency=/opt/rustwide/target/debug/build/gpu-descriptor-types/b5811168c1556395/out -L dependency=/opt/rustwide/target/debug/build/gpu-descriptor/81118c32c2b1a955/out -L dependency=/opt/rustwide/target/debug/build/hashbrown/17436c2e188428e2/out -L dependency=/opt/rustwide/target/debug/build/hashbrown/69c625b87a80ef77/out -L dependency=/opt/rustwide/target/debug/build/hexf-parse/72d4824186d79465/out -L dependency=/opt/rustwide/target/debug/build/indexmap/64a65e6f0f69ea96/out -L dependency=/opt/rustwide/target/debug/build/instant/a3f719cec2cb9298/out -L dependency=/opt/rustwide/target/debug/build/khronos-egl/7d56338bea513306/out -L dependency=/opt/rustwide/target/debug/build/lazy_static/af860367908b8176/out -L dependency=/opt/rustwide/target/debug/build/libc/7cc9d2450ccf8437/out -L dependency=/opt/rustwide/target/debug/build/libloading/3000dcbd8e9c946a/out -L dependency=/opt/rustwide/target/debug/build/libloading/439a8a51fa0242c9/out -L dependency=/opt/rustwide/target/debug/build/lock_api/b8a33d985491ef6f/out -L dependency=/opt/rustwide/target/debug/build/log/d31671b75f3392bc/out -L dependency=/opt/rustwide/target/debug/build/memchr/3d0ec59241a02054/out -L dependency=/opt/rustwide/target/debug/build/memmap2/c83924c213427a6b/out -L dependency=/opt/rustwide/target/debug/build/memoffset/a572a9bbfa5c97e7/out -L dependency=/opt/rustwide/target/debug/build/minimal-lexical/2a330914b63d672a/out -L dependency=/opt/rustwide/target/debug/build/miniz_oxide/d17addcf00787734/out -L dependency=/opt/rustwide/target/debug/build/mio/291c74266176e79c/out -L dependency=/opt/rustwide/target/debug/build/naga/55d2c3ec655c5c58/out -L dependency=/opt/rustwide/target/debug/build/nix/3cbe84ae6ecb5a0e/out -L dependency=/opt/rustwide/target/debug/build/nix/e00db06ef5a9a442/out -L dependency=/opt/rustwide/target/debug/build/nom/ddcb5865633a6f40/out -L dependency=/opt/rustwide/target/debug/build/num-traits/7b0ccfe1b2dbfa42/out -L dependency=/opt/rustwide/target/debug/build/once_cell/d2ec766eecdc7a51/out -L dependency=/opt/rustwide/target/debug/build/owned_ttf_parser/046ea4dc1bfdf1fb/out -L dependency=/opt/rustwide/target/debug/build/parking_lot/692758a63bc22e59/out -L dependency=/opt/rustwide/target/debug/build/parking_lot_core/03d79e533e4c1f38/out -L dependency=/opt/rustwide/target/debug/build/percent-encoding/bf512ecf668f0e68/out -L dependency=/opt/rustwide/target/debug/build/pin-project-lite/6df6c214457c8ca7/out -L dependency=/opt/rustwide/target/debug/build/pin-utils/3860774ad9b215b5/out -L dependency=/opt/rustwide/target/debug/build/png/a84c6e53346e9fdb/out -L dependency=/opt/rustwide/target/debug/build/profiling/853c377be365507e/out -L dependency=/opt/rustwide/target/debug/build/raw-window-handle/577511740fd28c96/out -L dependency=/opt/rustwide/target/debug/build/rect_packer/ee698bb1f6db6021/out -L dependency=/opt/rustwide/target/debug/build/renderdoc-sys/d2016b251c6fb714/out -L dependency=/opt/rustwide/target/debug/build/rustc-hash/d7c4a66f98a2548f/out -L dependency=/opt/rustwide/target/debug/build/scoped-tls/ddc34d439339bb5f/out -L dependency=/opt/rustwide/target/debug/build/scopeguard/e318caba69bf687f/out -L dependency=/opt/rustwide/target/debug/build/sctk-adwaita/18d85c6c853b9073/out -L dependency=/opt/rustwide/target/debug/build/slab/afb27d02c97db53f/out -L dependency=/opt/rustwide/target/debug/build/slotmap/39be1b079d525159/out -L dependency=/opt/rustwide/target/debug/build/smallvec/26ff5af06145dc1e/out -L dependency=/opt/rustwide/target/debug/build/smithay-client-toolkit/93fcfcce4448967c/out -L dependency=/opt/rustwide/target/debug/build/spirv/0373a8e826429763/out -L dependency=/opt/rustwide/target/debug/build/static_assertions/f0217ecdd817a834/out -L dependency=/opt/rustwide/target/debug/build/strict-num/67c340be368d92c6/out -L dependency=/opt/rustwide/target/debug/build/termcolor/a5251b019e6ea81a/out -L dependency=/opt/rustwide/target/debug/build/thiserror-impl/cf449b751d4aaf1b/out -L dependency=/opt/rustwide/target/debug/build/thiserror/32b1e653afce75b3/out -L dependency=/opt/rustwide/target/debug/build/tiny-skia-path/3bdfebb48a3f7715/out -L dependency=/opt/rustwide/target/debug/build/tiny-skia/94c3e7d271be5bc7/out -L dependency=/opt/rustwide/target/debug/build/ttf-parser/508a7ac76e89b885/out -L dependency=/opt/rustwide/target/debug/build/ttf-parser/c33e73a76335971b/out -L dependency=/opt/rustwide/target/debug/build/unicode-width/e6feeb9daa4fd470/out -L dependency=/opt/rustwide/target/debug/build/unicode-xid/0488fac86b109842/out -L dependency=/opt/rustwide/target/debug/build/vec_map/75126d96f8392bf4/out -L dependency=/opt/rustwide/target/debug/build/vger/2dc04baa0856a2fc/out -L dependency=/opt/rustwide/target/debug/build/wayland-client/5395b1e2575318d2/out -L dependency=/opt/rustwide/target/debug/build/wayland-commons/0971d7db6dfebf0f/out -L dependency=/opt/rustwide/target/debug/build/wayland-cursor/5e2edce44714438f/out -L dependency=/opt/rustwide/target/debug/build/wayland-protocols/b57b85cd5c69510c/out -L dependency=/opt/rustwide/target/debug/build/wayland-sys/0e549d7f4237f2d5/out -L dependency=/opt/rustwide/target/debug/build/wgpu-core/5762c3c18e2c3c08/out -L dependency=/opt/rustwide/target/debug/build/wgpu-hal/7c0a3acd7fc4d600/out -L dependency=/opt/rustwide/target/debug/build/wgpu-types/bfebae229e0edb8f/out -L dependency=/opt/rustwide/target/debug/build/wgpu/cf8d57b27135a5c0/out -L dependency=/opt/rustwide/target/debug/build/winit/6fcae857ebabda7e/out -L dependency=/opt/rustwide/target/debug/build/x11-dl/c97a976fecfcbb8b/out -L dependency=/opt/rustwide/target/debug/build/xcursor/f5efd5b8ed86849c/out --extern accesskit=/opt/rustwide/target/debug/build/accesskit/a4a20c1bd73e407e/out/libaccesskit-a4a20c1bd73e407e.rlib --extern euclid=/opt/rustwide/target/debug/build/euclid/42511a740fa9a6cc/out/libeuclid-42511a740fa9a6cc.rlib --extern futures=/opt/rustwide/target/debug/build/futures/e8ecc7f623774dd8/out/libfutures-e8ecc7f623774dd8.rlib --extern lazy_static=/opt/rustwide/target/debug/build/lazy_static/af860367908b8176/out/liblazy_static-af860367908b8176.rlib --extern rui=/opt/rustwide/target/debug/build/rui/15e7bc55808e2d7c/out/librui-15e7bc55808e2d7c.rlib --extern vger=/opt/rustwide/target/debug/build/vger/2dc04baa0856a2fc/out/libvger-2dc04baa0856a2fc.rlib --extern wgpu=/opt/rustwide/target/debug/build/wgpu/cf8d57b27135a5c0/out/libwgpu-cf8d57b27135a5c0.rlib --extern winit=/opt/rustwide/target/debug/build/winit/6fcae857ebabda7e/out/libwinit-6fcae857ebabda7e.rlib --cap-lints=warn --force-warn=unused_crate_dependencies` (signal: 9, SIGKILL: kill)
[INFO] [stderr] error: could not compile `rui` (example "lens")
[INFO] [stderr] 
[INFO] [stderr] Caused by:
[INFO] [stderr]   process didn't exit successfully: `/opt/rustwide/rustup-home/toolchains/1.100.0-beta.1-x86_64-unknown-linux-gnu/bin/rustc --crate-name lens --edition=2018 examples/lens.rs --error-format=json --json=diagnostic-rendered-ansi,artifacts,future-incompat,unused-externs-silent --crate-type bin --emit=dep-info,link -C embed-bitcode=no -C debuginfo=2 --cfg 'feature="default"' --cfg 'feature="winit"' --check-cfg 'cfg(docsrs,test)' --check-cfg 'cfg(feature, values("default", "winit"))' -C metadata=818214f515f34efe --out-dir /opt/rustwide/target/debug/build/rui/5ec3e9db61c8925a/out -L dependency=/opt/rustwide/target/debug/build/ab_glyph/c2b663038c22a93d/out -L dependency=/opt/rustwide/target/debug/build/ab_glyph_rasterizer/251d33ea7b24466b/out -L dependency=/opt/rustwide/target/debug/build/accesskit/a4a20c1bd73e407e/out -L dependency=/opt/rustwide/target/debug/build/adler/8a8ce72c9fb247b6/out -L dependency=/opt/rustwide/target/debug/build/ahash/4fbaa0b170375dc1/out -L dependency=/opt/rustwide/target/debug/build/arrayref/25c9fb6ef5409f9c/out -L dependency=/opt/rustwide/target/debug/build/arrayvec/324bee7ec07e0504/out -L dependency=/opt/rustwide/target/debug/build/ash/9687ecd9da1e07ca/out -L dependency=/opt/rustwide/target/debug/build/bit-set/143219562867a8de/out -L dependency=/opt/rustwide/target/debug/build/bit-vec/1484b09fcc589a29/out -L dependency=/opt/rustwide/target/debug/build/bitflags/651f32905c9eab31/out -L dependency=/opt/rustwide/target/debug/build/bitflags/dde12b0d7d495b50/out -L dependency=/opt/rustwide/target/debug/build/bytemuck/890d8a6ca09215dc/out -L dependency=/opt/rustwide/target/debug/build/calloop/bded45cffaae1676/out -L dependency=/opt/rustwide/target/debug/build/cfg-if/3e7fc4e38d4a72b5/out -L dependency=/opt/rustwide/target/debug/build/codespan-reporting/556c4bf2a4321fd3/out -L dependency=/opt/rustwide/target/debug/build/crc32fast/b1b13fb2b4f6e9b8/out -L dependency=/opt/rustwide/target/debug/build/cty/bf0a8fc628231ea7/out -L dependency=/opt/rustwide/target/debug/build/dlib/e6c1d4c4c82a2272/out -L dependency=/opt/rustwide/target/debug/build/downcast-rs/d33906d24142a297/out -L dependency=/opt/rustwide/target/debug/build/euclid/42511a740fa9a6cc/out -L dependency=/opt/rustwide/target/debug/build/flate2/662fbe7caf2e9096/out -L dependency=/opt/rustwide/target/debug/build/fontdue/0432b6b495942b85/out -L dependency=/opt/rustwide/target/debug/build/futures-channel/1fa7e39a8f051f03/out -L dependency=/opt/rustwide/target/debug/build/futures-core/c367463fecfb90d9/out -L dependency=/opt/rustwide/target/debug/build/futures-executor/2610fc2931e0c268/out -L dependency=/opt/rustwide/target/debug/build/futures-io/ed0ea4331398303c/out -L dependency=/opt/rustwide/target/debug/build/futures-macro/902c2dca5ec32dd1/out -L dependency=/opt/rustwide/target/debug/build/futures-sink/d17bea32e522d457/out -L dependency=/opt/rustwide/target/debug/build/futures-task/bec385733ed1b73d/out -L dependency=/opt/rustwide/target/debug/build/futures-util/b3b037c531c2537f/out -L dependency=/opt/rustwide/target/debug/build/futures/e8ecc7f623774dd8/out -L dependency=/opt/rustwide/target/debug/build/getrandom/94f4d42b3360277b/out -L dependency=/opt/rustwide/target/debug/build/glow/5d00420cb824666e/out -L dependency=/opt/rustwide/target/debug/build/gpu-alloc-types/e946f51c51127266/out -L dependency=/opt/rustwide/target/debug/build/gpu-alloc/3546566569fcca64/out -L dependency=/opt/rustwide/target/debug/build/gpu-descriptor-types/b5811168c1556395/out -L dependency=/opt/rustwide/target/debug/build/gpu-descriptor/81118c32c2b1a955/out -L dependency=/opt/rustwide/target/debug/build/hashbrown/17436c2e188428e2/out -L dependency=/opt/rustwide/target/debug/build/hashbrown/69c625b87a80ef77/out -L dependency=/opt/rustwide/target/debug/build/hexf-parse/72d4824186d79465/out -L dependency=/opt/rustwide/target/debug/build/indexmap/64a65e6f0f69ea96/out -L dependency=/opt/rustwide/target/debug/build/instant/a3f719cec2cb9298/out -L dependency=/opt/rustwide/target/debug/build/khronos-egl/7d56338bea513306/out -L dependency=/opt/rustwide/target/debug/build/lazy_static/af860367908b8176/out -L dependency=/opt/rustwide/target/debug/build/libc/7cc9d2450ccf8437/out -L dependency=/opt/rustwide/target/debug/build/libloading/3000dcbd8e9c946a/out -L dependency=/opt/rustwide/target/debug/build/libloading/439a8a51fa0242c9/out -L dependency=/opt/rustwide/target/debug/build/lock_api/b8a33d985491ef6f/out -L dependency=/opt/rustwide/target/debug/build/log/d31671b75f3392bc/out -L dependency=/opt/rustwide/target/debug/build/memchr/3d0ec59241a02054/out -L dependency=/opt/rustwide/target/debug/build/memmap2/c83924c213427a6b/out -L dependency=/opt/rustwide/target/debug/build/memoffset/a572a9bbfa5c97e7/out -L dependency=/opt/rustwide/target/debug/build/minimal-lexical/2a330914b63d672a/out -L dependency=/opt/rustwide/target/debug/build/miniz_oxide/d17addcf00787734/out -L dependency=/opt/rustwide/target/debug/build/mio/291c74266176e79c/out -L dependency=/opt/rustwide/target/debug/build/naga/55d2c3ec655c5c58/out -L dependency=/opt/rustwide/target/debug/build/nix/3cbe84ae6ecb5a0e/out -L dependency=/opt/rustwide/target/debug/build/nix/e00db06ef5a9a442/out -L dependency=/opt/rustwide/target/debug/build/nom/ddcb5865633a6f40/out -L dependency=/opt/rustwide/target/debug/build/num-traits/7b0ccfe1b2dbfa42/out -L dependency=/opt/rustwide/target/debug/build/once_cell/d2ec766eecdc7a51/out -L dependency=/opt/rustwide/target/debug/build/owned_ttf_parser/046ea4dc1bfdf1fb/out -L dependency=/opt/rustwide/target/debug/build/parking_lot/692758a63bc22e59/out -L dependency=/opt/rustwide/target/debug/build/parking_lot_core/03d79e533e4c1f38/out -L dependency=/opt/rustwide/target/debug/build/percent-encoding/bf512ecf668f0e68/out -L dependency=/opt/rustwide/target/debug/build/pin-project-lite/6df6c214457c8ca7/out -L dependency=/opt/rustwide/target/debug/build/pin-utils/3860774ad9b215b5/out -L dependency=/opt/rustwide/target/debug/build/png/a84c6e53346e9fdb/out -L dependency=/opt/rustwide/target/debug/build/profiling/853c377be365507e/out -L dependency=/opt/rustwide/target/debug/build/raw-window-handle/577511740fd28c96/out -L dependency=/opt/rustwide/target/debug/build/rect_packer/ee698bb1f6db6021/out -L dependency=/opt/rustwide/target/debug/build/renderdoc-sys/d2016b251c6fb714/out -L dependency=/opt/rustwide/target/debug/build/rustc-hash/d7c4a66f98a2548f/out -L dependency=/opt/rustwide/target/debug/build/scoped-tls/ddc34d439339bb5f/out -L dependency=/opt/rustwide/target/debug/build/scopeguard/e318caba69bf687f/out -L dependency=/opt/rustwide/target/debug/build/sctk-adwaita/18d85c6c853b9073/out -L dependency=/opt/rustwide/target/debug/build/slab/afb27d02c97db53f/out -L dependency=/opt/rustwide/target/debug/build/slotmap/39be1b079d525159/out -L dependency=/opt/rustwide/target/debug/build/smallvec/26ff5af06145dc1e/out -L dependency=/opt/rustwide/target/debug/build/smithay-client-toolkit/93fcfcce4448967c/out -L dependency=/opt/rustwide/target/debug/build/spirv/0373a8e826429763/out -L dependency=/opt/rustwide/target/debug/build/static_assertions/f0217ecdd817a834/out -L dependency=/opt/rustwide/target/debug/build/strict-num/67c340be368d92c6/out -L dependency=/opt/rustwide/target/debug/build/termcolor/a5251b019e6ea81a/out -L dependency=/opt/rustwide/target/debug/build/thiserror-impl/cf449b751d4aaf1b/out -L dependency=/opt/rustwide/target/debug/build/thiserror/32b1e653afce75b3/out -L dependency=/opt/rustwide/target/debug/build/tiny-skia-path/3bdfebb48a3f7715/out -L dependency=/opt/rustwide/target/debug/build/tiny-skia/94c3e7d271be5bc7/out -L dependency=/opt/rustwide/target/debug/build/ttf-parser/508a7ac76e89b885/out -L dependency=/opt/rustwide/target/debug/build/ttf-parser/c33e73a76335971b/out -L dependency=/opt/rustwide/target/debug/build/unicode-width/e6feeb9daa4fd470/out -L dependency=/opt/rustwide/target/debug/build/unicode-xid/0488fac86b109842/out -L dependency=/opt/rustwide/target/debug/build/vec_map/75126d96f8392bf4/out -L dependency=/opt/rustwide/target/debug/build/vger/2dc04baa0856a2fc/out -L dependency=/opt/rustwide/target/debug/build/wayland-client/5395b1e2575318d2/out -L dependency=/opt/rustwide/target/debug/build/wayland-commons/0971d7db6dfebf0f/out -L dependency=/opt/rustwide/target/debug/build/wayland-cursor/5e2edce44714438f/out -L dependency=/opt/rustwide/target/debug/build/wayland-protocols/b57b85cd5c69510c/out -L dependency=/opt/rustwide/target/debug/build/wayland-sys/0e549d7f4237f2d5/out -L dependency=/opt/rustwide/target/debug/build/wgpu-core/5762c3c18e2c3c08/out -L dependency=/opt/rustwide/target/debug/build/wgpu-hal/7c0a3acd7fc4d600/out -L dependency=/opt/rustwide/target/debug/build/wgpu-types/bfebae229e0edb8f/out -L dependency=/opt/rustwide/target/debug/build/wgpu/cf8d57b27135a5c0/out -L dependency=/opt/rustwide/target/debug/build/winit/6fcae857ebabda7e/out -L dependency=/opt/rustwide/target/debug/build/x11-dl/c97a976fecfcbb8b/out -L dependency=/opt/rustwide/target/debug/build/xcursor/f5efd5b8ed86849c/out --extern accesskit=/opt/rustwide/target/debug/build/accesskit/a4a20c1bd73e407e/out/libaccesskit-a4a20c1bd73e407e.rlib --extern euclid=/opt/rustwide/target/debug/build/euclid/42511a740fa9a6cc/out/libeuclid-42511a740fa9a6cc.rlib --extern futures=/opt/rustwide/target/debug/build/futures/e8ecc7f623774dd8/out/libfutures-e8ecc7f623774dd8.rlib --extern lazy_static=/opt/rustwide/target/debug/build/lazy_static/af860367908b8176/out/liblazy_static-af860367908b8176.rlib --extern rui=/opt/rustwide/target/debug/build/rui/15e7bc55808e2d7c/out/librui-15e7bc55808e2d7c.rlib --extern vger=/opt/rustwide/target/debug/build/vger/2dc04baa0856a2fc/out/libvger-2dc04baa0856a2fc.rlib --extern wgpu=/opt/rustwide/target/debug/build/wgpu/cf8d57b27135a5c0/out/libwgpu-cf8d57b27135a5c0.rlib --extern winit=/opt/rustwide/target/debug/build/winit/6fcae857ebabda7e/out/libwinit-6fcae857ebabda7e.rlib --cap-lints=warn --force-warn=unused_crate_dependencies` (signal: 9, SIGKILL: kill)
[INFO] [stdout] error: linking with `cc` failed: exit status: 1
[INFO] [stdout]   |
[INFO] [stdout]   = note:  "cc" "-m64" "/opt/rustwide/target/debug/build/rui/a9194e3bfbbe908b/out/rustcLaW3Ix/symbols.o" "<17 object files omitted>" "-Wl,--as-needed" "-Wl,-Bstatic" "/opt/rustwide/target/debug/build/rui/15e7bc55808e2d7c/out/librui-15e7bc55808e2d7c.rlib" "/opt/rustwide/target/debug/build/winit/6fcae857ebabda7e/out/libwinit-6fcae857ebabda7e.rlib" "/opt/rustwide/target/debug/build/sctk-adwaita/18d85c6c853b9073/out/libsctk_adwaita-18d85c6c853b9073.rlib" "/opt/rustwide/target/debug/build/ab_glyph/c2b663038c22a93d/out/libab_glyph-c2b663038c22a93d.rlib" "/opt/rustwide/target/debug/build/owned_ttf_parser/046ea4dc1bfdf1fb/out/libowned_ttf_parser-046ea4dc1bfdf1fb.rlib" "/opt/rustwide/target/debug/build/ttf-parser/c33e73a76335971b/out/libttf_parser-c33e73a76335971b.rlib" "/opt/rustwide/target/debug/build/ab_glyph_rasterizer/251d33ea7b24466b/out/libab_glyph_rasterizer-251d33ea7b24466b.rlib" "/opt/rustwide/target/debug/build/tiny-skia/94c3e7d271be5bc7/out/libtiny_skia-94c3e7d271be5bc7.rlib" "/opt/rustwide/target/debug/build/png/a84c6e53346e9fdb/out/libpng-a84c6e53346e9fdb.rlib" "/opt/rustwide/target/debug/build/flate2/662fbe7caf2e9096/out/libflate2-662fbe7caf2e9096.rlib" "/opt/rustwide/target/debug/build/miniz_oxide/d17addcf00787734/out/libminiz_oxide-d17addcf00787734.rlib" "/opt/rustwide/target/debug/build/adler/8a8ce72c9fb247b6/out/libadler-8a8ce72c9fb247b6.rlib" "/opt/rustwide/target/debug/build/crc32fast/b1b13fb2b4f6e9b8/out/libcrc32fast-b1b13fb2b4f6e9b8.rlib" "/opt/rustwide/target/debug/build/tiny-skia-path/3bdfebb48a3f7715/out/libtiny_skia_path-3bdfebb48a3f7715.rlib" "/opt/rustwide/target/debug/build/bytemuck/890d8a6ca09215dc/out/libbytemuck-890d8a6ca09215dc.rlib" "/opt/rustwide/target/debug/build/strict-num/67c340be368d92c6/out/libstrict_num-67c340be368d92c6.rlib" "/opt/rustwide/target/debug/build/arrayref/25c9fb6ef5409f9c/out/libarrayref-25c9fb6ef5409f9c.rlib" "/opt/rustwide/target/debug/build/mio/291c74266176e79c/out/libmio-291c74266176e79c.rlib" "/opt/rustwide/target/debug/build/x11-dl/c97a976fecfcbb8b/out/libx11_dl-c97a976fecfcbb8b.rlib" "/opt/rustwide/target/debug/build/percent-encoding/bf512ecf668f0e68/out/libpercent_encoding-bf512ecf668f0e68.rlib" "/opt/rustwide/target/debug/build/smithay-client-toolkit/93fcfcce4448967c/out/libsmithay_client_toolkit-93fcfcce4448967c.rlib" "/opt/rustwide/target/debug/build/wayland-cursor/5e2edce44714438f/out/libwayland_cursor-5e2edce44714438f.rlib" "/opt/rustwide/target/debug/build/xcursor/f5efd5b8ed86849c/out/libxcursor-f5efd5b8ed86849c.rlib" "/opt/rustwide/target/debug/build/nom/ddcb5865633a6f40/out/libnom-ddcb5865633a6f40.rlib" "/opt/rustwide/target/debug/build/memmap2/c83924c213427a6b/out/libmemmap2-c83924c213427a6b.rlib" "/opt/rustwide/target/debug/build/wayland-protocols/b57b85cd5c69510c/out/libwayland_protocols-b57b85cd5c69510c.rlib" "/opt/rustwide/target/debug/build/wayland-client/5395b1e2575318d2/out/libwayland_client-5395b1e2575318d2.rlib" "/opt/rustwide/target/debug/build/scoped-tls/ddc34d439339bb5f/out/libscoped_tls-ddc34d439339bb5f.rlib" "/opt/rustwide/target/debug/build/wayland-commons/0971d7db6dfebf0f/out/libwayland_commons-0971d7db6dfebf0f.rlib" "/opt/rustwide/target/debug/build/nix/e00db06ef5a9a442/out/libnix-e00db06ef5a9a442.rlib" "/opt/rustwide/target/debug/build/wayland-sys/0e549d7f4237f2d5/out/libwayland_sys-0e549d7f4237f2d5.rlib" "/opt/rustwide/target/debug/build/calloop/bded45cffaae1676/out/libcalloop-bded45cffaae1676.rlib" "/opt/rustwide/target/debug/build/slotmap/39be1b079d525159/out/libslotmap-39be1b079d525159.rlib" "/opt/rustwide/target/debug/build/nix/3cbe84ae6ecb5a0e/out/libnix-3cbe84ae6ecb5a0e.rlib" "/opt/rustwide/target/debug/build/memoffset/a572a9bbfa5c97e7/out/libmemoffset-a572a9bbfa5c97e7.rlib" "/opt/rustwide/target/debug/build/vec_map/75126d96f8392bf4/out/libvec_map-75126d96f8392bf4.rlib" "/opt/rustwide/target/debug/build/dlib/e6c1d4c4c82a2272/out/libdlib-e6c1d4c4c82a2272.rlib" "/opt/rustwide/target/debug/build/instant/a3f719cec2cb9298/out/libinstant-a3f719cec2cb9298.rlib" "/opt/rustwide/target/debug/build/futures/e8ecc7f623774dd8/out/libfutures-e8ecc7f623774dd8.rlib" "/opt/rustwide/target/debug/build/futures-executor/2610fc2931e0c268/out/libfutures_executor-2610fc2931e0c268.rlib" "/opt/rustwide/target/debug/build/futures-util/b3b037c531c2537f/out/libfutures_util-b3b037c531c2537f.rlib" "/opt/rustwide/target/debug/build/memchr/3d0ec59241a02054/out/libmemchr-3d0ec59241a02054.rlib" "/opt/rustwide/target/debug/build/futures-io/ed0ea4331398303c/out/libfutures_io-ed0ea4331398303c.rlib" "/opt/rustwide/target/debug/build/slab/afb27d02c97db53f/out/libslab-afb27d02c97db53f.rlib" "/opt/rustwide/target/debug/build/futures-channel/1fa7e39a8f051f03/out/libfutures_channel-1fa7e39a8f051f03.rlib" "/opt/rustwide/target/debug/build/pin-project-lite/6df6c214457c8ca7/out/libpin_project_lite-6df6c214457c8ca7.rlib" "/opt/rustwide/target/debug/build/futures-sink/d17bea32e522d457/out/libfutures_sink-d17bea32e522d457.rlib" "/opt/rustwide/target/debug/build/futures-task/bec385733ed1b73d/out/libfutures_task-bec385733ed1b73d.rlib" "/opt/rustwide/target/debug/build/pin-utils/3860774ad9b215b5/out/libpin_utils-3860774ad9b215b5.rlib" "/opt/rustwide/target/debug/build/futures-core/c367463fecfb90d9/out/libfutures_core-c367463fecfb90d9.rlib" "/opt/rustwide/target/debug/build/accesskit/a4a20c1bd73e407e/out/libaccesskit-a4a20c1bd73e407e.rlib" "/opt/rustwide/target/debug/build/vger/2dc04baa0856a2fc/out/libvger-2dc04baa0856a2fc.rlib" "/opt/rustwide/target/debug/build/rect_packer/ee698bb1f6db6021/out/librect_packer-ee698bb1f6db6021.rlib" "/opt/rustwide/target/debug/build/wgpu/cf8d57b27135a5c0/out/libwgpu-cf8d57b27135a5c0.rlib" "/opt/rustwide/target/debug/build/static_assertions/f0217ecdd817a834/out/libstatic_assertions-f0217ecdd817a834.rlib" "/opt/rustwide/target/debug/build/wgpu-core/5762c3c18e2c3c08/out/libwgpu_core-5762c3c18e2c3c08.rlib" "/opt/rustwide/target/debug/build/wgpu-hal/7c0a3acd7fc4d600/out/libwgpu_hal-7c0a3acd7fc4d600.rlib" "/opt/rustwide/target/debug/build/renderdoc-sys/d2016b251c6fb714/out/librenderdoc_sys-d2016b251c6fb714.rlib" "/opt/rustwide/target/debug/build/gpu-descriptor/81118c32c2b1a955/out/libgpu_descriptor-81118c32c2b1a955.rlib" "/opt/rustwide/target/debug/build/gpu-descriptor-types/b5811168c1556395/out/libgpu_descriptor_types-b5811168c1556395.rlib" "/opt/rustwide/target/debug/build/libloading/3000dcbd8e9c946a/out/liblibloading-3000dcbd8e9c946a.rlib" "/opt/rustwide/target/debug/build/khronos-egl/7d56338bea513306/out/libkhronos_egl-7d56338bea513306.rlib" "/opt/rustwide/target/debug/build/profiling/853c377be365507e/out/libprofiling-853c377be365507e.rlib" "/opt/rustwide/target/debug/build/gpu-alloc/3546566569fcca64/out/libgpu_alloc-3546566569fcca64.rlib" "/opt/rustwide/target/debug/build/gpu-alloc-types/e946f51c51127266/out/libgpu_alloc_types-e946f51c51127266.rlib" "/opt/rustwide/target/debug/build/ash/9687ecd9da1e07ca/out/libash-9687ecd9da1e07ca.rlib" "/opt/rustwide/target/debug/build/libloading/439a8a51fa0242c9/out/liblibloading-439a8a51fa0242c9.rlib" "/opt/rustwide/target/debug/build/naga/55d2c3ec655c5c58/out/libnaga-55d2c3ec655c5c58.rlib" "/opt/rustwide/target/debug/build/rustc-hash/d7c4a66f98a2548f/out/librustc_hash-d7c4a66f98a2548f.rlib" "/opt/rustwide/target/debug/build/hexf-parse/72d4824186d79465/out/libhexf_parse-72d4824186d79465.rlib" "/opt/rustwide/target/debug/build/unicode-xid/0488fac86b109842/out/libunicode_xid-0488fac86b109842.rlib" "/opt/rustwide/target/debug/build/log/d31671b75f3392bc/out/liblog-d31671b75f3392bc.rlib" "/opt/rustwide/target/debug/build/bit-set/143219562867a8de/out/libbit_set-143219562867a8de.rlib" "/opt/rustwide/target/debug/build/bit-vec/1484b09fcc589a29/out/libbit_vec-1484b09fcc589a29.rlib" "/opt/rustwide/target/debug/build/codespan-reporting/556c4bf2a4321fd3/out/libcodespan_reporting-556c4bf2a4321fd3.rlib" "/opt/rustwide/target/debug/build/unicode-width/e6feeb9daa4fd470/out/libunicode_width-e6feeb9daa4fd470.rlib" "/opt/rustwide/target/debug/build/termcolor/a5251b019e6ea81a/out/libtermcolor-a5251b019e6ea81a.rlib" "/opt/rustwide/target/debug/build/spirv/0373a8e826429763/out/libspirv-0373a8e826429763.rlib" "/opt/rustwide/target/debug/build/bitflags/dde12b0d7d495b50/out/libbitflags-dde12b0d7d495b50.rlib" "/opt/rustwide/target/debug/build/indexmap/64a65e6f0f69ea96/out/libindexmap-64a65e6f0f69ea96.rlib" "/opt/rustwide/target/debug/build/hashbrown/69c625b87a80ef77/out/libhashbrown-69c625b87a80ef77.rlib" "/opt/rustwide/target/debug/build/wgpu-types/bfebae229e0edb8f/out/libwgpu_types-bfebae229e0edb8f.rlib" "/opt/rustwide/target/debug/build/bitflags/651f32905c9eab31/out/libbitflags-651f32905c9eab31.rlib" "/opt/rustwide/target/debug/build/raw-window-handle/577511740fd28c96/out/libraw_window_handle-577511740fd28c96.rlib" "/opt/rustwide/target/debug/build/cty/bf0a8fc628231ea7/out/libcty-bf0a8fc628231ea7.rlib" "/opt/rustwide/target/debug/build/glow/5d00420cb824666e/out/libglow-5d00420cb824666e.rlib" "/opt/rustwide/target/debug/build/thiserror/32b1e653afce75b3/out/libthiserror-32b1e653afce75b3.rlib" "/opt/rustwide/target/debug/build/parking_lot/692758a63bc22e59/out/libparking_lot-692758a63bc22e59.rlib" "/opt/rustwide/target/debug/build/parking_lot_core/03d79e533e4c1f38/out/libparking_lot_core-03d79e533e4c1f38.rlib" "/opt/rustwide/target/debug/build/smallvec/26ff5af06145dc1e/out/libsmallvec-26ff5af06145dc1e.rlib" "/opt/rustwide/target/debug/build/lock_api/b8a33d985491ef6f/out/liblock_api-b8a33d985491ef6f.rlib" "/opt/rustwide/target/debug/build/scopeguard/e318caba69bf687f/out/libscopeguard-e318caba69bf687f.rlib" "/opt/rustwide/target/debug/build/arrayvec/324bee7ec07e0504/out/libarrayvec-324bee7ec07e0504.rlib" "/opt/rustwide/target/debug/build/euclid/42511a740fa9a6cc/out/libeuclid-42511a740fa9a6cc.rlib" "/opt/rustwide/target/debug/build/num-traits/7b0ccfe1b2dbfa42/out/libnum_traits-7b0ccfe1b2dbfa42.rlib" "/opt/rustwide/target/debug/build/fontdue/0432b6b495942b85/out/libfontdue-0432b6b495942b85.rlib" "/opt/rustwide/target/debug/build/ttf-parser/508a7ac76e89b885/out/libttf_parser-508a7ac76e89b885.rlib" "/opt/rustwide/target/debug/build/hashbrown/17436c2e188428e2/out/libhashbrown-17436c2e188428e2.rlib" "/opt/rustwide/target/debug/build/ahash/4fbaa0b170375dc1/out/libahash-4fbaa0b170375dc1.rlib" "/opt/rustwide/target/debug/build/getrandom/94f4d42b3360277b/out/libgetrandom-94f4d42b3360277b.rlib" "/opt/rustwide/target/debug/build/libc/7cc9d2450ccf8437/out/liblibc-7cc9d2450ccf8437.rlib" "/opt/rustwide/target/debug/build/cfg-if/3e7fc4e38d4a72b5/out/libcfg_if-3e7fc4e38d4a72b5.rlib" "/opt/rustwide/target/debug/build/once_cell/d2ec766eecdc7a51/out/libonce_cell-d2ec766eecdc7a51.rlib" "/opt/rustwide/target/debug/build/lazy_static/af860367908b8176/out/liblazy_static-af860367908b8176.rlib" "<sysroot>/lib/rustlib/x86_64-unknown-linux-gnu/lib/{libstd-*,libpanic_unwind-*,libobject-*,libmemchr-*,libaddr2line-*,libgimli-*,libcfg_if-*,librustc_demangle-*,libstd_detect-*,libhashbrown-*,librustc_std_workspace_alloc-*,libminiz_oxide-*,libadler2-*,libunwind-*,liblibc-*,librustc_std_workspace_core-*,liballoc-*,libcore-*,libcompiler_builtins-*}.rlib" "-Wl,-Bdynamic" "-ldl" "-ldl" "-ldl" "-lgcc_s" "-lutil" "-lrt" "-lpthread" "-lm" "-ldl" "-lc" "-L" "/opt/rustwide/target/debug/build/rui/a9194e3bfbbe908b/out/rustcLaW3Ix/raw-dylibs" "-B<sysroot>/lib/rustlib/x86_64-unknown-linux-gnu/bin/gcc-ld" "-fuse-ld=lld" "-Wl,--eh-frame-hdr" "-Wl,-z,noexecstack" "-L" "<sysroot>/lib/rustlib/x86_64-unknown-linux-gnu/lib" "-o" "/opt/rustwide/target/debug/build/rui/a9194e3bfbbe908b/out/env" "-Wl,--gc-sections" "-pie" "-Wl,-z,relro,-z,now" "-nodefaultlibs"
[INFO] [stdout]   = note: some arguments are omitted. use `--verbose` to show all linker arguments
[INFO] [stdout]   = note: collect2: fatal error: ld terminated with signal 9 [Killed]
[INFO] [stdout]           compilation terminated.
[INFO] [stdout]           
[INFO] [stdout] 
[INFO] [stdout] 
[INFO] [stderr] error: could not compile `rui` (example "env") due to 1 previous error
[INFO] [stderr] error: could not compile `rui` (example "slider")
[INFO] [stderr] 
[INFO] [stderr] Caused by:
[INFO] [stderr]   process didn't exit successfully: `/opt/rustwide/rustup-home/toolchains/1.100.0-beta.1-x86_64-unknown-linux-gnu/bin/rustc --crate-name slider --edition=2018 examples/slider.rs --error-format=json --json=diagnostic-rendered-ansi,artifacts,future-incompat,unused-externs-silent --crate-type bin --emit=dep-info,link -C embed-bitcode=no -C debuginfo=2 --cfg 'feature="default"' --cfg 'feature="winit"' --check-cfg 'cfg(docsrs,test)' --check-cfg 'cfg(feature, values("default", "winit"))' -C metadata=815d57979063092e --out-dir /opt/rustwide/target/debug/build/rui/736867b9bfb370d9/out -L dependency=/opt/rustwide/target/debug/build/ab_glyph/c2b663038c22a93d/out -L dependency=/opt/rustwide/target/debug/build/ab_glyph_rasterizer/251d33ea7b24466b/out -L dependency=/opt/rustwide/target/debug/build/accesskit/a4a20c1bd73e407e/out -L dependency=/opt/rustwide/target/debug/build/adler/8a8ce72c9fb247b6/out -L dependency=/opt/rustwide/target/debug/build/ahash/4fbaa0b170375dc1/out -L dependency=/opt/rustwide/target/debug/build/arrayref/25c9fb6ef5409f9c/out -L dependency=/opt/rustwide/target/debug/build/arrayvec/324bee7ec07e0504/out -L dependency=/opt/rustwide/target/debug/build/ash/9687ecd9da1e07ca/out -L dependency=/opt/rustwide/target/debug/build/bit-set/143219562867a8de/out -L dependency=/opt/rustwide/target/debug/build/bit-vec/1484b09fcc589a29/out -L dependency=/opt/rustwide/target/debug/build/bitflags/651f32905c9eab31/out -L dependency=/opt/rustwide/target/debug/build/bitflags/dde12b0d7d495b50/out -L dependency=/opt/rustwide/target/debug/build/bytemuck/890d8a6ca09215dc/out -L dependency=/opt/rustwide/target/debug/build/calloop/bded45cffaae1676/out -L dependency=/opt/rustwide/target/debug/build/cfg-if/3e7fc4e38d4a72b5/out -L dependency=/opt/rustwide/target/debug/build/codespan-reporting/556c4bf2a4321fd3/out -L dependency=/opt/rustwide/target/debug/build/crc32fast/b1b13fb2b4f6e9b8/out -L dependency=/opt/rustwide/target/debug/build/cty/bf0a8fc628231ea7/out -L dependency=/opt/rustwide/target/debug/build/dlib/e6c1d4c4c82a2272/out -L dependency=/opt/rustwide/target/debug/build/downcast-rs/d33906d24142a297/out -L dependency=/opt/rustwide/target/debug/build/euclid/42511a740fa9a6cc/out -L dependency=/opt/rustwide/target/debug/build/flate2/662fbe7caf2e9096/out -L dependency=/opt/rustwide/target/debug/build/fontdue/0432b6b495942b85/out -L dependency=/opt/rustwide/target/debug/build/futures-channel/1fa7e39a8f051f03/out -L dependency=/opt/rustwide/target/debug/build/futures-core/c367463fecfb90d9/out -L dependency=/opt/rustwide/target/debug/build/futures-executor/2610fc2931e0c268/out -L dependency=/opt/rustwide/target/debug/build/futures-io/ed0ea4331398303c/out -L dependency=/opt/rustwide/target/debug/build/futures-macro/902c2dca5ec32dd1/out -L dependency=/opt/rustwide/target/debug/build/futures-sink/d17bea32e522d457/out -L dependency=/opt/rustwide/target/debug/build/futures-task/bec385733ed1b73d/out -L dependency=/opt/rustwide/target/debug/build/futures-util/b3b037c531c2537f/out -L dependency=/opt/rustwide/target/debug/build/futures/e8ecc7f623774dd8/out -L dependency=/opt/rustwide/target/debug/build/getrandom/94f4d42b3360277b/out -L dependency=/opt/rustwide/target/debug/build/glow/5d00420cb824666e/out -L dependency=/opt/rustwide/target/debug/build/gpu-alloc-types/e946f51c51127266/out -L dependency=/opt/rustwide/target/debug/build/gpu-alloc/3546566569fcca64/out -L dependency=/opt/rustwide/target/debug/build/gpu-descriptor-types/b5811168c1556395/out -L dependency=/opt/rustwide/target/debug/build/gpu-descriptor/81118c32c2b1a955/out -L dependency=/opt/rustwide/target/debug/build/hashbrown/17436c2e188428e2/out -L dependency=/opt/rustwide/target/debug/build/hashbrown/69c625b87a80ef77/out -L dependency=/opt/rustwide/target/debug/build/hexf-parse/72d4824186d79465/out -L dependency=/opt/rustwide/target/debug/build/indexmap/64a65e6f0f69ea96/out -L dependency=/opt/rustwide/target/debug/build/instant/a3f719cec2cb9298/out -L dependency=/opt/rustwide/target/debug/build/khronos-egl/7d56338bea513306/out -L dependency=/opt/rustwide/target/debug/build/lazy_static/af860367908b8176/out -L dependency=/opt/rustwide/target/debug/build/libc/7cc9d2450ccf8437/out -L dependency=/opt/rustwide/target/debug/build/libloading/3000dcbd8e9c946a/out -L dependency=/opt/rustwide/target/debug/build/libloading/439a8a51fa0242c9/out -L dependency=/opt/rustwide/target/debug/build/lock_api/b8a33d985491ef6f/out -L dependency=/opt/rustwide/target/debug/build/log/d31671b75f3392bc/out -L dependency=/opt/rustwide/target/debug/build/memchr/3d0ec59241a02054/out -L dependency=/opt/rustwide/target/debug/build/memmap2/c83924c213427a6b/out -L dependency=/opt/rustwide/target/debug/build/memoffset/a572a9bbfa5c97e7/out -L dependency=/opt/rustwide/target/debug/build/minimal-lexical/2a330914b63d672a/out -L dependency=/opt/rustwide/target/debug/build/miniz_oxide/d17addcf00787734/out -L dependency=/opt/rustwide/target/debug/build/mio/291c74266176e79c/out -L dependency=/opt/rustwide/target/debug/build/naga/55d2c3ec655c5c58/out -L dependency=/opt/rustwide/target/debug/build/nix/3cbe84ae6ecb5a0e/out -L dependency=/opt/rustwide/target/debug/build/nix/e00db06ef5a9a442/out -L dependency=/opt/rustwide/target/debug/build/nom/ddcb5865633a6f40/out -L dependency=/opt/rustwide/target/debug/build/num-traits/7b0ccfe1b2dbfa42/out -L dependency=/opt/rustwide/target/debug/build/once_cell/d2ec766eecdc7a51/out -L dependency=/opt/rustwide/target/debug/build/owned_ttf_parser/046ea4dc1bfdf1fb/out -L dependency=/opt/rustwide/target/debug/build/parking_lot/692758a63bc22e59/out -L dependency=/opt/rustwide/target/debug/build/parking_lot_core/03d79e533e4c1f38/out -L dependency=/opt/rustwide/target/debug/build/percent-encoding/bf512ecf668f0e68/out -L dependency=/opt/rustwide/target/debug/build/pin-project-lite/6df6c214457c8ca7/out -L dependency=/opt/rustwide/target/debug/build/pin-utils/3860774ad9b215b5/out -L dependency=/opt/rustwide/target/debug/build/png/a84c6e53346e9fdb/out -L dependency=/opt/rustwide/target/debug/build/profiling/853c377be365507e/out -L dependency=/opt/rustwide/target/debug/build/raw-window-handle/577511740fd28c96/out -L dependency=/opt/rustwide/target/debug/build/rect_packer/ee698bb1f6db6021/out -L dependency=/opt/rustwide/target/debug/build/renderdoc-sys/d2016b251c6fb714/out -L dependency=/opt/rustwide/target/debug/build/rustc-hash/d7c4a66f98a2548f/out -L dependency=/opt/rustwide/target/debug/build/scoped-tls/ddc34d439339bb5f/out -L dependency=/opt/rustwide/target/debug/build/scopeguard/e318caba69bf687f/out -L dependency=/opt/rustwide/target/debug/build/sctk-adwaita/18d85c6c853b9073/out -L dependency=/opt/rustwide/target/debug/build/slab/afb27d02c97db53f/out -L dependency=/opt/rustwide/target/debug/build/slotmap/39be1b079d525159/out -L dependency=/opt/rustwide/target/debug/build/smallvec/26ff5af06145dc1e/out -L dependency=/opt/rustwide/target/debug/build/smithay-client-toolkit/93fcfcce4448967c/out -L dependency=/opt/rustwide/target/debug/build/spirv/0373a8e826429763/out -L dependency=/opt/rustwide/target/debug/build/static_assertions/f0217ecdd817a834/out -L dependency=/opt/rustwide/target/debug/build/strict-num/67c340be368d92c6/out -L dependency=/opt/rustwide/target/debug/build/termcolor/a5251b019e6ea81a/out -L dependency=/opt/rustwide/target/debug/build/thiserror-impl/cf449b751d4aaf1b/out -L dependency=/opt/rustwide/target/debug/build/thiserror/32b1e653afce75b3/out -L dependency=/opt/rustwide/target/debug/build/tiny-skia-path/3bdfebb48a3f7715/out -L dependency=/opt/rustwide/target/debug/build/tiny-skia/94c3e7d271be5bc7/out -L dependency=/opt/rustwide/target/debug/build/ttf-parser/508a7ac76e89b885/out -L dependency=/opt/rustwide/target/debug/build/ttf-parser/c33e73a76335971b/out -L dependency=/opt/rustwide/target/debug/build/unicode-width/e6feeb9daa4fd470/out -L dependency=/opt/rustwide/target/debug/build/unicode-xid/0488fac86b109842/out -L dependency=/opt/rustwide/target/debug/build/vec_map/75126d96f8392bf4/out -L dependency=/opt/rustwide/target/debug/build/vger/2dc04baa0856a2fc/out -L dependency=/opt/rustwide/target/debug/build/wayland-client/5395b1e2575318d2/out -L dependency=/opt/rustwide/target/debug/build/wayland-commons/0971d7db6dfebf0f/out -L dependency=/opt/rustwide/target/debug/build/wayland-cursor/5e2edce44714438f/out -L dependency=/opt/rustwide/target/debug/build/wayland-protocols/b57b85cd5c69510c/out -L dependency=/opt/rustwide/target/debug/build/wayland-sys/0e549d7f4237f2d5/out -L dependency=/opt/rustwide/target/debug/build/wgpu-core/5762c3c18e2c3c08/out -L dependency=/opt/rustwide/target/debug/build/wgpu-hal/7c0a3acd7fc4d600/out -L dependency=/opt/rustwide/target/debug/build/wgpu-types/bfebae229e0edb8f/out -L dependency=/opt/rustwide/target/debug/build/wgpu/cf8d57b27135a5c0/out -L dependency=/opt/rustwide/target/debug/build/winit/6fcae857ebabda7e/out -L dependency=/opt/rustwide/target/debug/build/x11-dl/c97a976fecfcbb8b/out -L dependency=/opt/rustwide/target/debug/build/xcursor/f5efd5b8ed86849c/out --extern accesskit=/opt/rustwide/target/debug/build/accesskit/a4a20c1bd73e407e/out/libaccesskit-a4a20c1bd73e407e.rlib --extern euclid=/opt/rustwide/target/debug/build/euclid/42511a740fa9a6cc/out/libeuclid-42511a740fa9a6cc.rlib --extern futures=/opt/rustwide/target/debug/build/futures/e8ecc7f623774dd8/out/libfutures-e8ecc7f623774dd8.rlib --extern lazy_static=/opt/rustwide/target/debug/build/lazy_static/af860367908b8176/out/liblazy_static-af860367908b8176.rlib --extern rui=/opt/rustwide/target/debug/build/rui/15e7bc55808e2d7c/out/librui-15e7bc55808e2d7c.rlib --extern vger=/opt/rustwide/target/debug/build/vger/2dc04baa0856a2fc/out/libvger-2dc04baa0856a2fc.rlib --extern wgpu=/opt/rustwide/target/debug/build/wgpu/cf8d57b27135a5c0/out/libwgpu-cf8d57b27135a5c0.rlib --extern winit=/opt/rustwide/target/debug/build/winit/6fcae857ebabda7e/out/libwinit-6fcae857ebabda7e.rlib --cap-lints=warn --force-warn=unused_crate_dependencies` (signal: 9, SIGKILL: kill)
[INFO] [stderr] error: could not compile `rui` (example "knob")
[INFO] [stderr] 
[INFO] [stderr] Caused by:
[INFO] [stderr]   process didn't exit successfully: `/opt/rustwide/rustup-home/toolchains/1.100.0-beta.1-x86_64-unknown-linux-gnu/bin/rustc --crate-name knob --edition=2018 examples/knob.rs --error-format=json --json=diagnostic-rendered-ansi,artifacts,future-incompat,unused-externs-silent --crate-type bin --emit=dep-info,link -C embed-bitcode=no -C debuginfo=2 --cfg 'feature="default"' --cfg 'feature="winit"' --check-cfg 'cfg(docsrs,test)' --check-cfg 'cfg(feature, values("default", "winit"))' -C metadata=c0a3f2028dae0d47 --out-dir /opt/rustwide/target/debug/build/rui/e8f655970c883f87/out -L dependency=/opt/rustwide/target/debug/build/ab_glyph/c2b663038c22a93d/out -L dependency=/opt/rustwide/target/debug/build/ab_glyph_rasterizer/251d33ea7b24466b/out -L dependency=/opt/rustwide/target/debug/build/accesskit/a4a20c1bd73e407e/out -L dependency=/opt/rustwide/target/debug/build/adler/8a8ce72c9fb247b6/out -L dependency=/opt/rustwide/target/debug/build/ahash/4fbaa0b170375dc1/out -L dependency=/opt/rustwide/target/debug/build/arrayref/25c9fb6ef5409f9c/out -L dependency=/opt/rustwide/target/debug/build/arrayvec/324bee7ec07e0504/out -L dependency=/opt/rustwide/target/debug/build/ash/9687ecd9da1e07ca/out -L dependency=/opt/rustwide/target/debug/build/bit-set/143219562867a8de/out -L dependency=/opt/rustwide/target/debug/build/bit-vec/1484b09fcc589a29/out -L dependency=/opt/rustwide/target/debug/build/bitflags/651f32905c9eab31/out -L dependency=/opt/rustwide/target/debug/build/bitflags/dde12b0d7d495b50/out -L dependency=/opt/rustwide/target/debug/build/bytemuck/890d8a6ca09215dc/out -L dependency=/opt/rustwide/target/debug/build/calloop/bded45cffaae1676/out -L dependency=/opt/rustwide/target/debug/build/cfg-if/3e7fc4e38d4a72b5/out -L dependency=/opt/rustwide/target/debug/build/codespan-reporting/556c4bf2a4321fd3/out -L dependency=/opt/rustwide/target/debug/build/crc32fast/b1b13fb2b4f6e9b8/out -L dependency=/opt/rustwide/target/debug/build/cty/bf0a8fc628231ea7/out -L dependency=/opt/rustwide/target/debug/build/dlib/e6c1d4c4c82a2272/out -L dependency=/opt/rustwide/target/debug/build/downcast-rs/d33906d24142a297/out -L dependency=/opt/rustwide/target/debug/build/euclid/42511a740fa9a6cc/out -L dependency=/opt/rustwide/target/debug/build/flate2/662fbe7caf2e9096/out -L dependency=/opt/rustwide/target/debug/build/fontdue/0432b6b495942b85/out -L dependency=/opt/rustwide/target/debug/build/futures-channel/1fa7e39a8f051f03/out -L dependency=/opt/rustwide/target/debug/build/futures-core/c367463fecfb90d9/out -L dependency=/opt/rustwide/target/debug/build/futures-executor/2610fc2931e0c268/out -L dependency=/opt/rustwide/target/debug/build/futures-io/ed0ea4331398303c/out -L dependency=/opt/rustwide/target/debug/build/futures-macro/902c2dca5ec32dd1/out -L dependency=/opt/rustwide/target/debug/build/futures-sink/d17bea32e522d457/out -L dependency=/opt/rustwide/target/debug/build/futures-task/bec385733ed1b73d/out -L dependency=/opt/rustwide/target/debug/build/futures-util/b3b037c531c2537f/out -L dependency=/opt/rustwide/target/debug/build/futures/e8ecc7f623774dd8/out -L dependency=/opt/rustwide/target/debug/build/getrandom/94f4d42b3360277b/out -L dependency=/opt/rustwide/target/debug/build/glow/5d00420cb824666e/out -L dependency=/opt/rustwide/target/debug/build/gpu-alloc-types/e946f51c51127266/out -L dependency=/opt/rustwide/target/debug/build/gpu-alloc/3546566569fcca64/out -L dependency=/opt/rustwide/target/debug/build/gpu-descriptor-types/b5811168c1556395/out -L dependency=/opt/rustwide/target/debug/build/gpu-descriptor/81118c32c2b1a955/out -L dependency=/opt/rustwide/target/debug/build/hashbrown/17436c2e188428e2/out -L dependency=/opt/rustwide/target/debug/build/hashbrown/69c625b87a80ef77/out -L dependency=/opt/rustwide/target/debug/build/hexf-parse/72d4824186d79465/out -L dependency=/opt/rustwide/target/debug/build/indexmap/64a65e6f0f69ea96/out -L dependency=/opt/rustwide/target/debug/build/instant/a3f719cec2cb9298/out -L dependency=/opt/rustwide/target/debug/build/khronos-egl/7d56338bea513306/out -L dependency=/opt/rustwide/target/debug/build/lazy_static/af860367908b8176/out -L dependency=/opt/rustwide/target/debug/build/libc/7cc9d2450ccf8437/out -L dependency=/opt/rustwide/target/debug/build/libloading/3000dcbd8e9c946a/out -L dependency=/opt/rustwide/target/debug/build/libloading/439a8a51fa0242c9/out -L dependency=/opt/rustwide/target/debug/build/lock_api/b8a33d985491ef6f/out -L dependency=/opt/rustwide/target/debug/build/log/d31671b75f3392bc/out -L dependency=/opt/rustwide/target/debug/build/memchr/3d0ec59241a02054/out -L dependency=/opt/rustwide/target/debug/build/memmap2/c83924c213427a6b/out -L dependency=/opt/rustwide/target/debug/build/memoffset/a572a9bbfa5c97e7/out -L dependency=/opt/rustwide/target/debug/build/minimal-lexical/2a330914b63d672a/out -L dependency=/opt/rustwide/target/debug/build/miniz_oxide/d17addcf00787734/out -L dependency=/opt/rustwide/target/debug/build/mio/291c74266176e79c/out -L dependency=/opt/rustwide/target/debug/build/naga/55d2c3ec655c5c58/out -L dependency=/opt/rustwide/target/debug/build/nix/3cbe84ae6ecb5a0e/out -L dependency=/opt/rustwide/target/debug/build/nix/e00db06ef5a9a442/out -L dependency=/opt/rustwide/target/debug/build/nom/ddcb5865633a6f40/out -L dependency=/opt/rustwide/target/debug/build/num-traits/7b0ccfe1b2dbfa42/out -L dependency=/opt/rustwide/target/debug/build/once_cell/d2ec766eecdc7a51/out -L dependency=/opt/rustwide/target/debug/build/owned_ttf_parser/046ea4dc1bfdf1fb/out -L dependency=/opt/rustwide/target/debug/build/parking_lot/692758a63bc22e59/out -L dependency=/opt/rustwide/target/debug/build/parking_lot_core/03d79e533e4c1f38/out -L dependency=/opt/rustwide/target/debug/build/percent-encoding/bf512ecf668f0e68/out -L dependency=/opt/rustwide/target/debug/build/pin-project-lite/6df6c214457c8ca7/out -L dependency=/opt/rustwide/target/debug/build/pin-utils/3860774ad9b215b5/out -L dependency=/opt/rustwide/target/debug/build/png/a84c6e53346e9fdb/out -L dependency=/opt/rustwide/target/debug/build/profiling/853c377be365507e/out -L dependency=/opt/rustwide/target/debug/build/raw-window-handle/577511740fd28c96/out -L dependency=/opt/rustwide/target/debug/build/rect_packer/ee698bb1f6db6021/out -L dependency=/opt/rustwide/target/debug/build/renderdoc-sys/d2016b251c6fb714/out -L dependency=/opt/rustwide/target/debug/build/rustc-hash/d7c4a66f98a2548f/out -L dependency=/opt/rustwide/target/debug/build/scoped-tls/ddc34d439339bb5f/out -L dependency=/opt/rustwide/target/debug/build/scopeguard/e318caba69bf687f/out -L dependency=/opt/rustwide/target/debug/build/sctk-adwaita/18d85c6c853b9073/out -L dependency=/opt/rustwide/target/debug/build/slab/afb27d02c97db53f/out -L dependency=/opt/rustwide/target/debug/build/slotmap/39be1b079d525159/out -L dependency=/opt/rustwide/target/debug/build/smallvec/26ff5af06145dc1e/out -L dependency=/opt/rustwide/target/debug/build/smithay-client-toolkit/93fcfcce4448967c/out -L dependency=/opt/rustwide/target/debug/build/spirv/0373a8e826429763/out -L dependency=/opt/rustwide/target/debug/build/static_assertions/f0217ecdd817a834/out -L dependency=/opt/rustwide/target/debug/build/strict-num/67c340be368d92c6/out -L dependency=/opt/rustwide/target/debug/build/termcolor/a5251b019e6ea81a/out -L dependency=/opt/rustwide/target/debug/build/thiserror-impl/cf449b751d4aaf1b/out -L dependency=/opt/rustwide/target/debug/build/thiserror/32b1e653afce75b3/out -L dependency=/opt/rustwide/target/debug/build/tiny-skia-path/3bdfebb48a3f7715/out -L dependency=/opt/rustwide/target/debug/build/tiny-skia/94c3e7d271be5bc7/out -L dependency=/opt/rustwide/target/debug/build/ttf-parser/508a7ac76e89b885/out -L dependency=/opt/rustwide/target/debug/build/ttf-parser/c33e73a76335971b/out -L dependency=/opt/rustwide/target/debug/build/unicode-width/e6feeb9daa4fd470/out -L dependency=/opt/rustwide/target/debug/build/unicode-xid/0488fac86b109842/out -L dependency=/opt/rustwide/target/debug/build/vec_map/75126d96f8392bf4/out -L dependency=/opt/rustwide/target/debug/build/vger/2dc04baa0856a2fc/out -L dependency=/opt/rustwide/target/debug/build/wayland-client/5395b1e2575318d2/out -L dependency=/opt/rustwide/target/debug/build/wayland-commons/0971d7db6dfebf0f/out -L dependency=/opt/rustwide/target/debug/build/wayland-cursor/5e2edce44714438f/out -L dependency=/opt/rustwide/target/debug/build/wayland-protocols/b57b85cd5c69510c/out -L dependency=/opt/rustwide/target/debug/build/wayland-sys/0e549d7f4237f2d5/out -L dependency=/opt/rustwide/target/debug/build/wgpu-core/5762c3c18e2c3c08/out -L dependency=/opt/rustwide/target/debug/build/wgpu-hal/7c0a3acd7fc4d600/out -L dependency=/opt/rustwide/target/debug/build/wgpu-types/bfebae229e0edb8f/out -L dependency=/opt/rustwide/target/debug/build/wgpu/cf8d57b27135a5c0/out -L dependency=/opt/rustwide/target/debug/build/winit/6fcae857ebabda7e/out -L dependency=/opt/rustwide/target/debug/build/x11-dl/c97a976fecfcbb8b/out -L dependency=/opt/rustwide/target/debug/build/xcursor/f5efd5b8ed86849c/out --extern accesskit=/opt/rustwide/target/debug/build/accesskit/a4a20c1bd73e407e/out/libaccesskit-a4a20c1bd73e407e.rlib --extern euclid=/opt/rustwide/target/debug/build/euclid/42511a740fa9a6cc/out/libeuclid-42511a740fa9a6cc.rlib --extern futures=/opt/rustwide/target/debug/build/futures/e8ecc7f623774dd8/out/libfutures-e8ecc7f623774dd8.rlib --extern lazy_static=/opt/rustwide/target/debug/build/lazy_static/af860367908b8176/out/liblazy_static-af860367908b8176.rlib --extern rui=/opt/rustwide/target/debug/build/rui/15e7bc55808e2d7c/out/librui-15e7bc55808e2d7c.rlib --extern vger=/opt/rustwide/target/debug/build/vger/2dc04baa0856a2fc/out/libvger-2dc04baa0856a2fc.rlib --extern wgpu=/opt/rustwide/target/debug/build/wgpu/cf8d57b27135a5c0/out/libwgpu-cf8d57b27135a5c0.rlib --extern winit=/opt/rustwide/target/debug/build/winit/6fcae857ebabda7e/out/libwinit-6fcae857ebabda7e.rlib --cap-lints=warn --force-warn=unused_crate_dependencies` (signal: 9, SIGKILL: kill)
[INFO] [stderr] error: could not compile `rui` (example "counter")
[INFO] [stderr] 
[INFO] [stderr] Caused by:
[INFO] [stderr]   process didn't exit successfully: `/opt/rustwide/rustup-home/toolchains/1.100.0-beta.1-x86_64-unknown-linux-gnu/bin/rustc --crate-name counter --edition=2018 examples/counter.rs --error-format=json --json=diagnostic-rendered-ansi,artifacts,future-incompat,unused-externs-silent --crate-type bin --emit=dep-info,link -C embed-bitcode=no -C debuginfo=2 --cfg 'feature="default"' --cfg 'feature="winit"' --check-cfg 'cfg(docsrs,test)' --check-cfg 'cfg(feature, values("default", "winit"))' -C metadata=d0b0f328e6f783f6 --out-dir /opt/rustwide/target/debug/build/rui/7d8b00801153e622/out -L dependency=/opt/rustwide/target/debug/build/ab_glyph/c2b663038c22a93d/out -L dependency=/opt/rustwide/target/debug/build/ab_glyph_rasterizer/251d33ea7b24466b/out -L dependency=/opt/rustwide/target/debug/build/accesskit/a4a20c1bd73e407e/out -L dependency=/opt/rustwide/target/debug/build/adler/8a8ce72c9fb247b6/out -L dependency=/opt/rustwide/target/debug/build/ahash/4fbaa0b170375dc1/out -L dependency=/opt/rustwide/target/debug/build/arrayref/25c9fb6ef5409f9c/out -L dependency=/opt/rustwide/target/debug/build/arrayvec/324bee7ec07e0504/out -L dependency=/opt/rustwide/target/debug/build/ash/9687ecd9da1e07ca/out -L dependency=/opt/rustwide/target/debug/build/bit-set/143219562867a8de/out -L dependency=/opt/rustwide/target/debug/build/bit-vec/1484b09fcc589a29/out -L dependency=/opt/rustwide/target/debug/build/bitflags/651f32905c9eab31/out -L dependency=/opt/rustwide/target/debug/build/bitflags/dde12b0d7d495b50/out -L dependency=/opt/rustwide/target/debug/build/bytemuck/890d8a6ca09215dc/out -L dependency=/opt/rustwide/target/debug/build/calloop/bded45cffaae1676/out -L dependency=/opt/rustwide/target/debug/build/cfg-if/3e7fc4e38d4a72b5/out -L dependency=/opt/rustwide/target/debug/build/codespan-reporting/556c4bf2a4321fd3/out -L dependency=/opt/rustwide/target/debug/build/crc32fast/b1b13fb2b4f6e9b8/out -L dependency=/opt/rustwide/target/debug/build/cty/bf0a8fc628231ea7/out -L dependency=/opt/rustwide/target/debug/build/dlib/e6c1d4c4c82a2272/out -L dependency=/opt/rustwide/target/debug/build/downcast-rs/d33906d24142a297/out -L dependency=/opt/rustwide/target/debug/build/euclid/42511a740fa9a6cc/out -L dependency=/opt/rustwide/target/debug/build/flate2/662fbe7caf2e9096/out -L dependency=/opt/rustwide/target/debug/build/fontdue/0432b6b495942b85/out -L dependency=/opt/rustwide/target/debug/build/futures-channel/1fa7e39a8f051f03/out -L dependency=/opt/rustwide/target/debug/build/futures-core/c367463fecfb90d9/out -L dependency=/opt/rustwide/target/debug/build/futures-executor/2610fc2931e0c268/out -L dependency=/opt/rustwide/target/debug/build/futures-io/ed0ea4331398303c/out -L dependency=/opt/rustwide/target/debug/build/futures-macro/902c2dca5ec32dd1/out -L dependency=/opt/rustwide/target/debug/build/futures-sink/d17bea32e522d457/out -L dependency=/opt/rustwide/target/debug/build/futures-task/bec385733ed1b73d/out -L dependency=/opt/rustwide/target/debug/build/futures-util/b3b037c531c2537f/out -L dependency=/opt/rustwide/target/debug/build/futures/e8ecc7f623774dd8/out -L dependency=/opt/rustwide/target/debug/build/getrandom/94f4d42b3360277b/out -L dependency=/opt/rustwide/target/debug/build/glow/5d00420cb824666e/out -L dependency=/opt/rustwide/target/debug/build/gpu-alloc-types/e946f51c51127266/out -L dependency=/opt/rustwide/target/debug/build/gpu-alloc/3546566569fcca64/out -L dependency=/opt/rustwide/target/debug/build/gpu-descriptor-types/b5811168c1556395/out -L dependency=/opt/rustwide/target/debug/build/gpu-descriptor/81118c32c2b1a955/out -L dependency=/opt/rustwide/target/debug/build/hashbrown/17436c2e188428e2/out -L dependency=/opt/rustwide/target/debug/build/hashbrown/69c625b87a80ef77/out -L dependency=/opt/rustwide/target/debug/build/hexf-parse/72d4824186d79465/out -L dependency=/opt/rustwide/target/debug/build/indexmap/64a65e6f0f69ea96/out -L dependency=/opt/rustwide/target/debug/build/instant/a3f719cec2cb9298/out -L dependency=/opt/rustwide/target/debug/build/khronos-egl/7d56338bea513306/out -L dependency=/opt/rustwide/target/debug/build/lazy_static/af860367908b8176/out -L dependency=/opt/rustwide/target/debug/build/libc/7cc9d2450ccf8437/out -L dependency=/opt/rustwide/target/debug/build/libloading/3000dcbd8e9c946a/out -L dependency=/opt/rustwide/target/debug/build/libloading/439a8a51fa0242c9/out -L dependency=/opt/rustwide/target/debug/build/lock_api/b8a33d985491ef6f/out -L dependency=/opt/rustwide/target/debug/build/log/d31671b75f3392bc/out -L dependency=/opt/rustwide/target/debug/build/memchr/3d0ec59241a02054/out -L dependency=/opt/rustwide/target/debug/build/memmap2/c83924c213427a6b/out -L dependency=/opt/rustwide/target/debug/build/memoffset/a572a9bbfa5c97e7/out -L dependency=/opt/rustwide/target/debug/build/minimal-lexical/2a330914b63d672a/out -L dependency=/opt/rustwide/target/debug/build/miniz_oxide/d17addcf00787734/out -L dependency=/opt/rustwide/target/debug/build/mio/291c74266176e79c/out -L dependency=/opt/rustwide/target/debug/build/naga/55d2c3ec655c5c58/out -L dependency=/opt/rustwide/target/debug/build/nix/3cbe84ae6ecb5a0e/out -L dependency=/opt/rustwide/target/debug/build/nix/e00db06ef5a9a442/out -L dependency=/opt/rustwide/target/debug/build/nom/ddcb5865633a6f40/out -L dependency=/opt/rustwide/target/debug/build/num-traits/7b0ccfe1b2dbfa42/out -L dependency=/opt/rustwide/target/debug/build/once_cell/d2ec766eecdc7a51/out -L dependency=/opt/rustwide/target/debug/build/owned_ttf_parser/046ea4dc1bfdf1fb/out -L dependency=/opt/rustwide/target/debug/build/parking_lot/692758a63bc22e59/out -L dependency=/opt/rustwide/target/debug/build/parking_lot_core/03d79e533e4c1f38/out -L dependency=/opt/rustwide/target/debug/build/percent-encoding/bf512ecf668f0e68/out -L dependency=/opt/rustwide/target/debug/build/pin-project-lite/6df6c214457c8ca7/out -L dependency=/opt/rustwide/target/debug/build/pin-utils/3860774ad9b215b5/out -L dependency=/opt/rustwide/target/debug/build/png/a84c6e53346e9fdb/out -L dependency=/opt/rustwide/target/debug/build/profiling/853c377be365507e/out -L dependency=/opt/rustwide/target/debug/build/raw-window-handle/577511740fd28c96/out -L dependency=/opt/rustwide/target/debug/build/rect_packer/ee698bb1f6db6021/out -L dependency=/opt/rustwide/target/debug/build/renderdoc-sys/d2016b251c6fb714/out -L dependency=/opt/rustwide/target/debug/build/rustc-hash/d7c4a66f98a2548f/out -L dependency=/opt/rustwide/target/debug/build/scoped-tls/ddc34d439339bb5f/out -L dependency=/opt/rustwide/target/debug/build/scopeguard/e318caba69bf687f/out -L dependency=/opt/rustwide/target/debug/build/sctk-adwaita/18d85c6c853b9073/out -L dependency=/opt/rustwide/target/debug/build/slab/afb27d02c97db53f/out -L dependency=/opt/rustwide/target/debug/build/slotmap/39be1b079d525159/out -L dependency=/opt/rustwide/target/debug/build/smallvec/26ff5af06145dc1e/out -L dependency=/opt/rustwide/target/debug/build/smithay-client-toolkit/93fcfcce4448967c/out -L dependency=/opt/rustwide/target/debug/build/spirv/0373a8e826429763/out -L dependency=/opt/rustwide/target/debug/build/static_assertions/f0217ecdd817a834/out -L dependency=/opt/rustwide/target/debug/build/strict-num/67c340be368d92c6/out -L dependency=/opt/rustwide/target/debug/build/termcolor/a5251b019e6ea81a/out -L dependency=/opt/rustwide/target/debug/build/thiserror-impl/cf449b751d4aaf1b/out -L dependency=/opt/rustwide/target/debug/build/thiserror/32b1e653afce75b3/out -L dependency=/opt/rustwide/target/debug/build/tiny-skia-path/3bdfebb48a3f7715/out -L dependency=/opt/rustwide/target/debug/build/tiny-skia/94c3e7d271be5bc7/out -L dependency=/opt/rustwide/target/debug/build/ttf-parser/508a7ac76e89b885/out -L dependency=/opt/rustwide/target/debug/build/ttf-parser/c33e73a76335971b/out -L dependency=/opt/rustwide/target/debug/build/unicode-width/e6feeb9daa4fd470/out -L dependency=/opt/rustwide/target/debug/build/unicode-xid/0488fac86b109842/out -L dependency=/opt/rustwide/target/debug/build/vec_map/75126d96f8392bf4/out -L dependency=/opt/rustwide/target/debug/build/vger/2dc04baa0856a2fc/out -L dependency=/opt/rustwide/target/debug/build/wayland-client/5395b1e2575318d2/out -L dependency=/opt/rustwide/target/debug/build/wayland-commons/0971d7db6dfebf0f/out -L dependency=/opt/rustwide/target/debug/build/wayland-cursor/5e2edce44714438f/out -L dependency=/opt/rustwide/target/debug/build/wayland-protocols/b57b85cd5c69510c/out -L dependency=/opt/rustwide/target/debug/build/wayland-sys/0e549d7f4237f2d5/out -L dependency=/opt/rustwide/target/debug/build/wgpu-core/5762c3c18e2c3c08/out -L dependency=/opt/rustwide/target/debug/build/wgpu-hal/7c0a3acd7fc4d600/out -L dependency=/opt/rustwide/target/debug/build/wgpu-types/bfebae229e0edb8f/out -L dependency=/opt/rustwide/target/debug/build/wgpu/cf8d57b27135a5c0/out -L dependency=/opt/rustwide/target/debug/build/winit/6fcae857ebabda7e/out -L dependency=/opt/rustwide/target/debug/build/x11-dl/c97a976fecfcbb8b/out -L dependency=/opt/rustwide/target/debug/build/xcursor/f5efd5b8ed86849c/out --extern accesskit=/opt/rustwide/target/debug/build/accesskit/a4a20c1bd73e407e/out/libaccesskit-a4a20c1bd73e407e.rlib --extern euclid=/opt/rustwide/target/debug/build/euclid/42511a740fa9a6cc/out/libeuclid-42511a740fa9a6cc.rlib --extern futures=/opt/rustwide/target/debug/build/futures/e8ecc7f623774dd8/out/libfutures-e8ecc7f623774dd8.rlib --extern lazy_static=/opt/rustwide/target/debug/build/lazy_static/af860367908b8176/out/liblazy_static-af860367908b8176.rlib --extern rui=/opt/rustwide/target/debug/build/rui/15e7bc55808e2d7c/out/librui-15e7bc55808e2d7c.rlib --extern vger=/opt/rustwide/target/debug/build/vger/2dc04baa0856a2fc/out/libvger-2dc04baa0856a2fc.rlib --extern wgpu=/opt/rustwide/target/debug/build/wgpu/cf8d57b27135a5c0/out/libwgpu-cf8d57b27135a5c0.rlib --extern winit=/opt/rustwide/target/debug/build/winit/6fcae857ebabda7e/out/libwinit-6fcae857ebabda7e.rlib --cap-lints=warn --force-warn=unused_crate_dependencies` (signal: 9, SIGKILL: kill)
[INFO] [stderr] error: could not compile `rui` (example "counter2")
[INFO] [stderr] 
[INFO] [stderr] Caused by:
[INFO] [stderr]   process didn't exit successfully: `/opt/rustwide/rustup-home/toolchains/1.100.0-beta.1-x86_64-unknown-linux-gnu/bin/rustc --crate-name counter2 --edition=2018 examples/counter2.rs --error-format=json --json=diagnostic-rendered-ansi,artifacts,future-incompat,unused-externs-silent --crate-type bin --emit=dep-info,link -C embed-bitcode=no -C debuginfo=2 --cfg 'feature="default"' --cfg 'feature="winit"' --check-cfg 'cfg(docsrs,test)' --check-cfg 'cfg(feature, values("default", "winit"))' -C metadata=f378b1178f9ab036 --out-dir /opt/rustwide/target/debug/build/rui/1f0808ce3552ad17/out -L dependency=/opt/rustwide/target/debug/build/ab_glyph/c2b663038c22a93d/out -L dependency=/opt/rustwide/target/debug/build/ab_glyph_rasterizer/251d33ea7b24466b/out -L dependency=/opt/rustwide/target/debug/build/accesskit/a4a20c1bd73e407e/out -L dependency=/opt/rustwide/target/debug/build/adler/8a8ce72c9fb247b6/out -L dependency=/opt/rustwide/target/debug/build/ahash/4fbaa0b170375dc1/out -L dependency=/opt/rustwide/target/debug/build/arrayref/25c9fb6ef5409f9c/out -L dependency=/opt/rustwide/target/debug/build/arrayvec/324bee7ec07e0504/out -L dependency=/opt/rustwide/target/debug/build/ash/9687ecd9da1e07ca/out -L dependency=/opt/rustwide/target/debug/build/bit-set/143219562867a8de/out -L dependency=/opt/rustwide/target/debug/build/bit-vec/1484b09fcc589a29/out -L dependency=/opt/rustwide/target/debug/build/bitflags/651f32905c9eab31/out -L dependency=/opt/rustwide/target/debug/build/bitflags/dde12b0d7d495b50/out -L dependency=/opt/rustwide/target/debug/build/bytemuck/890d8a6ca09215dc/out -L dependency=/opt/rustwide/target/debug/build/calloop/bded45cffaae1676/out -L dependency=/opt/rustwide/target/debug/build/cfg-if/3e7fc4e38d4a72b5/out -L dependency=/opt/rustwide/target/debug/build/codespan-reporting/556c4bf2a4321fd3/out -L dependency=/opt/rustwide/target/debug/build/crc32fast/b1b13fb2b4f6e9b8/out -L dependency=/opt/rustwide/target/debug/build/cty/bf0a8fc628231ea7/out -L dependency=/opt/rustwide/target/debug/build/dlib/e6c1d4c4c82a2272/out -L dependency=/opt/rustwide/target/debug/build/downcast-rs/d33906d24142a297/out -L dependency=/opt/rustwide/target/debug/build/euclid/42511a740fa9a6cc/out -L dependency=/opt/rustwide/target/debug/build/flate2/662fbe7caf2e9096/out -L dependency=/opt/rustwide/target/debug/build/fontdue/0432b6b495942b85/out -L dependency=/opt/rustwide/target/debug/build/futures-channel/1fa7e39a8f051f03/out -L dependency=/opt/rustwide/target/debug/build/futures-core/c367463fecfb90d9/out -L dependency=/opt/rustwide/target/debug/build/futures-executor/2610fc2931e0c268/out -L dependency=/opt/rustwide/target/debug/build/futures-io/ed0ea4331398303c/out -L dependency=/opt/rustwide/target/debug/build/futures-macro/902c2dca5ec32dd1/out -L dependency=/opt/rustwide/target/debug/build/futures-sink/d17bea32e522d457/out -L dependency=/opt/rustwide/target/debug/build/futures-task/bec385733ed1b73d/out -L dependency=/opt/rustwide/target/debug/build/futures-util/b3b037c531c2537f/out -L dependency=/opt/rustwide/target/debug/build/futures/e8ecc7f623774dd8/out -L dependency=/opt/rustwide/target/debug/build/getrandom/94f4d42b3360277b/out -L dependency=/opt/rustwide/target/debug/build/glow/5d00420cb824666e/out -L dependency=/opt/rustwide/target/debug/build/gpu-alloc-types/e946f51c51127266/out -L dependency=/opt/rustwide/target/debug/build/gpu-alloc/3546566569fcca64/out -L dependency=/opt/rustwide/target/debug/build/gpu-descriptor-types/b5811168c1556395/out -L dependency=/opt/rustwide/target/debug/build/gpu-descriptor/81118c32c2b1a955/out -L dependency=/opt/rustwide/target/debug/build/hashbrown/17436c2e188428e2/out -L dependency=/opt/rustwide/target/debug/build/hashbrown/69c625b87a80ef77/out -L dependency=/opt/rustwide/target/debug/build/hexf-parse/72d4824186d79465/out -L dependency=/opt/rustwide/target/debug/build/indexmap/64a65e6f0f69ea96/out -L dependency=/opt/rustwide/target/debug/build/instant/a3f719cec2cb9298/out -L dependency=/opt/rustwide/target/debug/build/khronos-egl/7d56338bea513306/out -L dependency=/opt/rustwide/target/debug/build/lazy_static/af860367908b8176/out -L dependency=/opt/rustwide/target/debug/build/libc/7cc9d2450ccf8437/out -L dependency=/opt/rustwide/target/debug/build/libloading/3000dcbd8e9c946a/out -L dependency=/opt/rustwide/target/debug/build/libloading/439a8a51fa0242c9/out -L dependency=/opt/rustwide/target/debug/build/lock_api/b8a33d985491ef6f/out -L dependency=/opt/rustwide/target/debug/build/log/d31671b75f3392bc/out -L dependency=/opt/rustwide/target/debug/build/memchr/3d0ec59241a02054/out -L dependency=/opt/rustwide/target/debug/build/memmap2/c83924c213427a6b/out -L dependency=/opt/rustwide/target/debug/build/memoffset/a572a9bbfa5c97e7/out -L dependency=/opt/rustwide/target/debug/build/minimal-lexical/2a330914b63d672a/out -L dependency=/opt/rustwide/target/debug/build/miniz_oxide/d17addcf00787734/out -L dependency=/opt/rustwide/target/debug/build/mio/291c74266176e79c/out -L dependency=/opt/rustwide/target/debug/build/naga/55d2c3ec655c5c58/out -L dependency=/opt/rustwide/target/debug/build/nix/3cbe84ae6ecb5a0e/out -L dependency=/opt/rustwide/target/debug/build/nix/e00db06ef5a9a442/out -L dependency=/opt/rustwide/target/debug/build/nom/ddcb5865633a6f40/out -L dependency=/opt/rustwide/target/debug/build/num-traits/7b0ccfe1b2dbfa42/out -L dependency=/opt/rustwide/target/debug/build/once_cell/d2ec766eecdc7a51/out -L dependency=/opt/rustwide/target/debug/build/owned_ttf_parser/046ea4dc1bfdf1fb/out -L dependency=/opt/rustwide/target/debug/build/parking_lot/692758a63bc22e59/out -L dependency=/opt/rustwide/target/debug/build/parking_lot_core/03d79e533e4c1f38/out -L dependency=/opt/rustwide/target/debug/build/percent-encoding/bf512ecf668f0e68/out -L dependency=/opt/rustwide/target/debug/build/pin-project-lite/6df6c214457c8ca7/out -L dependency=/opt/rustwide/target/debug/build/pin-utils/3860774ad9b215b5/out -L dependency=/opt/rustwide/target/debug/build/png/a84c6e53346e9fdb/out -L dependency=/opt/rustwide/target/debug/build/profiling/853c377be365507e/out -L dependency=/opt/rustwide/target/debug/build/raw-window-handle/577511740fd28c96/out -L dependency=/opt/rustwide/target/debug/build/rect_packer/ee698bb1f6db6021/out -L dependency=/opt/rustwide/target/debug/build/renderdoc-sys/d2016b251c6fb714/out -L dependency=/opt/rustwide/target/debug/build/rustc-hash/d7c4a66f98a2548f/out -L dependency=/opt/rustwide/target/debug/build/scoped-tls/ddc34d439339bb5f/out -L dependency=/opt/rustwide/target/debug/build/scopeguard/e318caba69bf687f/out -L dependency=/opt/rustwide/target/debug/build/sctk-adwaita/18d85c6c853b9073/out -L dependency=/opt/rustwide/target/debug/build/slab/afb27d02c97db53f/out -L dependency=/opt/rustwide/target/debug/build/slotmap/39be1b079d525159/out -L dependency=/opt/rustwide/target/debug/build/smallvec/26ff5af06145dc1e/out -L dependency=/opt/rustwide/target/debug/build/smithay-client-toolkit/93fcfcce4448967c/out -L dependency=/opt/rustwide/target/debug/build/spirv/0373a8e826429763/out -L dependency=/opt/rustwide/target/debug/build/static_assertions/f0217ecdd817a834/out -L dependency=/opt/rustwide/target/debug/build/strict-num/67c340be368d92c6/out -L dependency=/opt/rustwide/target/debug/build/termcolor/a5251b019e6ea81a/out -L dependency=/opt/rustwide/target/debug/build/thiserror-impl/cf449b751d4aaf1b/out -L dependency=/opt/rustwide/target/debug/build/thiserror/32b1e653afce75b3/out -L dependency=/opt/rustwide/target/debug/build/tiny-skia-path/3bdfebb48a3f7715/out -L dependency=/opt/rustwide/target/debug/build/tiny-skia/94c3e7d271be5bc7/out -L dependency=/opt/rustwide/target/debug/build/ttf-parser/508a7ac76e89b885/out -L dependency=/opt/rustwide/target/debug/build/ttf-parser/c33e73a76335971b/out -L dependency=/opt/rustwide/target/debug/build/unicode-width/e6feeb9daa4fd470/out -L dependency=/opt/rustwide/target/debug/build/unicode-xid/0488fac86b109842/out -L dependency=/opt/rustwide/target/debug/build/vec_map/75126d96f8392bf4/out -L dependency=/opt/rustwide/target/debug/build/vger/2dc04baa0856a2fc/out -L dependency=/opt/rustwide/target/debug/build/wayland-client/5395b1e2575318d2/out -L dependency=/opt/rustwide/target/debug/build/wayland-commons/0971d7db6dfebf0f/out -L dependency=/opt/rustwide/target/debug/build/wayland-cursor/5e2edce44714438f/out -L dependency=/opt/rustwide/target/debug/build/wayland-protocols/b57b85cd5c69510c/out -L dependency=/opt/rustwide/target/debug/build/wayland-sys/0e549d7f4237f2d5/out -L dependency=/opt/rustwide/target/debug/build/wgpu-core/5762c3c18e2c3c08/out -L dependency=/opt/rustwide/target/debug/build/wgpu-hal/7c0a3acd7fc4d600/out -L dependency=/opt/rustwide/target/debug/build/wgpu-types/bfebae229e0edb8f/out -L dependency=/opt/rustwide/target/debug/build/wgpu/cf8d57b27135a5c0/out -L dependency=/opt/rustwide/target/debug/build/winit/6fcae857ebabda7e/out -L dependency=/opt/rustwide/target/debug/build/x11-dl/c97a976fecfcbb8b/out -L dependency=/opt/rustwide/target/debug/build/xcursor/f5efd5b8ed86849c/out --extern accesskit=/opt/rustwide/target/debug/build/accesskit/a4a20c1bd73e407e/out/libaccesskit-a4a20c1bd73e407e.rlib --extern euclid=/opt/rustwide/target/debug/build/euclid/42511a740fa9a6cc/out/libeuclid-42511a740fa9a6cc.rlib --extern futures=/opt/rustwide/target/debug/build/futures/e8ecc7f623774dd8/out/libfutures-e8ecc7f623774dd8.rlib --extern lazy_static=/opt/rustwide/target/debug/build/lazy_static/af860367908b8176/out/liblazy_static-af860367908b8176.rlib --extern rui=/opt/rustwide/target/debug/build/rui/15e7bc55808e2d7c/out/librui-15e7bc55808e2d7c.rlib --extern vger=/opt/rustwide/target/debug/build/vger/2dc04baa0856a2fc/out/libvger-2dc04baa0856a2fc.rlib --extern wgpu=/opt/rustwide/target/debug/build/wgpu/cf8d57b27135a5c0/out/libwgpu-cf8d57b27135a5c0.rlib --extern winit=/opt/rustwide/target/debug/build/winit/6fcae857ebabda7e/out/libwinit-6fcae857ebabda7e.rlib --cap-lints=warn --force-warn=unused_crate_dependencies` (signal: 9, SIGKILL: kill)
[INFO] [stderr] error: could not compile `rui` (example "async")
[INFO] [stderr] 
[INFO] [stderr] Caused by:
[INFO] [stderr]   process didn't exit successfully: `/opt/rustwide/rustup-home/toolchains/1.100.0-beta.1-x86_64-unknown-linux-gnu/bin/rustc --crate-name async --edition=2018 examples/async.rs --error-format=json --json=diagnostic-rendered-ansi,artifacts,future-incompat,unused-externs-silent --crate-type bin --emit=dep-info,link -C embed-bitcode=no -C debuginfo=2 --cfg 'feature="default"' --cfg 'feature="winit"' --check-cfg 'cfg(docsrs,test)' --check-cfg 'cfg(feature, values("default", "winit"))' -C metadata=d26ab74373d4dc01 --out-dir /opt/rustwide/target/debug/build/rui/5a217ae3fddc0ab5/out -L dependency=/opt/rustwide/target/debug/build/ab_glyph/c2b663038c22a93d/out -L dependency=/opt/rustwide/target/debug/build/ab_glyph_rasterizer/251d33ea7b24466b/out -L dependency=/opt/rustwide/target/debug/build/accesskit/a4a20c1bd73e407e/out -L dependency=/opt/rustwide/target/debug/build/adler/8a8ce72c9fb247b6/out -L dependency=/opt/rustwide/target/debug/build/ahash/4fbaa0b170375dc1/out -L dependency=/opt/rustwide/target/debug/build/arrayref/25c9fb6ef5409f9c/out -L dependency=/opt/rustwide/target/debug/build/arrayvec/324bee7ec07e0504/out -L dependency=/opt/rustwide/target/debug/build/ash/9687ecd9da1e07ca/out -L dependency=/opt/rustwide/target/debug/build/bit-set/143219562867a8de/out -L dependency=/opt/rustwide/target/debug/build/bit-vec/1484b09fcc589a29/out -L dependency=/opt/rustwide/target/debug/build/bitflags/651f32905c9eab31/out -L dependency=/opt/rustwide/target/debug/build/bitflags/dde12b0d7d495b50/out -L dependency=/opt/rustwide/target/debug/build/bytemuck/890d8a6ca09215dc/out -L dependency=/opt/rustwide/target/debug/build/calloop/bded45cffaae1676/out -L dependency=/opt/rustwide/target/debug/build/cfg-if/3e7fc4e38d4a72b5/out -L dependency=/opt/rustwide/target/debug/build/codespan-reporting/556c4bf2a4321fd3/out -L dependency=/opt/rustwide/target/debug/build/crc32fast/b1b13fb2b4f6e9b8/out -L dependency=/opt/rustwide/target/debug/build/cty/bf0a8fc628231ea7/out -L dependency=/opt/rustwide/target/debug/build/dlib/e6c1d4c4c82a2272/out -L dependency=/opt/rustwide/target/debug/build/downcast-rs/d33906d24142a297/out -L dependency=/opt/rustwide/target/debug/build/euclid/42511a740fa9a6cc/out -L dependency=/opt/rustwide/target/debug/build/flate2/662fbe7caf2e9096/out -L dependency=/opt/rustwide/target/debug/build/fontdue/0432b6b495942b85/out -L dependency=/opt/rustwide/target/debug/build/futures-channel/1fa7e39a8f051f03/out -L dependency=/opt/rustwide/target/debug/build/futures-core/c367463fecfb90d9/out -L dependency=/opt/rustwide/target/debug/build/futures-executor/2610fc2931e0c268/out -L dependency=/opt/rustwide/target/debug/build/futures-io/ed0ea4331398303c/out -L dependency=/opt/rustwide/target/debug/build/futures-macro/902c2dca5ec32dd1/out -L dependency=/opt/rustwide/target/debug/build/futures-sink/d17bea32e522d457/out -L dependency=/opt/rustwide/target/debug/build/futures-task/bec385733ed1b73d/out -L dependency=/opt/rustwide/target/debug/build/futures-util/b3b037c531c2537f/out -L dependency=/opt/rustwide/target/debug/build/futures/e8ecc7f623774dd8/out -L dependency=/opt/rustwide/target/debug/build/getrandom/94f4d42b3360277b/out -L dependency=/opt/rustwide/target/debug/build/glow/5d00420cb824666e/out -L dependency=/opt/rustwide/target/debug/build/gpu-alloc-types/e946f51c51127266/out -L dependency=/opt/rustwide/target/debug/build/gpu-alloc/3546566569fcca64/out -L dependency=/opt/rustwide/target/debug/build/gpu-descriptor-types/b5811168c1556395/out -L dependency=/opt/rustwide/target/debug/build/gpu-descriptor/81118c32c2b1a955/out -L dependency=/opt/rustwide/target/debug/build/hashbrown/17436c2e188428e2/out -L dependency=/opt/rustwide/target/debug/build/hashbrown/69c625b87a80ef77/out -L dependency=/opt/rustwide/target/debug/build/hexf-parse/72d4824186d79465/out -L dependency=/opt/rustwide/target/debug/build/indexmap/64a65e6f0f69ea96/out -L dependency=/opt/rustwide/target/debug/build/instant/a3f719cec2cb9298/out -L dependency=/opt/rustwide/target/debug/build/khronos-egl/7d56338bea513306/out -L dependency=/opt/rustwide/target/debug/build/lazy_static/af860367908b8176/out -L dependency=/opt/rustwide/target/debug/build/libc/7cc9d2450ccf8437/out -L dependency=/opt/rustwide/target/debug/build/libloading/3000dcbd8e9c946a/out -L dependency=/opt/rustwide/target/debug/build/libloading/439a8a51fa0242c9/out -L dependency=/opt/rustwide/target/debug/build/lock_api/b8a33d985491ef6f/out -L dependency=/opt/rustwide/target/debug/build/log/d31671b75f3392bc/out -L dependency=/opt/rustwide/target/debug/build/memchr/3d0ec59241a02054/out -L dependency=/opt/rustwide/target/debug/build/memmap2/c83924c213427a6b/out -L dependency=/opt/rustwide/target/debug/build/memoffset/a572a9bbfa5c97e7/out -L dependency=/opt/rustwide/target/debug/build/minimal-lexical/2a330914b63d672a/out -L dependency=/opt/rustwide/target/debug/build/miniz_oxide/d17addcf00787734/out -L dependency=/opt/rustwide/target/debug/build/mio/291c74266176e79c/out -L dependency=/opt/rustwide/target/debug/build/naga/55d2c3ec655c5c58/out -L dependency=/opt/rustwide/target/debug/build/nix/3cbe84ae6ecb5a0e/out -L dependency=/opt/rustwide/target/debug/build/nix/e00db06ef5a9a442/out -L dependency=/opt/rustwide/target/debug/build/nom/ddcb5865633a6f40/out -L dependency=/opt/rustwide/target/debug/build/num-traits/7b0ccfe1b2dbfa42/out -L dependency=/opt/rustwide/target/debug/build/once_cell/d2ec766eecdc7a51/out -L dependency=/opt/rustwide/target/debug/build/owned_ttf_parser/046ea4dc1bfdf1fb/out -L dependency=/opt/rustwide/target/debug/build/parking_lot/692758a63bc22e59/out -L dependency=/opt/rustwide/target/debug/build/parking_lot_core/03d79e533e4c1f38/out -L dependency=/opt/rustwide/target/debug/build/percent-encoding/bf512ecf668f0e68/out -L dependency=/opt/rustwide/target/debug/build/pin-project-lite/6df6c214457c8ca7/out -L dependency=/opt/rustwide/target/debug/build/pin-utils/3860774ad9b215b5/out -L dependency=/opt/rustwide/target/debug/build/png/a84c6e53346e9fdb/out -L dependency=/opt/rustwide/target/debug/build/profiling/853c377be365507e/out -L dependency=/opt/rustwide/target/debug/build/raw-window-handle/577511740fd28c96/out -L dependency=/opt/rustwide/target/debug/build/rect_packer/ee698bb1f6db6021/out -L dependency=/opt/rustwide/target/debug/build/renderdoc-sys/d2016b251c6fb714/out -L dependency=/opt/rustwide/target/debug/build/rustc-hash/d7c4a66f98a2548f/out -L dependency=/opt/rustwide/target/debug/build/scoped-tls/ddc34d439339bb5f/out -L dependency=/opt/rustwide/target/debug/build/scopeguard/e318caba69bf687f/out -L dependency=/opt/rustwide/target/debug/build/sctk-adwaita/18d85c6c853b9073/out -L dependency=/opt/rustwide/target/debug/build/slab/afb27d02c97db53f/out -L dependency=/opt/rustwide/target/debug/build/slotmap/39be1b079d525159/out -L dependency=/opt/rustwide/target/debug/build/smallvec/26ff5af06145dc1e/out -L dependency=/opt/rustwide/target/debug/build/smithay-client-toolkit/93fcfcce4448967c/out -L dependency=/opt/rustwide/target/debug/build/spirv/0373a8e826429763/out -L dependency=/opt/rustwide/target/debug/build/static_assertions/f0217ecdd817a834/out -L dependency=/opt/rustwide/target/debug/build/strict-num/67c340be368d92c6/out -L dependency=/opt/rustwide/target/debug/build/termcolor/a5251b019e6ea81a/out -L dependency=/opt/rustwide/target/debug/build/thiserror-impl/cf449b751d4aaf1b/out -L dependency=/opt/rustwide/target/debug/build/thiserror/32b1e653afce75b3/out -L dependency=/opt/rustwide/target/debug/build/tiny-skia-path/3bdfebb48a3f7715/out -L dependency=/opt/rustwide/target/debug/build/tiny-skia/94c3e7d271be5bc7/out -L dependency=/opt/rustwide/target/debug/build/ttf-parser/508a7ac76e89b885/out -L dependency=/opt/rustwide/target/debug/build/ttf-parser/c33e73a76335971b/out -L dependency=/opt/rustwide/target/debug/build/unicode-width/e6feeb9daa4fd470/out -L dependency=/opt/rustwide/target/debug/build/unicode-xid/0488fac86b109842/out -L dependency=/opt/rustwide/target/debug/build/vec_map/75126d96f8392bf4/out -L dependency=/opt/rustwide/target/debug/build/vger/2dc04baa0856a2fc/out -L dependency=/opt/rustwide/target/debug/build/wayland-client/5395b1e2575318d2/out -L dependency=/opt/rustwide/target/debug/build/wayland-commons/0971d7db6dfebf0f/out -L dependency=/opt/rustwide/target/debug/build/wayland-cursor/5e2edce44714438f/out -L dependency=/opt/rustwide/target/debug/build/wayland-protocols/b57b85cd5c69510c/out -L dependency=/opt/rustwide/target/debug/build/wayland-sys/0e549d7f4237f2d5/out -L dependency=/opt/rustwide/target/debug/build/wgpu-core/5762c3c18e2c3c08/out -L dependency=/opt/rustwide/target/debug/build/wgpu-hal/7c0a3acd7fc4d600/out -L dependency=/opt/rustwide/target/debug/build/wgpu-types/bfebae229e0edb8f/out -L dependency=/opt/rustwide/target/debug/build/wgpu/cf8d57b27135a5c0/out -L dependency=/opt/rustwide/target/debug/build/winit/6fcae857ebabda7e/out -L dependency=/opt/rustwide/target/debug/build/x11-dl/c97a976fecfcbb8b/out -L dependency=/opt/rustwide/target/debug/build/xcursor/f5efd5b8ed86849c/out --extern accesskit=/opt/rustwide/target/debug/build/accesskit/a4a20c1bd73e407e/out/libaccesskit-a4a20c1bd73e407e.rlib --extern euclid=/opt/rustwide/target/debug/build/euclid/42511a740fa9a6cc/out/libeuclid-42511a740fa9a6cc.rlib --extern futures=/opt/rustwide/target/debug/build/futures/e8ecc7f623774dd8/out/libfutures-e8ecc7f623774dd8.rlib --extern lazy_static=/opt/rustwide/target/debug/build/lazy_static/af860367908b8176/out/liblazy_static-af860367908b8176.rlib --extern rui=/opt/rustwide/target/debug/build/rui/15e7bc55808e2d7c/out/librui-15e7bc55808e2d7c.rlib --extern vger=/opt/rustwide/target/debug/build/vger/2dc04baa0856a2fc/out/libvger-2dc04baa0856a2fc.rlib --extern wgpu=/opt/rustwide/target/debug/build/wgpu/cf8d57b27135a5c0/out/libwgpu-cf8d57b27135a5c0.rlib --extern winit=/opt/rustwide/target/debug/build/winit/6fcae857ebabda7e/out/libwinit-6fcae857ebabda7e.rlib --cap-lints=warn --force-warn=unused_crate_dependencies` (signal: 9, SIGKILL: kill)
[INFO] [stderr] error: could not compile `rui` (example "text_editor")
[INFO] [stderr] 
[INFO] [stderr] Caused by:
[INFO] [stderr]   process didn't exit successfully: `/opt/rustwide/rustup-home/toolchains/1.100.0-beta.1-x86_64-unknown-linux-gnu/bin/rustc --crate-name text_editor --edition=2018 examples/text_editor.rs --error-format=json --json=diagnostic-rendered-ansi,artifacts,future-incompat,unused-externs-silent --crate-type bin --emit=dep-info,link -C embed-bitcode=no -C debuginfo=2 --cfg 'feature="default"' --cfg 'feature="winit"' --check-cfg 'cfg(docsrs,test)' --check-cfg 'cfg(feature, values("default", "winit"))' -C metadata=0d6b1acf14bd1ea6 --out-dir /opt/rustwide/target/debug/build/rui/cddc1b735aee63f3/out -L dependency=/opt/rustwide/target/debug/build/ab_glyph/c2b663038c22a93d/out -L dependency=/opt/rustwide/target/debug/build/ab_glyph_rasterizer/251d33ea7b24466b/out -L dependency=/opt/rustwide/target/debug/build/accesskit/a4a20c1bd73e407e/out -L dependency=/opt/rustwide/target/debug/build/adler/8a8ce72c9fb247b6/out -L dependency=/opt/rustwide/target/debug/build/ahash/4fbaa0b170375dc1/out -L dependency=/opt/rustwide/target/debug/build/arrayref/25c9fb6ef5409f9c/out -L dependency=/opt/rustwide/target/debug/build/arrayvec/324bee7ec07e0504/out -L dependency=/opt/rustwide/target/debug/build/ash/9687ecd9da1e07ca/out -L dependency=/opt/rustwide/target/debug/build/bit-set/143219562867a8de/out -L dependency=/opt/rustwide/target/debug/build/bit-vec/1484b09fcc589a29/out -L dependency=/opt/rustwide/target/debug/build/bitflags/651f32905c9eab31/out -L dependency=/opt/rustwide/target/debug/build/bitflags/dde12b0d7d495b50/out -L dependency=/opt/rustwide/target/debug/build/bytemuck/890d8a6ca09215dc/out -L dependency=/opt/rustwide/target/debug/build/calloop/bded45cffaae1676/out -L dependency=/opt/rustwide/target/debug/build/cfg-if/3e7fc4e38d4a72b5/out -L dependency=/opt/rustwide/target/debug/build/codespan-reporting/556c4bf2a4321fd3/out -L dependency=/opt/rustwide/target/debug/build/crc32fast/b1b13fb2b4f6e9b8/out -L dependency=/opt/rustwide/target/debug/build/cty/bf0a8fc628231ea7/out -L dependency=/opt/rustwide/target/debug/build/dlib/e6c1d4c4c82a2272/out -L dependency=/opt/rustwide/target/debug/build/downcast-rs/d33906d24142a297/out -L dependency=/opt/rustwide/target/debug/build/euclid/42511a740fa9a6cc/out -L dependency=/opt/rustwide/target/debug/build/flate2/662fbe7caf2e9096/out -L dependency=/opt/rustwide/target/debug/build/fontdue/0432b6b495942b85/out -L dependency=/opt/rustwide/target/debug/build/futures-channel/1fa7e39a8f051f03/out -L dependency=/opt/rustwide/target/debug/build/futures-core/c367463fecfb90d9/out -L dependency=/opt/rustwide/target/debug/build/futures-executor/2610fc2931e0c268/out -L dependency=/opt/rustwide/target/debug/build/futures-io/ed0ea4331398303c/out -L dependency=/opt/rustwide/target/debug/build/futures-macro/902c2dca5ec32dd1/out -L dependency=/opt/rustwide/target/debug/build/futures-sink/d17bea32e522d457/out -L dependency=/opt/rustwide/target/debug/build/futures-task/bec385733ed1b73d/out -L dependency=/opt/rustwide/target/debug/build/futures-util/b3b037c531c2537f/out -L dependency=/opt/rustwide/target/debug/build/futures/e8ecc7f623774dd8/out -L dependency=/opt/rustwide/target/debug/build/getrandom/94f4d42b3360277b/out -L dependency=/opt/rustwide/target/debug/build/glow/5d00420cb824666e/out -L dependency=/opt/rustwide/target/debug/build/gpu-alloc-types/e946f51c51127266/out -L dependency=/opt/rustwide/target/debug/build/gpu-alloc/3546566569fcca64/out -L dependency=/opt/rustwide/target/debug/build/gpu-descriptor-types/b5811168c1556395/out -L dependency=/opt/rustwide/target/debug/build/gpu-descriptor/81118c32c2b1a955/out -L dependency=/opt/rustwide/target/debug/build/hashbrown/17436c2e188428e2/out -L dependency=/opt/rustwide/target/debug/build/hashbrown/69c625b87a80ef77/out -L dependency=/opt/rustwide/target/debug/build/hexf-parse/72d4824186d79465/out -L dependency=/opt/rustwide/target/debug/build/indexmap/64a65e6f0f69ea96/out -L dependency=/opt/rustwide/target/debug/build/instant/a3f719cec2cb9298/out -L dependency=/opt/rustwide/target/debug/build/khronos-egl/7d56338bea513306/out -L dependency=/opt/rustwide/target/debug/build/lazy_static/af860367908b8176/out -L dependency=/opt/rustwide/target/debug/build/libc/7cc9d2450ccf8437/out -L dependency=/opt/rustwide/target/debug/build/libloading/3000dcbd8e9c946a/out -L dependency=/opt/rustwide/target/debug/build/libloading/439a8a51fa0242c9/out -L dependency=/opt/rustwide/target/debug/build/lock_api/b8a33d985491ef6f/out -L dependency=/opt/rustwide/target/debug/build/log/d31671b75f3392bc/out -L dependency=/opt/rustwide/target/debug/build/memchr/3d0ec59241a02054/out -L dependency=/opt/rustwide/target/debug/build/memmap2/c83924c213427a6b/out -L dependency=/opt/rustwide/target/debug/build/memoffset/a572a9bbfa5c97e7/out -L dependency=/opt/rustwide/target/debug/build/minimal-lexical/2a330914b63d672a/out -L dependency=/opt/rustwide/target/debug/build/miniz_oxide/d17addcf00787734/out -L dependency=/opt/rustwide/target/debug/build/mio/291c74266176e79c/out -L dependency=/opt/rustwide/target/debug/build/naga/55d2c3ec655c5c58/out -L dependency=/opt/rustwide/target/debug/build/nix/3cbe84ae6ecb5a0e/out -L dependency=/opt/rustwide/target/debug/build/nix/e00db06ef5a9a442/out -L dependency=/opt/rustwide/target/debug/build/nom/ddcb5865633a6f40/out -L dependency=/opt/rustwide/target/debug/build/num-traits/7b0ccfe1b2dbfa42/out -L dependency=/opt/rustwide/target/debug/build/once_cell/d2ec766eecdc7a51/out -L dependency=/opt/rustwide/target/debug/build/owned_ttf_parser/046ea4dc1bfdf1fb/out -L dependency=/opt/rustwide/target/debug/build/parking_lot/692758a63bc22e59/out -L dependency=/opt/rustwide/target/debug/build/parking_lot_core/03d79e533e4c1f38/out -L dependency=/opt/rustwide/target/debug/build/percent-encoding/bf512ecf668f0e68/out -L dependency=/opt/rustwide/target/debug/build/pin-project-lite/6df6c214457c8ca7/out -L dependency=/opt/rustwide/target/debug/build/pin-utils/3860774ad9b215b5/out -L dependency=/opt/rustwide/target/debug/build/png/a84c6e53346e9fdb/out -L dependency=/opt/rustwide/target/debug/build/profiling/853c377be365507e/out -L dependency=/opt/rustwide/target/debug/build/raw-window-handle/577511740fd28c96/out -L dependency=/opt/rustwide/target/debug/build/rect_packer/ee698bb1f6db6021/out -L dependency=/opt/rustwide/target/debug/build/renderdoc-sys/d2016b251c6fb714/out -L dependency=/opt/rustwide/target/debug/build/rustc-hash/d7c4a66f98a2548f/out -L dependency=/opt/rustwide/target/debug/build/scoped-tls/ddc34d439339bb5f/out -L dependency=/opt/rustwide/target/debug/build/scopeguard/e318caba69bf687f/out -L dependency=/opt/rustwide/target/debug/build/sctk-adwaita/18d85c6c853b9073/out -L dependency=/opt/rustwide/target/debug/build/slab/afb27d02c97db53f/out -L dependency=/opt/rustwide/target/debug/build/slotmap/39be1b079d525159/out -L dependency=/opt/rustwide/target/debug/build/smallvec/26ff5af06145dc1e/out -L dependency=/opt/rustwide/target/debug/build/smithay-client-toolkit/93fcfcce4448967c/out -L dependency=/opt/rustwide/target/debug/build/spirv/0373a8e826429763/out -L dependency=/opt/rustwide/target/debug/build/static_assertions/f0217ecdd817a834/out -L dependency=/opt/rustwide/target/debug/build/strict-num/67c340be368d92c6/out -L dependency=/opt/rustwide/target/debug/build/termcolor/a5251b019e6ea81a/out -L dependency=/opt/rustwide/target/debug/build/thiserror-impl/cf449b751d4aaf1b/out -L dependency=/opt/rustwide/target/debug/build/thiserror/32b1e653afce75b3/out -L dependency=/opt/rustwide/target/debug/build/tiny-skia-path/3bdfebb48a3f7715/out -L dependency=/opt/rustwide/target/debug/build/tiny-skia/94c3e7d271be5bc7/out -L dependency=/opt/rustwide/target/debug/build/ttf-parser/508a7ac76e89b885/out -L dependency=/opt/rustwide/target/debug/build/ttf-parser/c33e73a76335971b/out -L dependency=/opt/rustwide/target/debug/build/unicode-width/e6feeb9daa4fd470/out -L dependency=/opt/rustwide/target/debug/build/unicode-xid/0488fac86b109842/out -L dependency=/opt/rustwide/target/debug/build/vec_map/75126d96f8392bf4/out -L dependency=/opt/rustwide/target/debug/build/vger/2dc04baa0856a2fc/out -L dependency=/opt/rustwide/target/debug/build/wayland-client/5395b1e2575318d2/out -L dependency=/opt/rustwide/target/debug/build/wayland-commons/0971d7db6dfebf0f/out -L dependency=/opt/rustwide/target/debug/build/wayland-cursor/5e2edce44714438f/out -L dependency=/opt/rustwide/target/debug/build/wayland-protocols/b57b85cd5c69510c/out -L dependency=/opt/rustwide/target/debug/build/wayland-sys/0e549d7f4237f2d5/out -L dependency=/opt/rustwide/target/debug/build/wgpu-core/5762c3c18e2c3c08/out -L dependency=/opt/rustwide/target/debug/build/wgpu-hal/7c0a3acd7fc4d600/out -L dependency=/opt/rustwide/target/debug/build/wgpu-types/bfebae229e0edb8f/out -L dependency=/opt/rustwide/target/debug/build/wgpu/cf8d57b27135a5c0/out -L dependency=/opt/rustwide/target/debug/build/winit/6fcae857ebabda7e/out -L dependency=/opt/rustwide/target/debug/build/x11-dl/c97a976fecfcbb8b/out -L dependency=/opt/rustwide/target/debug/build/xcursor/f5efd5b8ed86849c/out --extern accesskit=/opt/rustwide/target/debug/build/accesskit/a4a20c1bd73e407e/out/libaccesskit-a4a20c1bd73e407e.rlib --extern euclid=/opt/rustwide/target/debug/build/euclid/42511a740fa9a6cc/out/libeuclid-42511a740fa9a6cc.rlib --extern futures=/opt/rustwide/target/debug/build/futures/e8ecc7f623774dd8/out/libfutures-e8ecc7f623774dd8.rlib --extern lazy_static=/opt/rustwide/target/debug/build/lazy_static/af860367908b8176/out/liblazy_static-af860367908b8176.rlib --extern rui=/opt/rustwide/target/debug/build/rui/15e7bc55808e2d7c/out/librui-15e7bc55808e2d7c.rlib --extern vger=/opt/rustwide/target/debug/build/vger/2dc04baa0856a2fc/out/libvger-2dc04baa0856a2fc.rlib --extern wgpu=/opt/rustwide/target/debug/build/wgpu/cf8d57b27135a5c0/out/libwgpu-cf8d57b27135a5c0.rlib --extern winit=/opt/rustwide/target/debug/build/winit/6fcae857ebabda7e/out/libwinit-6fcae857ebabda7e.rlib --cap-lints=warn --force-warn=unused_crate_dependencies` (signal: 9, SIGKILL: kill)
[INFO] [stderr] error: could not compile `rui` (example "canvas")
[INFO] [stderr] 
[INFO] [stderr] Caused by:
[INFO] [stderr]   process didn't exit successfully: `/opt/rustwide/rustup-home/toolchains/1.100.0-beta.1-x86_64-unknown-linux-gnu/bin/rustc --crate-name canvas --edition=2018 examples/canvas.rs --error-format=json --json=diagnostic-rendered-ansi,artifacts,future-incompat,unused-externs-silent --crate-type bin --emit=dep-info,link -C embed-bitcode=no -C debuginfo=2 --cfg 'feature="default"' --cfg 'feature="winit"' --check-cfg 'cfg(docsrs,test)' --check-cfg 'cfg(feature, values("default", "winit"))' -C metadata=f25b3c9438a392fd --out-dir /opt/rustwide/target/debug/build/rui/1ec664fbb60f2c0f/out -L dependency=/opt/rustwide/target/debug/build/ab_glyph/c2b663038c22a93d/out -L dependency=/opt/rustwide/target/debug/build/ab_glyph_rasterizer/251d33ea7b24466b/out -L dependency=/opt/rustwide/target/debug/build/accesskit/a4a20c1bd73e407e/out -L dependency=/opt/rustwide/target/debug/build/adler/8a8ce72c9fb247b6/out -L dependency=/opt/rustwide/target/debug/build/ahash/4fbaa0b170375dc1/out -L dependency=/opt/rustwide/target/debug/build/arrayref/25c9fb6ef5409f9c/out -L dependency=/opt/rustwide/target/debug/build/arrayvec/324bee7ec07e0504/out -L dependency=/opt/rustwide/target/debug/build/ash/9687ecd9da1e07ca/out -L dependency=/opt/rustwide/target/debug/build/bit-set/143219562867a8de/out -L dependency=/opt/rustwide/target/debug/build/bit-vec/1484b09fcc589a29/out -L dependency=/opt/rustwide/target/debug/build/bitflags/651f32905c9eab31/out -L dependency=/opt/rustwide/target/debug/build/bitflags/dde12b0d7d495b50/out -L dependency=/opt/rustwide/target/debug/build/bytemuck/890d8a6ca09215dc/out -L dependency=/opt/rustwide/target/debug/build/calloop/bded45cffaae1676/out -L dependency=/opt/rustwide/target/debug/build/cfg-if/3e7fc4e38d4a72b5/out -L dependency=/opt/rustwide/target/debug/build/codespan-reporting/556c4bf2a4321fd3/out -L dependency=/opt/rustwide/target/debug/build/crc32fast/b1b13fb2b4f6e9b8/out -L dependency=/opt/rustwide/target/debug/build/cty/bf0a8fc628231ea7/out -L dependency=/opt/rustwide/target/debug/build/dlib/e6c1d4c4c82a2272/out -L dependency=/opt/rustwide/target/debug/build/downcast-rs/d33906d24142a297/out -L dependency=/opt/rustwide/target/debug/build/euclid/42511a740fa9a6cc/out -L dependency=/opt/rustwide/target/debug/build/flate2/662fbe7caf2e9096/out -L dependency=/opt/rustwide/target/debug/build/fontdue/0432b6b495942b85/out -L dependency=/opt/rustwide/target/debug/build/futures-channel/1fa7e39a8f051f03/out -L dependency=/opt/rustwide/target/debug/build/futures-core/c367463fecfb90d9/out -L dependency=/opt/rustwide/target/debug/build/futures-executor/2610fc2931e0c268/out -L dependency=/opt/rustwide/target/debug/build/futures-io/ed0ea4331398303c/out -L dependency=/opt/rustwide/target/debug/build/futures-macro/902c2dca5ec32dd1/out -L dependency=/opt/rustwide/target/debug/build/futures-sink/d17bea32e522d457/out -L dependency=/opt/rustwide/target/debug/build/futures-task/bec385733ed1b73d/out -L dependency=/opt/rustwide/target/debug/build/futures-util/b3b037c531c2537f/out -L dependency=/opt/rustwide/target/debug/build/futures/e8ecc7f623774dd8/out -L dependency=/opt/rustwide/target/debug/build/getrandom/94f4d42b3360277b/out -L dependency=/opt/rustwide/target/debug/build/glow/5d00420cb824666e/out -L dependency=/opt/rustwide/target/debug/build/gpu-alloc-types/e946f51c51127266/out -L dependency=/opt/rustwide/target/debug/build/gpu-alloc/3546566569fcca64/out -L dependency=/opt/rustwide/target/debug/build/gpu-descriptor-types/b5811168c1556395/out -L dependency=/opt/rustwide/target/debug/build/gpu-descriptor/81118c32c2b1a955/out -L dependency=/opt/rustwide/target/debug/build/hashbrown/17436c2e188428e2/out -L dependency=/opt/rustwide/target/debug/build/hashbrown/69c625b87a80ef77/out -L dependency=/opt/rustwide/target/debug/build/hexf-parse/72d4824186d79465/out -L dependency=/opt/rustwide/target/debug/build/indexmap/64a65e6f0f69ea96/out -L dependency=/opt/rustwide/target/debug/build/instant/a3f719cec2cb9298/out -L dependency=/opt/rustwide/target/debug/build/khronos-egl/7d56338bea513306/out -L dependency=/opt/rustwide/target/debug/build/lazy_static/af860367908b8176/out -L dependency=/opt/rustwide/target/debug/build/libc/7cc9d2450ccf8437/out -L dependency=/opt/rustwide/target/debug/build/libloading/3000dcbd8e9c946a/out -L dependency=/opt/rustwide/target/debug/build/libloading/439a8a51fa0242c9/out -L dependency=/opt/rustwide/target/debug/build/lock_api/b8a33d985491ef6f/out -L dependency=/opt/rustwide/target/debug/build/log/d31671b75f3392bc/out -L dependency=/opt/rustwide/target/debug/build/memchr/3d0ec59241a02054/out -L dependency=/opt/rustwide/target/debug/build/memmap2/c83924c213427a6b/out -L dependency=/opt/rustwide/target/debug/build/memoffset/a572a9bbfa5c97e7/out -L dependency=/opt/rustwide/target/debug/build/minimal-lexical/2a330914b63d672a/out -L dependency=/opt/rustwide/target/debug/build/miniz_oxide/d17addcf00787734/out -L dependency=/opt/rustwide/target/debug/build/mio/291c74266176e79c/out -L dependency=/opt/rustwide/target/debug/build/naga/55d2c3ec655c5c58/out -L dependency=/opt/rustwide/target/debug/build/nix/3cbe84ae6ecb5a0e/out -L dependency=/opt/rustwide/target/debug/build/nix/e00db06ef5a9a442/out -L dependency=/opt/rustwide/target/debug/build/nom/ddcb5865633a6f40/out -L dependency=/opt/rustwide/target/debug/build/num-traits/7b0ccfe1b2dbfa42/out -L dependency=/opt/rustwide/target/debug/build/once_cell/d2ec766eecdc7a51/out -L dependency=/opt/rustwide/target/debug/build/owned_ttf_parser/046ea4dc1bfdf1fb/out -L dependency=/opt/rustwide/target/debug/build/parking_lot/692758a63bc22e59/out -L dependency=/opt/rustwide/target/debug/build/parking_lot_core/03d79e533e4c1f38/out -L dependency=/opt/rustwide/target/debug/build/percent-encoding/bf512ecf668f0e68/out -L dependency=/opt/rustwide/target/debug/build/pin-project-lite/6df6c214457c8ca7/out -L dependency=/opt/rustwide/target/debug/build/pin-utils/3860774ad9b215b5/out -L dependency=/opt/rustwide/target/debug/build/png/a84c6e53346e9fdb/out -L dependency=/opt/rustwide/target/debug/build/profiling/853c377be365507e/out -L dependency=/opt/rustwide/target/debug/build/raw-window-handle/577511740fd28c96/out -L dependency=/opt/rustwide/target/debug/build/rect_packer/ee698bb1f6db6021/out -L dependency=/opt/rustwide/target/debug/build/renderdoc-sys/d2016b251c6fb714/out -L dependency=/opt/rustwide/target/debug/build/rustc-hash/d7c4a66f98a2548f/out -L dependency=/opt/rustwide/target/debug/build/scoped-tls/ddc34d439339bb5f/out -L dependency=/opt/rustwide/target/debug/build/scopeguard/e318caba69bf687f/out -L dependency=/opt/rustwide/target/debug/build/sctk-adwaita/18d85c6c853b9073/out -L dependency=/opt/rustwide/target/debug/build/slab/afb27d02c97db53f/out -L dependency=/opt/rustwide/target/debug/build/slotmap/39be1b079d525159/out -L dependency=/opt/rustwide/target/debug/build/smallvec/26ff5af06145dc1e/out -L dependency=/opt/rustwide/target/debug/build/smithay-client-toolkit/93fcfcce4448967c/out -L dependency=/opt/rustwide/target/debug/build/spirv/0373a8e826429763/out -L dependency=/opt/rustwide/target/debug/build/static_assertions/f0217ecdd817a834/out -L dependency=/opt/rustwide/target/debug/build/strict-num/67c340be368d92c6/out -L dependency=/opt/rustwide/target/debug/build/termcolor/a5251b019e6ea81a/out -L dependency=/opt/rustwide/target/debug/build/thiserror-impl/cf449b751d4aaf1b/out -L dependency=/opt/rustwide/target/debug/build/thiserror/32b1e653afce75b3/out -L dependency=/opt/rustwide/target/debug/build/tiny-skia-path/3bdfebb48a3f7715/out -L dependency=/opt/rustwide/target/debug/build/tiny-skia/94c3e7d271be5bc7/out -L dependency=/opt/rustwide/target/debug/build/ttf-parser/508a7ac76e89b885/out -L dependency=/opt/rustwide/target/debug/build/ttf-parser/c33e73a76335971b/out -L dependency=/opt/rustwide/target/debug/build/unicode-width/e6feeb9daa4fd470/out -L dependency=/opt/rustwide/target/debug/build/unicode-xid/0488fac86b109842/out -L dependency=/opt/rustwide/target/debug/build/vec_map/75126d96f8392bf4/out -L dependency=/opt/rustwide/target/debug/build/vger/2dc04baa0856a2fc/out -L dependency=/opt/rustwide/target/debug/build/wayland-client/5395b1e2575318d2/out -L dependency=/opt/rustwide/target/debug/build/wayland-commons/0971d7db6dfebf0f/out -L dependency=/opt/rustwide/target/debug/build/wayland-cursor/5e2edce44714438f/out -L dependency=/opt/rustwide/target/debug/build/wayland-protocols/b57b85cd5c69510c/out -L dependency=/opt/rustwide/target/debug/build/wayland-sys/0e549d7f4237f2d5/out -L dependency=/opt/rustwide/target/debug/build/wgpu-core/5762c3c18e2c3c08/out -L dependency=/opt/rustwide/target/debug/build/wgpu-hal/7c0a3acd7fc4d600/out -L dependency=/opt/rustwide/target/debug/build/wgpu-types/bfebae229e0edb8f/out -L dependency=/opt/rustwide/target/debug/build/wgpu/cf8d57b27135a5c0/out -L dependency=/opt/rustwide/target/debug/build/winit/6fcae857ebabda7e/out -L dependency=/opt/rustwide/target/debug/build/x11-dl/c97a976fecfcbb8b/out -L dependency=/opt/rustwide/target/debug/build/xcursor/f5efd5b8ed86849c/out --extern accesskit=/opt/rustwide/target/debug/build/accesskit/a4a20c1bd73e407e/out/libaccesskit-a4a20c1bd73e407e.rlib --extern euclid=/opt/rustwide/target/debug/build/euclid/42511a740fa9a6cc/out/libeuclid-42511a740fa9a6cc.rlib --extern futures=/opt/rustwide/target/debug/build/futures/e8ecc7f623774dd8/out/libfutures-e8ecc7f623774dd8.rlib --extern lazy_static=/opt/rustwide/target/debug/build/lazy_static/af860367908b8176/out/liblazy_static-af860367908b8176.rlib --extern rui=/opt/rustwide/target/debug/build/rui/15e7bc55808e2d7c/out/librui-15e7bc55808e2d7c.rlib --extern vger=/opt/rustwide/target/debug/build/vger/2dc04baa0856a2fc/out/libvger-2dc04baa0856a2fc.rlib --extern wgpu=/opt/rustwide/target/debug/build/wgpu/cf8d57b27135a5c0/out/libwgpu-cf8d57b27135a5c0.rlib --extern winit=/opt/rustwide/target/debug/build/winit/6fcae857ebabda7e/out/libwinit-6fcae857ebabda7e.rlib --cap-lints=warn --force-warn=unused_crate_dependencies` (signal: 9, SIGKILL: kill)
[INFO] [stdout] error: linking with `cc` failed: exit status: 1
[INFO] [stdout]   |
[INFO] [stdout]   = note:  "cc" "-m64" "/opt/rustwide/target/debug/build/rui/98746aed1de47e46/out/rustcUCsyTP/symbols.o" "<17 object files omitted>" "-Wl,--as-needed" "-Wl,-Bstatic" "/opt/rustwide/target/debug/build/rui/15e7bc55808e2d7c/out/librui-15e7bc55808e2d7c.rlib" "/opt/rustwide/target/debug/build/winit/6fcae857ebabda7e/out/libwinit-6fcae857ebabda7e.rlib" "/opt/rustwide/target/debug/build/sctk-adwaita/18d85c6c853b9073/out/libsctk_adwaita-18d85c6c853b9073.rlib" "/opt/rustwide/target/debug/build/ab_glyph/c2b663038c22a93d/out/libab_glyph-c2b663038c22a93d.rlib" "/opt/rustwide/target/debug/build/owned_ttf_parser/046ea4dc1bfdf1fb/out/libowned_ttf_parser-046ea4dc1bfdf1fb.rlib" "/opt/rustwide/target/debug/build/ttf-parser/c33e73a76335971b/out/libttf_parser-c33e73a76335971b.rlib" "/opt/rustwide/target/debug/build/ab_glyph_rasterizer/251d33ea7b24466b/out/libab_glyph_rasterizer-251d33ea7b24466b.rlib" "/opt/rustwide/target/debug/build/tiny-skia/94c3e7d271be5bc7/out/libtiny_skia-94c3e7d271be5bc7.rlib" "/opt/rustwide/target/debug/build/png/a84c6e53346e9fdb/out/libpng-a84c6e53346e9fdb.rlib" "/opt/rustwide/target/debug/build/flate2/662fbe7caf2e9096/out/libflate2-662fbe7caf2e9096.rlib" "/opt/rustwide/target/debug/build/miniz_oxide/d17addcf00787734/out/libminiz_oxide-d17addcf00787734.rlib" "/opt/rustwide/target/debug/build/adler/8a8ce72c9fb247b6/out/libadler-8a8ce72c9fb247b6.rlib" "/opt/rustwide/target/debug/build/crc32fast/b1b13fb2b4f6e9b8/out/libcrc32fast-b1b13fb2b4f6e9b8.rlib" "/opt/rustwide/target/debug/build/tiny-skia-path/3bdfebb48a3f7715/out/libtiny_skia_path-3bdfebb48a3f7715.rlib" "/opt/rustwide/target/debug/build/bytemuck/890d8a6ca09215dc/out/libbytemuck-890d8a6ca09215dc.rlib" "/opt/rustwide/target/debug/build/strict-num/67c340be368d92c6/out/libstrict_num-67c340be368d92c6.rlib" "/opt/rustwide/target/debug/build/arrayref/25c9fb6ef5409f9c/out/libarrayref-25c9fb6ef5409f9c.rlib" "/opt/rustwide/target/debug/build/mio/291c74266176e79c/out/libmio-291c74266176e79c.rlib" "/opt/rustwide/target/debug/build/x11-dl/c97a976fecfcbb8b/out/libx11_dl-c97a976fecfcbb8b.rlib" "/opt/rustwide/target/debug/build/percent-encoding/bf512ecf668f0e68/out/libpercent_encoding-bf512ecf668f0e68.rlib" "/opt/rustwide/target/debug/build/smithay-client-toolkit/93fcfcce4448967c/out/libsmithay_client_toolkit-93fcfcce4448967c.rlib" "/opt/rustwide/target/debug/build/wayland-cursor/5e2edce44714438f/out/libwayland_cursor-5e2edce44714438f.rlib" "/opt/rustwide/target/debug/build/xcursor/f5efd5b8ed86849c/out/libxcursor-f5efd5b8ed86849c.rlib" "/opt/rustwide/target/debug/build/nom/ddcb5865633a6f40/out/libnom-ddcb5865633a6f40.rlib" "/opt/rustwide/target/debug/build/memmap2/c83924c213427a6b/out/libmemmap2-c83924c213427a6b.rlib" "/opt/rustwide/target/debug/build/wayland-protocols/b57b85cd5c69510c/out/libwayland_protocols-b57b85cd5c69510c.rlib" "/opt/rustwide/target/debug/build/wayland-client/5395b1e2575318d2/out/libwayland_client-5395b1e2575318d2.rlib" "/opt/rustwide/target/debug/build/scoped-tls/ddc34d439339bb5f/out/libscoped_tls-ddc34d439339bb5f.rlib" "/opt/rustwide/target/debug/build/wayland-commons/0971d7db6dfebf0f/out/libwayland_commons-0971d7db6dfebf0f.rlib" "/opt/rustwide/target/debug/build/nix/e00db06ef5a9a442/out/libnix-e00db06ef5a9a442.rlib" "/opt/rustwide/target/debug/build/wayland-sys/0e549d7f4237f2d5/out/libwayland_sys-0e549d7f4237f2d5.rlib" "/opt/rustwide/target/debug/build/calloop/bded45cffaae1676/out/libcalloop-bded45cffaae1676.rlib" "/opt/rustwide/target/debug/build/slotmap/39be1b079d525159/out/libslotmap-39be1b079d525159.rlib" "/opt/rustwide/target/debug/build/nix/3cbe84ae6ecb5a0e/out/libnix-3cbe84ae6ecb5a0e.rlib" "/opt/rustwide/target/debug/build/memoffset/a572a9bbfa5c97e7/out/libmemoffset-a572a9bbfa5c97e7.rlib" "/opt/rustwide/target/debug/build/vec_map/75126d96f8392bf4/out/libvec_map-75126d96f8392bf4.rlib" "/opt/rustwide/target/debug/build/dlib/e6c1d4c4c82a2272/out/libdlib-e6c1d4c4c82a2272.rlib" "/opt/rustwide/target/debug/build/instant/a3f719cec2cb9298/out/libinstant-a3f719cec2cb9298.rlib" "/opt/rustwide/target/debug/build/futures/e8ecc7f623774dd8/out/libfutures-e8ecc7f623774dd8.rlib" "/opt/rustwide/target/debug/build/futures-executor/2610fc2931e0c268/out/libfutures_executor-2610fc2931e0c268.rlib" "/opt/rustwide/target/debug/build/futures-util/b3b037c531c2537f/out/libfutures_util-b3b037c531c2537f.rlib" "/opt/rustwide/target/debug/build/memchr/3d0ec59241a02054/out/libmemchr-3d0ec59241a02054.rlib" "/opt/rustwide/target/debug/build/futures-io/ed0ea4331398303c/out/libfutures_io-ed0ea4331398303c.rlib" "/opt/rustwide/target/debug/build/slab/afb27d02c97db53f/out/libslab-afb27d02c97db53f.rlib" "/opt/rustwide/target/debug/build/futures-channel/1fa7e39a8f051f03/out/libfutures_channel-1fa7e39a8f051f03.rlib" "/opt/rustwide/target/debug/build/pin-project-lite/6df6c214457c8ca7/out/libpin_project_lite-6df6c214457c8ca7.rlib" "/opt/rustwide/target/debug/build/futures-sink/d17bea32e522d457/out/libfutures_sink-d17bea32e522d457.rlib" "/opt/rustwide/target/debug/build/futures-task/bec385733ed1b73d/out/libfutures_task-bec385733ed1b73d.rlib" "/opt/rustwide/target/debug/build/pin-utils/3860774ad9b215b5/out/libpin_utils-3860774ad9b215b5.rlib" "/opt/rustwide/target/debug/build/futures-core/c367463fecfb90d9/out/libfutures_core-c367463fecfb90d9.rlib" "/opt/rustwide/target/debug/build/accesskit/a4a20c1bd73e407e/out/libaccesskit-a4a20c1bd73e407e.rlib" "/opt/rustwide/target/debug/build/vger/2dc04baa0856a2fc/out/libvger-2dc04baa0856a2fc.rlib" "/opt/rustwide/target/debug/build/rect_packer/ee698bb1f6db6021/out/librect_packer-ee698bb1f6db6021.rlib" "/opt/rustwide/target/debug/build/wgpu/cf8d57b27135a5c0/out/libwgpu-cf8d57b27135a5c0.rlib" "/opt/rustwide/target/debug/build/static_assertions/f0217ecdd817a834/out/libstatic_assertions-f0217ecdd817a834.rlib" "/opt/rustwide/target/debug/build/wgpu-core/5762c3c18e2c3c08/out/libwgpu_core-5762c3c18e2c3c08.rlib" "/opt/rustwide/target/debug/build/wgpu-hal/7c0a3acd7fc4d600/out/libwgpu_hal-7c0a3acd7fc4d600.rlib" "/opt/rustwide/target/debug/build/renderdoc-sys/d2016b251c6fb714/out/librenderdoc_sys-d2016b251c6fb714.rlib" "/opt/rustwide/target/debug/build/gpu-descriptor/81118c32c2b1a955/out/libgpu_descriptor-81118c32c2b1a955.rlib" "/opt/rustwide/target/debug/build/gpu-descriptor-types/b5811168c1556395/out/libgpu_descriptor_types-b5811168c1556395.rlib" "/opt/rustwide/target/debug/build/libloading/3000dcbd8e9c946a/out/liblibloading-3000dcbd8e9c946a.rlib" "/opt/rustwide/target/debug/build/khronos-egl/7d56338bea513306/out/libkhronos_egl-7d56338bea513306.rlib" "/opt/rustwide/target/debug/build/profiling/853c377be365507e/out/libprofiling-853c377be365507e.rlib" "/opt/rustwide/target/debug/build/gpu-alloc/3546566569fcca64/out/libgpu_alloc-3546566569fcca64.rlib" "/opt/rustwide/target/debug/build/gpu-alloc-types/e946f51c51127266/out/libgpu_alloc_types-e946f51c51127266.rlib" "/opt/rustwide/target/debug/build/ash/9687ecd9da1e07ca/out/libash-9687ecd9da1e07ca.rlib" "/opt/rustwide/target/debug/build/libloading/439a8a51fa0242c9/out/liblibloading-439a8a51fa0242c9.rlib" "/opt/rustwide/target/debug/build/naga/55d2c3ec655c5c58/out/libnaga-55d2c3ec655c5c58.rlib" "/opt/rustwide/target/debug/build/rustc-hash/d7c4a66f98a2548f/out/librustc_hash-d7c4a66f98a2548f.rlib" "/opt/rustwide/target/debug/build/hexf-parse/72d4824186d79465/out/libhexf_parse-72d4824186d79465.rlib" "/opt/rustwide/target/debug/build/unicode-xid/0488fac86b109842/out/libunicode_xid-0488fac86b109842.rlib" "/opt/rustwide/target/debug/build/log/d31671b75f3392bc/out/liblog-d31671b75f3392bc.rlib" "/opt/rustwide/target/debug/build/bit-set/143219562867a8de/out/libbit_set-143219562867a8de.rlib" "/opt/rustwide/target/debug/build/bit-vec/1484b09fcc589a29/out/libbit_vec-1484b09fcc589a29.rlib" "/opt/rustwide/target/debug/build/codespan-reporting/556c4bf2a4321fd3/out/libcodespan_reporting-556c4bf2a4321fd3.rlib" "/opt/rustwide/target/debug/build/unicode-width/e6feeb9daa4fd470/out/libunicode_width-e6feeb9daa4fd470.rlib" "/opt/rustwide/target/debug/build/termcolor/a5251b019e6ea81a/out/libtermcolor-a5251b019e6ea81a.rlib" "/opt/rustwide/target/debug/build/spirv/0373a8e826429763/out/libspirv-0373a8e826429763.rlib" "/opt/rustwide/target/debug/build/bitflags/dde12b0d7d495b50/out/libbitflags-dde12b0d7d495b50.rlib" "/opt/rustwide/target/debug/build/indexmap/64a65e6f0f69ea96/out/libindexmap-64a65e6f0f69ea96.rlib" "/opt/rustwide/target/debug/build/hashbrown/69c625b87a80ef77/out/libhashbrown-69c625b87a80ef77.rlib" "/opt/rustwide/target/debug/build/wgpu-types/bfebae229e0edb8f/out/libwgpu_types-bfebae229e0edb8f.rlib" "/opt/rustwide/target/debug/build/bitflags/651f32905c9eab31/out/libbitflags-651f32905c9eab31.rlib" "/opt/rustwide/target/debug/build/raw-window-handle/577511740fd28c96/out/libraw_window_handle-577511740fd28c96.rlib" "/opt/rustwide/target/debug/build/cty/bf0a8fc628231ea7/out/libcty-bf0a8fc628231ea7.rlib" "/opt/rustwide/target/debug/build/glow/5d00420cb824666e/out/libglow-5d00420cb824666e.rlib" "/opt/rustwide/target/debug/build/thiserror/32b1e653afce75b3/out/libthiserror-32b1e653afce75b3.rlib" "/opt/rustwide/target/debug/build/parking_lot/692758a63bc22e59/out/libparking_lot-692758a63bc22e59.rlib" "/opt/rustwide/target/debug/build/parking_lot_core/03d79e533e4c1f38/out/libparking_lot_core-03d79e533e4c1f38.rlib" "/opt/rustwide/target/debug/build/smallvec/26ff5af06145dc1e/out/libsmallvec-26ff5af06145dc1e.rlib" "/opt/rustwide/target/debug/build/lock_api/b8a33d985491ef6f/out/liblock_api-b8a33d985491ef6f.rlib" "/opt/rustwide/target/debug/build/scopeguard/e318caba69bf687f/out/libscopeguard-e318caba69bf687f.rlib" "/opt/rustwide/target/debug/build/arrayvec/324bee7ec07e0504/out/libarrayvec-324bee7ec07e0504.rlib" "/opt/rustwide/target/debug/build/euclid/42511a740fa9a6cc/out/libeuclid-42511a740fa9a6cc.rlib" "/opt/rustwide/target/debug/build/num-traits/7b0ccfe1b2dbfa42/out/libnum_traits-7b0ccfe1b2dbfa42.rlib" "/opt/rustwide/target/debug/build/fontdue/0432b6b495942b85/out/libfontdue-0432b6b495942b85.rlib" "/opt/rustwide/target/debug/build/ttf-parser/508a7ac76e89b885/out/libttf_parser-508a7ac76e89b885.rlib" "/opt/rustwide/target/debug/build/hashbrown/17436c2e188428e2/out/libhashbrown-17436c2e188428e2.rlib" "/opt/rustwide/target/debug/build/ahash/4fbaa0b170375dc1/out/libahash-4fbaa0b170375dc1.rlib" "/opt/rustwide/target/debug/build/getrandom/94f4d42b3360277b/out/libgetrandom-94f4d42b3360277b.rlib" "/opt/rustwide/target/debug/build/libc/7cc9d2450ccf8437/out/liblibc-7cc9d2450ccf8437.rlib" "/opt/rustwide/target/debug/build/cfg-if/3e7fc4e38d4a72b5/out/libcfg_if-3e7fc4e38d4a72b5.rlib" "/opt/rustwide/target/debug/build/once_cell/d2ec766eecdc7a51/out/libonce_cell-d2ec766eecdc7a51.rlib" "/opt/rustwide/target/debug/build/lazy_static/af860367908b8176/out/liblazy_static-af860367908b8176.rlib" "<sysroot>/lib/rustlib/x86_64-unknown-linux-gnu/lib/{libstd-*,libpanic_unwind-*,libobject-*,libmemchr-*,libaddr2line-*,libgimli-*,libcfg_if-*,librustc_demangle-*,libstd_detect-*,libhashbrown-*,librustc_std_workspace_alloc-*,libminiz_oxide-*,libadler2-*,libunwind-*,liblibc-*,librustc_std_workspace_core-*,liballoc-*,libcore-*,libcompiler_builtins-*}.rlib" "-Wl,-Bdynamic" "-ldl" "-ldl" "-ldl" "-lgcc_s" "-lutil" "-lrt" "-lpthread" "-lm" "-ldl" "-lc" "-L" "/opt/rustwide/target/debug/build/rui/98746aed1de47e46/out/rustcUCsyTP/raw-dylibs" "-B<sysroot>/lib/rustlib/x86_64-unknown-linux-gnu/bin/gcc-ld" "-fuse-ld=lld" "-Wl,--eh-frame-hdr" "-Wl,-z,noexecstack" "-L" "<sysroot>/lib/rustlib/x86_64-unknown-linux-gnu/lib" "-o" "/opt/rustwide/target/debug/build/rui/98746aed1de47e46/out/clip" "-Wl,--gc-sections" "-pie" "-Wl,-z,relro,-z,now" "-nodefaultlibs"
[INFO] [stdout]   = note: some arguments are omitted. use `--verbose` to show all linker arguments
[INFO] [stdout]   = note: collect2: fatal error: ld terminated with signal 9 [Killed]
[INFO] [stdout]           compilation terminated.
[INFO] [stdout]           
[INFO] [stdout] 
[INFO] [stdout] 
[INFO] [stderr] error: could not compile `rui` (example "clip") due to 1 previous error
[ERROR] error running command: no output for 300 seconds
[INFO] running `Command { std: "docker" "inspect" "e4edaa6ffb3b63763d020ac821acaeff783fed878487936d6dfb2a99e588e7d4", kill_on_drop: false }`
[INFO] running `Command { std: "docker" "rm" "-f" "e4edaa6ffb3b63763d020ac821acaeff783fed878487936d6dfb2a99e588e7d4", kill_on_drop: false }`
[INFO] [stdout] e4edaa6ffb3b63763d020ac821acaeff783fed878487936d6dfb2a99e588e7d4
