[INFO] fetching crate ruda-store-pytorch-tests 0.21.0...
[INFO] testing ruda-store-pytorch-tests-0.21.0 against 1.100.0-beta.1 for beta-1.100-2
[INFO] extracting crate ruda-store-pytorch-tests 0.21.0 into /workspace/builds/worker-6-tc2/source
[INFO] started tweaking crates.io crate ruda-store-pytorch-tests 0.21.0
[INFO] removed 0 missing tests
[INFO] finished tweaking crates.io crate ruda-store-pytorch-tests 0.21.0
[INFO] tweaked toml for crates.io crate ruda-store-pytorch-tests 0.21.0 written to /workspace/builds/worker-6-tc2/source/Cargo.toml
[INFO] validating manifest of crates.io crate ruda-store-pytorch-tests 0.21.0 on toolchain 1.100.0-beta.1
[INFO] running `Command { std: CARGO_HOME="/workspace/cargo-home" RUSTUP_HOME="/workspace/rustup-home" "/workspace/cargo-home/bin/cargo" "+1.100.0-beta.1" "metadata" "--manifest-path" "Cargo.toml" "--no-deps", kill_on_drop: false }`
[INFO] crate crates.io crate ruda-store-pytorch-tests 0.21.0 already has a lockfile, it will not be regenerated
[INFO] running `Command { std: CARGO_HOME="/workspace/cargo-home" RUSTUP_HOME="/workspace/rustup-home" "/workspace/cargo-home/bin/cargo" "+1.100.0-beta.1" "fetch" "--manifest-path" "Cargo.toml", kill_on_drop: false }`
[INFO] running `Command { std: "docker" "create" "-v" "/var/lib/crater-agent-workspace/builds/worker-6-tc2/source:/opt/rustwide/workdir:ro,Z" "-v" "/var/lib/crater-agent-workspace/builds/worker-6-tc2/target:/opt/rustwide/target:rw,Z" "-v" "/var/lib/crater-agent-workspace/cargo-home:/opt/rustwide/cargo-home:ro,Z" "-v" "/var/lib/crater-agent-workspace/rustup-home:/opt/rustwide/rustup-home:ro,Z" "-m" "1610612736" "--network" "none" "ghcr.io/rust-lang/crates-build-env/linux@sha256:3111399a4047eeb3a02b7a90e478d715f38a8c6669b5c4b49d30a17385265909" "sleep" "infinity", kill_on_drop: false }`
[INFO] [stdout] 91655e7911d76dad8e8f3a10dd31f0266c9352f79c57bdabd99e44d05c28c47c
[INFO] running `Command { std: "docker" "start" "91655e7911d76dad8e8f3a10dd31f0266c9352f79c57bdabd99e44d05c28c47c", kill_on_drop: false }`
[INFO] running `Command { std: "docker" "inspect" "91655e7911d76dad8e8f3a10dd31f0266c9352f79c57bdabd99e44d05c28c47c", kill_on_drop: false }`
[INFO] running `Command { std: "docker" "exec" "-e" "SOURCE_DIR=/opt/rustwide/workdir" "-e" "CARGO_HOME=/opt/rustwide/cargo-home" "-e" "RUSTUP_HOME=/opt/rustwide/rustup-home" "-e" "CARGO_TARGET_DIR=/opt/rustwide/target" "-w" "/opt/rustwide/workdir" "--user" "0:0" "91655e7911d76dad8e8f3a10dd31f0266c9352f79c57bdabd99e44d05c28c47c" "/opt/rustwide/cargo-home/bin/cargo" "+1.100.0-beta.1" "metadata" "--no-deps" "--format-version=1", kill_on_drop: false }`
[INFO] running `Command { std: "docker" "inspect" "91655e7911d76dad8e8f3a10dd31f0266c9352f79c57bdabd99e44d05c28c47c", kill_on_drop: false }`
[INFO] running `Command { std: "docker" "exec" "-e" "SOURCE_DIR=/opt/rustwide/workdir" "-e" "CARGO_HOME=/opt/rustwide/cargo-home" "-e" "RUSTUP_HOME=/opt/rustwide/rustup-home" "-e" "CARGO_TARGET_DIR=/opt/rustwide/target" "-e" "CARGO_INCREMENTAL=0" "-e" "RUST_BACKTRACE=full" "-e" "RUSTFLAGS=--cap-lints=warn" "-e" "RUSTDOCFLAGS=--cap-lints=warn" "-w" "/opt/rustwide/workdir" "--user" "0:0" "91655e7911d76dad8e8f3a10dd31f0266c9352f79c57bdabd99e44d05c28c47c" "/opt/rustwide/cargo-home/bin/cargo" "+1.100.0-beta.1" "build" "--frozen" "--message-format=json", kill_on_drop: false }`
[INFO] [stderr]    Compiling ruda-store-pytorch-tests v0.21.0 (/opt/rustwide/workdir)
[INFO] [stderr]     Finished `dev` profile [unoptimized + debuginfo] target(s) in 0.12s
[INFO] running `Command { std: "docker" "inspect" "91655e7911d76dad8e8f3a10dd31f0266c9352f79c57bdabd99e44d05c28c47c", kill_on_drop: false }`
[INFO] running `Command { std: "docker" "exec" "-e" "SOURCE_DIR=/opt/rustwide/workdir" "-e" "CARGO_HOME=/opt/rustwide/cargo-home" "-e" "RUSTUP_HOME=/opt/rustwide/rustup-home" "-e" "CARGO_TARGET_DIR=/opt/rustwide/target" "-e" "CARGO_INCREMENTAL=0" "-e" "RUST_BACKTRACE=full" "-e" "RUSTFLAGS=--cap-lints=warn" "-e" "RUSTDOCFLAGS=--cap-lints=warn" "-w" "/opt/rustwide/workdir" "--user" "0:0" "91655e7911d76dad8e8f3a10dd31f0266c9352f79c57bdabd99e44d05c28c47c" "/opt/rustwide/cargo-home/bin/cargo" "+1.100.0-beta.1" "test" "--frozen" "--no-run" "--message-format=json", kill_on_drop: false }`
[INFO] [stderr]    Compiling serde_core v1.0.229
[INFO] [stderr]    Compiling serde v1.0.229
[INFO] [stderr]    Compiling syn v3.0.4
[INFO] [stderr]    Compiling float-cmp v0.10.0
[INFO] [stderr]    Compiling serde_derive v1.0.229
[INFO] [stderr]    Compiling ruda-store-pytorch-tests v0.21.0 (/opt/rustwide/workdir)
[INFO] [stdout] error[E0433]: cannot find module or crate `ruda_tensor_host` in this scope
[INFO] [stdout]  --> tests/backend.rs:1:24
[INFO] [stdout]   |
[INFO] [stdout] 1 | pub type TestBackend = ruda_tensor_host::Host;
[INFO] [stdout]   |                        ^^^^^^^^^^^^^^^^ use of unresolved module or unlinked crate `ruda_tensor_host`
[INFO] [stdout]   |
[INFO] [stdout]   = help: if you wanted to use a crate named `ruda_tensor_host`, use `cargo add ruda_tensor_host` to add it to your `Cargo.toml`
[INFO] [stdout] 
[INFO] [stdout] 
[INFO] [stdout] For more information about this error, try `rustc --explain E0433`.
[INFO] [stdout] 
[INFO] [stderr] error: could not compile `ruda-store-pytorch-tests` (test "backend") due to 1 previous error
[INFO] [stderr] warning: build failed, waiting for other jobs to finish...
[INFO] [stdout] error[E0433]: cannot find module or crate `ruda_model` in this scope
[INFO] [stdout]  --> tests/batch_norm/mod.rs:1:5
[INFO] [stdout]   |
[INFO] [stdout] 1 | use ruda_model::module::Module;
[INFO] [stdout]   |     ^^^^^^^^^^ use of unresolved module or unlinked crate `ruda_model`
[INFO] [stdout]   |
[INFO] [stdout]   = help: if you wanted to use a crate named `ruda_model`, use `cargo add ruda_model` to add it to your `Cargo.toml`
[INFO] [stdout] 
[INFO] [stdout] 
[INFO] [stdout] error[E0433]: cannot find module or crate `ruda_tensor` in this scope
[INFO] [stdout]  --> tests/batch_norm/mod.rs:3:5
[INFO] [stdout]   |
[INFO] [stdout] 3 | use ruda_tensor::api::{Tensor, backend::Backend};
[INFO] [stdout]   |     ^^^^^^^^^^^ use of unresolved module or unlinked crate `ruda_tensor`
[INFO] [stdout]   |
[INFO] [stdout]   = help: if you wanted to use a crate named `ruda_tensor`, use `cargo add ruda_tensor` to add it to your `Cargo.toml`
[INFO] [stdout] 
[INFO] [stdout] 
[INFO] [stdout] error[E0433]: cannot find module or crate `ruda_tensor` in this scope
[INFO] [stdout]   --> tests/batch_norm/mod.rs:27:9
[INFO] [stdout]    |
[INFO] [stdout] 27 |     use ruda_tensor::api::Tolerance;
[INFO] [stdout]    |         ^^^^^^^^^^^ use of unresolved module or unlinked crate `ruda_tensor`
[INFO] [stdout]    |
[INFO] [stdout]    = help: if you wanted to use a crate named `ruda_tensor`, use `cargo add ruda_tensor` to add it to your `Cargo.toml`
[INFO] [stdout] 
[INFO] [stdout] 
[INFO] [stdout] error[E0432]: unresolved import `ruda_nn`
[INFO] [stdout]  --> tests/batch_norm/mod.rs:2:5
[INFO] [stdout]   |
[INFO] [stdout] 2 | use ruda_nn::{BatchNorm, BatchNormConfig};
[INFO] [stdout]   |     ^^^^^^^ use of unresolved module or unlinked crate `ruda_nn`
[INFO] [stdout]   |
[INFO] [stdout]   = help: if you wanted to use a crate named `ruda_nn`, use `cargo add ruda_nn` to add it to your `Cargo.toml`
[INFO] [stdout] 
[INFO] [stdout] 
[INFO] [stdout] error[E0433]: cannot find module or crate `ruda_model` in this scope
[INFO] [stdout]  --> tests/boolean/mod.rs:1:5
[INFO] [stdout]   |
[INFO] [stdout] 1 | use ruda_model::module::{Module, Param, ParamId};
[INFO] [stdout]   |     ^^^^^^^^^^ use of unresolved module or unlinked crate `ruda_model`
[INFO] [stdout]   |
[INFO] [stdout]   = help: if you wanted to use a crate named `ruda_model`, use `cargo add ruda_model` to add it to your `Cargo.toml`
[INFO] [stdout] 
[INFO] [stdout] 
[INFO] [stdout] error[E0433]: cannot find module or crate `ruda_tensor` in this scope
[INFO] [stdout]  --> tests/boolean/mod.rs:2:5
[INFO] [stdout]   |
[INFO] [stdout] 2 | use ruda_tensor::api::{Bool, Tensor, TensorData, backend::Backend};
[INFO] [stdout]   |     ^^^^^^^^^^^ use of unresolved module or unlinked crate `ruda_tensor`
[INFO] [stdout]   |
[INFO] [stdout]   = help: if you wanted to use a crate named `ruda_tensor`, use `cargo add ruda_tensor` to add it to your `Cargo.toml`
[INFO] [stdout] 
[INFO] [stdout] 
[INFO] [stdout] error[E0433]: cannot find module or crate `ruda_tensor` in this scope
[INFO] [stdout]   --> tests/boolean/mod.rs:29:9
[INFO] [stdout]    |
[INFO] [stdout] 29 |     use ruda_tensor::api::TensorData;
[INFO] [stdout]    |         ^^^^^^^^^^^ use of unresolved module or unlinked crate `ruda_tensor`
[INFO] [stdout]    |
[INFO] [stdout]    = help: if you wanted to use a crate named `ruda_tensor`, use `cargo add ruda_tensor` to add it to your `Cargo.toml`
[INFO] [stdout] 
[INFO] [stdout] 
[INFO] [stdout] error[E0432]: unresolved import `ruda_store`
[INFO] [stdout]   --> tests/batch_norm/mod.rs:28:9
[INFO] [stdout]    |
[INFO] [stdout] 28 |     use ruda_store::{ModuleSnapshot, PytorchStore};
[INFO] [stdout]    |         ^^^^^^^^^^ use of unresolved module or unlinked crate `ruda_store`
[INFO] [stdout]    |
[INFO] [stdout]    = help: if you wanted to use a crate named `ruda_store`, use `cargo add ruda_store` to add it to your `Cargo.toml`
[INFO] [stdout] 
[INFO] [stdout] 
[INFO] [stdout] error[E0433]: cannot find module or crate `ruda_model` in this scope
[INFO] [stdout]  --> tests/buffer/mod.rs:1:5
[INFO] [stdout]   |
[INFO] [stdout] 1 | use ruda_model::module::{Module, Param};
[INFO] [stdout]   |     ^^^^^^^^^^ use of unresolved module or unlinked crate `ruda_model`
[INFO] [stdout]   |
[INFO] [stdout]   = help: if you wanted to use a crate named `ruda_model`, use `cargo add ruda_model` to add it to your `Cargo.toml`
[INFO] [stdout] 
[INFO] [stdout] 
[INFO] [stdout] error[E0433]: cannot find module or crate `ruda_tensor` in this scope
[INFO] [stdout]  --> tests/buffer/mod.rs:2:5
[INFO] [stdout]   |
[INFO] [stdout] 2 | use ruda_tensor::api::{Tensor, backend::Backend};
[INFO] [stdout]   |     ^^^^^^^^^^^ use of unresolved module or unlinked crate `ruda_tensor`
[INFO] [stdout]   |
[INFO] [stdout]   = help: if you wanted to use a crate named `ruda_tensor`, use `cargo add ruda_tensor` to add it to your `Cargo.toml`
[INFO] [stdout] 
[INFO] [stdout] 
[INFO] [stdout] error[E0433]: cannot find module or crate `ruda_tensor` in this scope
[INFO] [stdout]   --> tests/buffer/mod.rs:27:9
[INFO] [stdout]    |
[INFO] [stdout] 27 |     use ruda_tensor::api::Tolerance;
[INFO] [stdout]    |         ^^^^^^^^^^^ use of unresolved module or unlinked crate `ruda_tensor`
[INFO] [stdout]    |
[INFO] [stdout]    = help: if you wanted to use a crate named `ruda_tensor`, use `cargo add ruda_tensor` to add it to your `Cargo.toml`
[INFO] [stdout] 
[INFO] [stdout] 
[INFO] [stdout] error[E0432]: unresolved import `ruda_store`
[INFO] [stdout]   --> tests/boolean/mod.rs:30:9
[INFO] [stdout]    |
[INFO] [stdout] 30 |     use ruda_store::{ModuleSnapshot, PytorchStore};
[INFO] [stdout]    |         ^^^^^^^^^^ use of unresolved module or unlinked crate `ruda_store`
[INFO] [stdout]    |
[INFO] [stdout]    = help: if you wanted to use a crate named `ruda_store`, use `cargo add ruda_store` to add it to your `Cargo.toml`
[INFO] [stdout] 
[INFO] [stdout] 
[INFO] [stdout] error[E0433]: cannot find module or crate `ruda_tensor` in this scope
[INFO] [stdout]  --> tests/complex_nested/mod.rs:1:5
[INFO] [stdout]   |
[INFO] [stdout] 1 | use ruda_tensor::api::Tolerance;
[INFO] [stdout]   |     ^^^^^^^^^^^ use of unresolved module or unlinked crate `ruda_tensor`
[INFO] [stdout]   |
[INFO] [stdout]   = help: if you wanted to use a crate named `ruda_tensor`, use `cargo add ruda_tensor` to add it to your `Cargo.toml`
[INFO] [stdout] 
[INFO] [stdout] 
[INFO] [stdout] error[E0433]: cannot find module or crate `ruda_tensor` in this scope
[INFO] [stdout]  --> tests/complex_nested/mod.rs:2:5
[INFO] [stdout]   |
[INFO] [stdout] 2 | use ruda_tensor::api::ops::FloatElem;
[INFO] [stdout]   |     ^^^^^^^^^^^ use of unresolved module or unlinked crate `ruda_tensor`
[INFO] [stdout]   |
[INFO] [stdout]   = help: if you wanted to use a crate named `ruda_tensor`, use `cargo add ruda_tensor` to add it to your `Cargo.toml`
[INFO] [stdout] 
[INFO] [stdout] 
[INFO] [stdout] error[E0433]: cannot find module or crate `ruda_model` in this scope
[INFO] [stdout]  --> tests/complex_nested/mod.rs:3:5
[INFO] [stdout]   |
[INFO] [stdout] 3 | use ruda_model::module::Module;
[INFO] [stdout]   |     ^^^^^^^^^^ use of unresolved module or unlinked crate `ruda_model`
[INFO] [stdout]   |
[INFO] [stdout]   = help: if you wanted to use a crate named `ruda_model`, use `cargo add ruda_model` to add it to your `Cargo.toml`
[INFO] [stdout] 
[INFO] [stdout] 
[INFO] [stdout] error[E0432]: unresolved import `ruda_store`
[INFO] [stdout]   --> tests/buffer/mod.rs:28:9
[INFO] [stdout]    |
[INFO] [stdout] 28 |     use ruda_store::{ModuleSnapshot, PytorchStore};
[INFO] [stdout]    |         ^^^^^^^^^^ use of unresolved module or unlinked crate `ruda_store`
[INFO] [stdout]    |
[INFO] [stdout]    = help: if you wanted to use a crate named `ruda_store`, use `cargo add ruda_store` to add it to your `Cargo.toml`
[INFO] [stdout] 
[INFO] [stdout] 
[INFO] [stdout] error[E0433]: cannot find module or crate `ruda_nn` in this scope
[INFO] [stdout]  --> tests/complex_nested/mod.rs:4:5
[INFO] [stdout]   |
[INFO] [stdout] 4 | use ruda_nn::{
[INFO] [stdout]   |     ^^^^^^^ use of unresolved module or unlinked crate `ruda_nn`
[INFO] [stdout]   |
[INFO] [stdout]   = help: if you wanted to use a crate named `ruda_nn`, use `cargo add ruda_nn` to add it to your `Cargo.toml`
[INFO] [stdout] 
[INFO] [stdout] 
[INFO] [stdout] error[E0433]: cannot find module or crate `ruda_tensor` in this scope
[INFO] [stdout]  --> tests/complex_nested/mod.rs:8:5
[INFO] [stdout]   |
[INFO] [stdout] 8 | use ruda_tensor::api::{
[INFO] [stdout]   |     ^^^^^^^^^^^ use of unresolved module or unlinked crate `ruda_tensor`
[INFO] [stdout]   |
[INFO] [stdout]   = help: if you wanted to use a crate named `ruda_tensor`, use `cargo add ruda_tensor` to add it to your `Cargo.toml`
[INFO] [stdout] 
[INFO] [stdout] 
[INFO] [stdout] error[E0432]: unresolved import `ruda_nn`
[INFO] [stdout]  --> tests/complex_nested/mod.rs:4:5
[INFO] [stdout]   |
[INFO] [stdout] 4 | use ruda_nn::{
[INFO] [stdout]   |     ^^^^^^^ use of unresolved module or unlinked crate `ruda_nn`
[INFO] [stdout]   |
[INFO] [stdout]   = help: if you wanted to use a crate named `ruda_nn`, use `cargo add ruda_nn` to add it to your `Cargo.toml`
[INFO] [stdout] 
[INFO] [stdout] 
[INFO] [stdout] error[E0432]: unresolved import `ruda_autodiff`
[INFO] [stdout]   --> tests/complex_nested/mod.rs:13:5
[INFO] [stdout]    |
[INFO] [stdout] 13 | use ruda_autodiff::Autodiff;
[INFO] [stdout]    |     ^^^^^^^^^^^^^ use of unresolved module or unlinked crate `ruda_autodiff`
[INFO] [stdout]    |
[INFO] [stdout]    = help: if you wanted to use a crate named `ruda_autodiff`, use `cargo add ruda_autodiff` to add it to your `Cargo.toml`
[INFO] [stdout] 
[INFO] [stdout] 
[INFO] [stdout] error[E0433]: cannot find module or crate `ruda_model` in this scope
[INFO] [stdout]  --> tests/config/mod.rs:4:5
[INFO] [stdout]   |
[INFO] [stdout] 4 | use ruda_model::config::Config;
[INFO] [stdout]   |     ^^^^^^^^^^ use of unresolved module or unlinked crate `ruda_model`
[INFO] [stdout]   |
[INFO] [stdout]   = help: if you wanted to use a crate named `ruda_model`, use `cargo add ruda_model` to add it to your `Cargo.toml`
[INFO] [stdout] 
[INFO] [stdout] 
[INFO] [stdout] error[E0433]: cannot find module or crate `ruda_store` in this scope
[INFO] [stdout]   --> tests/config/mod.rs:24:9
[INFO] [stdout]    |
[INFO] [stdout] 24 |     use ruda_store::pytorch::PytorchReader;
[INFO] [stdout]    |         ^^^^^^^^^^ use of unresolved module or unlinked crate `ruda_store`
[INFO] [stdout]    |
[INFO] [stdout]    = help: if you wanted to use a crate named `ruda_store`, use `cargo add ruda_store` to add it to your `Cargo.toml`
[INFO] [stdout] 
[INFO] [stdout] 
[INFO] [stdout] error[E0433]: cannot find module or crate `ruda_model` in this scope
[INFO] [stdout]  --> tests/conv1d/mod.rs:1:5
[INFO] [stdout]   |
[INFO] [stdout] 1 | use ruda_model::module::Module;
[INFO] [stdout]   |     ^^^^^^^^^^ use of unresolved module or unlinked crate `ruda_model`
[INFO] [stdout]   |
[INFO] [stdout]   = help: if you wanted to use a crate named `ruda_model`, use `cargo add ruda_model` to add it to your `Cargo.toml`
[INFO] [stdout] 
[INFO] [stdout] 
[INFO] [stdout] error[E0433]: cannot find module or crate `ruda_nn` in this scope
[INFO] [stdout]  --> tests/conv1d/mod.rs:2:5
[INFO] [stdout]   |
[INFO] [stdout] 2 | use ruda_nn::conv::{Conv1d, Conv1dConfig};
[INFO] [stdout]   |     ^^^^^^^ use of unresolved module or unlinked crate `ruda_nn`
[INFO] [stdout]   |
[INFO] [stdout]   = help: if you wanted to use a crate named `ruda_nn`, use `cargo add ruda_nn` to add it to your `Cargo.toml`
[INFO] [stdout] 
[INFO] [stdout] 
[INFO] [stdout] error[E0433]: cannot find module or crate `ruda_tensor` in this scope
[INFO] [stdout]  --> tests/conv1d/mod.rs:3:5
[INFO] [stdout]   |
[INFO] [stdout] 3 | use ruda_tensor::api::{Tensor, backend::Backend};
[INFO] [stdout]   |     ^^^^^^^^^^^ use of unresolved module or unlinked crate `ruda_tensor`
[INFO] [stdout]   |
[INFO] [stdout]   = help: if you wanted to use a crate named `ruda_tensor`, use `cargo add ruda_tensor` to add it to your `Cargo.toml`
[INFO] [stdout] 
[INFO] [stdout] 
[INFO] [stdout] error[E0433]: cannot find module or crate `ruda_tensor` in this scope
[INFO] [stdout]   --> tests/conv1d/mod.rs:31:9
[INFO] [stdout]    |
[INFO] [stdout] 31 |     use ruda_tensor::api::{Tolerance, ops::FloatElem};
[INFO] [stdout]    |         ^^^^^^^^^^^ use of unresolved module or unlinked crate `ruda_tensor`
[INFO] [stdout]    |
[INFO] [stdout]    = help: if you wanted to use a crate named `ruda_tensor`, use `cargo add ruda_tensor` to add it to your `Cargo.toml`
[INFO] [stdout] 
[INFO] [stdout] 
[INFO] [stdout] error[E0432]: unresolved import `ruda_store`
[INFO] [stdout]   --> tests/complex_nested/mod.rs:14:5
[INFO] [stdout]    |
[INFO] [stdout] 14 | use ruda_store::{ModuleSnapshot, PytorchStore};
[INFO] [stdout]    |     ^^^^^^^^^^ use of unresolved module or unlinked crate `ruda_store`
[INFO] [stdout]    |
[INFO] [stdout]    = help: if you wanted to use a crate named `ruda_store`, use `cargo add ruda_store` to add it to your `Cargo.toml`
[INFO] [stdout] 
[INFO] [stdout] 
[INFO] [stdout] error[E0433]: cannot find module or crate `ruda_model` in this scope
[INFO] [stdout]  --> tests/conv2d/mod.rs:1:5
[INFO] [stdout]   |
[INFO] [stdout] 1 | use ruda_model::module::Module;
[INFO] [stdout]   |     ^^^^^^^^^^ use of unresolved module or unlinked crate `ruda_model`
[INFO] [stdout]   |
[INFO] [stdout]   = help: if you wanted to use a crate named `ruda_model`, use `cargo add ruda_model` to add it to your `Cargo.toml`
[INFO] [stdout] 
[INFO] [stdout] 
[INFO] [stdout] error[E0433]: cannot find module or crate `ruda_nn` in this scope
[INFO] [stdout]  --> tests/conv2d/mod.rs:2:5
[INFO] [stdout]   |
[INFO] [stdout] 2 | use ruda_nn::conv::{Conv2d, Conv2dConfig};
[INFO] [stdout]   |     ^^^^^^^ use of unresolved module or unlinked crate `ruda_nn`
[INFO] [stdout]   |
[INFO] [stdout]   = help: if you wanted to use a crate named `ruda_nn`, use `cargo add ruda_nn` to add it to your `Cargo.toml`
[INFO] [stdout] 
[INFO] [stdout] 
[INFO] [stdout] error[E0433]: cannot find module or crate `ruda_tensor` in this scope
[INFO] [stdout]  --> tests/conv2d/mod.rs:3:5
[INFO] [stdout]   |
[INFO] [stdout] 3 | use ruda_tensor::api::{Tensor, backend::Backend};
[INFO] [stdout]   |     ^^^^^^^^^^^ use of unresolved module or unlinked crate `ruda_tensor`
[INFO] [stdout]   |
[INFO] [stdout]   = help: if you wanted to use a crate named `ruda_tensor`, use `cargo add ruda_tensor` to add it to your `Cargo.toml`
[INFO] [stdout] 
[INFO] [stdout] 
[INFO] [stdout] error[E0433]: cannot find module or crate `ruda_tensor` in this scope
[INFO] [stdout]   --> tests/conv2d/mod.rs:34:9
[INFO] [stdout]    |
[INFO] [stdout] 34 |     use ruda_tensor::api::Tolerance;
[INFO] [stdout]    |         ^^^^^^^^^^^ use of unresolved module or unlinked crate `ruda_tensor`
[INFO] [stdout]    |
[INFO] [stdout]    = help: if you wanted to use a crate named `ruda_tensor`, use `cargo add ruda_tensor` to add it to your `Cargo.toml`
[INFO] [stdout] 
[INFO] [stdout] 
[INFO] [stdout] error[E0432]: unresolved import `ruda_store`
[INFO] [stdout]   --> tests/conv1d/mod.rs:32:9
[INFO] [stdout]    |
[INFO] [stdout] 32 |     use ruda_store::{ModuleSnapshot, PytorchStore};
[INFO] [stdout]    |         ^^^^^^^^^^ use of unresolved module or unlinked crate `ruda_store`
[INFO] [stdout]    |
[INFO] [stdout]    = help: if you wanted to use a crate named `ruda_store`, use `cargo add ruda_store` to add it to your `Cargo.toml`
[INFO] [stdout] 
[INFO] [stdout] 
[INFO] [stdout] error[E0433]: cannot find module or crate `ruda_model` in this scope
[INFO] [stdout]  --> tests/conv_transpose1d/mod.rs:1:5
[INFO] [stdout]   |
[INFO] [stdout] 1 | use ruda_model::module::Module;
[INFO] [stdout]   |     ^^^^^^^^^^ use of unresolved module or unlinked crate `ruda_model`
[INFO] [stdout]   |
[INFO] [stdout]   = help: if you wanted to use a crate named `ruda_model`, use `cargo add ruda_model` to add it to your `Cargo.toml`
[INFO] [stdout] 
[INFO] [stdout] 
[INFO] [stdout] error[E0433]: cannot find module or crate `ruda_nn` in this scope
[INFO] [stdout]  --> tests/conv_transpose1d/mod.rs:2:5
[INFO] [stdout]   |
[INFO] [stdout] 2 | use ruda_nn::conv::{ConvTranspose1d, ConvTranspose1dConfig};
[INFO] [stdout]   |     ^^^^^^^ use of unresolved module or unlinked crate `ruda_nn`
[INFO] [stdout]   |
[INFO] [stdout]   = help: if you wanted to use a crate named `ruda_nn`, use `cargo add ruda_nn` to add it to your `Cargo.toml`
[INFO] [stdout] 
[INFO] [stdout] 
[INFO] [stdout] error[E0433]: cannot find module or crate `ruda_tensor` in this scope
[INFO] [stdout]  --> tests/conv_transpose1d/mod.rs:3:5
[INFO] [stdout]   |
[INFO] [stdout] 3 | use ruda_tensor::api::{Tensor, backend::Backend};
[INFO] [stdout]   |     ^^^^^^^^^^^ use of unresolved module or unlinked crate `ruda_tensor`
[INFO] [stdout]   |
[INFO] [stdout]   = help: if you wanted to use a crate named `ruda_tensor`, use `cargo add ruda_tensor` to add it to your `Cargo.toml`
[INFO] [stdout] 
[INFO] [stdout] 
[INFO] [stdout] error[E0433]: cannot find module or crate `ruda_tensor` in this scope
[INFO] [stdout]   --> tests/conv_transpose1d/mod.rs:34:9
[INFO] [stdout]    |
[INFO] [stdout] 34 |     use ruda_tensor::api::Tolerance;
[INFO] [stdout]    |         ^^^^^^^^^^^ use of unresolved module or unlinked crate `ruda_tensor`
[INFO] [stdout]    |
[INFO] [stdout]    = help: if you wanted to use a crate named `ruda_tensor`, use `cargo add ruda_tensor` to add it to your `Cargo.toml`
[INFO] [stdout] 
[INFO] [stdout] 
[INFO] [stdout] error[E0432]: unresolved import `ruda_store`
[INFO] [stdout]   --> tests/conv2d/mod.rs:35:9
[INFO] [stdout]    |
[INFO] [stdout] 35 |     use ruda_store::{ModuleSnapshot, PytorchStore};
[INFO] [stdout]    |         ^^^^^^^^^^ use of unresolved module or unlinked crate `ruda_store`
[INFO] [stdout]    |
[INFO] [stdout]    = help: if you wanted to use a crate named `ruda_store`, use `cargo add ruda_store` to add it to your `Cargo.toml`
[INFO] [stdout] 
[INFO] [stdout] 
[INFO] [stdout] error[E0433]: cannot find module or crate `ruda_model` in this scope
[INFO] [stdout]  --> tests/conv_transpose2d/mod.rs:1:5
[INFO] [stdout]   |
[INFO] [stdout] 1 | use ruda_model::module::Module;
[INFO] [stdout]   |     ^^^^^^^^^^ use of unresolved module or unlinked crate `ruda_model`
[INFO] [stdout]   |
[INFO] [stdout]   = help: if you wanted to use a crate named `ruda_model`, use `cargo add ruda_model` to add it to your `Cargo.toml`
[INFO] [stdout] 
[INFO] [stdout] 
[INFO] [stdout] error[E0433]: cannot find module or crate `ruda_nn` in this scope
[INFO] [stdout]  --> tests/conv_transpose2d/mod.rs:2:5
[INFO] [stdout]   |
[INFO] [stdout] 2 | use ruda_nn::conv::{ConvTranspose2d, ConvTranspose2dConfig};
[INFO] [stdout]   |     ^^^^^^^ use of unresolved module or unlinked crate `ruda_nn`
[INFO] [stdout]   |
[INFO] [stdout]   = help: if you wanted to use a crate named `ruda_nn`, use `cargo add ruda_nn` to add it to your `Cargo.toml`
[INFO] [stdout] 
[INFO] [stdout] 
[INFO] [stdout] error[E0433]: cannot find module or crate `ruda_tensor` in this scope
[INFO] [stdout]  --> tests/conv_transpose2d/mod.rs:3:5
[INFO] [stdout]   |
[INFO] [stdout] 3 | use ruda_tensor::api::{Tensor, backend::Backend};
[INFO] [stdout]   |     ^^^^^^^^^^^ use of unresolved module or unlinked crate `ruda_tensor`
[INFO] [stdout]   |
[INFO] [stdout]   = help: if you wanted to use a crate named `ruda_tensor`, use `cargo add ruda_tensor` to add it to your `Cargo.toml`
[INFO] [stdout] 
[INFO] [stdout] 
[INFO] [stdout] error[E0433]: cannot find module or crate `ruda_tensor` in this scope
[INFO] [stdout]   --> tests/conv_transpose2d/mod.rs:34:9
[INFO] [stdout]    |
[INFO] [stdout] 34 |     use ruda_tensor::api::Tolerance;
[INFO] [stdout]    |         ^^^^^^^^^^^ use of unresolved module or unlinked crate `ruda_tensor`
[INFO] [stdout]    |
[INFO] [stdout]    = help: if you wanted to use a crate named `ruda_tensor`, use `cargo add ruda_tensor` to add it to your `Cargo.toml`
[INFO] [stdout] 
[INFO] [stdout] 
[INFO] [stdout] error[E0432]: unresolved import `ruda_store`
[INFO] [stdout]   --> tests/conv_transpose1d/mod.rs:35:9
[INFO] [stdout]    |
[INFO] [stdout] 35 |     use ruda_store::{ModuleSnapshot, PytorchStore};
[INFO] [stdout]    |         ^^^^^^^^^^ use of unresolved module or unlinked crate `ruda_store`
[INFO] [stdout]    |
[INFO] [stdout]    = help: if you wanted to use a crate named `ruda_store`, use `cargo add ruda_store` to add it to your `Cargo.toml`
[INFO] [stdout] 
[INFO] [stdout] 
[INFO] [stdout] error[E0433]: cannot find module or crate `ruda_model` in this scope
[INFO] [stdout]  --> tests/embedding/mod.rs:1:5
[INFO] [stdout]   |
[INFO] [stdout] 1 | use ruda_model::module::Module;
[INFO] [stdout]   |     ^^^^^^^^^^ use of unresolved module or unlinked crate `ruda_model`
[INFO] [stdout]   |
[INFO] [stdout]   = help: if you wanted to use a crate named `ruda_model`, use `cargo add ruda_model` to add it to your `Cargo.toml`
[INFO] [stdout] 
[INFO] [stdout] 
[INFO] [stdout] error[E0432]: unresolved import `ruda_store`
[INFO] [stdout]   --> tests/conv_transpose2d/mod.rs:35:9
[INFO] [stdout]    |
[INFO] [stdout] 35 |     use ruda_store::{ModuleSnapshot, PytorchStore};
[INFO] [stdout]    |         ^^^^^^^^^^ use of unresolved module or unlinked crate `ruda_store`
[INFO] [stdout]    |
[INFO] [stdout]    = help: if you wanted to use a crate named `ruda_store`, use `cargo add ruda_store` to add it to your `Cargo.toml`
[INFO] [stdout] 
[INFO] [stdout] 
[INFO] [stdout] error[E0433]: cannot find module or crate `ruda_tensor` in this scope
[INFO] [stdout]  --> tests/embedding/mod.rs:3:5
[INFO] [stdout]   |
[INFO] [stdout] 3 | use ruda_tensor::api::{Int, Tensor, backend::Backend};
[INFO] [stdout]   |     ^^^^^^^^^^^ use of unresolved module or unlinked crate `ruda_tensor`
[INFO] [stdout]   |
[INFO] [stdout]   = help: if you wanted to use a crate named `ruda_tensor`, use `cargo add ruda_tensor` to add it to your `Cargo.toml`
[INFO] [stdout] 
[INFO] [stdout] 
[INFO] [stdout] error[E0433]: cannot find module or crate `ruda_tensor` in this scope
[INFO] [stdout]   --> tests/embedding/mod.rs:26:9
[INFO] [stdout]    |
[INFO] [stdout] 26 |     use ruda_tensor::api::Tolerance;
[INFO] [stdout]    |         ^^^^^^^^^^^ use of unresolved module or unlinked crate `ruda_tensor`
[INFO] [stdout]    |
[INFO] [stdout]    = help: if you wanted to use a crate named `ruda_tensor`, use `cargo add ruda_tensor` to add it to your `Cargo.toml`
[INFO] [stdout] 
[INFO] [stdout] 
[INFO] [stdout] error[E0432]: unresolved import `ruda_nn`
[INFO] [stdout]  --> tests/embedding/mod.rs:2:5
[INFO] [stdout]   |
[INFO] [stdout] 2 | use ruda_nn::{Embedding, EmbeddingConfig};
[INFO] [stdout]   |     ^^^^^^^ use of unresolved module or unlinked crate `ruda_nn`
[INFO] [stdout]   |
[INFO] [stdout]   = help: if you wanted to use a crate named `ruda_nn`, use `cargo add ruda_nn` to add it to your `Cargo.toml`
[INFO] [stdout] 
[INFO] [stdout] 
[INFO] [stdout] error[E0433]: cannot find module or crate `ruda_model` in this scope
[INFO] [stdout]  --> tests/enum_module/mod.rs:1:5
[INFO] [stdout]   |
[INFO] [stdout] 1 | use ruda_model::module::Module;
[INFO] [stdout]   |     ^^^^^^^^^^ use of unresolved module or unlinked crate `ruda_model`
[INFO] [stdout]   |
[INFO] [stdout]   = help: if you wanted to use a crate named `ruda_model`, use `cargo add ruda_model` to add it to your `Cargo.toml`
[INFO] [stdout] 
[INFO] [stdout] 
[INFO] [stdout] error[E0433]: cannot find module or crate `ruda_nn` in this scope
[INFO] [stdout]  --> tests/enum_module/mod.rs:2:5
[INFO] [stdout]   |
[INFO] [stdout] 2 | use ruda_nn::conv::{Conv2d, Conv2dConfig};
[INFO] [stdout]   |     ^^^^^^^ use of unresolved module or unlinked crate `ruda_nn`
[INFO] [stdout]   |
[INFO] [stdout]   = help: if you wanted to use a crate named `ruda_nn`, use `cargo add ruda_nn` to add it to your `Cargo.toml`
[INFO] [stdout] 
[INFO] [stdout] 
[INFO] [stdout] error[E0433]: cannot find module or crate `ruda_tensor` in this scope
[INFO] [stdout]  --> tests/enum_module/mod.rs:3:5
[INFO] [stdout]   |
[INFO] [stdout] 3 | use ruda_tensor::api::{Tensor, backend::Backend};
[INFO] [stdout]   |     ^^^^^^^^^^^ use of unresolved module or unlinked crate `ruda_tensor`
[INFO] [stdout]   |
[INFO] [stdout]   = help: if you wanted to use a crate named `ruda_tensor`, use `cargo add ruda_tensor` to add it to your `Cargo.toml`
[INFO] [stdout] 
[INFO] [stdout] 
[INFO] [stdout] error[E0433]: cannot find module or crate `ruda_tensor` in this scope
[INFO] [stdout]   --> tests/enum_module/mod.rs:61:9
[INFO] [stdout]    |
[INFO] [stdout] 61 |     use ruda_tensor::api::{Tolerance, ops::FloatElem};
[INFO] [stdout]    |         ^^^^^^^^^^^ use of unresolved module or unlinked crate `ruda_tensor`
[INFO] [stdout]    |
[INFO] [stdout]    = help: if you wanted to use a crate named `ruda_tensor`, use `cargo add ruda_tensor` to add it to your `Cargo.toml`
[INFO] [stdout] 
[INFO] [stdout] 
[INFO] [stdout] error[E0432]: unresolved import `ruda_store`
[INFO] [stdout]   --> tests/embedding/mod.rs:27:9
[INFO] [stdout]    |
[INFO] [stdout] 27 |     use ruda_store::{ModuleSnapshot, PytorchStore};
[INFO] [stdout]    |         ^^^^^^^^^^ use of unresolved module or unlinked crate `ruda_store`
[INFO] [stdout]    |
[INFO] [stdout]    = help: if you wanted to use a crate named `ruda_store`, use `cargo add ruda_store` to add it to your `Cargo.toml`
[INFO] [stdout] 
[INFO] [stdout] 
[INFO] [stdout] error[E0433]: cannot find module or crate `ruda_model` in this scope
[INFO] [stdout]  --> tests/group_norm/mod.rs:1:5
[INFO] [stdout]   |
[INFO] [stdout] 1 | use ruda_model::module::Module;
[INFO] [stdout]   |     ^^^^^^^^^^ use of unresolved module or unlinked crate `ruda_model`
[INFO] [stdout]   |
[INFO] [stdout]   = help: if you wanted to use a crate named `ruda_model`, use `cargo add ruda_model` to add it to your `Cargo.toml`
[INFO] [stdout] 
[INFO] [stdout] 
[INFO] [stdout] error[E0432]: unresolved import `ruda_store`
[INFO] [stdout]   --> tests/enum_module/mod.rs:62:9
[INFO] [stdout]    |
[INFO] [stdout] 62 |     use ruda_store::{ModuleSnapshot, PytorchStore};
[INFO] [stdout]    |         ^^^^^^^^^^ use of unresolved module or unlinked crate `ruda_store`
[INFO] [stdout]    |
[INFO] [stdout]    = help: if you wanted to use a crate named `ruda_store`, use `cargo add ruda_store` to add it to your `Cargo.toml`
[INFO] [stdout] 
[INFO] [stdout] 
[INFO] [stdout] error[E0433]: cannot find module or crate `ruda_tensor` in this scope
[INFO] [stdout]  --> tests/group_norm/mod.rs:3:5
[INFO] [stdout]   |
[INFO] [stdout] 3 | use ruda_tensor::api::{Tensor, backend::Backend};
[INFO] [stdout]   |     ^^^^^^^^^^^ use of unresolved module or unlinked crate `ruda_tensor`
[INFO] [stdout]   |
[INFO] [stdout]   = help: if you wanted to use a crate named `ruda_tensor`, use `cargo add ruda_tensor` to add it to your `Cargo.toml`
[INFO] [stdout] 
[INFO] [stdout] 
[INFO] [stdout] error[E0433]: cannot find module or crate `ruda_tensor` in this scope
[INFO] [stdout]   --> tests/group_norm/mod.rs:26:9
[INFO] [stdout]    |
[INFO] [stdout] 26 |     use ruda_tensor::api::Tolerance;
[INFO] [stdout]    |         ^^^^^^^^^^^ use of unresolved module or unlinked crate `ruda_tensor`
[INFO] [stdout]    |
[INFO] [stdout]    = help: if you wanted to use a crate named `ruda_tensor`, use `cargo add ruda_tensor` to add it to your `Cargo.toml`
[INFO] [stdout] 
[INFO] [stdout] 
[INFO] [stdout] error[E0432]: unresolved import `ruda_nn`
[INFO] [stdout]  --> tests/group_norm/mod.rs:2:5
[INFO] [stdout]   |
[INFO] [stdout] 2 | use ruda_nn::{GroupNorm, GroupNormConfig};
[INFO] [stdout]   |     ^^^^^^^ use of unresolved module or unlinked crate `ruda_nn`
[INFO] [stdout]   |
[INFO] [stdout]   = help: if you wanted to use a crate named `ruda_nn`, use `cargo add ruda_nn` to add it to your `Cargo.toml`
[INFO] [stdout] 
[INFO] [stdout] 
[INFO] [stdout] error[E0433]: cannot find module or crate `ruda_model` in this scope
[INFO] [stdout]  --> tests/integer/mod.rs:1:5
[INFO] [stdout]   |
[INFO] [stdout] 1 | use ruda_model::module::{Module, Param, ParamId};
[INFO] [stdout]   |     ^^^^^^^^^^ use of unresolved module or unlinked crate `ruda_model`
[INFO] [stdout]   |
[INFO] [stdout]   = help: if you wanted to use a crate named `ruda_model`, use `cargo add ruda_model` to add it to your `Cargo.toml`
[INFO] [stdout] 
[INFO] [stdout] 
[INFO] [stdout] error[E0433]: cannot find module or crate `ruda_tensor` in this scope
[INFO] [stdout]  --> tests/integer/mod.rs:2:5
[INFO] [stdout]   |
[INFO] [stdout] 2 | use ruda_tensor::api::{DType, Int, Tensor, TensorData, backend::Backend};
[INFO] [stdout]   |     ^^^^^^^^^^^ use of unresolved module or unlinked crate `ruda_tensor`
[INFO] [stdout]   |
[INFO] [stdout]   = help: if you wanted to use a crate named `ruda_tensor`, use `cargo add ruda_tensor` to add it to your `Cargo.toml`
[INFO] [stdout] 
[INFO] [stdout] 
[INFO] [stdout] error[E0432]: unresolved import `ruda_store`
[INFO] [stdout]   --> tests/group_norm/mod.rs:27:9
[INFO] [stdout]    |
[INFO] [stdout] 27 |     use ruda_store::{ModuleSnapshot, PytorchStore};
[INFO] [stdout]    |         ^^^^^^^^^^ use of unresolved module or unlinked crate `ruda_store`
[INFO] [stdout]    |
[INFO] [stdout]    = help: if you wanted to use a crate named `ruda_store`, use `cargo add ruda_store` to add it to your `Cargo.toml`
[INFO] [stdout] 
[INFO] [stdout] 
[INFO] [stdout] error[E0433]: cannot find module or crate `ruda_model` in this scope
[INFO] [stdout]  --> tests/key_remap/mod.rs:1:5
[INFO] [stdout]   |
[INFO] [stdout] 1 | use ruda_model::module::Module;
[INFO] [stdout]   |     ^^^^^^^^^^ use of unresolved module or unlinked crate `ruda_model`
[INFO] [stdout]   |
[INFO] [stdout]   = help: if you wanted to use a crate named `ruda_model`, use `cargo add ruda_model` to add it to your `Cargo.toml`
[INFO] [stdout] 
[INFO] [stdout] 
[INFO] [stdout] error[E0433]: cannot find module or crate `ruda_nn` in this scope
[INFO] [stdout]  --> tests/key_remap/mod.rs:2:5
[INFO] [stdout]   |
[INFO] [stdout] 2 | use ruda_nn::conv::{Conv2d, Conv2dConfig};
[INFO] [stdout]   |     ^^^^^^^ use of unresolved module or unlinked crate `ruda_nn`
[INFO] [stdout]   |
[INFO] [stdout]   = help: if you wanted to use a crate named `ruda_nn`, use `cargo add ruda_nn` to add it to your `Cargo.toml`
[INFO] [stdout] 
[INFO] [stdout] 
[INFO] [stdout] error[E0433]: cannot find module or crate `ruda_tensor` in this scope
[INFO] [stdout]  --> tests/key_remap/mod.rs:3:5
[INFO] [stdout]   |
[INFO] [stdout] 3 | use ruda_tensor::api::{Tensor, backend::Backend};
[INFO] [stdout]   |     ^^^^^^^^^^^ use of unresolved module or unlinked crate `ruda_tensor`
[INFO] [stdout]   |
[INFO] [stdout]   = help: if you wanted to use a crate named `ruda_tensor`, use `cargo add ruda_tensor` to add it to your `Cargo.toml`
[INFO] [stdout] 
[INFO] [stdout] 
[INFO] [stdout] error[E0433]: cannot find module or crate `ruda_tensor` in this scope
[INFO] [stdout]   --> tests/key_remap/mod.rs:33:9
[INFO] [stdout]    |
[INFO] [stdout] 33 |     use ruda_tensor::api::{Tolerance, ops::FloatElem};
[INFO] [stdout]    |         ^^^^^^^^^^^ use of unresolved module or unlinked crate `ruda_tensor`
[INFO] [stdout]    |
[INFO] [stdout]    = help: if you wanted to use a crate named `ruda_tensor`, use `cargo add ruda_tensor` to add it to your `Cargo.toml`
[INFO] [stdout] 
[INFO] [stdout] 
[INFO] [stdout] error[E0432]: unresolved import `ruda_store`
[INFO] [stdout]   --> tests/integer/mod.rs:29:9
[INFO] [stdout]    |
[INFO] [stdout] 29 |     use ruda_store::{ModuleSnapshot, PytorchStore};
[INFO] [stdout]    |         ^^^^^^^^^^ use of unresolved module or unlinked crate `ruda_store`
[INFO] [stdout]    |
[INFO] [stdout]    = help: if you wanted to use a crate named `ruda_store`, use `cargo add ruda_store` to add it to your `Cargo.toml`
[INFO] [stdout] 
[INFO] [stdout] 
[INFO] [stdout] error[E0433]: cannot find module or crate `ruda_model` in this scope
[INFO] [stdout]  --> tests/key_remap_chained/mod.rs:3:5
[INFO] [stdout]   |
[INFO] [stdout] 3 | use ruda_model::module::Module;
[INFO] [stdout]   |     ^^^^^^^^^^ use of unresolved module or unlinked crate `ruda_model`
[INFO] [stdout]   |
[INFO] [stdout]   = help: if you wanted to use a crate named `ruda_model`, use `cargo add ruda_model` to add it to your `Cargo.toml`
[INFO] [stdout] 
[INFO] [stdout] 
[INFO] [stdout] error[E0432]: unresolved import `ruda_store`
[INFO] [stdout]   --> tests/key_remap/mod.rs:34:9
[INFO] [stdout]    |
[INFO] [stdout] 34 |     use ruda_store::{ModuleSnapshot, PytorchStore};
[INFO] [stdout]    |         ^^^^^^^^^^ use of unresolved module or unlinked crate `ruda_store`
[INFO] [stdout]    |
[INFO] [stdout]    = help: if you wanted to use a crate named `ruda_store`, use `cargo add ruda_store` to add it to your `Cargo.toml`
[INFO] [stdout] 
[INFO] [stdout] 
[INFO] [stdout] error[E0433]: cannot find module or crate `ruda_nn` in this scope
[INFO] [stdout]  --> tests/key_remap_chained/mod.rs:4:5
[INFO] [stdout]   |
[INFO] [stdout] 4 | use ruda_nn::{
[INFO] [stdout]   |     ^^^^^^^ use of unresolved module or unlinked crate `ruda_nn`
[INFO] [stdout]   |
[INFO] [stdout]   = help: if you wanted to use a crate named `ruda_nn`, use `cargo add ruda_nn` to add it to your `Cargo.toml`
[INFO] [stdout] 
[INFO] [stdout] 
[INFO] [stdout] error[E0433]: cannot find module or crate `ruda_tensor` in this scope
[INFO] [stdout]  --> tests/key_remap_chained/mod.rs:8:5
[INFO] [stdout]   |
[INFO] [stdout] 8 | use ruda_tensor::api::{Device, Tensor, backend::Backend};
[INFO] [stdout]   |     ^^^^^^^^^^^ use of unresolved module or unlinked crate `ruda_tensor`
[INFO] [stdout]   |
[INFO] [stdout]   = help: if you wanted to use a crate named `ruda_tensor`, use `cargo add ruda_tensor` to add it to your `Cargo.toml`
[INFO] [stdout] 
[INFO] [stdout] 
[INFO] [stdout] error[E0433]: cannot find module or crate `ruda_tensor` in this scope
[INFO] [stdout]   --> tests/key_remap_chained/mod.rs:98:9
[INFO] [stdout]    |
[INFO] [stdout] 98 |     use ruda_tensor::api::{Tolerance, ops::FloatElem};
[INFO] [stdout]    |         ^^^^^^^^^^^ use of unresolved module or unlinked crate `ruda_tensor`
[INFO] [stdout]    |
[INFO] [stdout]    = help: if you wanted to use a crate named `ruda_tensor`, use `cargo add ruda_tensor` to add it to your `Cargo.toml`
[INFO] [stdout] 
[INFO] [stdout] 
[INFO] [stdout] error[E0432]: unresolved import `ruda_nn`
[INFO] [stdout]  --> tests/key_remap_chained/mod.rs:4:5
[INFO] [stdout]   |
[INFO] [stdout] 4 | use ruda_nn::{
[INFO] [stdout]   |     ^^^^^^^ use of unresolved module or unlinked crate `ruda_nn`
[INFO] [stdout]   |
[INFO] [stdout]   = help: if you wanted to use a crate named `ruda_nn`, use `cargo add ruda_nn` to add it to your `Cargo.toml`
[INFO] [stdout] 
[INFO] [stdout] 
[INFO] [stdout] error[E0433]: cannot find module or crate `ruda_model` in this scope
[INFO] [stdout]  --> tests/layer_norm/mod.rs:1:5
[INFO] [stdout]   |
[INFO] [stdout] 1 | use ruda_model::module::Module;
[INFO] [stdout]   |     ^^^^^^^^^^ use of unresolved module or unlinked crate `ruda_model`
[INFO] [stdout]   |
[INFO] [stdout]   = help: if you wanted to use a crate named `ruda_model`, use `cargo add ruda_model` to add it to your `Cargo.toml`
[INFO] [stdout] 
[INFO] [stdout] 
[INFO] [stdout] error[E0432]: unresolved import `ruda_store`
[INFO] [stdout]   --> tests/key_remap_chained/mod.rs:99:9
[INFO] [stdout]    |
[INFO] [stdout] 99 |     use ruda_store::{ModuleSnapshot, PytorchStore};
[INFO] [stdout]    |         ^^^^^^^^^^ use of unresolved module or unlinked crate `ruda_store`
[INFO] [stdout]    |
[INFO] [stdout]    = help: if you wanted to use a crate named `ruda_store`, use `cargo add ruda_store` to add it to your `Cargo.toml`
[INFO] [stdout] 
[INFO] [stdout] 
[INFO] [stdout] error[E0433]: cannot find module or crate `ruda_tensor` in this scope
[INFO] [stdout]  --> tests/layer_norm/mod.rs:3:5
[INFO] [stdout]   |
[INFO] [stdout] 3 | use ruda_tensor::api::{Tensor, backend::Backend};
[INFO] [stdout]   |     ^^^^^^^^^^^ use of unresolved module or unlinked crate `ruda_tensor`
[INFO] [stdout]   |
[INFO] [stdout]   = help: if you wanted to use a crate named `ruda_tensor`, use `cargo add ruda_tensor` to add it to your `Cargo.toml`
[INFO] [stdout] 
[INFO] [stdout] 
[INFO] [stdout] error[E0433]: cannot find module or crate `ruda_tensor` in this scope
[INFO] [stdout]   --> tests/layer_norm/mod.rs:27:9
[INFO] [stdout]    |
[INFO] [stdout] 27 |     use ruda_tensor::api::{Tolerance, ops::FloatElem};
[INFO] [stdout]    |         ^^^^^^^^^^^ use of unresolved module or unlinked crate `ruda_tensor`
[INFO] [stdout]    |
[INFO] [stdout]    = help: if you wanted to use a crate named `ruda_tensor`, use `cargo add ruda_tensor` to add it to your `Cargo.toml`
[INFO] [stdout] 
[INFO] [stdout] 
[INFO] [stdout] error[E0432]: unresolved import `ruda_nn`
[INFO] [stdout]  --> tests/layer_norm/mod.rs:2:5
[INFO] [stdout]   |
[INFO] [stdout] 2 | use ruda_nn::{LayerNorm, LayerNormConfig};
[INFO] [stdout]   |     ^^^^^^^ use of unresolved module or unlinked crate `ruda_nn`
[INFO] [stdout]   |
[INFO] [stdout]   = help: if you wanted to use a crate named `ruda_nn`, use `cargo add ruda_nn` to add it to your `Cargo.toml`
[INFO] [stdout] 
[INFO] [stdout] 
[INFO] [stdout] error[E0433]: cannot find module or crate `ruda_model` in this scope
[INFO] [stdout]  --> tests/linear/mod.rs:1:5
[INFO] [stdout]   |
[INFO] [stdout] 1 | use ruda_model::module::Module;
[INFO] [stdout]   |     ^^^^^^^^^^ use of unresolved module or unlinked crate `ruda_model`
[INFO] [stdout]   |
[INFO] [stdout]   = help: if you wanted to use a crate named `ruda_model`, use `cargo add ruda_model` to add it to your `Cargo.toml`
[INFO] [stdout] 
[INFO] [stdout] 
[INFO] [stdout] error[E0432]: unresolved import `ruda_store`
[INFO] [stdout]   --> tests/layer_norm/mod.rs:28:9
[INFO] [stdout]    |
[INFO] [stdout] 28 |     use ruda_store::{ModuleSnapshot, PytorchStore};
[INFO] [stdout]    |         ^^^^^^^^^^ use of unresolved module or unlinked crate `ruda_store`
[INFO] [stdout]    |
[INFO] [stdout]    = help: if you wanted to use a crate named `ruda_store`, use `cargo add ruda_store` to add it to your `Cargo.toml`
[INFO] [stdout] 
[INFO] [stdout] 
[INFO] [stdout] error[E0433]: cannot find module or crate `ruda_tensor` in this scope
[INFO] [stdout]  --> tests/linear/mod.rs:3:5
[INFO] [stdout]   |
[INFO] [stdout] 3 | use ruda_tensor::api::{Tensor, backend::Backend};
[INFO] [stdout]   |     ^^^^^^^^^^^ use of unresolved module or unlinked crate `ruda_tensor`
[INFO] [stdout]   |
[INFO] [stdout]   = help: if you wanted to use a crate named `ruda_tensor`, use `cargo add ruda_tensor` to add it to your `Cargo.toml`
[INFO] [stdout] 
[INFO] [stdout] 
[INFO] [stdout] error[E0433]: cannot find module or crate `ruda_tensor` in this scope
[INFO] [stdout]   --> tests/linear/mod.rs:54:9
[INFO] [stdout]    |
[INFO] [stdout] 54 |     use ruda_tensor::api::{Tolerance, ops::FloatElem};
[INFO] [stdout]    |         ^^^^^^^^^^^ use of unresolved module or unlinked crate `ruda_tensor`
[INFO] [stdout]    |
[INFO] [stdout]    = help: if you wanted to use a crate named `ruda_tensor`, use `cargo add ruda_tensor` to add it to your `Cargo.toml`
[INFO] [stdout] 
[INFO] [stdout] 
[INFO] [stdout] error[E0432]: unresolved import `ruda_nn`
[INFO] [stdout]  --> tests/linear/mod.rs:2:5
[INFO] [stdout]   |
[INFO] [stdout] 2 | use ruda_nn::{Linear, LinearConfig, Relu};
[INFO] [stdout]   |     ^^^^^^^ use of unresolved module or unlinked crate `ruda_nn`
[INFO] [stdout]   |
[INFO] [stdout]   = help: if you wanted to use a crate named `ruda_nn`, use `cargo add ruda_nn` to add it to your `Cargo.toml`
[INFO] [stdout] 
[INFO] [stdout] 
[INFO] [stdout] error[E0433]: cannot find module or crate `ruda_model` in this scope
[INFO] [stdout]  --> tests/missing_module_field/mod.rs:1:5
[INFO] [stdout]   |
[INFO] [stdout] 1 | use ruda_model::module::Module;
[INFO] [stdout]   |     ^^^^^^^^^^ use of unresolved module or unlinked crate `ruda_model`
[INFO] [stdout]   |
[INFO] [stdout]   = help: if you wanted to use a crate named `ruda_model`, use `cargo add ruda_model` to add it to your `Cargo.toml`
[INFO] [stdout] 
[INFO] [stdout] 
[INFO] [stdout] error[E0433]: cannot find module or crate `ruda_nn` in this scope
[INFO] [stdout]  --> tests/missing_module_field/mod.rs:2:5
[INFO] [stdout]   |
[INFO] [stdout] 2 | use ruda_nn::conv::Conv2d;
[INFO] [stdout]   |     ^^^^^^^ use of unresolved module or unlinked crate `ruda_nn`
[INFO] [stdout]   |
[INFO] [stdout]   = help: if you wanted to use a crate named `ruda_nn`, use `cargo add ruda_nn` to add it to your `Cargo.toml`
[INFO] [stdout] 
[INFO] [stdout] 
[INFO] [stdout] error[E0433]: cannot find module or crate `ruda_tensor` in this scope
[INFO] [stdout]  --> tests/missing_module_field/mod.rs:3:5
[INFO] [stdout]   |
[INFO] [stdout] 3 | use ruda_tensor::api::backend::Backend;
[INFO] [stdout]   |     ^^^^^^^^^^^ use of unresolved module or unlinked crate `ruda_tensor`
[INFO] [stdout]   |
[INFO] [stdout]   = help: if you wanted to use a crate named `ruda_tensor`, use `cargo add ruda_tensor` to add it to your `Cargo.toml`
[INFO] [stdout] 
[INFO] [stdout] 
[INFO] [stdout] error[E0433]: cannot find module or crate `ruda_nn` in this scope
[INFO] [stdout]   --> tests/missing_module_field/mod.rs:15:9
[INFO] [stdout]    |
[INFO] [stdout] 15 |     use ruda_nn::conv::Conv2dConfig;
[INFO] [stdout]    |         ^^^^^^^ use of unresolved module or unlinked crate `ruda_nn`
[INFO] [stdout]    |
[INFO] [stdout]    = help: if you wanted to use a crate named `ruda_nn`, use `cargo add ruda_nn` to add it to your `Cargo.toml`
[INFO] [stdout] 
[INFO] [stdout] 
[INFO] [stdout] error[E0432]: unresolved import `ruda_store`
[INFO] [stdout]   --> tests/linear/mod.rs:55:9
[INFO] [stdout]    |
[INFO] [stdout] 55 |     use ruda_store::{ModuleSnapshot, PytorchStore};
[INFO] [stdout]    |         ^^^^^^^^^^ use of unresolved module or unlinked crate `ruda_store`
[INFO] [stdout]    |
[INFO] [stdout]    = help: if you wanted to use a crate named `ruda_store`, use `cargo add ruda_store` to add it to your `Cargo.toml`
[INFO] [stdout] 
[INFO] [stdout] 
[INFO] [stdout] error[E0433]: cannot find module or crate `ruda_model` in this scope
[INFO] [stdout]  --> tests/non_contiguous_indexes/mod.rs:1:5
[INFO] [stdout]   |
[INFO] [stdout] 1 | use ruda_model::module::Module;
[INFO] [stdout]   |     ^^^^^^^^^^ use of unresolved module or unlinked crate `ruda_model`
[INFO] [stdout]   |
[INFO] [stdout]   = help: if you wanted to use a crate named `ruda_model`, use `cargo add ruda_model` to add it to your `Cargo.toml`
[INFO] [stdout] 
[INFO] [stdout] 
[INFO] [stdout] error[E0432]: unresolved import `ruda_store`
[INFO] [stdout]   --> tests/missing_module_field/mod.rs:16:9
[INFO] [stdout]    |
[INFO] [stdout] 16 |     use ruda_store::{ModuleSnapshot, PytorchStore};
[INFO] [stdout]    |         ^^^^^^^^^^ use of unresolved module or unlinked crate `ruda_store`
[INFO] [stdout]    |
[INFO] [stdout]    = help: if you wanted to use a crate named `ruda_store`, use `cargo add ruda_store` to add it to your `Cargo.toml`
[INFO] [stdout] 
[INFO] [stdout] 
[INFO] [stdout] error[E0433]: cannot find module or crate `ruda_nn` in this scope
[INFO] [stdout]  --> tests/non_contiguous_indexes/mod.rs:2:5
[INFO] [stdout]   |
[INFO] [stdout] 2 | use ruda_nn::{
[INFO] [stdout]   |     ^^^^^^^ use of unresolved module or unlinked crate `ruda_nn`
[INFO] [stdout]   |
[INFO] [stdout]   = help: if you wanted to use a crate named `ruda_nn`, use `cargo add ruda_nn` to add it to your `Cargo.toml`
[INFO] [stdout] 
[INFO] [stdout] 
[INFO] [stdout] error[E0433]: cannot find module or crate `ruda_tensor` in this scope
[INFO] [stdout]  --> tests/non_contiguous_indexes/mod.rs:6:5
[INFO] [stdout]   |
[INFO] [stdout] 6 | use ruda_tensor::api::{Tensor, activation::relu, backend::Backend};
[INFO] [stdout]   |     ^^^^^^^^^^^ use of unresolved module or unlinked crate `ruda_tensor`
[INFO] [stdout]   |
[INFO] [stdout]   = help: if you wanted to use a crate named `ruda_tensor`, use `cargo add ruda_tensor` to add it to your `Cargo.toml`
[INFO] [stdout] 
[INFO] [stdout] 
[INFO] [stdout] error[E0433]: cannot find module or crate `ruda_tensor` in this scope
[INFO] [stdout]   --> tests/non_contiguous_indexes/mod.rs:39:9
[INFO] [stdout]    |
[INFO] [stdout] 39 |     use ruda_tensor::api::{Tolerance, ops::FloatElem};
[INFO] [stdout]    |         ^^^^^^^^^^^ use of unresolved module or unlinked crate `ruda_tensor`
[INFO] [stdout]    |
[INFO] [stdout]    = help: if you wanted to use a crate named `ruda_tensor`, use `cargo add ruda_tensor` to add it to your `Cargo.toml`
[INFO] [stdout] 
[INFO] [stdout] 
[INFO] [stdout] error[E0432]: unresolved import `ruda_nn`
[INFO] [stdout]  --> tests/non_contiguous_indexes/mod.rs:2:5
[INFO] [stdout]   |
[INFO] [stdout] 2 | use ruda_nn::{
[INFO] [stdout]   |     ^^^^^^^ use of unresolved module or unlinked crate `ruda_nn`
[INFO] [stdout]   |
[INFO] [stdout]   = help: if you wanted to use a crate named `ruda_nn`, use `cargo add ruda_nn` to add it to your `Cargo.toml`
[INFO] [stdout] 
[INFO] [stdout] 
[INFO] [stdout] error[E0433]: cannot find module or crate `ruda_model` in this scope
[INFO] [stdout]  --> tests/top_level_key/mod.rs:1:5
[INFO] [stdout]   |
[INFO] [stdout] 1 | use ruda_model::module::Module;
[INFO] [stdout]   |     ^^^^^^^^^^ use of unresolved module or unlinked crate `ruda_model`
[INFO] [stdout]   |
[INFO] [stdout]   = help: if you wanted to use a crate named `ruda_model`, use `cargo add ruda_model` to add it to your `Cargo.toml`
[INFO] [stdout] 
[INFO] [stdout] 
[INFO] [stdout] error[E0433]: cannot find module or crate `ruda_nn` in this scope
[INFO] [stdout]  --> tests/top_level_key/mod.rs:2:5
[INFO] [stdout]   |
[INFO] [stdout] 2 | use ruda_nn::conv::Conv2d;
[INFO] [stdout]   |     ^^^^^^^ use of unresolved module or unlinked crate `ruda_nn`
[INFO] [stdout]   |
[INFO] [stdout]   = help: if you wanted to use a crate named `ruda_nn`, use `cargo add ruda_nn` to add it to your `Cargo.toml`
[INFO] [stdout] 
[INFO] [stdout] 
[INFO] [stdout] error[E0433]: cannot find module or crate `ruda_tensor` in this scope
[INFO] [stdout]  --> tests/top_level_key/mod.rs:3:5
[INFO] [stdout]   |
[INFO] [stdout] 3 | use ruda_tensor::api::backend::Backend;
[INFO] [stdout]   |     ^^^^^^^^^^^ use of unresolved module or unlinked crate `ruda_tensor`
[INFO] [stdout]   |
[INFO] [stdout]   = help: if you wanted to use a crate named `ruda_tensor`, use `cargo add ruda_tensor` to add it to your `Cargo.toml`
[INFO] [stdout] 
[INFO] [stdout] 
[INFO] [stdout] error[E0433]: cannot find module or crate `ruda_nn` in this scope
[INFO] [stdout]   --> tests/top_level_key/mod.rs:15:9
[INFO] [stdout]    |
[INFO] [stdout] 15 |     use ruda_nn::conv::Conv2dConfig;
[INFO] [stdout]    |         ^^^^^^^ use of unresolved module or unlinked crate `ruda_nn`
[INFO] [stdout]    |
[INFO] [stdout]    = help: if you wanted to use a crate named `ruda_nn`, use `cargo add ruda_nn` to add it to your `Cargo.toml`
[INFO] [stdout] 
[INFO] [stdout] 
[INFO] [stdout] error[E0432]: unresolved import `ruda_store`
[INFO] [stdout]   --> tests/non_contiguous_indexes/mod.rs:40:9
[INFO] [stdout]    |
[INFO] [stdout] 40 |     use ruda_store::{ModuleSnapshot, PytorchStore};
[INFO] [stdout]    |         ^^^^^^^^^^ use of unresolved module or unlinked crate `ruda_store`
[INFO] [stdout]    |
[INFO] [stdout]    = help: if you wanted to use a crate named `ruda_store`, use `cargo add ruda_store` to add it to your `Cargo.toml`
[INFO] [stdout] 
[INFO] [stdout] 
[INFO] [stdout] error[E0432]: unresolved import `ruda_store`
[INFO] [stdout]   --> tests/top_level_key/mod.rs:16:9
[INFO] [stdout]    |
[INFO] [stdout] 16 |     use ruda_store::{ModuleSnapshot, PytorchStore};
[INFO] [stdout]    |         ^^^^^^^^^^ use of unresolved module or unlinked crate `ruda_store`
[INFO] [stdout]    |
[INFO] [stdout]    = help: if you wanted to use a crate named `ruda_store`, use `cargo add ruda_store` to add it to your `Cargo.toml`
[INFO] [stdout] 
[INFO] [stdout] 
[INFO] [stdout] error[E0433]: cannot find module or crate `ruda_tensor_host` in this scope
[INFO] [stdout]  --> tests/backend.rs:1:24
[INFO] [stdout]   |
[INFO] [stdout] 1 | pub type TestBackend = ruda_tensor_host::Host;
[INFO] [stdout]   |                        ^^^^^^^^^^^^^^^^ use of unresolved module or unlinked crate `ruda_tensor_host`
[INFO] [stdout]   |
[INFO] [stdout]   = help: if you wanted to use a crate named `ruda_tensor_host`, use `cargo add ruda_tensor_host` to add it to your `Cargo.toml`
[INFO] [stdout] 
[INFO] [stdout] 
[INFO] [stdout] error[E0433]: cannot find module or crate `ruda_tensor_host` in this scope
[INFO] [stdout]    --> tests/complex_nested/mod.rs:125:20
[INFO] [stdout]     |
[INFO] [stdout] 125 | type TestBackend = ruda_tensor_host::Host;
[INFO] [stdout]     |                    ^^^^^^^^^^^^^^^^ use of unresolved module or unlinked crate `ruda_tensor_host`
[INFO] [stdout]     |
[INFO] [stdout]     = help: if you wanted to use a crate named `ruda_tensor_host`, use `cargo add ruda_tensor_host` to add it to your `Cargo.toml`
[INFO] [stdout] 
[INFO] [stdout] 
[INFO] [stdout] Some errors have detailed explanations: E0432, E0433.
[INFO] [stdout] 
[INFO] [stdout] For more information about an error, try `rustc --explain E0432`.
[INFO] [stdout] 
[INFO] [stderr] error: could not compile `ruda-store-pytorch-tests` (test "test_mod") due to 100 previous errors
[INFO] running `Command { std: "docker" "inspect" "91655e7911d76dad8e8f3a10dd31f0266c9352f79c57bdabd99e44d05c28c47c", kill_on_drop: false }`
[INFO] running `Command { std: "docker" "rm" "-f" "91655e7911d76dad8e8f3a10dd31f0266c9352f79c57bdabd99e44d05c28c47c", kill_on_drop: false }`
[INFO] [stdout] 91655e7911d76dad8e8f3a10dd31f0266c9352f79c57bdabd99e44d05c28c47c
