[INFO] fetching crate ruda-nn 0.21.18...
[INFO] testing ruda-nn-0.21.18 against 1.100.0-beta.1 for beta-1.100-2
[INFO] extracting crate ruda-nn 0.21.18 into /workspace/builds/worker-4-tc2/source
[INFO] started tweaking crates.io crate ruda-nn 0.21.18
[INFO] removed 0 missing tests
[INFO] finished tweaking crates.io crate ruda-nn 0.21.18
[INFO] tweaked toml for crates.io crate ruda-nn 0.21.18 written to /workspace/builds/worker-4-tc2/source/Cargo.toml
[INFO] validating manifest of crates.io crate ruda-nn 0.21.18 on toolchain 1.100.0-beta.1
[INFO] running `Command { std: CARGO_HOME="/workspace/cargo-home" RUSTUP_HOME="/workspace/rustup-home" "/workspace/cargo-home/bin/cargo" "+1.100.0-beta.1" "metadata" "--manifest-path" "Cargo.toml" "--no-deps", kill_on_drop: false }`
[INFO] crate crates.io crate ruda-nn 0.21.18 already has a lockfile, it will not be regenerated
[INFO] running `Command { std: CARGO_HOME="/workspace/cargo-home" RUSTUP_HOME="/workspace/rustup-home" "/workspace/cargo-home/bin/cargo" "+1.100.0-beta.1" "fetch" "--manifest-path" "Cargo.toml", kill_on_drop: false }`
[INFO] running `Command { std: "docker" "create" "-v" "/var/lib/crater-agent-workspace/builds/worker-4-tc2/source:/opt/rustwide/workdir:ro,Z" "-v" "/var/lib/crater-agent-workspace/builds/worker-4-tc2/target:/opt/rustwide/target:rw,Z" "-v" "/var/lib/crater-agent-workspace/cargo-home:/opt/rustwide/cargo-home:ro,Z" "-v" "/var/lib/crater-agent-workspace/rustup-home:/opt/rustwide/rustup-home:ro,Z" "-m" "1610612736" "--network" "none" "ghcr.io/rust-lang/crates-build-env/linux@sha256:3111399a4047eeb3a02b7a90e478d715f38a8c6669b5c4b49d30a17385265909" "sleep" "infinity", kill_on_drop: false }`
[INFO] [stdout] 31f26b458f9053012f11211410dbefc972f9c1c28ad7b6a26fc8b02ab472159c
[INFO] running `Command { std: "docker" "start" "31f26b458f9053012f11211410dbefc972f9c1c28ad7b6a26fc8b02ab472159c", kill_on_drop: false }`
[INFO] running `Command { std: "docker" "inspect" "31f26b458f9053012f11211410dbefc972f9c1c28ad7b6a26fc8b02ab472159c", kill_on_drop: false }`
[INFO] running `Command { std: "docker" "exec" "-e" "SOURCE_DIR=/opt/rustwide/workdir" "-e" "CARGO_HOME=/opt/rustwide/cargo-home" "-e" "RUSTUP_HOME=/opt/rustwide/rustup-home" "-e" "CARGO_TARGET_DIR=/opt/rustwide/target" "-w" "/opt/rustwide/workdir" "--user" "0:0" "31f26b458f9053012f11211410dbefc972f9c1c28ad7b6a26fc8b02ab472159c" "/opt/rustwide/cargo-home/bin/cargo" "+1.100.0-beta.1" "metadata" "--no-deps" "--format-version=1", kill_on_drop: false }`
[INFO] running `Command { std: "docker" "inspect" "31f26b458f9053012f11211410dbefc972f9c1c28ad7b6a26fc8b02ab472159c", kill_on_drop: false }`
[INFO] running `Command { std: "docker" "exec" "-e" "SOURCE_DIR=/opt/rustwide/workdir" "-e" "CARGO_HOME=/opt/rustwide/cargo-home" "-e" "RUSTUP_HOME=/opt/rustwide/rustup-home" "-e" "CARGO_TARGET_DIR=/opt/rustwide/target" "-e" "CARGO_INCREMENTAL=0" "-e" "RUST_BACKTRACE=full" "-e" "RUSTFLAGS=--cap-lints=warn" "-e" "RUSTDOCFLAGS=--cap-lints=warn" "-w" "/opt/rustwide/workdir" "--user" "0:0" "31f26b458f9053012f11211410dbefc972f9c1c28ad7b6a26fc8b02ab472159c" "/opt/rustwide/cargo-home/bin/cargo" "+1.100.0-beta.1" "build" "--frozen" "--message-format=json", kill_on_drop: false }`
[INFO] [stderr]    Compiling serde_core v1.0.229
[INFO] [stderr]    Compiling serde v1.0.229
[INFO] [stderr]    Compiling getrandom v0.4.3
[INFO] [stderr]    Compiling zerocopy v0.8.56
[INFO] [stderr]    Compiling unicode-segmentation v1.13.3
[INFO] [stderr]    Compiling num-traits v0.2.19
[INFO] [stderr]    Compiling cpufeatures v0.3.1
[INFO] [stderr]    Compiling portable-atomic v1.15.0
[INFO] [stderr]    Compiling cfg_aliases v0.2.2
[INFO] [stderr]    Compiling thiserror v2.0.20
[INFO] [stderr]    Compiling winnow v1.0.4
[INFO] [stderr]    Compiling syn v2.0.119
[INFO] [stderr]    Compiling syn v3.0.4
[INFO] [stderr]    Compiling chacha20 v0.10.2
[INFO] [stderr]    Compiling ruda-core v0.1.4
[INFO] [stderr]    Compiling nom v8.0.0
[INFO] [stderr]    Compiling futures-core v0.3.34
[INFO] [stderr]    Compiling toml_writer v1.1.2+spec-1.1.0
[INFO] [stderr]    Compiling futures-io v0.3.34
[INFO] [stderr]    Compiling fastrand v2.5.0
[INFO] [stderr]    Compiling backtrace v0.3.76
[INFO] [stderr]    Compiling bytes v1.12.1
[INFO] [stderr]    Compiling futures-lite v2.6.1
[INFO] [stderr]    Compiling embassy-futures v0.1.2
[INFO] [stderr]    Compiling rand v0.10.2
[INFO] [stderr]    Compiling oneshot v0.2.1
[INFO] [stderr]    Compiling crc32fast v1.5.1
[INFO] [stderr]    Compiling ahash v0.8.12
[INFO] [stderr]    Compiling aho-corasick v1.1.5
[INFO] [stderr]    Compiling simd-adler32 v0.3.10
[INFO] [stderr]    Compiling convert_case v0.10.0
[INFO] [stderr]    Compiling toml_parser v1.1.3+spec-1.1.0
[INFO] [stderr]    Compiling serde_json v1.0.151
[INFO] [stderr]    Compiling miniz_oxide v0.9.1
[INFO] [stderr]    Compiling unty v0.0.4
[INFO] [stderr]    Compiling colored v3.1.1
[INFO] [stderr]    Compiling uuid v1.26.0
[INFO] [stderr]    Compiling data-encoding v2.11.1
[INFO] [stderr]    Compiling spin v0.10.1
[INFO] [stderr]    Compiling rand_distr v0.6.0
[INFO] [stderr]    Compiling rmp v0.8.15
[INFO] [stderr]    Compiling flate2 v1.1.10
[INFO] [stderr]    Compiling regex-automata v0.4.18
[INFO] [stderr]    Compiling serde_derive v1.0.229
[INFO] [stderr]    Compiling bytemuck_derive v1.12.0
[INFO] [stderr]    Compiling thiserror-impl v2.0.20
[INFO] [stderr]    Compiling bytemuck v1.25.2
[INFO] [stderr]    Compiling tynm v0.2.0
[INFO] [stderr]    Compiling toml_datetime v1.1.1+spec-1.1.0
[INFO] [stderr]    Compiling serde_spanned v1.1.1
[INFO] [stderr]    Compiling hashbrown v0.16.1
[INFO] [stderr]    Compiling serde_bytes v0.11.19
[INFO] [stderr]    Compiling regex v1.13.1
[INFO] [stderr]    Compiling toml v1.1.4+spec-1.1.0
[INFO] [stderr]    Compiling smallvec v1.15.2
[INFO] [stderr]    Compiling rmp-serde v1.3.1
[INFO] [stderr]    Compiling bincode v2.0.1
[INFO] [stderr]    Compiling parking_lot_core v0.9.12
[INFO] [stderr]    Compiling parking_lot v0.12.5
[INFO] [stderr]    Compiling darling_core v0.21.3
[INFO] [stderr]    Compiling zerocopy-derive v0.8.56
[INFO] [stderr]    Compiling derive-new v0.7.0
[INFO] [stderr]    Compiling derive_more-impl v2.1.1
[INFO] [stderr]    Compiling ruda-model-codegen v0.21.0
[INFO] [stderr]    Compiling ruda-model-macros v0.21.0
[INFO] [stderr]    Compiling darling_macro v0.21.3
[INFO] [stderr]    Compiling derive_more v2.1.1
[INFO] [stderr]    Compiling darling v0.21.3
[INFO] [stderr]    Compiling enumset_derive v0.15.0
[INFO] [stderr]    Compiling enumset v1.1.14
[INFO] [stderr]    Compiling half v2.7.1
[INFO] [stderr]    Compiling ruDNN v0.1.18
[INFO] [stderr]    Compiling ruda-tensor-config v0.21.2
[INFO] [stderr]    Compiling ruda-tensor v0.21.18
[INFO] [stderr]    Compiling ruda-model v0.21.17
[INFO] [stderr]    Compiling ruda-nn v0.21.18 (/opt/rustwide/workdir)
[INFO] [stdout] warning: use of deprecated constant `std::f32::NEG_INFINITY`: replaced by the `NEG_INFINITY` associated constant on `f32`
[INFO] [stdout]   --> src/loss/rnnt.rs:79:63
[INFO] [stdout]    |
[INFO] [stdout] 79 |         let neg_inf = Tensor::<B, 2>::full([b, max_up1], f32::NEG_INFINITY, &device);
[INFO] [stdout]    |                                                               ^^^^^^^^^^^^
[INFO] [stdout]    |
[INFO] [stdout]    = note: `#[warn(deprecated)]` on by default
[INFO] [stdout] 
[INFO] [stdout] 
[INFO] [stdout] warning: use of deprecated constant `std::f32::NEG_INFINITY`: replaced by the `NEG_INFINITY` associated constant on `f32`
[INFO] [stdout]    --> src/loss/rnnt.rs:199:63
[INFO] [stdout]     |
[INFO] [stdout] 199 |         let mut new = Tensor::<B, 2>::full([b, max_up1], f32::NEG_INFINITY, &device);
[INFO] [stdout]     |                                                               ^^^^^^^^^^^^
[INFO] [stdout] 
[INFO] [stdout] 
[INFO] [stdout] warning: use of deprecated constant `std::f32::NEG_INFINITY`: replaced by the `NEG_INFINITY` associated constant on `f32`
[INFO] [stdout]    --> src/loss/rnnt.rs:297:47
[INFO] [stdout]     |
[INFO] [stdout] 297 |         let a_inf = a.clone().equal_elem(f32::NEG_INFINITY);
[INFO] [stdout]     |                                               ^^^^^^^^^^^^
[INFO] [stdout] 
[INFO] [stdout] 
[INFO] [stdout] warning: use of deprecated constant `std::f32::NEG_INFINITY`: replaced by the `NEG_INFINITY` associated constant on `f32`
[INFO] [stdout]    --> src/loss/rnnt.rs:298:47
[INFO] [stdout]     |
[INFO] [stdout] 298 |         let b_inf = b.clone().equal_elem(f32::NEG_INFINITY);
[INFO] [stdout]     |                                               ^^^^^^^^^^^^
[INFO] [stdout] 
[INFO] [stdout] 
[INFO] [stdout] warning: associated function `compute_smoothed_targets` is never used
[INFO] [stdout]    --> src/loss/cross_entropy.rs:203:8
[INFO] [stdout]     |
[INFO] [stdout] 114 | impl<B: Backend> CrossEntropyLoss<B> {
[INFO] [stdout]     | ------------------------------------ associated function in this implementation
[INFO] [stdout] ...
[INFO] [stdout] 203 |     fn compute_smoothed_targets(
[INFO] [stdout]     |        ^^^^^^^^^^^^^^^^^^^^^^^^
[INFO] [stdout]     |
[INFO] [stdout]     = note: `#[warn(dead_code)]` (part of `#[warn(unused)]`) on by default
[INFO] [stdout] 
[INFO] [stdout] 
[INFO] [stdout] warning: function `check_same_padding_support` is never used
[INFO] [stdout]   --> src/modules/conv/checks.rs:16:15
[INFO] [stdout]    |
[INFO] [stdout] 16 | pub(crate) fn check_same_padding_support(kernel_size: &[usize]) {
[INFO] [stdout]    |               ^^^^^^^^^^^^^^^^^^^^^^^^^^
[INFO] [stdout] 
[INFO] [stdout] 
[INFO] [stdout] warning: method `calculate_padding_2d` is never used
[INFO] [stdout]   --> src/padding.rs:95:19
[INFO] [stdout]    |
[INFO] [stdout] 71 | impl PaddingConfig2d {
[INFO] [stdout]    | -------------------- method in this implementation
[INFO] [stdout] ...
[INFO] [stdout] 95 |     pub(crate) fn calculate_padding_2d(
[INFO] [stdout]    |                   ^^^^^^^^^^^^^^^^^^^^
[INFO] [stdout] 
[INFO] [stdout] 
[INFO] [stdout] warning: method `calculate_padding_3d` is never used
[INFO] [stdout]    --> src/padding.rs:143:19
[INFO] [stdout]     |
[INFO] [stdout] 123 | impl PaddingConfig3d {
[INFO] [stdout]     | -------------------- method in this implementation
[INFO] [stdout] ...
[INFO] [stdout] 143 |     pub(crate) fn calculate_padding_3d(
[INFO] [stdout]     |                   ^^^^^^^^^^^^^^^^^^^^
[INFO] [stdout] 
[INFO] [stdout] 
[INFO] [stderr]     Finished `dev` profile [unoptimized + debuginfo] target(s) in 47.44s
[INFO] running `Command { std: "docker" "inspect" "31f26b458f9053012f11211410dbefc972f9c1c28ad7b6a26fc8b02ab472159c", kill_on_drop: false }`
[INFO] running `Command { std: "docker" "exec" "-e" "SOURCE_DIR=/opt/rustwide/workdir" "-e" "CARGO_HOME=/opt/rustwide/cargo-home" "-e" "RUSTUP_HOME=/opt/rustwide/rustup-home" "-e" "CARGO_TARGET_DIR=/opt/rustwide/target" "-e" "CARGO_INCREMENTAL=0" "-e" "RUST_BACKTRACE=full" "-e" "RUSTFLAGS=--cap-lints=warn" "-e" "RUSTDOCFLAGS=--cap-lints=warn" "-w" "/opt/rustwide/workdir" "--user" "0:0" "31f26b458f9053012f11211410dbefc972f9c1c28ad7b6a26fc8b02ab472159c" "/opt/rustwide/cargo-home/bin/cargo" "+1.100.0-beta.1" "test" "--frozen" "--no-run" "--message-format=json", kill_on_drop: false }`
[INFO] [stderr]    Compiling syn v2.0.119
[INFO] [stderr]    Compiling syn v3.0.4
[INFO] [stderr]    Compiling futures-core v0.3.34
[INFO] [stderr]    Compiling hashbrown v0.17.1
[INFO] [stderr]    Compiling aho-corasick v1.1.5
[INFO] [stderr]    Compiling regex-syntax v0.8.11
[INFO] [stderr]    Compiling rstest_macros v0.26.1
[INFO] [stderr]    Compiling glob v0.3.4
[INFO] [stderr]    Compiling futures-lite v2.6.1
[INFO] [stderr]    Compiling indexmap v2.14.1
[INFO] [stderr]    Compiling regex-automata v0.4.18
[INFO] [stderr]    Compiling toml_edit v0.25.13+spec-1.1.0
[INFO] [stderr]    Compiling serde_derive v1.0.229
[INFO] [stderr]    Compiling bytemuck_derive v1.12.0
[INFO] [stderr]    Compiling thiserror-impl v2.0.20
[INFO] [stderr]    Compiling futures-macro v0.3.34
[INFO] [stderr]    Compiling proc-macro-crate v3.5.0
[INFO] [stderr]    Compiling futures-util v0.3.34
[INFO] [stderr]    Compiling bytemuck v1.25.2
[INFO] [stderr]    Compiling thiserror v2.0.20
[INFO] [stderr]    Compiling darling_core v0.21.3
[INFO] [stderr]    Compiling regex v1.13.1
[INFO] [stderr]    Compiling zerocopy-derive v0.8.56
[INFO] [stderr]    Compiling derive-new v0.7.0
[INFO] [stderr]    Compiling derive_more-impl v2.1.1
[INFO] [stderr]    Compiling serde v1.0.229
[INFO] [stderr]    Compiling ruda-model-codegen v0.21.0
[INFO] [stderr]    Compiling smallvec v1.15.2
[INFO] [stderr]    Compiling bincode v2.0.1
[INFO] [stderr]    Compiling rmp-serde v1.3.1
[INFO] [stderr]    Compiling parking_lot_core v0.9.12
[INFO] [stderr]    Compiling parking_lot v0.12.5
[INFO] [stderr]    Compiling ruda-model-macros v0.21.0
[INFO] [stderr]    Compiling zerocopy v0.8.56
[INFO] [stderr]    Compiling derive_more v2.1.1
[INFO] [stderr]    Compiling darling_macro v0.21.3
[INFO] [stderr]    Compiling darling v0.21.3
[INFO] [stderr]    Compiling enumset_derive v0.15.0
[INFO] [stderr]    Compiling rstest v0.26.1
[INFO] [stderr]    Compiling enumset v1.1.14
[INFO] [stderr]    Compiling half v2.7.1
[INFO] [stderr]    Compiling ahash v0.8.12
[INFO] [stderr]    Compiling ruda-core v0.1.4
[INFO] [stderr]    Compiling ruDNN v0.1.18
[INFO] [stderr]    Compiling ruda-tensor-config v0.21.2
[INFO] [stderr]    Compiling ruda-tensor v0.21.18
[INFO] [stderr]    Compiling ruda-model v0.21.17
[INFO] [stderr]    Compiling ruda-nn v0.21.18 (/opt/rustwide/workdir)
[INFO] [stdout] error[E0432]: unresolved import `ruda_tensor_host`
[INFO] [stdout]  --> src/loss/ctc/tests.rs:2:5
[INFO] [stdout]   |
[INFO] [stdout] 2 | use ruda_tensor_host::{Host, HostDevice};
[INFO] [stdout]   |     ^^^^^^^^^^^^^^^^ use of unresolved module or unlinked crate `ruda_tensor_host`
[INFO] [stdout]   |
[INFO] [stdout]   = help: if you wanted to use a crate named `ruda_tensor_host`, use `cargo add ruda_tensor_host` to add it to your `Cargo.toml`
[INFO] [stdout] 
[INFO] [stdout] 
[INFO] [stdout] error[E0432]: unresolved import `ruda_autodiff`
[INFO] [stdout]  --> src/loss/ctc/pytorch_comparison_tests.rs:3:5
[INFO] [stdout]   |
[INFO] [stdout] 3 | use ruda_autodiff::Autodiff;
[INFO] [stdout]   |     ^^^^^^^^^^^^^ use of unresolved module or unlinked crate `ruda_autodiff`
[INFO] [stdout]   |
[INFO] [stdout]   = help: if you wanted to use a crate named `ruda_autodiff`, use `cargo add ruda_autodiff` to add it to your `Cargo.toml`
[INFO] [stdout] 
[INFO] [stdout] 
[INFO] [stdout] error[E0432]: unresolved import `ruda_tensor_host`
[INFO] [stdout]  --> src/loss/ctc/pytorch_comparison_tests.rs:5:5
[INFO] [stdout]   |
[INFO] [stdout] 5 | use ruda_tensor_host::{Host, HostDevice};
[INFO] [stdout]   |     ^^^^^^^^^^^^^^^^ use of unresolved module or unlinked crate `ruda_tensor_host`
[INFO] [stdout]   |
[INFO] [stdout]   = help: if you wanted to use a crate named `ruda_tensor_host`, use `cargo add ruda_tensor_host` to add it to your `Cargo.toml`
[INFO] [stdout] 
[INFO] [stdout] 
[INFO] [stdout] error[E0432]: unresolved import `ruda_tensor_host`
[INFO] [stdout]    --> src/loss/rnnt.rs:318:9
[INFO] [stdout]     |
[INFO] [stdout] 318 |     use ruda_tensor_host::{Host, HostDevice};
[INFO] [stdout]     |         ^^^^^^^^^^^^^^^^ use of unresolved module or unlinked crate `ruda_tensor_host`
[INFO] [stdout]     |
[INFO] [stdout]     = help: if you wanted to use a crate named `ruda_tensor_host`, use `cargo add ruda_tensor_host` to add it to your `Cargo.toml`
[INFO] [stdout] 
[INFO] [stdout] 
[INFO] [stdout] error[E0432]: unresolved import `ruda_autodiff`
[INFO] [stdout]    --> src/loss/rnnt.rs:494:9
[INFO] [stdout]     |
[INFO] [stdout] 494 |     use ruda_autodiff::Autodiff;
[INFO] [stdout]     |         ^^^^^^^^^^^^^ use of unresolved module or unlinked crate `ruda_autodiff`
[INFO] [stdout]     |
[INFO] [stdout]     = help: if you wanted to use a crate named `ruda_autodiff`, use `cargo add ruda_autodiff` to add it to your `Cargo.toml`
[INFO] [stdout] 
[INFO] [stdout] 
[INFO] [stdout] error[E0432]: unresolved import `ruda_tensor_host`
[INFO] [stdout]    --> src/loss/rnnt.rs:495:9
[INFO] [stdout]     |
[INFO] [stdout] 495 |     use ruda_tensor_host::{Host, HostDevice};
[INFO] [stdout]     |         ^^^^^^^^^^^^^^^^ use of unresolved module or unlinked crate `ruda_tensor_host`
[INFO] [stdout]     |
[INFO] [stdout]     = help: if you wanted to use a crate named `ruda_tensor_host`, use `cargo add ruda_tensor_host` to add it to your `Cargo.toml`
[INFO] [stdout] 
[INFO] [stdout] 
[INFO] [stdout] warning: use of deprecated constant `std::f32::NEG_INFINITY`: replaced by the `NEG_INFINITY` associated constant on `f32`
[INFO] [stdout]   --> src/loss/rnnt.rs:79:63
[INFO] [stdout]    |
[INFO] [stdout] 79 |         let neg_inf = Tensor::<B, 2>::full([b, max_up1], f32::NEG_INFINITY, &device);
[INFO] [stdout]    |                                                               ^^^^^^^^^^^^
[INFO] [stdout]    |
[INFO] [stdout]    = note: `#[warn(deprecated)]` on by default
[INFO] [stdout] 
[INFO] [stdout] 
[INFO] [stdout] warning: use of deprecated constant `std::f32::NEG_INFINITY`: replaced by the `NEG_INFINITY` associated constant on `f32`
[INFO] [stdout]    --> src/loss/rnnt.rs:199:63
[INFO] [stdout]     |
[INFO] [stdout] 199 |         let mut new = Tensor::<B, 2>::full([b, max_up1], f32::NEG_INFINITY, &device);
[INFO] [stdout]     |                                                               ^^^^^^^^^^^^
[INFO] [stdout] 
[INFO] [stdout] 
[INFO] [stdout] warning: use of deprecated constant `std::f32::NEG_INFINITY`: replaced by the `NEG_INFINITY` associated constant on `f32`
[INFO] [stdout]    --> src/loss/rnnt.rs:297:47
[INFO] [stdout]     |
[INFO] [stdout] 297 |         let a_inf = a.clone().equal_elem(f32::NEG_INFINITY);
[INFO] [stdout]     |                                               ^^^^^^^^^^^^
[INFO] [stdout] 
[INFO] [stdout] 
[INFO] [stdout] warning: use of deprecated constant `std::f32::NEG_INFINITY`: replaced by the `NEG_INFINITY` associated constant on `f32`
[INFO] [stdout]    --> src/loss/rnnt.rs:298:47
[INFO] [stdout]     |
[INFO] [stdout] 298 |         let b_inf = b.clone().equal_elem(f32::NEG_INFINITY);
[INFO] [stdout]     |                                               ^^^^^^^^^^^^
[INFO] [stdout] 
[INFO] [stdout] 
[INFO] [stdout] warning: use of deprecated constant `std::f32::NEG_INFINITY`: replaced by the `NEG_INFINITY` associated constant on `f32`
[INFO] [stdout]   --> src/loss/rnnt.rs:79:63
[INFO] [stdout]    |
[INFO] [stdout] 79 |         let neg_inf = Tensor::<B, 2>::full([b, max_up1], f32::NEG_INFINITY, &device);
[INFO] [stdout]    |                                                               ^^^^^^^^^^^^
[INFO] [stdout]    |
[INFO] [stdout]    = note: `#[warn(deprecated)]` on by default
[INFO] [stdout] 
[INFO] [stdout] 
[INFO] [stdout] warning: use of deprecated constant `std::f32::NEG_INFINITY`: replaced by the `NEG_INFINITY` associated constant on `f32`
[INFO] [stdout]    --> src/loss/rnnt.rs:199:63
[INFO] [stdout]     |
[INFO] [stdout] 199 |         let mut new = Tensor::<B, 2>::full([b, max_up1], f32::NEG_INFINITY, &device);
[INFO] [stdout]     |                                                               ^^^^^^^^^^^^
[INFO] [stdout] 
[INFO] [stdout] 
[INFO] [stdout] warning: use of deprecated constant `std::f32::NEG_INFINITY`: replaced by the `NEG_INFINITY` associated constant on `f32`
[INFO] [stdout]    --> src/loss/rnnt.rs:297:47
[INFO] [stdout]     |
[INFO] [stdout] 297 |         let a_inf = a.clone().equal_elem(f32::NEG_INFINITY);
[INFO] [stdout]     |                                               ^^^^^^^^^^^^
[INFO] [stdout] 
[INFO] [stdout] 
[INFO] [stdout] warning: use of deprecated constant `std::f32::NEG_INFINITY`: replaced by the `NEG_INFINITY` associated constant on `f32`
[INFO] [stdout]    --> src/loss/rnnt.rs:298:47
[INFO] [stdout]     |
[INFO] [stdout] 298 |         let b_inf = b.clone().equal_elem(f32::NEG_INFINITY);
[INFO] [stdout]     |                                               ^^^^^^^^^^^^
[INFO] [stdout] 
[INFO] [stdout] 
[INFO] [stdout] warning: associated function `compute_smoothed_targets` is never used
[INFO] [stdout]    --> src/loss/cross_entropy.rs:203:8
[INFO] [stdout]     |
[INFO] [stdout] 114 | impl<B: Backend> CrossEntropyLoss<B> {
[INFO] [stdout]     | ------------------------------------ associated function in this implementation
[INFO] [stdout] ...
[INFO] [stdout] 203 |     fn compute_smoothed_targets(
[INFO] [stdout]     |        ^^^^^^^^^^^^^^^^^^^^^^^^
[INFO] [stdout]     |
[INFO] [stdout]     = note: `#[warn(dead_code)]` (part of `#[warn(unused)]`) on by default
[INFO] [stdout] 
[INFO] [stdout] 
[INFO] [stdout] warning: function `check_same_padding_support` is never used
[INFO] [stdout]   --> src/modules/conv/checks.rs:16:15
[INFO] [stdout]    |
[INFO] [stdout] 16 | pub(crate) fn check_same_padding_support(kernel_size: &[usize]) {
[INFO] [stdout]    |               ^^^^^^^^^^^^^^^^^^^^^^^^^^
[INFO] [stdout] 
[INFO] [stdout] 
[INFO] [stdout] warning: method `calculate_padding_2d` is never used
[INFO] [stdout]   --> src/padding.rs:95:19
[INFO] [stdout]    |
[INFO] [stdout] 71 | impl PaddingConfig2d {
[INFO] [stdout]    | -------------------- method in this implementation
[INFO] [stdout] ...
[INFO] [stdout] 95 |     pub(crate) fn calculate_padding_2d(
[INFO] [stdout]    |                   ^^^^^^^^^^^^^^^^^^^^
[INFO] [stdout] 
[INFO] [stdout] 
[INFO] [stdout] warning: method `calculate_padding_3d` is never used
[INFO] [stdout]    --> src/padding.rs:143:19
[INFO] [stdout]     |
[INFO] [stdout] 123 | impl PaddingConfig3d {
[INFO] [stdout]     | -------------------- method in this implementation
[INFO] [stdout] ...
[INFO] [stdout] 143 |     pub(crate) fn calculate_padding_3d(
[INFO] [stdout]     |                   ^^^^^^^^^^^^^^^^^^^^
[INFO] [stdout] 
[INFO] [stdout] 
[INFO] [stdout] error[E0433]: cannot find module or crate `ruda_tensor_host` in this scope
[INFO] [stdout]   --> tests/quantize.rs:21:14
[INFO] [stdout]    |
[INFO] [stdout] 21 | pub type B = ruda_tensor_host::Host;
[INFO] [stdout]    |              ^^^^^^^^^^^^^^^^ use of unresolved module or unlinked crate `ruda_tensor_host`
[INFO] [stdout]    |
[INFO] [stdout]    = help: if you wanted to use a crate named `ruda_tensor_host`, use `cargo add ruda_tensor_host` to add it to your `Cargo.toml`
[INFO] [stdout] 
[INFO] [stdout] 
[INFO] [stdout] For more information about this error, try `rustc --explain E0433`.
[INFO] [stdout] 
[INFO] [stderr] error: could not compile `ruda-nn` (test "quantize") due to 1 previous error
[INFO] [stderr] warning: build failed, waiting for other jobs to finish...
[INFO] [stdout] error[E0433]: cannot find module or crate `ruda_tensor_host` in this scope
[INFO] [stdout]   --> src/lib.rs:38:24
[INFO] [stdout]    |
[INFO] [stdout] 38 | pub type TestBackend = ruda_tensor_host::Host;
[INFO] [stdout]    |                        ^^^^^^^^^^^^^^^^ use of unresolved module or unlinked crate `ruda_tensor_host`
[INFO] [stdout]    |
[INFO] [stdout]    = help: if you wanted to use a crate named `ruda_tensor_host`, use `cargo add ruda_tensor_host` to add it to your `Cargo.toml`
[INFO] [stdout] 
[INFO] [stdout] 
[INFO] [stdout] error[E0433]: cannot find module or crate `ruda_autodiff` in this scope
[INFO] [stdout]   --> src/lib.rs:58:32
[INFO] [stdout]    |
[INFO] [stdout] 58 | pub type TestAutodiffBackend = ruda_autodiff::Autodiff<TestBackend>;
[INFO] [stdout]    |                                ^^^^^^^^^^^^^ use of unresolved module or unlinked crate `ruda_autodiff`
[INFO] [stdout]    |
[INFO] [stdout]    = help: if you wanted to use a crate named `ruda_autodiff`, use `cargo add ruda_autodiff` to add it to your `Cargo.toml`
[INFO] [stdout] 
[INFO] [stdout] 
[INFO] [stdout] Some errors have detailed explanations: E0432, E0433.
[INFO] [stdout] 
[INFO] [stdout] For more information about an error, try `rustc --explain E0432`.
[INFO] [stdout] 
[INFO] [stderr] error: could not compile `ruda-nn` (lib test) due to 8 previous errors; 4 warnings emitted
[INFO] running `Command { std: "docker" "inspect" "31f26b458f9053012f11211410dbefc972f9c1c28ad7b6a26fc8b02ab472159c", kill_on_drop: false }`
[INFO] running `Command { std: "docker" "rm" "-f" "31f26b458f9053012f11211410dbefc972f9c1c28ad7b6a26fc8b02ab472159c", kill_on_drop: false }`
[INFO] [stdout] 31f26b458f9053012f11211410dbefc972f9c1c28ad7b6a26fc8b02ab472159c
