[INFO] fetching crate ruda-model 0.21.17...
[INFO] testing ruda-model-0.21.17 against 1.99.0-beta.8 for beta-1.100-2
[INFO] extracting crate ruda-model 0.21.17 into /workspace/builds/worker-2-tc1/source
[INFO] started tweaking crates.io crate ruda-model 0.21.17
[INFO] removed 0 missing tests
[INFO] finished tweaking crates.io crate ruda-model 0.21.17
[INFO] tweaked toml for crates.io crate ruda-model 0.21.17 written to /workspace/builds/worker-2-tc1/source/Cargo.toml
[INFO] validating manifest of crates.io crate ruda-model 0.21.17 on toolchain 1.99.0-beta.8
[INFO] running `Command { std: CARGO_HOME="/workspace/cargo-home" RUSTUP_HOME="/workspace/rustup-home" "/workspace/cargo-home/bin/cargo" "+1.99.0-beta.8" "metadata" "--manifest-path" "Cargo.toml" "--no-deps", kill_on_drop: false }`
[INFO] crate crates.io crate ruda-model 0.21.17 already has a lockfile, it will not be regenerated
[INFO] running `Command { std: CARGO_HOME="/workspace/cargo-home" RUSTUP_HOME="/workspace/rustup-home" "/workspace/cargo-home/bin/cargo" "+1.99.0-beta.8" "fetch" "--manifest-path" "Cargo.toml", kill_on_drop: false }`
[INFO] [stderr]     Updating crates.io index
[INFO] [stderr]     Blocking waiting for file lock on package cache
[INFO] [stderr]  Downloading crates ...
[INFO] [stderr]   Downloaded ruda-tensor-wgpu v0.21.17
[INFO] [stderr]   Downloaded serial_test_derive v3.5.0
[INFO] [stderr]   Downloaded serial_test v3.5.0
[INFO] [stderr]   Downloaded c2rust-bitfields-derive v0.20.0
[INFO] [stderr]   Downloaded c2rust-bitfields v0.20.0
[INFO] [stderr]   Downloaded ruda v0.1.8
[INFO] [stderr]   Downloaded ruda-tensor-device v0.21.18
[INFO] [stderr]   Downloaded ruRAND v0.1.18
[INFO] [stderr]   Downloaded ruda-tensor-tch v0.21.20
[INFO] [stderr]   Downloaded ruda-fft v0.1.18
[INFO] [stderr]   Downloaded ruPRIM v0.1.18
[INFO] [stderr]   Downloaded tracel-ash v0.39.5+sdk1.4.357
[INFO] [stderr]   Downloaded rublas v0.1.18
[INFO] [stderr]   Downloaded ruda-fusion v0.21.18
[INFO] [stderr]   Downloaded torch-sys v0.22.0
[INFO] [stderr]   Downloaded ruda-tensor-router v0.21.17
[INFO] [stderr]   Downloaded safetensors v0.3.3
[INFO] [stderr]   Downloaded tch v0.22.0
[INFO] [stderr]   Downloaded ruda-tensor-rocm v0.21.17
[INFO] [stderr]   Downloaded ruda-tensor-remote v0.21.17
[INFO] [stderr]   Downloaded ruda-model-macros v0.21.0
[INFO] [stderr]   Downloaded ruda-model-codegen v0.21.0
[INFO] [stderr]   Downloaded ruda-io v0.21.3
[INFO] [stderr]   Downloaded ruda-dataset v0.21.2
[INFO] [stderr]   Downloaded r2d2_sqlite v0.31.0
[INFO] [stderr]   Downloaded indicatif v0.18.6
[INFO] [stderr]   Downloaded console v0.16.4
[INFO] [stderr]   Downloaded serde_rusqlite v0.40.1
[INFO] [stderr]   Downloaded r2d2 v0.8.10
[INFO] [stderr]   Downloaded gix-utils v0.3.6
[INFO] [stderr]   Downloaded gix-validate v0.11.4
[INFO] [stderr]   Downloaded imgref v1.12.3
[INFO] [stderr]   Downloaded gix-fs v0.21.2
[INFO] [stderr]   Downloaded gix-path v0.12.6
[INFO] [stderr]   Downloaded gix-features v0.48.1
[INFO] [stderr]   Downloaded gix-tempfile v23.0.2
[INFO] running `Command { std: "docker" "create" "-v" "/var/lib/crater-agent-workspace/builds/worker-2-tc1/source:/opt/rustwide/workdir:ro,Z" "-v" "/var/lib/crater-agent-workspace/builds/worker-2-tc1/target:/opt/rustwide/target:rw,Z" "-v" "/var/lib/crater-agent-workspace/cargo-home:/opt/rustwide/cargo-home:ro,Z" "-v" "/var/lib/crater-agent-workspace/rustup-home:/opt/rustwide/rustup-home:ro,Z" "-m" "1610612736" "--network" "none" "ghcr.io/rust-lang/crates-build-env/linux@sha256:3111399a4047eeb3a02b7a90e478d715f38a8c6669b5c4b49d30a17385265909" "sleep" "infinity", kill_on_drop: false }`
[INFO] [stdout] 21cecece596325a5fbbee7ac9e625a1a945acd1c700d4352a018dbc8cc5ee5c1
[INFO] running `Command { std: "docker" "start" "21cecece596325a5fbbee7ac9e625a1a945acd1c700d4352a018dbc8cc5ee5c1", kill_on_drop: false }`
[INFO] running `Command { std: "docker" "inspect" "21cecece596325a5fbbee7ac9e625a1a945acd1c700d4352a018dbc8cc5ee5c1", kill_on_drop: false }`
[INFO] running `Command { std: "docker" "exec" "-e" "SOURCE_DIR=/opt/rustwide/workdir" "-e" "CARGO_HOME=/opt/rustwide/cargo-home" "-e" "RUSTUP_HOME=/opt/rustwide/rustup-home" "-e" "CARGO_TARGET_DIR=/opt/rustwide/target" "-w" "/opt/rustwide/workdir" "--user" "0:0" "21cecece596325a5fbbee7ac9e625a1a945acd1c700d4352a018dbc8cc5ee5c1" "/opt/rustwide/cargo-home/bin/cargo" "+1.99.0-beta.8" "metadata" "--no-deps" "--format-version=1", kill_on_drop: false }`
[INFO] running `Command { std: "docker" "inspect" "21cecece596325a5fbbee7ac9e625a1a945acd1c700d4352a018dbc8cc5ee5c1", kill_on_drop: false }`
[INFO] running `Command { std: "docker" "exec" "-e" "SOURCE_DIR=/opt/rustwide/workdir" "-e" "CARGO_HOME=/opt/rustwide/cargo-home" "-e" "RUSTUP_HOME=/opt/rustwide/rustup-home" "-e" "CARGO_TARGET_DIR=/opt/rustwide/target" "-e" "CARGO_INCREMENTAL=0" "-e" "RUST_BACKTRACE=full" "-e" "RUSTFLAGS=--cap-lints=warn" "-e" "RUSTDOCFLAGS=--cap-lints=warn" "-w" "/opt/rustwide/workdir" "--user" "0:0" "21cecece596325a5fbbee7ac9e625a1a945acd1c700d4352a018dbc8cc5ee5c1" "/opt/rustwide/cargo-home/bin/cargo" "+1.99.0-beta.8" "build" "--frozen" "--message-format=json", kill_on_drop: false }`
[INFO] [stderr]    Compiling syn v2.0.119
[INFO] [stderr]    Compiling syn v3.0.4
[INFO] [stderr]    Compiling zerocopy v0.8.56
[INFO] [stderr]    Compiling object v0.37.3
[INFO] [stderr]    Compiling num-traits v0.2.19
[INFO] [stderr]    Compiling portable-atomic v1.15.0
[INFO] [stderr]    Compiling chacha20 v0.10.2
[INFO] [stderr]    Compiling cfg_aliases v0.2.2
[INFO] [stderr]    Compiling thiserror v2.0.20
[INFO] [stderr]    Compiling gimli v0.32.3
[INFO] [stderr]    Compiling getrandom v0.4.3
[INFO] [stderr]    Compiling nom v8.0.0
[INFO] [stderr]    Compiling miniz_oxide v0.8.9
[INFO] [stderr]    Compiling fastrand v2.5.0
[INFO] [stderr]    Compiling rustc-demangle v0.1.28
[INFO] [stderr]    Compiling futures-core v0.3.34
[INFO] [stderr]    Compiling ruda-core v0.1.4
[INFO] [stderr]    Compiling hashbrown v0.16.1
[INFO] [stderr]    Compiling serde_bytes v0.11.19
[INFO] [stderr]    Compiling rand v0.10.2
[INFO] [stderr]    Compiling futures-lite v2.6.1
[INFO] [stderr]    Compiling embassy-futures v0.1.2
[INFO] [stderr]    Compiling oneshot v0.2.1
[INFO] [stderr]    Compiling crc32fast v1.5.1
[INFO] [stderr]    Compiling aho-corasick v1.1.5
[INFO] [stderr]    Compiling serde_json v1.0.151
[INFO] [stderr]    Compiling regex-syntax v0.8.11
[INFO] [stderr]    Compiling once_cell v1.21.4
[INFO] [stderr]    Compiling uuid v1.26.0
[INFO] [stderr]    Compiling data-encoding v2.11.1
[INFO] [stderr]    Compiling flate2 v1.1.10
[INFO] [stderr]    Compiling spin v0.10.1
[INFO] [stderr]    Compiling rand_distr v0.6.0
[INFO] [stderr]    Compiling rmp v0.8.15
[INFO] [stderr]    Compiling regex-automata v0.4.18
[INFO] [stderr]    Compiling addr2line v0.25.1
[INFO] [stderr]    Compiling serde_derive v1.0.229
[INFO] [stderr]    Compiling bytemuck_derive v1.12.0
[INFO] [stderr]    Compiling thiserror-impl v2.0.20
[INFO] [stderr]    Compiling tynm v0.2.0
[INFO] [stderr]    Compiling bytemuck v1.25.2
[INFO] [stderr]    Compiling darling_core v0.21.3
[INFO] [stderr]    Compiling zerocopy-derive v0.8.56
[INFO] [stderr]    Compiling derive-new v0.7.0
[INFO] [stderr]    Compiling derive_more-impl v2.1.1
[INFO] [stderr]    Compiling backtrace v0.3.76
[INFO] [stderr]    Compiling ruda-model-codegen v0.21.0
[INFO] [stderr]    Compiling regex v1.13.1
[INFO] [stderr]    Compiling serde v1.0.229
[INFO] [stderr]    Compiling smallvec v1.15.2
[INFO] [stderr]    Compiling bincode v2.0.1
[INFO] [stderr]    Compiling rmp-serde v1.3.1
[INFO] [stderr]    Compiling ruda-model-macros v0.21.0
[INFO] [stderr]    Compiling parking_lot_core v0.9.12
[INFO] [stderr]    Compiling parking_lot v0.12.5
[INFO] [stderr]    Compiling derive_more v2.1.1
[INFO] [stderr]    Compiling darling_macro v0.21.3
[INFO] [stderr]    Compiling darling v0.21.3
[INFO] [stderr]    Compiling enumset_derive v0.15.0
[INFO] [stderr]    Compiling enumset v1.1.14
[INFO] [stderr]    Compiling half v2.7.1
[INFO] [stderr]    Compiling ahash v0.8.12
[INFO] [stderr]    Compiling ruda-tensor-config v0.21.2
[INFO] [stderr]    Compiling ruDNN v0.1.18
[INFO] [stderr]    Compiling ruda-tensor v0.21.18
[INFO] [stderr]    Compiling ruda-model v0.21.17 (/opt/rustwide/workdir)
[INFO] [stdout] warning: missing documentation for a struct
[INFO] [stdout]  --> src/record/sparse.rs:7:1
[INFO] [stdout]   |
[INFO] [stdout] 7 | pub struct CsrTensorRecord<B: SparseOps> {
[INFO] [stdout]   | ^^^^^^^^^^^^^^^^^^^^^^^^^^^^^^^^^^^^^^^^
[INFO] [stdout]   |
[INFO] [stdout] note: the lint level is defined here
[INFO] [stdout]  --> src/lib.rs:2:9
[INFO] [stdout]   |
[INFO] [stdout] 2 | #![warn(missing_docs)]
[INFO] [stdout]   |         ^^^^^^^^^^^^
[INFO] [stdout] 
[INFO] [stdout] 
[INFO] [stdout] warning: missing documentation for an associated function
[INFO] [stdout]   --> src/record/sparse.rs:13:5
[INFO] [stdout]    |
[INFO] [stdout] 13 |     pub fn from_data(data: B::CsrData) -> Self {
[INFO] [stdout]    |     ^^^^^^^^^^^^^^^^^^^^^^^^^^^^^^^^^^^^^^^^^^
[INFO] [stdout] 
[INFO] [stdout] 
[INFO] [stdout] warning: missing documentation for a method
[INFO] [stdout]   --> src/record/sparse.rs:17:5
[INFO] [stdout]    |
[INFO] [stdout] 17 |     pub fn into_data(self) -> B::CsrData {
[INFO] [stdout]    |     ^^^^^^^^^^^^^^^^^^^^^^^^^^^^^^^^^^^^
[INFO] [stdout] 
[INFO] [stdout] 
[INFO] [stdout] warning: missing documentation for an associated function
[INFO] [stdout]   --> src/record/sparse.rs:21:5
[INFO] [stdout]    |
[INFO] [stdout] 21 |     pub async fn capture(tensor: &CsrTensor<B>) -> Result<Self, B::SparseError> {
[INFO] [stdout]    |     ^^^^^^^^^^^^^^^^^^^^^^^^^^^^^^^^^^^^^^^^^^^^^^^^^^^^^^^^^^^^^^^^^^^^^^^^^^^
[INFO] [stdout] 
[INFO] [stdout] 
[INFO] [stdout] warning: missing documentation for a method
[INFO] [stdout]   --> src/record/sparse.rs:25:5
[INFO] [stdout]    |
[INFO] [stdout] 25 |     pub fn restore(&self, device: &B::Device) -> Result<CsrTensor<B>, B::SparseError> {
[INFO] [stdout]    |     ^^^^^^^^^^^^^^^^^^^^^^^^^^^^^^^^^^^^^^^^^^^^^^^^^^^^^^^^^^^^^^^^^^^^^^^^^^^^^^^^^
[INFO] [stdout] 
[INFO] [stdout] 
[INFO] [stderr]     Finished `dev` profile [unoptimized + debuginfo] target(s) in 41.80s
[INFO] running `Command { std: "docker" "inspect" "21cecece596325a5fbbee7ac9e625a1a945acd1c700d4352a018dbc8cc5ee5c1", kill_on_drop: false }`
[INFO] running `Command { std: "docker" "exec" "-e" "SOURCE_DIR=/opt/rustwide/workdir" "-e" "CARGO_HOME=/opt/rustwide/cargo-home" "-e" "RUSTUP_HOME=/opt/rustwide/rustup-home" "-e" "CARGO_TARGET_DIR=/opt/rustwide/target" "-e" "CARGO_INCREMENTAL=0" "-e" "RUST_BACKTRACE=full" "-e" "RUSTFLAGS=--cap-lints=warn" "-e" "RUSTDOCFLAGS=--cap-lints=warn" "-w" "/opt/rustwide/workdir" "--user" "0:0" "21cecece596325a5fbbee7ac9e625a1a945acd1c700d4352a018dbc8cc5ee5c1" "/opt/rustwide/cargo-home/bin/cargo" "+1.99.0-beta.8" "test" "--frozen" "--no-run" "--message-format=json", kill_on_drop: false }`
[INFO] [stderr]    Compiling syn v2.0.119
[INFO] [stderr]    Compiling syn v3.0.4
[INFO] [stderr]    Compiling futures-core v0.3.34
[INFO] [stderr]    Compiling winnow v1.0.4
[INFO] [stderr]    Compiling hashbrown v0.17.1
[INFO] [stderr]    Compiling aho-corasick v1.1.5
[INFO] [stderr]    Compiling glob v0.3.4
[INFO] [stderr]    Compiling rstest_macros v0.26.1
[INFO] [stderr]    Compiling futures-timer v3.0.4
[INFO] [stderr]    Compiling futures-lite v2.6.1
[INFO] [stderr]    Compiling indexmap v2.14.1
[INFO] [stderr]    Compiling regex-automata v0.4.18
[INFO] [stderr]    Compiling toml_parser v1.1.3+spec-1.1.0
[INFO] [stderr]    Compiling toml_edit v0.25.13+spec-1.1.0
[INFO] [stderr]    Compiling proc-macro-crate v3.5.0
[INFO] [stderr]    Compiling serde_derive v1.0.229
[INFO] [stderr]    Compiling bytemuck_derive v1.12.0
[INFO] [stderr]    Compiling thiserror-impl v2.0.20
[INFO] [stderr]    Compiling futures-macro v0.3.34
[INFO] [stderr]    Compiling futures-util v0.3.34
[INFO] [stderr]    Compiling bytemuck v1.25.2
[INFO] [stderr]    Compiling darling_core v0.21.3
[INFO] [stderr]    Compiling thiserror v2.0.20
[INFO] [stderr]    Compiling regex v1.13.1
[INFO] [stderr]    Compiling zerocopy-derive v0.8.56
[INFO] [stderr]    Compiling derive-new v0.7.0
[INFO] [stderr]    Compiling derive_more-impl v2.1.1
[INFO] [stderr]    Compiling serial_test_derive v3.5.0
[INFO] [stderr]    Compiling ruda-model-codegen v0.21.0
[INFO] [stderr]    Compiling serde v1.0.229
[INFO] [stderr]    Compiling zerocopy v0.8.56
[INFO] [stderr]    Compiling futures-executor v0.3.34
[INFO] [stderr]    Compiling ruda-model-macros v0.21.0
[INFO] [stderr]    Compiling derive_more v2.1.1
[INFO] [stderr]    Compiling smallvec v1.15.2
[INFO] [stderr]    Compiling bincode v2.0.1
[INFO] [stderr]    Compiling rmp-serde v1.3.1
[INFO] [stderr]    Compiling parking_lot_core v0.9.12
[INFO] [stderr]    Compiling darling_macro v0.21.3
[INFO] [stderr]    Compiling parking_lot v0.12.5
[INFO] [stderr]    Compiling darling v0.21.3
[INFO] [stderr]    Compiling enumset_derive v0.15.0
[INFO] [stderr]    Compiling rstest v0.26.1
[INFO] [stderr]    Compiling serial_test v3.5.0
[INFO] [stderr]    Compiling enumset v1.1.14
[INFO] [stderr]    Compiling half v2.7.1
[INFO] [stderr]    Compiling ahash v0.8.12
[INFO] [stderr]    Compiling ruda-core v0.1.4
[INFO] [stderr]    Compiling ruDNN v0.1.18
[INFO] [stderr]    Compiling ruda-tensor-config v0.21.2
[INFO] [stderr]    Compiling ruda-tensor v0.21.18
[INFO] [stderr]    Compiling ruda-model v0.21.17 (/opt/rustwide/workdir)
[INFO] [stdout] warning: missing documentation for a struct
[INFO] [stdout]  --> src/record/sparse.rs:7:1
[INFO] [stdout]   |
[INFO] [stdout] 7 | pub struct CsrTensorRecord<B: SparseOps> {
[INFO] [stdout]   | ^^^^^^^^^^^^^^^^^^^^^^^^^^^^^^^^^^^^^^^^
[INFO] [stdout]   |
[INFO] [stdout] note: the lint level is defined here
[INFO] [stdout]  --> src/lib.rs:2:9
[INFO] [stdout]   |
[INFO] [stdout] 2 | #![warn(missing_docs)]
[INFO] [stdout]   |         ^^^^^^^^^^^^
[INFO] [stdout] 
[INFO] [stdout] 
[INFO] [stdout] warning: missing documentation for an associated function
[INFO] [stdout]   --> src/record/sparse.rs:13:5
[INFO] [stdout]    |
[INFO] [stdout] 13 |     pub fn from_data(data: B::CsrData) -> Self {
[INFO] [stdout]    |     ^^^^^^^^^^^^^^^^^^^^^^^^^^^^^^^^^^^^^^^^^^
[INFO] [stdout] 
[INFO] [stdout] 
[INFO] [stdout] warning: missing documentation for a method
[INFO] [stdout]   --> src/record/sparse.rs:17:5
[INFO] [stdout]    |
[INFO] [stdout] 17 |     pub fn into_data(self) -> B::CsrData {
[INFO] [stdout]    |     ^^^^^^^^^^^^^^^^^^^^^^^^^^^^^^^^^^^^
[INFO] [stdout] 
[INFO] [stdout] 
[INFO] [stdout] warning: missing documentation for an associated function
[INFO] [stdout]   --> src/record/sparse.rs:21:5
[INFO] [stdout]    |
[INFO] [stdout] 21 |     pub async fn capture(tensor: &CsrTensor<B>) -> Result<Self, B::SparseError> {
[INFO] [stdout]    |     ^^^^^^^^^^^^^^^^^^^^^^^^^^^^^^^^^^^^^^^^^^^^^^^^^^^^^^^^^^^^^^^^^^^^^^^^^^^
[INFO] [stdout] 
[INFO] [stdout] 
[INFO] [stdout] warning: missing documentation for a method
[INFO] [stdout]   --> src/record/sparse.rs:25:5
[INFO] [stdout]    |
[INFO] [stdout] 25 |     pub fn restore(&self, device: &B::Device) -> Result<CsrTensor<B>, B::SparseError> {
[INFO] [stdout]    |     ^^^^^^^^^^^^^^^^^^^^^^^^^^^^^^^^^^^^^^^^^^^^^^^^^^^^^^^^^^^^^^^^^^^^^^^^^^^^^^^^^
[INFO] [stdout] 
[INFO] [stdout] 
[INFO] [stdout] error[E0432]: unresolved import `ruda_tensor_host`
[INFO] [stdout]   --> tests/test_record_resilience.rs:10:9
[INFO] [stdout]    |
[INFO] [stdout] 10 |     use ruda_tensor_host::HostDevice;
[INFO] [stdout]    |         ^^^^^^^^^^^^^^^^ use of unresolved module or unlinked crate `ruda_tensor_host`
[INFO] [stdout]    |
[INFO] [stdout] help: there is a crate or module with a similar name
[INFO] [stdout]    |
[INFO] [stdout] 10 -     use ruda_tensor_host::HostDevice;
[INFO] [stdout] 10 +     use ruda_tensor::HostDevice;
[INFO] [stdout]    |
[INFO] [stdout] 
[INFO] [stdout] 
[INFO] [stdout] error[E0433]: cannot find module or crate `ruda_tensor_host` in this scope
[INFO] [stdout]    --> src/module/initializer.rs:298:19
[INFO] [stdout]     |
[INFO] [stdout] 298 |     pub type TB = ruda_tensor_host::Host;
[INFO] [stdout]     |                   ^^^^^^^^^^^^^^^^ use of unresolved module or unlinked crate `ruda_tensor_host`
[INFO] [stdout]     |
[INFO] [stdout] help: there is a crate or module with a similar name
[INFO] [stdout]     |
[INFO] [stdout] 298 -     pub type TB = ruda_tensor_host::Host;
[INFO] [stdout] 298 +     pub type TB = ruda_tensor::Host;
[INFO] [stdout]     |
[INFO] [stdout] 
[INFO] [stdout] 
[INFO] [stdout] error[E0433]: cannot find module or crate `ruda_tensor_host` in this scope
[INFO] [stdout]    --> src/module/param/base.rs:500:17
[INFO] [stdout]     |
[INFO] [stdout] 500 |         check::<ruda_tensor_host::Host>();
[INFO] [stdout]     |                 ^^^^^^^^^^^^^^^^ use of unresolved module or unlinked crate `ruda_tensor_host`
[INFO] [stdout]     |
[INFO] [stdout] help: there is a crate or module with a similar name
[INFO] [stdout]     |
[INFO] [stdout] 500 -         check::<ruda_tensor_host::Host>();
[INFO] [stdout] 500 +         check::<ruda_tensor::Host>();
[INFO] [stdout]     |
[INFO] [stdout] 
[INFO] [stdout] 
[INFO] [stdout] error[E0433]: cannot find module or crate `ruda_tensor_host` in this scope
[INFO] [stdout]    --> src/module/param/base.rs:513:18
[INFO] [stdout]     |
[INFO] [stdout] 513 |         type B = ruda_tensor_host::Host;
[INFO] [stdout]     |                  ^^^^^^^^^^^^^^^^ use of unresolved module or unlinked crate `ruda_tensor_host`
[INFO] [stdout]     |
[INFO] [stdout] help: there is a crate or module with a similar name
[INFO] [stdout]     |
[INFO] [stdout] 513 -         type B = ruda_tensor_host::Host;
[INFO] [stdout] 513 +         type B = ruda_tensor::Host;
[INFO] [stdout]     |
[INFO] [stdout] 
[INFO] [stdout] 
[INFO] [stdout] error[E0433]: cannot find module or crate `ruda_tensor_host` in this scope
[INFO] [stdout]   --> src/lib.rs:43:24
[INFO] [stdout]    |
[INFO] [stdout] 43 | pub type TestBackend = ruda_tensor_host::Host;
[INFO] [stdout]    |                        ^^^^^^^^^^^^^^^^ use of unresolved module or unlinked crate `ruda_tensor_host`
[INFO] [stdout]    |
[INFO] [stdout] help: there is a crate or module with a similar name
[INFO] [stdout]    |
[INFO] [stdout] 43 - pub type TestBackend = ruda_tensor_host::Host;
[INFO] [stdout] 43 + pub type TestBackend = ruda_tensor::Host;
[INFO] [stdout]    |
[INFO] [stdout] 
[INFO] [stdout] 
[INFO] [stdout] error[E0433]: cannot find module or crate `ruda_autodiff` in this scope
[INFO] [stdout]   --> src/lib.rs:63:32
[INFO] [stdout]    |
[INFO] [stdout] 63 | pub type TestAutodiffBackend = ruda_autodiff::Autodiff<TestBackend>;
[INFO] [stdout]    |                                ^^^^^^^^^^^^^ use of unresolved module or unlinked crate `ruda_autodiff`
[INFO] [stdout]    |
[INFO] [stdout]    = help: if you wanted to use a crate named `ruda_autodiff`, use `cargo add ruda_autodiff` to add it to your `Cargo.toml`
[INFO] [stdout] 
[INFO] [stdout] 
[INFO] [stdout] For more information about this error, try `rustc --explain E0433`.
[INFO] [stdout] 
[INFO] [stderr] error: could not compile `ruda-model` (lib test) due to 5 previous errors
[INFO] [stderr] warning: build failed, waiting for other jobs to finish...
[INFO] [stderr] error: could not compile `ruda-model` (test "test_derive_module") due to 2 previous errors
[INFO] [stdout] error[E0433]: cannot find module or crate `ruda_tensor_host` in this scope
[INFO] [stdout]  --> tests/test_derive_module.rs:8:24
[INFO] [stdout]   |
[INFO] [stdout] 8 | pub type TestBackend = ruda_tensor_host::Host;
[INFO] [stdout]   |                        ^^^^^^^^^^^^^^^^ use of unresolved module or unlinked crate `ruda_tensor_host`
[INFO] [stdout]   |
[INFO] [stdout] help: there is a crate or module with a similar name
[INFO] [stdout]   |
[INFO] [stdout] 8 - pub type TestBackend = ruda_tensor_host::Host;
[INFO] [stdout] 8 + pub type TestBackend = ruda_tensor::Host;
[INFO] [stdout]   |
[INFO] [stdout] 
[INFO] [stdout] 
[INFO] [stdout] error[E0433]: cannot find module or crate `ruda_autodiff` in this scope
[INFO] [stdout]   --> tests/test_derive_module.rs:10:32
[INFO] [stdout]    |
[INFO] [stdout] 10 | pub type TestAutodiffBackend = ruda_autodiff::Autodiff<TestBackend>;
[INFO] [stdout]    |                                ^^^^^^^^^^^^^ use of unresolved module or unlinked crate `ruda_autodiff`
[INFO] [stdout]    |
[INFO] [stdout]    = help: if you wanted to use a crate named `ruda_autodiff`, use `cargo add ruda_autodiff` to add it to your `Cargo.toml`
[INFO] [stdout] 
[INFO] [stdout] 
[INFO] [stdout] For more information about this error, try `rustc --explain E0433`.
[INFO] [stdout] 
[INFO] [stdout] error[E0433]: cannot find module or crate `ruda_tensor_host` in this scope
[INFO] [stdout]   --> tests/test_record_resilience.rs:14:24
[INFO] [stdout]    |
[INFO] [stdout] 14 |     type TestBackend = ruda_tensor_host::Host;
[INFO] [stdout]    |                        ^^^^^^^^^^^^^^^^ use of unresolved module or unlinked crate `ruda_tensor_host`
[INFO] [stdout]    |
[INFO] [stdout] help: there is a crate or module with a similar name
[INFO] [stdout]    |
[INFO] [stdout] 14 -     type TestBackend = ruda_tensor_host::Host;
[INFO] [stdout] 14 +     type TestBackend = ruda_tensor::Host;
[INFO] [stdout]    |
[INFO] [stdout] 
[INFO] [stdout] 
[INFO] [stdout] Some errors have detailed explanations: E0432, E0433.
[INFO] [stdout] 
[INFO] [stdout] For more information about an error, try `rustc --explain E0432`.
[INFO] [stdout] 
[INFO] [stderr] error: could not compile `ruda-model` (test "test_record_resilience") due to 2 previous errors
[INFO] running `Command { std: "docker" "inspect" "21cecece596325a5fbbee7ac9e625a1a945acd1c700d4352a018dbc8cc5ee5c1", kill_on_drop: false }`
[INFO] running `Command { std: "docker" "rm" "-f" "21cecece596325a5fbbee7ac9e625a1a945acd1c700d4352a018dbc8cc5ee5c1", kill_on_drop: false }`
[INFO] [stdout] 21cecece596325a5fbbee7ac9e625a1a945acd1c700d4352a018dbc8cc5ee5c1
