[INFO] fetching crate ruda-compiler 0.1.5...
[INFO] testing ruda-compiler-0.1.5 against 1.100.0-beta.1 for beta-1.100-2
[INFO] extracting crate ruda-compiler 0.1.5 into /workspace/builds/worker-4-tc2/source
[INFO] started tweaking crates.io crate ruda-compiler 0.1.5
[INFO] removed 0 missing examples
[INFO] finished tweaking crates.io crate ruda-compiler 0.1.5
[INFO] tweaked toml for crates.io crate ruda-compiler 0.1.5 written to /workspace/builds/worker-4-tc2/source/Cargo.toml
[INFO] validating manifest of crates.io crate ruda-compiler 0.1.5 on toolchain 1.100.0-beta.1
[INFO] running `Command { std: CARGO_HOME="/workspace/cargo-home" RUSTUP_HOME="/workspace/rustup-home" "/workspace/cargo-home/bin/cargo" "+1.100.0-beta.1" "metadata" "--manifest-path" "Cargo.toml" "--no-deps", kill_on_drop: false }`
[INFO] crate crates.io crate ruda-compiler 0.1.5 already has a lockfile, it will not be regenerated
[INFO] running `Command { std: CARGO_HOME="/workspace/cargo-home" RUSTUP_HOME="/workspace/rustup-home" "/workspace/cargo-home/bin/cargo" "+1.100.0-beta.1" "fetch" "--manifest-path" "Cargo.toml", kill_on_drop: false }`
[INFO] running `Command { std: "docker" "create" "-v" "/var/lib/crater-agent-workspace/builds/worker-4-tc2/source:/opt/rustwide/workdir:ro,Z" "-v" "/var/lib/crater-agent-workspace/builds/worker-4-tc2/target:/opt/rustwide/target:rw,Z" "-v" "/var/lib/crater-agent-workspace/cargo-home:/opt/rustwide/cargo-home:ro,Z" "-v" "/var/lib/crater-agent-workspace/rustup-home:/opt/rustwide/rustup-home:ro,Z" "-m" "1610612736" "--network" "none" "ghcr.io/rust-lang/crates-build-env/linux@sha256:3111399a4047eeb3a02b7a90e478d715f38a8c6669b5c4b49d30a17385265909" "sleep" "infinity", kill_on_drop: false }`
[INFO] [stdout] 6350cd4741e6ea8960bf7bf67c9a063ade23cef545c8fd057ac7393b44b5728f
[INFO] running `Command { std: "docker" "start" "6350cd4741e6ea8960bf7bf67c9a063ade23cef545c8fd057ac7393b44b5728f", kill_on_drop: false }`
[INFO] running `Command { std: "docker" "inspect" "6350cd4741e6ea8960bf7bf67c9a063ade23cef545c8fd057ac7393b44b5728f", kill_on_drop: false }`
[INFO] running `Command { std: "docker" "exec" "-e" "SOURCE_DIR=/opt/rustwide/workdir" "-e" "CARGO_HOME=/opt/rustwide/cargo-home" "-e" "RUSTUP_HOME=/opt/rustwide/rustup-home" "-e" "CARGO_TARGET_DIR=/opt/rustwide/target" "-w" "/opt/rustwide/workdir" "--user" "0:0" "6350cd4741e6ea8960bf7bf67c9a063ade23cef545c8fd057ac7393b44b5728f" "/opt/rustwide/cargo-home/bin/cargo" "+1.100.0-beta.1" "metadata" "--no-deps" "--format-version=1", kill_on_drop: false }`
[INFO] running `Command { std: "docker" "inspect" "6350cd4741e6ea8960bf7bf67c9a063ade23cef545c8fd057ac7393b44b5728f", kill_on_drop: false }`
[INFO] running `Command { std: "docker" "exec" "-e" "SOURCE_DIR=/opt/rustwide/workdir" "-e" "CARGO_HOME=/opt/rustwide/cargo-home" "-e" "RUSTUP_HOME=/opt/rustwide/rustup-home" "-e" "CARGO_TARGET_DIR=/opt/rustwide/target" "-e" "CARGO_INCREMENTAL=0" "-e" "RUST_BACKTRACE=full" "-e" "RUSTFLAGS=--cap-lints=warn" "-e" "RUSTDOCFLAGS=--cap-lints=warn" "-w" "/opt/rustwide/workdir" "--user" "0:0" "6350cd4741e6ea8960bf7bf67c9a063ade23cef545c8fd057ac7393b44b5728f" "/opt/rustwide/cargo-home/bin/cargo" "+1.100.0-beta.1" "build" "--frozen" "--message-format=json", kill_on_drop: false }`
[INFO] [stderr]    Compiling serde_core v1.0.229
[INFO] [stderr]    Compiling serde v1.0.229
[INFO] [stderr]    Compiling num-traits v0.2.19
[INFO] [stderr]    Compiling syn v2.0.119
[INFO] [stderr]    Compiling syn v3.0.4
[INFO] [stderr]    Compiling memchr v2.8.3
[INFO] [stderr]    Compiling unicode-segmentation v1.13.3
[INFO] [stderr]    Compiling object v0.37.3
[INFO] [stderr]    Compiling cfg_aliases v0.2.2
[INFO] [stderr]    Compiling convert_case v0.10.0
[INFO] [stderr]    Compiling portable-atomic v1.15.0
[INFO] [stderr]    Compiling thiserror v2.0.20
[INFO] [stderr]    Compiling gimli v0.32.3
[INFO] [stderr]    Compiling miniz_oxide v0.8.9
[INFO] [stderr]    Compiling ruda-core v0.1.4
[INFO] [stderr]    Compiling nom v8.0.0
[INFO] [stderr]    Compiling rustc-demangle v0.1.28
[INFO] [stderr]    Compiling num-integer v0.1.47
[INFO] [stderr]    Compiling fastrand v2.5.0
[INFO] [stderr]    Compiling num-bigint v0.4.8
[INFO] [stderr]    Compiling futures-core v0.3.34
[INFO] [stderr]    Compiling futures-io v0.3.34
[INFO] [stderr]    Compiling indexmap v2.14.1
[INFO] [stderr]    Compiling futures-lite v2.6.1
[INFO] [stderr]    Compiling serde_derive v1.0.229
[INFO] [stderr]    Compiling toml_datetime v1.1.1+spec-1.1.0
[INFO] [stderr]    Compiling addr2line v0.25.1
[INFO] [stderr]    Compiling darling_core v0.21.3
[INFO] [stderr]    Compiling darling_core v0.23.0
[INFO] [stderr]    Compiling serde_spanned v1.1.1
[INFO] [stderr]    Compiling bytemuck_derive v1.12.0
[INFO] [stderr]    Compiling thiserror-impl v2.0.20
[INFO] [stderr]    Compiling toml v1.1.4+spec-1.1.0
[INFO] [stderr]    Compiling backtrace v0.3.76
[INFO] [stderr]    Compiling tynm v0.2.0
[INFO] [stderr]    Compiling bytemuck v1.25.2
[INFO] [stderr]    Compiling num-rational v0.4.2
[INFO] [stderr]    Compiling zerocopy-derive v0.8.56
[INFO] [stderr]    Compiling derive_more-impl v2.1.1
[INFO] [stderr]    Compiling derive-new v0.7.0
[INFO] [stderr]    Compiling variadics_please v1.1.0
[INFO] [stderr]    Compiling hashbrown v0.16.1
[INFO] [stderr]    Compiling darling_macro v0.21.3
[INFO] [stderr]    Compiling darling v0.21.3
[INFO] [stderr]    Compiling enumset_derive v0.15.0
[INFO] [stderr]    Compiling num-iter v0.1.46
[INFO] [stderr]    Compiling darling_macro v0.23.0
[INFO] [stderr]    Compiling num-complex v0.4.6
[INFO] [stderr]    Compiling zerocopy v0.8.56
[INFO] [stderr]    Compiling rand v0.10.2
[INFO] [stderr]    Compiling darling v0.23.0
[INFO] [stderr]    Compiling ruda-ir-macros v0.1.2
[INFO] [stderr]    Compiling spin v0.10.1
[INFO] [stderr]    Compiling smallvec v1.15.2
[INFO] [stderr]    Compiling parking_lot_core v0.9.12
[INFO] [stderr]    Compiling embassy-futures v0.1.2
[INFO] [stderr]    Compiling parking_lot v0.12.5
[INFO] [stderr]    Compiling float4 v0.2.0
[INFO] [stderr]    Compiling enumset v1.1.14
[INFO] [stderr]    Compiling log v0.4.34
[INFO] [stderr]    Compiling oneshot v0.2.1
[INFO] [stderr]    Compiling ruda-compiler v0.1.5 (/opt/rustwide/workdir)
[INFO] [stderr]    Compiling float-ord v0.3.2
[INFO] [stderr]    Compiling type-map v0.5.1
[INFO] [stderr]    Compiling petgraph v0.8.3
[INFO] [stderr]    Compiling itertools v0.14.0
[INFO] [stderr]    Compiling num v0.4.3
[INFO] [stderr]    Compiling stable-vec v0.4.3
[INFO] [stderr]    Compiling derive_more v2.1.1
[INFO] [stderr]    Compiling half v2.7.1
[INFO] [stderr]    Compiling float8 v0.7.0
[INFO] [stdout] warning: unexpected `cfg` condition value: `cuda`
[INFO] [stdout]    --> src/cpp/shared/instruction.rs:766:27
[INFO] [stdout]     |
[INFO] [stdout] 766 |                 #[cfg(not(feature = "cuda"))]
[INFO] [stdout]     |                           ^^^^^^^^^^^^^^^^
[INFO] [stdout]     |
[INFO] [stdout]     = note: expected values for `feature` are: `ascend`, `cpp`, `cpp-default`, `cpp-metal`, `cpp-std`, `cpp-tracing`, `default`, `mlir`, `mlir-dump`, `optimizer`, `optimizer-default`, `optimizer-std`, `optimizer-tracing`, `ptx`, `spirv`, and `wgsl`
[INFO] [stdout]     = help: consider adding `cuda` as a feature in `Cargo.toml`
[INFO] [stdout]     = note: see <https://doc.rust-lang.org/nightly/rustc/check-cfg/cargo-specifics.html> for more information about checking conditional configuration
[INFO] [stdout]     = note: `#[warn(unexpected_cfgs)]` on by default
[INFO] [stdout] 
[INFO] [stdout] 
[INFO] [stdout] warning: unexpected `cfg` condition value: `cuda`
[INFO] [stdout]    --> src/cpp/shared/instruction.rs:774:23
[INFO] [stdout]     |
[INFO] [stdout] 774 |                 #[cfg(feature = "cuda")]
[INFO] [stdout]     |                       ^^^^^^^^^^^^^^^^
[INFO] [stdout]     |
[INFO] [stdout]     = note: expected values for `feature` are: `ascend`, `cpp`, `cpp-default`, `cpp-metal`, `cpp-std`, `cpp-tracing`, `default`, `mlir`, `mlir-dump`, `optimizer`, `optimizer-default`, `optimizer-std`, `optimizer-tracing`, `ptx`, `spirv`, and `wgsl`
[INFO] [stdout]     = help: consider adding `cuda` as a feature in `Cargo.toml`
[INFO] [stdout]     = note: see <https://doc.rust-lang.org/nightly/rustc/check-cfg/cargo-specifics.html> for more information about checking conditional configuration
[INFO] [stdout] 
[INFO] [stdout] 
[INFO] [stdout] warning: unused import: `Processor`
[INFO] [stdout]  --> src/cpp/cuda/dialect.rs:4:24
[INFO] [stdout]   |
[INFO] [stdout] 4 |     ir::{BarrierLevel, Processor},
[INFO] [stdout]   |                        ^^^^^^^^^
[INFO] [stdout]   |
[INFO] [stdout]   = note: `#[warn(unused_imports)]` (part of `#[warn(unused)]`) on by default
[INFO] [stdout] 
[INFO] [stdout] 
[INFO] [stdout] warning: field `ruda_dim` is never read
[INFO] [stdout]    --> src/optimizer/mod.rs:150:16
[INFO] [stdout]     |
[INFO] [stdout] 134 | pub struct Optimizer {
[INFO] [stdout]     |            --------- field in this struct
[INFO] [stdout] ...
[INFO] [stdout] 150 |     pub(crate) ruda_dim: RudaDim,
[INFO] [stdout]     |                ^^^^^^^^
[INFO] [stdout]     |
[INFO] [stdout]     = note: `Optimizer` has derived impls for the traits `Clone` and `Debug`, but these are intentionally ignored during dead code analysis
[INFO] [stdout]     = note: `#[warn(dead_code)]` (part of `#[warn(unused)]`) on by default
[INFO] [stdout] 
[INFO] [stdout] 
[INFO] [stdout] warning: associated functions `constant` and `uint` are never used
[INFO] [stdout]   --> src/optimizer/analyses/integer_range.rs:32:8
[INFO] [stdout]    |
[INFO] [stdout] 31 | impl Range {
[INFO] [stdout]    | ---------- associated functions in this implementation
[INFO] [stdout] 32 |     fn constant(val: u64) -> Self {
[INFO] [stdout]    |        ^^^^^^^^
[INFO] [stdout] ...
[INFO] [stdout] 39 |     fn uint(upper: u64) -> Self {
[INFO] [stdout]    |        ^^^^
[INFO] [stdout] 
[INFO] [stdout] 
[INFO] [stdout] warning: method `run_loop` is never used
[INFO] [stdout]   --> src/optimizer/analyses/integer_range.rs:57:8
[INFO] [stdout]    |
[INFO] [stdout] 56 | impl Ranges {
[INFO] [stdout]    | ----------- method in this implementation
[INFO] [stdout] 57 |     fn run_loop(&mut self, opt: &mut Optimizer) -> bool {
[INFO] [stdout]    |        ^^^^^^^^
[INFO] [stdout] 
[INFO] [stdout] 
[INFO] [stdout] warning: method `range_of` is never used
[INFO] [stdout]    --> src/optimizer/analyses/integer_range.rs:132:12
[INFO] [stdout]     |
[INFO] [stdout] 129 | impl Ranges {
[INFO] [stdout]     | ----------- method in this implementation
[INFO] [stdout] ...
[INFO] [stdout] 132 |     pub fn range_of(&self, opt: &Optimizer, var: &Variable) -> Range {
[INFO] [stdout]     |            ^^^^^^^^
[INFO] [stdout] 
[INFO] [stdout] 
[INFO] [stdout] warning: function `var_id` is never used
[INFO] [stdout]    --> src/optimizer/analyses/integer_range.rs:173:15
[INFO] [stdout]     |
[INFO] [stdout] 173 | pub(crate) fn var_id(var: &Variable) -> Option<(Id, u16)> {
[INFO] [stdout]     |               ^^^^^^
[INFO] [stdout] 
[INFO] [stdout] 
[INFO] [stdout] warning: function `is_uint` is never used
[INFO] [stdout]    --> src/optimizer/analyses/integer_range.rs:181:4
[INFO] [stdout]     |
[INFO] [stdout] 181 | fn is_uint(ty: Type) -> bool {
[INFO] [stdout]     |    ^^^^^^^
[INFO] [stdout] 
[INFO] [stdout] 
[INFO] [stderr]     Finished `dev` profile [unoptimized + debuginfo] target(s) in 36.22s
[INFO] running `Command { std: "docker" "inspect" "6350cd4741e6ea8960bf7bf67c9a063ade23cef545c8fd057ac7393b44b5728f", kill_on_drop: false }`
[INFO] running `Command { std: "docker" "exec" "-e" "SOURCE_DIR=/opt/rustwide/workdir" "-e" "CARGO_HOME=/opt/rustwide/cargo-home" "-e" "RUSTUP_HOME=/opt/rustwide/rustup-home" "-e" "CARGO_TARGET_DIR=/opt/rustwide/target" "-e" "CARGO_INCREMENTAL=0" "-e" "RUST_BACKTRACE=full" "-e" "RUSTFLAGS=--cap-lints=warn" "-e" "RUSTDOCFLAGS=--cap-lints=warn" "-w" "/opt/rustwide/workdir" "--user" "0:0" "6350cd4741e6ea8960bf7bf67c9a063ade23cef545c8fd057ac7393b44b5728f" "/opt/rustwide/cargo-home/bin/cargo" "+1.100.0-beta.1" "test" "--frozen" "--no-run" "--message-format=json", kill_on_drop: false }`
[INFO] [stderr]    Compiling regex-syntax v0.8.11
[INFO] [stderr]    Compiling tracing v0.1.44
[INFO] [stderr]    Compiling test-log-core v0.2.21
[INFO] [stderr]    Compiling thread_local v1.1.10
[INFO] [stdout] warning: unexpected `cfg` condition value: `cuda`
[INFO] [stdout]    --> src/cpp/shared/instruction.rs:766:27
[INFO] [stdout]     |
[INFO] [stdout] 766 |                 #[cfg(not(feature = "cuda"))]
[INFO] [stdout]     |                           ^^^^^^^^^^^^^^^^
[INFO] [stdout]     |
[INFO] [stdout]     = note: expected values for `feature` are: `ascend`, `cpp`, `cpp-default`, `cpp-metal`, `cpp-std`, `cpp-tracing`, `default`, `mlir`, `mlir-dump`, `optimizer`, `optimizer-default`, `optimizer-std`, `optimizer-tracing`, `ptx`, `spirv`, and `wgsl`
[INFO] [stdout]     = help: consider adding `cuda` as a feature in `Cargo.toml`
[INFO] [stdout]     = note: see <https://doc.rust-lang.org/nightly/rustc/check-cfg/cargo-specifics.html> for more information about checking conditional configuration
[INFO] [stdout]     = note: `#[warn(unexpected_cfgs)]` on by default
[INFO] [stdout] 
[INFO] [stdout] 
[INFO] [stdout] warning: unexpected `cfg` condition value: `cuda`
[INFO] [stdout]    --> src/cpp/shared/instruction.rs:774:23
[INFO] [stdout]     |
[INFO] [stdout] 774 |                 #[cfg(feature = "cuda")]
[INFO] [stdout]     |                       ^^^^^^^^^^^^^^^^
[INFO] [stdout]     |
[INFO] [stdout]     = note: expected values for `feature` are: `ascend`, `cpp`, `cpp-default`, `cpp-metal`, `cpp-std`, `cpp-tracing`, `default`, `mlir`, `mlir-dump`, `optimizer`, `optimizer-default`, `optimizer-std`, `optimizer-tracing`, `ptx`, `spirv`, and `wgsl`
[INFO] [stdout]     = help: consider adding `cuda` as a feature in `Cargo.toml`
[INFO] [stdout]     = note: see <https://doc.rust-lang.org/nightly/rustc/check-cfg/cargo-specifics.html> for more information about checking conditional configuration
[INFO] [stdout] 
[INFO] [stdout] 
[INFO] [stdout] warning: unused import: `Processor`
[INFO] [stdout]  --> src/cpp/cuda/dialect.rs:4:24
[INFO] [stdout]   |
[INFO] [stdout] 4 |     ir::{BarrierLevel, Processor},
[INFO] [stdout]   |                        ^^^^^^^^^
[INFO] [stdout]   |
[INFO] [stdout]   = note: `#[warn(unused_imports)]` (part of `#[warn(unused)]`) on by default
[INFO] [stdout] 
[INFO] [stdout] 
[INFO] [stdout] warning: field `ruda_dim` is never read
[INFO] [stdout]    --> src/optimizer/mod.rs:150:16
[INFO] [stdout]     |
[INFO] [stdout] 134 | pub struct Optimizer {
[INFO] [stdout]     |            --------- field in this struct
[INFO] [stdout] ...
[INFO] [stdout] 150 |     pub(crate) ruda_dim: RudaDim,
[INFO] [stdout]     |                ^^^^^^^^
[INFO] [stdout]     |
[INFO] [stdout]     = note: `Optimizer` has derived impls for the traits `Clone` and `Debug`, but these are intentionally ignored during dead code analysis
[INFO] [stdout]     = note: `#[warn(dead_code)]` (part of `#[warn(unused)]`) on by default
[INFO] [stdout] 
[INFO] [stdout] 
[INFO] [stdout] warning: associated functions `constant` and `uint` are never used
[INFO] [stdout]   --> src/optimizer/analyses/integer_range.rs:32:8
[INFO] [stdout]    |
[INFO] [stdout] 31 | impl Range {
[INFO] [stdout]    | ---------- associated functions in this implementation
[INFO] [stdout] 32 |     fn constant(val: u64) -> Self {
[INFO] [stdout]    |        ^^^^^^^^
[INFO] [stdout] ...
[INFO] [stdout] 39 |     fn uint(upper: u64) -> Self {
[INFO] [stdout]    |        ^^^^
[INFO] [stdout] 
[INFO] [stdout] 
[INFO] [stdout] warning: method `run_loop` is never used
[INFO] [stdout]   --> src/optimizer/analyses/integer_range.rs:57:8
[INFO] [stdout]    |
[INFO] [stdout] 56 | impl Ranges {
[INFO] [stdout]    | ----------- method in this implementation
[INFO] [stdout] 57 |     fn run_loop(&mut self, opt: &mut Optimizer) -> bool {
[INFO] [stdout]    |        ^^^^^^^^
[INFO] [stdout] 
[INFO] [stdout] 
[INFO] [stdout] warning: method `range_of` is never used
[INFO] [stdout]    --> src/optimizer/analyses/integer_range.rs:132:12
[INFO] [stdout]     |
[INFO] [stdout] 129 | impl Ranges {
[INFO] [stdout]     | ----------- method in this implementation
[INFO] [stdout] ...
[INFO] [stdout] 132 |     pub fn range_of(&self, opt: &Optimizer, var: &Variable) -> Range {
[INFO] [stdout]     |            ^^^^^^^^
[INFO] [stdout] 
[INFO] [stdout] 
[INFO] [stdout] warning: function `var_id` is never used
[INFO] [stdout]    --> src/optimizer/analyses/integer_range.rs:173:15
[INFO] [stdout]     |
[INFO] [stdout] 173 | pub(crate) fn var_id(var: &Variable) -> Option<(Id, u16)> {
[INFO] [stdout]     |               ^^^^^^
[INFO] [stdout] 
[INFO] [stdout] 
[INFO] [stdout] warning: function `is_uint` is never used
[INFO] [stdout]    --> src/optimizer/analyses/integer_range.rs:181:4
[INFO] [stdout]     |
[INFO] [stdout] 181 | fn is_uint(ty: Type) -> bool {
[INFO] [stdout]     |    ^^^^^^^
[INFO] [stdout] 
[INFO] [stdout] 
[INFO] [stderr]    Compiling test-log-macros v0.2.21
[INFO] [stderr]    Compiling regex-automata v0.4.18
[INFO] [stderr]    Compiling matchers v0.2.0
[INFO] [stderr]    Compiling tracing-subscriber v0.3.23
[INFO] [stderr]    Compiling test-log v0.2.21
[INFO] [stderr]    Compiling ruda-compiler v0.1.5 (/opt/rustwide/workdir)
[INFO] [stdout] error[E0433]: cannot find module or crate `ruda_kernel` in this scope
[INFO] [stdout]    --> src/optimizer/mod.rs:497:9
[INFO] [stdout]     |
[INFO] [stdout] 497 |     use ruda_kernel::dsl::prelude::*;
[INFO] [stdout]     |         ^^^^^^^^^^^ use of unresolved module or unlinked crate `ruda_kernel`
[INFO] [stdout]     |
[INFO] [stdout]     = help: if you wanted to use a crate named `ruda_kernel`, use `cargo add ruda_kernel` to add it to your `Cargo.toml`
[INFO] [stdout] 
[INFO] [stdout] 
[INFO] [stdout] error[E0433]: cannot find module or crate `ruda_kernel` in this scope
[INFO] [stdout]    --> src/optimizer/mod.rs:496:9
[INFO] [stdout]     |
[INFO] [stdout] 496 |     use ruda_kernel::dsl::ruda;
[INFO] [stdout]     |         ^^^^^^^^^^^ use of unresolved module or unlinked crate `ruda_kernel`
[INFO] [stdout]     |
[INFO] [stdout]     = help: if you wanted to use a crate named `ruda_kernel`, use `cargo add ruda_kernel` to add it to your `Cargo.toml`
[INFO] [stdout] 
[INFO] [stdout] 
[INFO] [stdout] error[E0432]: unresolved import `ruda_kernel`
[INFO] [stdout]    --> src/optimizer/mod.rs:495:9
[INFO] [stdout]     |
[INFO] [stdout] 495 |     use ruda_kernel::dsl as kernel_dsl;
[INFO] [stdout]     |         ^^^^^^^^^^^ use of unresolved module or unlinked crate `ruda_kernel`
[INFO] [stdout]     |
[INFO] [stdout]     = help: if you wanted to use a crate named `ruda_kernel`, use `cargo add ruda_kernel` to add it to your `Cargo.toml`
[INFO] [stdout] 
[INFO] [stdout] 
[INFO] [stdout] error[E0425]: cannot find type `Array` in this scope
[INFO] [stdout]    --> src/optimizer/mod.rs:504:48
[INFO] [stdout]     |
[INFO] [stdout] 504 |     fn pre_kernel(x: u32, cond: u32, out: &mut Array<u32>) {
[INFO] [stdout]     |                                                ^^^^^ not found in this scope
[INFO] [stdout]     |
[INFO] [stdout] note: struct `crate::optimizer::passes::disaggregate_array::Array` exists but is inaccessible
[INFO] [stdout]    --> src/optimizer/passes/disaggregate_array.rs:64:1
[INFO] [stdout]     |
[INFO] [stdout]  64 | struct Array {
[INFO] [stdout]     | ^^^^^^^^^^^^ not accessible
[INFO] [stdout] 
[INFO] [stdout] 
[INFO] [stdout] error[E0433]: cannot find type `Scope` in this scope
[INFO] [stdout]    --> src/optimizer/mod.rs:518:23
[INFO] [stdout]     |
[INFO] [stdout] 518 |         let mut ctx = Scope::root(false);
[INFO] [stdout]     |                       ^^^^^ use of undeclared type `Scope`
[INFO] [stdout]     |
[INFO] [stdout] help: consider importing this struct
[INFO] [stdout]     |
[INFO] [stdout] 495 +     use std::thread::Scope;
[INFO] [stdout]     |
[INFO] [stdout] 
[INFO] [stdout] 
[INFO] [stdout] warning: unexpected `cfg` condition value: `cuda`
[INFO] [stdout]    --> src/cpp/shared/instruction.rs:766:27
[INFO] [stdout]     |
[INFO] [stdout] 766 |                 #[cfg(not(feature = "cuda"))]
[INFO] [stdout]     |                           ^^^^^^^^^^^^^^^^
[INFO] [stdout]     |
[INFO] [stdout]     = note: expected values for `feature` are: `ascend`, `cpp`, `cpp-default`, `cpp-metal`, `cpp-std`, `cpp-tracing`, `default`, `mlir`, `mlir-dump`, `optimizer`, `optimizer-default`, `optimizer-std`, `optimizer-tracing`, `ptx`, `spirv`, and `wgsl`
[INFO] [stdout]     = help: consider adding `cuda` as a feature in `Cargo.toml`
[INFO] [stdout]     = note: see <https://doc.rust-lang.org/nightly/rustc/check-cfg/cargo-specifics.html> for more information about checking conditional configuration
[INFO] [stdout]     = note: `#[warn(unexpected_cfgs)]` on by default
[INFO] [stdout] 
[INFO] [stdout] 
[INFO] [stdout] warning: unexpected `cfg` condition value: `cuda`
[INFO] [stdout]    --> src/cpp/shared/instruction.rs:774:23
[INFO] [stdout]     |
[INFO] [stdout] 774 |                 #[cfg(feature = "cuda")]
[INFO] [stdout]     |                       ^^^^^^^^^^^^^^^^
[INFO] [stdout]     |
[INFO] [stdout]     = note: expected values for `feature` are: `ascend`, `cpp`, `cpp-default`, `cpp-metal`, `cpp-std`, `cpp-tracing`, `default`, `mlir`, `mlir-dump`, `optimizer`, `optimizer-default`, `optimizer-std`, `optimizer-tracing`, `ptx`, `spirv`, and `wgsl`
[INFO] [stdout]     = help: consider adding `cuda` as a feature in `Cargo.toml`
[INFO] [stdout]     = note: see <https://doc.rust-lang.org/nightly/rustc/check-cfg/cargo-specifics.html> for more information about checking conditional configuration
[INFO] [stdout] 
[INFO] [stdout] 
[INFO] [stdout] warning: unused import: `Processor`
[INFO] [stdout]  --> src/cpp/cuda/dialect.rs:4:24
[INFO] [stdout]   |
[INFO] [stdout] 4 |     ir::{BarrierLevel, Processor},
[INFO] [stdout]   |                        ^^^^^^^^^
[INFO] [stdout]   |
[INFO] [stdout]   = note: `#[warn(unused_imports)]` (part of `#[warn(unused)]`) on by default
[INFO] [stdout] 
[INFO] [stdout] 
[INFO] [stdout] error[E0433]: cannot find module or crate `pre_kernel` in this scope
[INFO] [stdout]    --> src/optimizer/mod.rs:532:9
[INFO] [stdout]     |
[INFO] [stdout] 532 |         pre_kernel::expand(&mut ctx, x.into(), cond.into(), arr.into());
[INFO] [stdout]     |         ^^^^^^^^^^ function `pre_kernel` is not a crate or module
[INFO] [stdout] 
[INFO] [stdout] 
[INFO] [stdout] error[E0433]: cannot find type `RudaDim` in this scope
[INFO] [stdout]    --> src/optimizer/mod.rs:533:39
[INFO] [stdout]     |
[INFO] [stdout] 533 |         let opt = Optimizer::new(ctx, RudaDim::new_1d(1), vec![], vec![]);
[INFO] [stdout]     |                                       ^^^^^^^ use of undeclared type `RudaDim`
[INFO] [stdout]     |
[INFO] [stdout] help: there is an enum variant `crate::cpp::cuda::convert::numeric_cast_tests::Variable::RudaDim`; try using the variant's enum
[INFO] [stdout]     |
[INFO] [stdout] 533 -         let opt = Optimizer::new(ctx, RudaDim::new_1d(1), vec![], vec![]);
[INFO] [stdout] 533 +         let opt = Optimizer::new(ctx, crate::cpp::cuda::convert::numeric_cast_tests::Variable::new_1d(1), vec![], vec![]);
[INFO] [stdout]     |
[INFO] [stdout] 
[INFO] [stdout] 
[INFO] [stdout] Some errors have detailed explanations: E0425, E0432, E0433.
[INFO] [stdout] 
[INFO] [stdout] For more information about an error, try `rustc --explain E0425`.
[INFO] [stdout] 
[INFO] [stderr] error: could not compile `ruda-compiler` (lib test) due to 7 previous errors; 3 warnings emitted
[INFO] running `Command { std: "docker" "inspect" "6350cd4741e6ea8960bf7bf67c9a063ade23cef545c8fd057ac7393b44b5728f", kill_on_drop: false }`
[INFO] running `Command { std: "docker" "rm" "-f" "6350cd4741e6ea8960bf7bf67c9a063ade23cef545c8fd057ac7393b44b5728f", kill_on_drop: false }`
[INFO] [stdout] 6350cd4741e6ea8960bf7bf67c9a063ade23cef545c8fd057ac7393b44b5728f
