[INFO] fetching crate ruRAND 0.1.18...
[INFO] testing ruRAND-0.1.18 against 1.100.0-beta.1 for beta-1.100-2
[INFO] extracting crate ruRAND 0.1.18 into /workspace/builds/worker-7-tc2/source
[INFO] started tweaking crates.io crate ruRAND 0.1.18
[INFO] removed 0 missing tests
[INFO] finished tweaking crates.io crate ruRAND 0.1.18
[INFO] tweaked toml for crates.io crate ruRAND 0.1.18 written to /workspace/builds/worker-7-tc2/source/Cargo.toml
[INFO] validating manifest of crates.io crate ruRAND 0.1.18 on toolchain 1.100.0-beta.1
[INFO] running `Command { std: CARGO_HOME="/workspace/cargo-home" RUSTUP_HOME="/workspace/rustup-home" "/workspace/cargo-home/bin/cargo" "+1.100.0-beta.1" "metadata" "--manifest-path" "Cargo.toml" "--no-deps", kill_on_drop: false }`
[INFO] crate crates.io crate ruRAND 0.1.18 already has a lockfile, it will not be regenerated
[INFO] running `Command { std: CARGO_HOME="/workspace/cargo-home" RUSTUP_HOME="/workspace/rustup-home" "/workspace/cargo-home/bin/cargo" "+1.100.0-beta.1" "fetch" "--manifest-path" "Cargo.toml", kill_on_drop: false }`
[INFO] running `Command { std: "docker" "create" "-v" "/var/lib/crater-agent-workspace/builds/worker-7-tc2/source:/opt/rustwide/workdir:ro,Z" "-v" "/var/lib/crater-agent-workspace/builds/worker-7-tc2/target:/opt/rustwide/target:rw,Z" "-v" "/var/lib/crater-agent-workspace/cargo-home:/opt/rustwide/cargo-home:ro,Z" "-v" "/var/lib/crater-agent-workspace/rustup-home:/opt/rustwide/rustup-home:ro,Z" "-m" "1610612736" "--network" "none" "ghcr.io/rust-lang/crates-build-env/linux@sha256:3111399a4047eeb3a02b7a90e478d715f38a8c6669b5c4b49d30a17385265909" "sleep" "infinity", kill_on_drop: false }`
[INFO] [stdout] 8eaf9e07b9e663b8e9696adbd7f02e99781a76ec02e3caaca1b79fa7b8442fee
[INFO] running `Command { std: "docker" "start" "8eaf9e07b9e663b8e9696adbd7f02e99781a76ec02e3caaca1b79fa7b8442fee", kill_on_drop: false }`
[INFO] running `Command { std: "docker" "inspect" "8eaf9e07b9e663b8e9696adbd7f02e99781a76ec02e3caaca1b79fa7b8442fee", kill_on_drop: false }`
[INFO] running `Command { std: "docker" "exec" "-e" "SOURCE_DIR=/opt/rustwide/workdir" "-e" "CARGO_HOME=/opt/rustwide/cargo-home" "-e" "RUSTUP_HOME=/opt/rustwide/rustup-home" "-e" "CARGO_TARGET_DIR=/opt/rustwide/target" "-w" "/opt/rustwide/workdir" "--user" "0:0" "8eaf9e07b9e663b8e9696adbd7f02e99781a76ec02e3caaca1b79fa7b8442fee" "/opt/rustwide/cargo-home/bin/cargo" "+1.100.0-beta.1" "metadata" "--no-deps" "--format-version=1", kill_on_drop: false }`
[INFO] running `Command { std: "docker" "inspect" "8eaf9e07b9e663b8e9696adbd7f02e99781a76ec02e3caaca1b79fa7b8442fee", kill_on_drop: false }`
[INFO] running `Command { std: "docker" "exec" "-e" "SOURCE_DIR=/opt/rustwide/workdir" "-e" "CARGO_HOME=/opt/rustwide/cargo-home" "-e" "RUSTUP_HOME=/opt/rustwide/rustup-home" "-e" "CARGO_TARGET_DIR=/opt/rustwide/target" "-e" "CARGO_INCREMENTAL=0" "-e" "RUST_BACKTRACE=full" "-e" "RUSTFLAGS=--cap-lints=warn" "-e" "RUSTDOCFLAGS=--cap-lints=warn" "-w" "/opt/rustwide/workdir" "--user" "0:0" "8eaf9e07b9e663b8e9696adbd7f02e99781a76ec02e3caaca1b79fa7b8442fee" "/opt/rustwide/cargo-home/bin/cargo" "+1.100.0-beta.1" "build" "--frozen" "--message-format=json", kill_on_drop: false }`
[INFO] [stderr]    Compiling proc-macro2 v1.0.107
[INFO] [stderr]    Compiling unicode-ident v1.0.24
[INFO] [stderr]    Compiling quote v1.0.47
[INFO] [stderr]    Compiling serde_core v1.0.229
[INFO] [stderr]    Compiling cfg-if v1.0.4
[INFO] [stderr]    Compiling autocfg v1.5.1
[INFO] [stderr]    Compiling ident_case v1.0.1
[INFO] [stderr]    Compiling libm v0.2.16
[INFO] [stderr]    Compiling libc v0.2.189
[INFO] [stderr]    Compiling serde v1.0.229
[INFO] [stderr]    Compiling zerocopy v0.8.56
[INFO] [stderr]    Compiling cfg_aliases v0.2.2
[INFO] [stderr]    Compiling equivalent v1.0.2
[INFO] [stderr]    Compiling unicode-segmentation v1.13.3
[INFO] [stderr]    Compiling rand_core v0.10.1
[INFO] [stderr]    Compiling fnv v1.0.7
[INFO] [stderr]    Compiling strsim v0.11.1
[INFO] [stderr]    Compiling unicode-xid v0.2.6
[INFO] [stderr]    Compiling scopeguard v1.2.0
[INFO] [stderr]    Compiling memchr v2.8.3
[INFO] [stderr]    Compiling cpufeatures v0.3.1
[INFO] [stderr]    Compiling parking v2.2.1
[INFO] [stderr]    Compiling chacha20 v0.10.2
[INFO] [stderr]    Compiling allocator-api2 v0.2.21
[INFO] [stderr]    Compiling pin-project-lite v0.2.17
[INFO] [stderr]    Compiling lock_api v0.4.14
[INFO] [stderr]    Compiling foldhash v0.2.0
[INFO] [stderr]    Compiling convert_case v0.10.0
[INFO] [stderr]    Compiling getrandom v0.4.3
[INFO] [stderr]    Compiling crossbeam-utils v0.8.22
[INFO] [stderr]    Compiling version_check v0.9.5
[INFO] [stderr]    Compiling regex-syntax v0.8.11
[INFO] [stderr]    Compiling zmij v1.0.23
[INFO] [stderr]    Compiling object v0.37.3
[INFO] [stderr]    Compiling parking_lot_core v0.9.12
[INFO] [stderr]    Compiling num-traits v0.2.19
[INFO] [stderr]    Compiling spin v0.10.1
[INFO] [stderr]    Compiling embassy-futures v0.1.2
[INFO] [stderr]    Compiling hashbrown v0.17.1
[INFO] [stderr]    Compiling log v0.4.34
[INFO] [stderr]    Compiling ahash v0.8.12
[INFO] [stderr]    Compiling thiserror v2.0.20
[INFO] [stderr]    Compiling winnow v1.0.4
[INFO] [stderr]    Compiling serde_json v1.0.151
[INFO] [stderr]    Compiling option-ext v0.2.0
[INFO] [stderr]    Compiling prettyplease v0.2.37
[INFO] [stderr]    Compiling futures-core v0.3.34
[INFO] [stderr]    Compiling gimli v0.32.3
[INFO] [stderr]    Compiling portable-atomic v1.15.0
[INFO] [stderr]    Compiling adler2 v2.0.1
[INFO] [stderr]    Compiling web-time v1.1.0
[INFO] [stderr]    Compiling miniz_oxide v0.8.9
[INFO] [stderr]    Compiling syn v2.0.119
[INFO] [stderr]    Compiling syn v3.0.4
[INFO] [stderr]    Compiling nom v8.0.0
[INFO] [stderr]    Compiling toml_parser v1.1.3+spec-1.1.0
[INFO] [stderr]    Compiling dirs-sys v0.5.0
[INFO] [stderr]    Compiling indexmap v2.14.1
[INFO] [stderr]    Compiling regex-automata v0.4.18
[INFO] [stderr]    Compiling event-listener v5.4.2
[INFO] [stderr]    Compiling ruda-core v0.1.4
[INFO] [stderr]    Compiling fastrand v2.5.0
[INFO] [stderr]    Compiling toml_datetime v1.1.1+spec-1.1.0
[INFO] [stderr]    Compiling once_cell v1.21.4
[INFO] [stderr]    Compiling rustc-demangle v0.1.28
[INFO] [stderr]    Compiling itoa v1.0.18
[INFO] [stderr]    Compiling futures-io v0.3.34
[INFO] [stderr]    Compiling toml_writer v1.1.2+spec-1.1.0
[INFO] [stderr]    Compiling toml_edit v0.25.13+spec-1.1.0
[INFO] [stderr]    Compiling event-listener-strategy v0.5.4
[INFO] [stderr]    Compiling dirs v6.0.0
[INFO] [stderr]    Compiling rand v0.10.2
[INFO] [stderr]    Compiling concurrent-queue v2.5.0
[INFO] [stderr]    Compiling futures-lite v2.6.1
[INFO] [stderr]    Compiling hashbrown v0.16.1
[INFO] [stderr]    Compiling ruda-runtime v0.1.1
[INFO] [stderr]    Compiling addr2line v0.25.1
[INFO] [stderr]    Compiling serde_spanned v1.1.1
[INFO] [stderr]    Compiling regex v1.13.1
[INFO] [stderr]    Compiling serde_bytes v0.11.19
[INFO] [stderr]    Compiling toml v1.1.4+spec-1.1.0
[INFO] [stderr]    Compiling float-ord v0.3.2
[INFO] [stderr]    Compiling paste v1.0.15
[INFO] [stderr]    Compiling sanitize-filename v0.6.0
[INFO] [stderr]    Compiling float4 v0.2.0
[INFO] [stderr]    Compiling xxhash-rust v0.8.18
[INFO] [stderr]    Compiling ruda-kernel-macros v0.1.5
[INFO] [stderr]    Compiling oneshot v0.2.1
[INFO] [stderr]    Compiling proc-macro-crate v3.5.0
[INFO] [stderr]    Compiling async-channel v2.5.0
[INFO] [stderr]    Compiling md5 v0.8.1
[INFO] [stderr]    Compiling inflections v1.1.1
[INFO] [stderr]    Compiling bitflags v2.13.1
[INFO] [stderr]    Compiling serde_derive v1.0.229
[INFO] [stderr]    Compiling bytemuck_derive v1.12.0
[INFO] [stderr]    Compiling thiserror-impl v2.0.20
[INFO] [stderr]    Compiling darling_core v0.23.0
[INFO] [stderr]    Compiling darling_core v0.21.3
[INFO] [stderr]    Compiling tynm v0.2.0
[INFO] [stderr]    Compiling zerocopy-derive v0.8.56
[INFO] [stderr]    Compiling derive_more-impl v2.1.1
[INFO] [stderr]    Compiling derive-new v0.7.0
[INFO] [stderr]    Compiling variadics_please v1.1.0
[INFO] [stderr]    Compiling bytemuck v1.25.2
[INFO] [stderr]    Compiling backtrace v0.3.76
[INFO] [stderr]    Compiling darling_macro v0.21.3
[INFO] [stderr]    Compiling darling v0.21.3
[INFO] [stderr]    Compiling enumset_derive v0.15.0
[INFO] [stderr]    Compiling darling_macro v0.23.0
[INFO] [stderr]    Compiling smallvec v1.15.2
[INFO] [stderr]    Compiling darling v0.23.0
[INFO] [stderr]    Compiling ruda-ir-macros v0.1.2
[INFO] [stderr]    Compiling derive_more v2.1.1
[INFO] [stderr]    Compiling parking_lot v0.12.5
[INFO] [stderr]    Compiling enumset v1.1.14
[INFO] [stderr]    Compiling half v2.7.1
[INFO] [stderr]    Compiling float8 v0.7.0
[INFO] [stderr]    Compiling ruda-kernel v0.1.7
[INFO] [stderr]    Compiling ruRAND v0.1.18 (/opt/rustwide/workdir)
[INFO] [stdout] warning: unused import: `ruda_kernel::dsl as kernel_dsl`
[INFO] [stdout]  --> src/algorithms.rs:1:5
[INFO] [stdout]   |
[INFO] [stdout] 1 | use ruda_kernel::dsl as kernel_dsl;
[INFO] [stdout]   |     ^^^^^^^^^^^^^^^^^^^^^^^^^^^^^^
[INFO] [stdout]   |
[INFO] [stdout]   = note: `#[warn(unused_imports)]` (part of `#[warn(unused)]`) on by default
[INFO] [stdout] 
[INFO] [stdout] 
[INFO] [stdout] warning: unused import: `ruda_kernel::dsl as kernel_dsl`
[INFO] [stdout]  --> src/distributions/bernoulli.rs:1:5
[INFO] [stdout]   |
[INFO] [stdout] 1 | use ruda_kernel::dsl as kernel_dsl;
[INFO] [stdout]   |     ^^^^^^^^^^^^^^^^^^^^^^^^^^^^^^
[INFO] [stdout] 
[INFO] [stdout] 
[INFO] [stdout] warning: unused import: `ruda_kernel::dsl as kernel_dsl`
[INFO] [stdout]  --> src/distributions/normal.rs:1:5
[INFO] [stdout]   |
[INFO] [stdout] 1 | use ruda_kernel::dsl as kernel_dsl;
[INFO] [stdout]   |     ^^^^^^^^^^^^^^^^^^^^^^^^^^^^^^
[INFO] [stdout] 
[INFO] [stdout] 
[INFO] [stdout] warning: unused import: `ruda_kernel::dsl as kernel_dsl`
[INFO] [stdout]  --> src/distributions/uniform.rs:1:5
[INFO] [stdout]   |
[INFO] [stdout] 1 | use ruda_kernel::dsl as kernel_dsl;
[INFO] [stdout]   |     ^^^^^^^^^^^^^^^^^^^^^^^^^^^^^^
[INFO] [stdout] 
[INFO] [stdout] 
[INFO] [stdout] warning: unused import: `ruda_kernel::dsl as kernel_dsl`
[INFO] [stdout]  --> src/generator/mod.rs:1:5
[INFO] [stdout]   |
[INFO] [stdout] 1 | use ruda_kernel::dsl as kernel_dsl;
[INFO] [stdout]   |     ^^^^^^^^^^^^^^^^^^^^^^^^^^^^^^
[INFO] [stdout] 
[INFO] [stdout] 
[INFO] [stdout] warning: unused import: `ruda_kernel::dsl as kernel_dsl`
[INFO] [stdout]  --> src/generator/kernel.rs:1:5
[INFO] [stdout]   |
[INFO] [stdout] 1 | use ruda_kernel::dsl as kernel_dsl;
[INFO] [stdout]   |     ^^^^^^^^^^^^^^^^^^^^^^^^^^^^^^
[INFO] [stdout] 
[INFO] [stdout] 
[INFO] [stdout] warning: unused import: `ruda_kernel::dsl as kernel_dsl`
[INFO] [stdout]  --> src/tests_utils.rs:1:5
[INFO] [stdout]   |
[INFO] [stdout] 1 | use ruda_kernel::dsl as kernel_dsl;
[INFO] [stdout]   |     ^^^^^^^^^^^^^^^^^^^^^^^^^^^^^^
[INFO] [stdout]   |
[INFO] [stdout] help: if this is a test module, consider adding a `#[cfg(test)]` to the containing module
[INFO] [stdout]  --> src/lib.rs:5:1
[INFO] [stdout]   |
[INFO] [stdout] 5 | mod tests_utils;
[INFO] [stdout]   | ^^^^^^^^^^^^^^^^
[INFO] [stdout] 
[INFO] [stdout] 
[INFO] [stderr]     Finished `dev` profile [unoptimized + debuginfo] target(s) in 1m 09s
[INFO] running `Command { std: "docker" "inspect" "8eaf9e07b9e663b8e9696adbd7f02e99781a76ec02e3caaca1b79fa7b8442fee", kill_on_drop: false }`
[INFO] running `Command { std: "docker" "exec" "-e" "SOURCE_DIR=/opt/rustwide/workdir" "-e" "CARGO_HOME=/opt/rustwide/cargo-home" "-e" "RUSTUP_HOME=/opt/rustwide/rustup-home" "-e" "CARGO_TARGET_DIR=/opt/rustwide/target" "-e" "CARGO_INCREMENTAL=0" "-e" "RUST_BACKTRACE=full" "-e" "RUSTFLAGS=--cap-lints=warn" "-e" "RUSTDOCFLAGS=--cap-lints=warn" "-w" "/opt/rustwide/workdir" "--user" "0:0" "8eaf9e07b9e663b8e9696adbd7f02e99781a76ec02e3caaca1b79fa7b8442fee" "/opt/rustwide/cargo-home/bin/cargo" "+1.100.0-beta.1" "test" "--frozen" "--no-run" "--message-format=json", kill_on_drop: false }`
[INFO] [stderr]    Compiling ruRAND v0.1.18 (/opt/rustwide/workdir)
[INFO] [stdout] warning: unused import: `ruda_kernel::dsl as kernel_dsl`
[INFO] [stdout]  --> src/algorithms.rs:1:5
[INFO] [stdout]   |
[INFO] [stdout] 1 | use ruda_kernel::dsl as kernel_dsl;
[INFO] [stdout]   |     ^^^^^^^^^^^^^^^^^^^^^^^^^^^^^^
[INFO] [stdout]   |
[INFO] [stdout]   = note: `#[warn(unused_imports)]` (part of `#[warn(unused)]`) on by default
[INFO] [stdout] 
[INFO] [stdout] 
[INFO] [stdout] warning: unused import: `ruda_kernel::dsl as kernel_dsl`
[INFO] [stdout]  --> src/distributions/bernoulli.rs:1:5
[INFO] [stdout]   |
[INFO] [stdout] 1 | use ruda_kernel::dsl as kernel_dsl;
[INFO] [stdout]   |     ^^^^^^^^^^^^^^^^^^^^^^^^^^^^^^
[INFO] [stdout] 
[INFO] [stdout] 
[INFO] [stdout] warning: unused import: `ruda_kernel::dsl as kernel_dsl`
[INFO] [stdout]  --> src/distributions/normal.rs:1:5
[INFO] [stdout]   |
[INFO] [stdout] 1 | use ruda_kernel::dsl as kernel_dsl;
[INFO] [stdout]   |     ^^^^^^^^^^^^^^^^^^^^^^^^^^^^^^
[INFO] [stdout] 
[INFO] [stdout] 
[INFO] [stdout] warning: unused import: `ruda_kernel::dsl as kernel_dsl`
[INFO] [stdout]  --> src/distributions/uniform.rs:1:5
[INFO] [stdout]   |
[INFO] [stdout] 1 | use ruda_kernel::dsl as kernel_dsl;
[INFO] [stdout]   |     ^^^^^^^^^^^^^^^^^^^^^^^^^^^^^^
[INFO] [stdout] 
[INFO] [stdout] 
[INFO] [stdout] warning: unused import: `ruda_kernel::dsl as kernel_dsl`
[INFO] [stdout]  --> src/generator/mod.rs:1:5
[INFO] [stdout]   |
[INFO] [stdout] 1 | use ruda_kernel::dsl as kernel_dsl;
[INFO] [stdout]   |     ^^^^^^^^^^^^^^^^^^^^^^^^^^^^^^
[INFO] [stdout] 
[INFO] [stdout] 
[INFO] [stdout] warning: unused import: `ruda_kernel::dsl as kernel_dsl`
[INFO] [stdout]  --> src/generator/kernel.rs:1:5
[INFO] [stdout]   |
[INFO] [stdout] 1 | use ruda_kernel::dsl as kernel_dsl;
[INFO] [stdout]   |     ^^^^^^^^^^^^^^^^^^^^^^^^^^^^^^
[INFO] [stdout] 
[INFO] [stdout] 
[INFO] [stdout] warning: unused import: `ruda_kernel::dsl as kernel_dsl`
[INFO] [stdout]  --> src/tests_utils.rs:1:5
[INFO] [stdout]   |
[INFO] [stdout] 1 | use ruda_kernel::dsl as kernel_dsl;
[INFO] [stdout]   |     ^^^^^^^^^^^^^^^^^^^^^^^^^^^^^^
[INFO] [stdout]   |
[INFO] [stdout] help: if this is a test module, consider adding a `#[cfg(test)]` to the containing module
[INFO] [stdout]  --> src/lib.rs:5:1
[INFO] [stdout]   |
[INFO] [stdout] 5 | mod tests_utils;
[INFO] [stdout]   | ^^^^^^^^^^^^^^^^
[INFO] [stdout] 
[INFO] [stdout] 
[INFO] [stdout] error[E0432]: unresolved import `ruda_test_runtime`
[INFO] [stdout]  --> tests/suite/normal.rs:2:5
[INFO] [stdout]   |
[INFO] [stdout] 2 | use ruda_test_runtime::TestRuntime;
[INFO] [stdout]   |     ^^^^^^^^^^^^^^^^^ use of unresolved module or unlinked crate `ruda_test_runtime`
[INFO] [stdout]   |
[INFO] [stdout]   = help: if you wanted to use a crate named `ruda_test_runtime`, use `cargo add ruda_test_runtime` to add it to your `Cargo.toml`
[INFO] [stdout] 
[INFO] [stdout] 
[INFO] [stdout] error[E0432]: unresolved import `ruda_test_runtime`
[INFO] [stdout]  --> tests/suite/bernoulli.rs:2:5
[INFO] [stdout]   |
[INFO] [stdout] 2 | use ruda_test_runtime::TestRuntime;
[INFO] [stdout]   |     ^^^^^^^^^^^^^^^^^ use of unresolved module or unlinked crate `ruda_test_runtime`
[INFO] [stdout]   |
[INFO] [stdout]   = help: if you wanted to use a crate named `ruda_test_runtime`, use `cargo add ruda_test_runtime` to add it to your `Cargo.toml`
[INFO] [stdout] 
[INFO] [stdout] 
[INFO] [stdout] error[E0432]: unresolved import `ruda_test_runtime`
[INFO] [stdout]  --> tests/suite/uniform.rs:2:5
[INFO] [stdout]   |
[INFO] [stdout] 2 | use ruda_test_runtime::TestRuntime;
[INFO] [stdout]   |     ^^^^^^^^^^^^^^^^^ use of unresolved module or unlinked crate `ruda_test_runtime`
[INFO] [stdout]   |
[INFO] [stdout]   = help: if you wanted to use a crate named `ruda_test_runtime`, use `cargo add ruda_test_runtime` to add it to your `Cargo.toml`
[INFO] [stdout] 
[INFO] [stdout] 
[INFO] [stdout] error[E0432]: unresolved import `ruda_test_runtime`
[INFO] [stdout]  --> tests/suite/interval.rs:3:5
[INFO] [stdout]   |
[INFO] [stdout] 3 | use ruda_test_runtime::TestRuntime;
[INFO] [stdout]   |     ^^^^^^^^^^^^^^^^^ use of unresolved module or unlinked crate `ruda_test_runtime`
[INFO] [stdout]   |
[INFO] [stdout]   = help: if you wanted to use a crate named `ruda_test_runtime`, use `cargo add ruda_test_runtime` to add it to your `Cargo.toml`
[INFO] [stdout] 
[INFO] [stdout] 
[INFO] [stdout] warning: unused import: `ruda_kernel::dsl as kernel_dsl`
[INFO] [stdout]  --> tests/suite/normal.rs:1:5
[INFO] [stdout]   |
[INFO] [stdout] 1 | use ruda_kernel::dsl as kernel_dsl;
[INFO] [stdout]   |     ^^^^^^^^^^^^^^^^^^^^^^^^^^^^^^
[INFO] [stdout]   |
[INFO] [stdout]   = note: `#[warn(unused_imports)]` (part of `#[warn(unused)]`) on by default
[INFO] [stdout] 
[INFO] [stdout] 
[INFO] [stdout] warning: unused import: `ruda_kernel::dsl as kernel_dsl`
[INFO] [stdout]  --> tests/suite/bernoulli.rs:1:5
[INFO] [stdout]   |
[INFO] [stdout] 1 | use ruda_kernel::dsl as kernel_dsl;
[INFO] [stdout]   |     ^^^^^^^^^^^^^^^^^^^^^^^^^^^^^^
[INFO] [stdout] 
[INFO] [stdout] 
[INFO] [stdout] warning: unused import: `ruda_kernel::dsl as kernel_dsl`
[INFO] [stdout]  --> tests/suite/interval.rs:1:5
[INFO] [stdout]   |
[INFO] [stdout] 1 | use ruda_kernel::dsl as kernel_dsl;
[INFO] [stdout]   |     ^^^^^^^^^^^^^^^^^^^^^^^^^^^^^^
[INFO] [stdout] 
[INFO] [stdout] 
[INFO] [stdout] warning: unused import: `ruda_kernel::dsl as kernel_dsl`
[INFO] [stdout]  --> tests/suite/uniform.rs:1:5
[INFO] [stdout]   |
[INFO] [stdout] 1 | use ruda_kernel::dsl as kernel_dsl;
[INFO] [stdout]   |     ^^^^^^^^^^^^^^^^^^^^^^^^^^^^^^
[INFO] [stdout] 
[INFO] [stdout] 
[INFO] [stdout] For more information about this error, try `rustc --explain E0432`.
[INFO] [stdout] 
[INFO] [stderr] error: could not compile `ruRAND` (test "lib") due to 4 previous errors; 4 warnings emitted
[INFO] [stderr] warning: build failed, waiting for other jobs to finish...
[INFO] [stdout] warning: unused import: `ruda_kernel::dsl as kernel_dsl`
[INFO] [stdout]  --> src/algorithms.rs:1:5
[INFO] [stdout]   |
[INFO] [stdout] 1 | use ruda_kernel::dsl as kernel_dsl;
[INFO] [stdout]   |     ^^^^^^^^^^^^^^^^^^^^^^^^^^^^^^
[INFO] [stdout]   |
[INFO] [stdout]   = note: `#[warn(unused_imports)]` (part of `#[warn(unused)]`) on by default
[INFO] [stdout] 
[INFO] [stdout] 
[INFO] [stdout] warning: unused import: `ruda_kernel::dsl as kernel_dsl`
[INFO] [stdout]  --> src/distributions/bernoulli.rs:1:5
[INFO] [stdout]   |
[INFO] [stdout] 1 | use ruda_kernel::dsl as kernel_dsl;
[INFO] [stdout]   |     ^^^^^^^^^^^^^^^^^^^^^^^^^^^^^^
[INFO] [stdout] 
[INFO] [stdout] 
[INFO] [stdout] warning: unused import: `ruda_kernel::dsl as kernel_dsl`
[INFO] [stdout]  --> src/distributions/normal.rs:1:5
[INFO] [stdout]   |
[INFO] [stdout] 1 | use ruda_kernel::dsl as kernel_dsl;
[INFO] [stdout]   |     ^^^^^^^^^^^^^^^^^^^^^^^^^^^^^^
[INFO] [stdout] 
[INFO] [stdout] 
[INFO] [stdout] warning: unused import: `ruda_kernel::dsl as kernel_dsl`
[INFO] [stdout]  --> src/distributions/uniform.rs:1:5
[INFO] [stdout]   |
[INFO] [stdout] 1 | use ruda_kernel::dsl as kernel_dsl;
[INFO] [stdout]   |     ^^^^^^^^^^^^^^^^^^^^^^^^^^^^^^
[INFO] [stdout] 
[INFO] [stdout] 
[INFO] [stdout] warning: unused import: `ruda_kernel::dsl as kernel_dsl`
[INFO] [stdout]  --> src/generator/mod.rs:1:5
[INFO] [stdout]   |
[INFO] [stdout] 1 | use ruda_kernel::dsl as kernel_dsl;
[INFO] [stdout]   |     ^^^^^^^^^^^^^^^^^^^^^^^^^^^^^^
[INFO] [stdout] 
[INFO] [stdout] 
[INFO] [stdout] warning: unused import: `ruda_kernel::dsl as kernel_dsl`
[INFO] [stdout]  --> src/generator/kernel.rs:1:5
[INFO] [stdout]   |
[INFO] [stdout] 1 | use ruda_kernel::dsl as kernel_dsl;
[INFO] [stdout]   |     ^^^^^^^^^^^^^^^^^^^^^^^^^^^^^^
[INFO] [stdout] 
[INFO] [stdout] 
[INFO] [stdout] warning: unused import: `ruda_kernel::dsl as kernel_dsl`
[INFO] [stdout]  --> src/tests_utils.rs:1:5
[INFO] [stdout]   |
[INFO] [stdout] 1 | use ruda_kernel::dsl as kernel_dsl;
[INFO] [stdout]   |     ^^^^^^^^^^^^^^^^^^^^^^^^^^^^^^
[INFO] [stdout] 
[INFO] [stdout] 
[INFO] running `Command { std: "docker" "inspect" "8eaf9e07b9e663b8e9696adbd7f02e99781a76ec02e3caaca1b79fa7b8442fee", kill_on_drop: false }`
[INFO] running `Command { std: "docker" "rm" "-f" "8eaf9e07b9e663b8e9696adbd7f02e99781a76ec02e3caaca1b79fa7b8442fee", kill_on_drop: false }`
[INFO] [stdout] 8eaf9e07b9e663b8e9696adbd7f02e99781a76ec02e3caaca1b79fa7b8442fee
