[INFO] fetching crate rtic-sync 1.5.0...
[INFO] testing rtic-sync-1.5.0 against 1.100.0-beta.1 for beta-1.100-2
[INFO] extracting crate rtic-sync 1.5.0 into /workspace/builds/worker-7-tc2/source
[INFO] started tweaking crates.io crate rtic-sync 1.5.0
[INFO] finished tweaking crates.io crate rtic-sync 1.5.0
[INFO] tweaked toml for crates.io crate rtic-sync 1.5.0 written to /workspace/builds/worker-7-tc2/source/Cargo.toml
[INFO] validating manifest of crates.io crate rtic-sync 1.5.0 on toolchain 1.100.0-beta.1
[INFO] running `Command { std: CARGO_HOME="/workspace/cargo-home" RUSTUP_HOME="/workspace/rustup-home" "/workspace/cargo-home/bin/cargo" "+1.100.0-beta.1" "metadata" "--manifest-path" "Cargo.toml" "--no-deps", kill_on_drop: false }`
[INFO] crate crates.io crate rtic-sync 1.5.0 already has a lockfile, it will not be regenerated
[INFO] running `Command { std: CARGO_HOME="/workspace/cargo-home" RUSTUP_HOME="/workspace/rustup-home" "/workspace/cargo-home/bin/cargo" "+1.100.0-beta.1" "fetch" "--manifest-path" "Cargo.toml", kill_on_drop: false }`
[INFO] running `Command { std: "docker" "create" "-v" "/var/lib/crater-agent-workspace/builds/worker-7-tc2/source:/opt/rustwide/workdir:ro,Z" "-v" "/var/lib/crater-agent-workspace/builds/worker-7-tc2/target:/opt/rustwide/target:rw,Z" "-v" "/var/lib/crater-agent-workspace/cargo-home:/opt/rustwide/cargo-home:ro,Z" "-v" "/var/lib/crater-agent-workspace/rustup-home:/opt/rustwide/rustup-home:ro,Z" "-m" "1610612736" "--network" "none" "ghcr.io/rust-lang/crates-build-env/linux@sha256:3111399a4047eeb3a02b7a90e478d715f38a8c6669b5c4b49d30a17385265909" "sleep" "infinity", kill_on_drop: false }`
[INFO] [stdout] f786e0e92f86d12b184c46d734ac96abf776252f5501be20d9306862d69d2d61
[INFO] running `Command { std: "docker" "start" "f786e0e92f86d12b184c46d734ac96abf776252f5501be20d9306862d69d2d61", kill_on_drop: false }`
[INFO] running `Command { std: "docker" "inspect" "f786e0e92f86d12b184c46d734ac96abf776252f5501be20d9306862d69d2d61", kill_on_drop: false }`
[INFO] running `Command { std: "docker" "exec" "-e" "SOURCE_DIR=/opt/rustwide/workdir" "-e" "CARGO_HOME=/opt/rustwide/cargo-home" "-e" "RUSTUP_HOME=/opt/rustwide/rustup-home" "-e" "CARGO_TARGET_DIR=/opt/rustwide/target" "-w" "/opt/rustwide/workdir" "--user" "0:0" "f786e0e92f86d12b184c46d734ac96abf776252f5501be20d9306862d69d2d61" "/opt/rustwide/cargo-home/bin/cargo" "+1.100.0-beta.1" "metadata" "--no-deps" "--format-version=1", kill_on_drop: false }`
[INFO] running `Command { std: "docker" "inspect" "f786e0e92f86d12b184c46d734ac96abf776252f5501be20d9306862d69d2d61", kill_on_drop: false }`
[INFO] running `Command { std: "docker" "exec" "-e" "SOURCE_DIR=/opt/rustwide/workdir" "-e" "CARGO_HOME=/opt/rustwide/cargo-home" "-e" "RUSTUP_HOME=/opt/rustwide/rustup-home" "-e" "CARGO_TARGET_DIR=/opt/rustwide/target" "-e" "CARGO_INCREMENTAL=0" "-e" "RUST_BACKTRACE=full" "-e" "RUSTFLAGS=--cap-lints=warn" "-e" "RUSTDOCFLAGS=--cap-lints=warn" "-w" "/opt/rustwide/workdir" "--user" "0:0" "f786e0e92f86d12b184c46d734ac96abf776252f5501be20d9306862d69d2d61" "/opt/rustwide/cargo-home/bin/cargo" "+1.100.0-beta.1" "build" "--frozen" "--message-format=json", kill_on_drop: false }`
[INFO] [stderr]    Compiling portable-atomic v1.11.0
[INFO] [stderr]    Compiling embedded-hal-async v1.0.0
[INFO] [stderr]    Compiling critical-section v1.2.0
[INFO] [stderr]    Compiling embedded-hal v1.0.0
[INFO] [stderr]    Compiling byteorder v1.5.0
[INFO] [stderr]    Compiling stable_deref_trait v1.2.0
[INFO] [stderr]    Compiling heapless v0.9.3
[INFO] [stderr]    Compiling hash32 v0.3.1
[INFO] [stderr]    Compiling embedded-hal-bus v0.3.0
[INFO] [stderr]    Compiling rtic-common v1.1.0
[INFO] [stderr]    Compiling rtic-sync v1.5.0 (/opt/rustwide/workdir)
[INFO] [stderr]     Finished `dev` profile [unoptimized + debuginfo] target(s) in 1.97s
[INFO] running `Command { std: "docker" "inspect" "f786e0e92f86d12b184c46d734ac96abf776252f5501be20d9306862d69d2d61", kill_on_drop: false }`
[INFO] running `Command { std: "docker" "exec" "-e" "SOURCE_DIR=/opt/rustwide/workdir" "-e" "CARGO_HOME=/opt/rustwide/cargo-home" "-e" "RUSTUP_HOME=/opt/rustwide/rustup-home" "-e" "CARGO_TARGET_DIR=/opt/rustwide/target" "-e" "CARGO_INCREMENTAL=0" "-e" "RUST_BACKTRACE=full" "-e" "RUSTFLAGS=--cap-lints=warn" "-e" "RUSTDOCFLAGS=--cap-lints=warn" "-w" "/opt/rustwide/workdir" "--user" "0:0" "f786e0e92f86d12b184c46d734ac96abf776252f5501be20d9306862d69d2d61" "/opt/rustwide/cargo-home/bin/cargo" "+1.100.0-beta.1" "test" "--frozen" "--no-run" "--message-format=json", kill_on_drop: false }`
[INFO] [stderr]    Compiling proc-macro2 v1.0.94
[INFO] [stderr]    Compiling portable-atomic v1.11.0
[INFO] [stderr]    Compiling cassette v0.3.0
[INFO] [stderr]    Compiling quote v1.0.40
[INFO] [stderr]    Compiling rtic-common v1.1.0
[INFO] [stderr]    Compiling static_cell v2.1.0
[INFO] [stderr]    Compiling syn v2.0.100
[INFO] [stderr]    Compiling rtic-sync v1.5.0 (/opt/rustwide/workdir)
[INFO] [stderr]    Compiling tokio-macros v2.5.0
[INFO] [stderr]    Compiling tokio v1.44.1
[INFO] [stdout] error: linking with `cc` failed: exit status: 1
[INFO] [stdout]   |
[INFO] [stdout]   = note:  "cc" "-m64" "/opt/rustwide/target/debug/build/rtic-sync/823b3a0d426dcd63/out/rustcURmRax/symbols.o" "<10 object files omitted>" "-Wl,--as-needed" "-Wl,-Bstatic" "<sysroot>/lib/rustlib/x86_64-unknown-linux-gnu/lib/{libtest-*,libgetopts-*,librustc_std_workspace_std-*}.rlib" "/opt/rustwide/target/debug/build/tokio/2226abae5cd67bce/out/libtokio-2226abae5cd67bce.rlib" "/opt/rustwide/target/debug/build/pin-project-lite/72bf04572caa1c84/out/libpin_project_lite-72bf04572caa1c84.rlib" "/opt/rustwide/target/debug/build/static_cell/8ad1845ccbb9017e/out/libstatic_cell-8ad1845ccbb9017e.rlib" "/opt/rustwide/target/debug/build/cassette/0e4a1c63b1626477/out/libcassette-0e4a1c63b1626477.rlib" "/opt/rustwide/target/debug/build/heapless/f5a876bfdc9cdef2/out/libheapless-f5a876bfdc9cdef2.rlib" "/opt/rustwide/target/debug/build/hash32/bab6fc17785ab021/out/libhash32-bab6fc17785ab021.rlib" "/opt/rustwide/target/debug/build/byteorder/9f6ac6743e38a88c/out/libbyteorder-9f6ac6743e38a88c.rlib" "/opt/rustwide/target/debug/build/embedded-hal-bus/660d61bc1844a7f6/out/libembedded_hal_bus-660d61bc1844a7f6.rlib" "/opt/rustwide/target/debug/build/embedded-hal-async/1760c2ca637fdc2b/out/libembedded_hal_async-1760c2ca637fdc2b.rlib" "/opt/rustwide/target/debug/build/embedded-hal/e2c075ad3782faf1/out/libembedded_hal-e2c075ad3782faf1.rlib" "/opt/rustwide/target/debug/build/rtic-common/cb4b61a920589294/out/librtic_common-cb4b61a920589294.rlib" "/opt/rustwide/target/debug/build/critical-section/fb1ca78526e87a67/out/libcritical_section-fb1ca78526e87a67.rlib" "/opt/rustwide/target/debug/build/portable-atomic/8a28229fd08da2da/out/libportable_atomic-8a28229fd08da2da.rlib" "<sysroot>/lib/rustlib/x86_64-unknown-linux-gnu/lib/{libstd-*,libpanic_unwind-*,libobject-*,libmemchr-*,libaddr2line-*,libgimli-*,libcfg_if-*,librustc_demangle-*,libstd_detect-*,libhashbrown-*,librustc_std_workspace_alloc-*,libminiz_oxide-*,libadler2-*,libunwind-*,liblibc-*,librustc_std_workspace_core-*,liballoc-*,libcore-*,libcompiler_builtins-*}.rlib" "-Wl,-Bdynamic" "-lgcc_s" "-lutil" "-lrt" "-lpthread" "-lm" "-ldl" "-lc" "-L" "/opt/rustwide/target/debug/build/rtic-sync/823b3a0d426dcd63/out/rustcURmRax/raw-dylibs" "-B<sysroot>/lib/rustlib/x86_64-unknown-linux-gnu/bin/gcc-ld" "-fuse-ld=lld" "-Wl,--eh-frame-hdr" "-Wl,-z,noexecstack" "-L" "<sysroot>/lib/rustlib/x86_64-unknown-linux-gnu/lib" "-o" "/opt/rustwide/target/debug/build/rtic-sync/823b3a0d426dcd63/out/rtic_sync-823b3a0d426dcd63" "-Wl,--gc-sections" "-pie" "-Wl,-z,relro,-z,now" "-nodefaultlibs"
[INFO] [stdout]   = note: some arguments are omitted. use `--verbose` to show all linker arguments
[INFO] [stdout]   = note: rust-lld: error: undefined symbol: _critical_section_1_0_acquire
[INFO] [stdout]           >>> referenced by lib.rs:202 (/opt/rustwide/cargo-home/registry/src/index.crates.io-1949cf8c6b5b557f/critical-section-1.2.0/src/lib.rs:202)
[INFO] [stdout]           >>>               /opt/rustwide/target/debug/build/rtic-sync/823b3a0d426dcd63/out/rtic_sync-823b3a0d426dcd63.rtic_sync.bc9b0b92c724b53a-cgu.2.rcgu.o:(critical_section::with::<core::option::Option<core::task::wake::Waker>, <rtic_common::wait_queue::DoublyLinkedList<core::task::wake::Waker>>::pop::{closure#0}>)
[INFO] [stdout]           >>> referenced by lib.rs:202 (/opt/rustwide/cargo-home/registry/src/index.crates.io-1949cf8c6b5b557f/critical-section-1.2.0/src/lib.rs:202)
[INFO] [stdout]           >>>               /opt/rustwide/target/debug/build/rtic-sync/823b3a0d426dcd63/out/rtic_sync-823b3a0d426dcd63.rtic_sync.bc9b0b92c724b53a-cgu.2.rcgu.o:(critical_section::with::<core::option::Option<(core::task::wake::Waker, rtic_sync::channel::SlotPtr)>, <rtic_common::wait_queue::DoublyLinkedList<(core::task::wake::Waker, rtic_sync::channel::SlotPtr)>>::pop::{closure#0}>)
[INFO] [stdout]           >>> referenced by lib.rs:202 (/opt/rustwide/cargo-home/registry/src/index.crates.io-1949cf8c6b5b557f/critical-section-1.2.0/src/lib.rs:202)
[INFO] [stdout]           >>>               /opt/rustwide/target/debug/build/rtic-sync/823b3a0d426dcd63/out/rtic_sync-823b3a0d426dcd63.rtic_sync.bc9b0b92c724b53a-cgu.2.rcgu.o:(critical_section::with::<core::option::Option<u8>, <rtic_sync::channel::Receiver<rtic_sync::channel::tests::SetToTrueOnDrop, 1> as core::ops::drop::Drop>::drop::{closure#1}::{closure#0}>)
[INFO] [stdout]           >>> referenced 72 more times
[INFO] [stdout]           
[INFO] [stdout]           rust-lld: error: undefined symbol: _critical_section_1_0_release
[INFO] [stdout]           >>> referenced by lib.rs:219 (/opt/rustwide/cargo-home/registry/src/index.crates.io-1949cf8c6b5b557f/critical-section-1.2.0/src/lib.rs:219)
[INFO] [stdout]           >>>               rtic_common-cb4b61a920589294.rtic_common.e7d1e8a0c5361b96-cgu.0.rcgu.o:(core::ptr::drop_glue::<critical_section::with::Guard>) in archive /opt/rustwide/target/debug/build/rtic-common/cb4b61a920589294/out/librtic_common-cb4b61a920589294.rlib
[INFO] [stdout]           collect2: error: ld returned 1 exit status
[INFO] [stdout]           
[INFO] [stdout] 
[INFO] [stdout] 
[INFO] [stderr] error: could not compile `rtic-sync` (lib test) due to 1 previous error
[INFO] running `Command { std: "docker" "inspect" "f786e0e92f86d12b184c46d734ac96abf776252f5501be20d9306862d69d2d61", kill_on_drop: false }`
[INFO] running `Command { std: "docker" "rm" "-f" "f786e0e92f86d12b184c46d734ac96abf776252f5501be20d9306862d69d2d61", kill_on_drop: false }`
[INFO] [stdout] f786e0e92f86d12b184c46d734ac96abf776252f5501be20d9306862d69d2d61
