[INFO] fetching crate rsspec_macros 0.7.0...
[INFO] testing rsspec_macros-0.7.0 against 1.100.0-beta.1 for beta-1.100-2
[INFO] extracting crate rsspec_macros 0.7.0 into /workspace/builds/worker-7-tc2/source
[INFO] started tweaking crates.io crate rsspec_macros 0.7.0
[INFO] removed 0 missing tests
[INFO] finished tweaking crates.io crate rsspec_macros 0.7.0
[INFO] tweaked toml for crates.io crate rsspec_macros 0.7.0 written to /workspace/builds/worker-7-tc2/source/Cargo.toml
[INFO] validating manifest of crates.io crate rsspec_macros 0.7.0 on toolchain 1.100.0-beta.1
[INFO] running `Command { std: CARGO_HOME="/workspace/cargo-home" RUSTUP_HOME="/workspace/rustup-home" "/workspace/cargo-home/bin/cargo" "+1.100.0-beta.1" "metadata" "--manifest-path" "Cargo.toml" "--no-deps", kill_on_drop: false }`
[INFO] crate crates.io crate rsspec_macros 0.7.0 already has a lockfile, it will not be regenerated
[INFO] running `Command { std: CARGO_HOME="/workspace/cargo-home" RUSTUP_HOME="/workspace/rustup-home" "/workspace/cargo-home/bin/cargo" "+1.100.0-beta.1" "fetch" "--manifest-path" "Cargo.toml", kill_on_drop: false }`
[INFO] running `Command { std: "docker" "create" "-v" "/var/lib/crater-agent-workspace/builds/worker-7-tc2/source:/opt/rustwide/workdir:ro,Z" "-v" "/var/lib/crater-agent-workspace/builds/worker-7-tc2/target:/opt/rustwide/target:rw,Z" "-v" "/var/lib/crater-agent-workspace/cargo-home:/opt/rustwide/cargo-home:ro,Z" "-v" "/var/lib/crater-agent-workspace/rustup-home:/opt/rustwide/rustup-home:ro,Z" "-m" "1610612736" "--network" "none" "ghcr.io/rust-lang/crates-build-env/linux@sha256:3111399a4047eeb3a02b7a90e478d715f38a8c6669b5c4b49d30a17385265909" "sleep" "infinity", kill_on_drop: false }`
[INFO] [stdout] e35933b1310a37d38cdcf8bca452ccbef88d7edb7049bb8a790ef03104217225
[INFO] running `Command { std: "docker" "start" "e35933b1310a37d38cdcf8bca452ccbef88d7edb7049bb8a790ef03104217225", kill_on_drop: false }`
[INFO] running `Command { std: "docker" "inspect" "e35933b1310a37d38cdcf8bca452ccbef88d7edb7049bb8a790ef03104217225", kill_on_drop: false }`
[INFO] running `Command { std: "docker" "exec" "-e" "SOURCE_DIR=/opt/rustwide/workdir" "-e" "CARGO_HOME=/opt/rustwide/cargo-home" "-e" "RUSTUP_HOME=/opt/rustwide/rustup-home" "-e" "CARGO_TARGET_DIR=/opt/rustwide/target" "-w" "/opt/rustwide/workdir" "--user" "0:0" "e35933b1310a37d38cdcf8bca452ccbef88d7edb7049bb8a790ef03104217225" "/opt/rustwide/cargo-home/bin/cargo" "+1.100.0-beta.1" "metadata" "--no-deps" "--format-version=1", kill_on_drop: false }`
[INFO] running `Command { std: "docker" "inspect" "e35933b1310a37d38cdcf8bca452ccbef88d7edb7049bb8a790ef03104217225", kill_on_drop: false }`
[INFO] running `Command { std: "docker" "exec" "-e" "SOURCE_DIR=/opt/rustwide/workdir" "-e" "CARGO_HOME=/opt/rustwide/cargo-home" "-e" "RUSTUP_HOME=/opt/rustwide/rustup-home" "-e" "CARGO_TARGET_DIR=/opt/rustwide/target" "-e" "CARGO_INCREMENTAL=0" "-e" "RUST_BACKTRACE=full" "-e" "RUSTFLAGS=--cap-lints=warn" "-e" "RUSTDOCFLAGS=--cap-lints=warn" "-w" "/opt/rustwide/workdir" "--user" "0:0" "e35933b1310a37d38cdcf8bca452ccbef88d7edb7049bb8a790ef03104217225" "/opt/rustwide/cargo-home/bin/cargo" "+1.100.0-beta.1" "build" "--frozen" "--message-format=json", kill_on_drop: false }`
[INFO] [stderr]    Compiling quote v1.0.44
[INFO] [stderr]    Compiling syn v2.0.117
[INFO] [stderr]    Compiling rsspec_macros v0.7.0 (/opt/rustwide/workdir)
[INFO] [stderr]     Finished `dev` profile [unoptimized + debuginfo] target(s) in 4.88s
[INFO] running `Command { std: "docker" "inspect" "e35933b1310a37d38cdcf8bca452ccbef88d7edb7049bb8a790ef03104217225", kill_on_drop: false }`
[INFO] running `Command { std: "docker" "exec" "-e" "SOURCE_DIR=/opt/rustwide/workdir" "-e" "CARGO_HOME=/opt/rustwide/cargo-home" "-e" "RUSTUP_HOME=/opt/rustwide/rustup-home" "-e" "CARGO_TARGET_DIR=/opt/rustwide/target" "-e" "CARGO_INCREMENTAL=0" "-e" "RUST_BACKTRACE=full" "-e" "RUSTFLAGS=--cap-lints=warn" "-e" "RUSTDOCFLAGS=--cap-lints=warn" "-w" "/opt/rustwide/workdir" "--user" "0:0" "e35933b1310a37d38cdcf8bca452ccbef88d7edb7049bb8a790ef03104217225" "/opt/rustwide/cargo-home/bin/cargo" "+1.100.0-beta.1" "test" "--frozen" "--no-run" "--message-format=json", kill_on_drop: false }`
[INFO] [stderr]    Compiling target-triple v1.0.0
[INFO] [stderr]    Compiling winnow v1.0.3
[INFO] [stderr]    Compiling quote v1.0.44
[INFO] [stderr]    Compiling toml_datetime v1.1.1+spec-1.1.0
[INFO] [stderr]    Compiling serde_spanned v1.1.1
[INFO] [stderr]    Compiling toml_writer v1.1.1+spec-1.1.0
[INFO] [stderr]    Compiling serde_json v1.0.150
[INFO] [stderr]    Compiling serde v1.0.228
[INFO] [stderr]    Compiling termcolor v1.4.1
[INFO] [stderr]    Compiling syn v2.0.117
[INFO] [stderr]    Compiling toml_parser v1.1.2+spec-1.1.0
[INFO] [stderr]    Compiling toml v1.1.2+spec-1.1.0
[INFO] [stderr]    Compiling serde_derive v1.0.228
[INFO] [stderr]    Compiling rsspec_macros v0.7.0 (/opt/rustwide/workdir)
[INFO] [stderr]    Compiling trybuild v1.0.116
[INFO] [stdout] error[E0433]: cannot find `rsspec` in the list of imported crates
[INFO] [stdout]   --> tests/decorators_and_hooks.rs:13:9
[INFO] [stdout]    |
[INFO] [stdout] 13 | /         describe!("decorated", {
[INFO] [stdout] 14 | |             it!(
[INFO] [stdout] 15 | |                 "retries until it passes",
[INFO] [stdout] ...  |
[INFO] [stdout] 29 | |             );
[INFO] [stdout] 30 | |         });
[INFO] [stdout]    | |__________^ could not find `rsspec` in the list of imported crates
[INFO] [stdout]    |
[INFO] [stdout]    = note: this error originates in the macro `describe` (in Nightly builds, run with -Z macro-backtrace for more info)
[INFO] [stdout] 
[INFO] [stdout] 
[INFO] [stdout] error[E0433]: cannot find `rsspec` in the list of imported crates
[INFO] [stdout]   --> tests/async_hooks.rs:37:9
[INFO] [stdout]    |
[INFO] [stdout] 37 | /         describe!("async teardown", {
[INFO] [stdout] 38 | |             before_all!(res: Probe = async { open_probe().await });
[INFO] [stdout] 39 | |             it!("the resource starts open", {
[INFO] [stdout] 40 | |                 assert_eq!(res.teardowns.load(SeqCst), 0);
[INFO] [stdout] ...  |
[INFO] [stdout] 45 | |             });
[INFO] [stdout] 46 | |         });
[INFO] [stdout]    | |__________^ could not find `rsspec` in the list of imported crates
[INFO] [stdout]    |
[INFO] [stdout]    = note: this error originates in the macro `describe` (in Nightly builds, run with -Z macro-backtrace for more info)
[INFO] [stdout] 
[INFO] [stdout] 
[INFO] [stdout] error[E0433]: cannot find `rsspec` in the list of imported crates
[INFO] [stdout]   --> tests/scoping.rs:10:9
[INFO] [stdout]    |
[INFO] [stdout] 10 | /         describe!("outer", {
[INFO] [stdout] 11 | |             before_all!(base: i32 = 100);
[INFO] [stdout] 12 | |             context!("inner", {
[INFO] [stdout] 13 | |                 it!("sees the outer fixture", {
[INFO] [stdout] ...  |
[INFO] [stdout] 16 | |             });
[INFO] [stdout] 17 | |         });
[INFO] [stdout]    | |__________^ could not find `rsspec` in the list of imported crates
[INFO] [stdout]    |
[INFO] [stdout]    = note: this error originates in the macro `describe` (in Nightly builds, run with -Z macro-backtrace for more info)
[INFO] [stdout] 
[INFO] [stdout] 
[INFO] [stdout] error[E0433]: cannot find `rsspec` in the list of imported crates
[INFO] [stdout]   --> tests/explicit_forms.rs:20:9
[INFO] [stdout]    |
[INFO] [stdout] 20 | /         describe!("account", {
[INFO] [stdout] 21 | |             before_all!(account: Account = Account { balance: 100 });
[INFO] [stdout] 22 | |             describe!("statement", {
[INFO] [stdout] ...  |
[INFO] [stdout] 32 | |             });
[INFO] [stdout] 33 | |         });
[INFO] [stdout]    | |__________^ could not find `rsspec` in the list of imported crates
[INFO] [stdout]    |
[INFO] [stdout]    = note: this error originates in the macro `describe` (in Nightly builds, run with -Z macro-backtrace for more info)
[INFO] [stdout] 
[INFO] [stdout] 
[INFO] [stdout] error[E0433]: cannot find `rsspec` in the list of imported crates
[INFO] [stdout]   --> tests/it_body_forms.rs:27:9
[INFO] [stdout]    |
[INFO] [stdout] 27 | /         describe!("explicit reads still work", {
[INFO] [stdout] 28 | |             before_all!(stats: Stats = summarize(&[3, 1, 4, 1, 5, 9, 2, 6]));
[INFO] [stdout] ...  |
[INFO] [stdout] 36 | |             });
[INFO] [stdout] 37 | |         });
[INFO] [stdout]    | |__________^ could not find `rsspec` in the list of imported crates
[INFO] [stdout]    |
[INFO] [stdout]    = note: this error originates in the macro `describe` (in Nightly builds, run with -Z macro-backtrace for more info)
[INFO] [stdout] 
[INFO] [stdout] 
[INFO] [stdout] error[E0433]: cannot find `rsspec` in the list of imported crates
[INFO] [stdout]   --> tests/decorators_and_hooks.rs:42:9
[INFO] [stdout]    |
[INFO] [stdout] 42 | /         describe!("teardown", {
[INFO] [stdout] 43 | |             before_all!(id: u32 = 7);
[INFO] [stdout] 44 | |             it!("uses the fixture", {
[INFO] [stdout] 45 | |                 assert_eq!(*id, 7);
[INFO] [stdout] ...  |
[INFO] [stdout] 49 | |             });
[INFO] [stdout] 50 | |         });
[INFO] [stdout]    | |__________^ could not find `rsspec` in the list of imported crates
[INFO] [stdout]    |
[INFO] [stdout]    = note: this error originates in the macro `describe` (in Nightly builds, run with -Z macro-backtrace for more info)
[INFO] [stdout] 
[INFO] [stdout] 
[INFO] [stdout] error[E0433]: cannot find `rsspec` in the list of imported crates
[INFO] [stdout]   --> tests/mvp.rs:35:9
[INFO] [stdout]    |
[INFO] [stdout] 35 | /         describe!("summary of a dataset", {
[INFO] [stdout] 36 | |             before_all!(stats: Stats = summarize(&[3, 1, 4, 1, 5, 9, 2, 6]));
[INFO] [stdout] 37 | |             it!("sums every value", {
[INFO] [stdout] 38 | |                 assert_eq!(stats.sum, 31);
[INFO] [stdout] ...  |
[INFO] [stdout] 45 | |             });
[INFO] [stdout] 46 | |         });
[INFO] [stdout]    | |__________^ could not find `rsspec` in the list of imported crates
[INFO] [stdout]    |
[INFO] [stdout]    = note: this error originates in the macro `describe` (in Nightly builds, run with -Z macro-backtrace for more info)
[INFO] [stdout] 
[INFO] [stdout] 
[INFO] [stdout] error[E0433]: cannot find `rsspec` in the list of imported crates
[INFO] [stdout]   --> tests/async_hooks.rs:60:9
[INFO] [stdout]    |
[INFO] [stdout] 60 | /         describe!("async per-spec hooks", {
[INFO] [stdout] 61 | |             just_before_each!(async {
[INFO] [stdout] 62 | |                 tick().await;
[INFO] [stdout] 63 | |                 JBE.fetch_add(1, SeqCst);
[INFO] [stdout] ...  |
[INFO] [stdout] 74 | |             });
[INFO] [stdout] 75 | |         });
[INFO] [stdout]    | |__________^ could not find `rsspec` in the list of imported crates
[INFO] [stdout]    |
[INFO] [stdout]    = note: this error originates in the macro `describe` (in Nightly builds, run with -Z macro-backtrace for more info)
[INFO] [stdout] 
[INFO] [stdout] 
[INFO] [stdout] error[E0433]: cannot find `rsspec` in the list of imported crates
[INFO] [stdout]   --> tests/decorators_and_hooks.rs:62:9
[INFO] [stdout]    |
[INFO] [stdout] 62 | /         describe!("just-before-each", {
[INFO] [stdout] 63 | |             before_all!(base: u32 = 5);
[INFO] [stdout] 64 | |             just_before_each!({
[INFO] [stdout] 65 | |                 JBE_SUM.fetch_add(*base, SeqCst); // reads `base` implicitly
[INFO] [stdout] ...  |
[INFO] [stdout] 72 | |             });
[INFO] [stdout] 73 | |         });
[INFO] [stdout]    | |__________^ could not find `rsspec` in the list of imported crates
[INFO] [stdout]    |
[INFO] [stdout]    = note: this error originates in the macro `describe` (in Nightly builds, run with -Z macro-backtrace for more info)
[INFO] [stdout] 
[INFO] [stdout] 
[INFO] [stdout] error[E0433]: cannot find `rsspec` in the list of imported crates
[INFO] [stdout]   --> tests/scoping.rs:24:9
[INFO] [stdout]    |
[INFO] [stdout] 24 | /         describe!("two fixtures", {
[INFO] [stdout] 25 | |             before_all!(name: String = String::from("alice"));
[INFO] [stdout] 26 | |             before_all!(age: u32 = 30);
[INFO] [stdout] 27 | |             it!("reads both", {
[INFO] [stdout] ...  |
[INFO] [stdout] 30 | |             });
[INFO] [stdout] 31 | |         });
[INFO] [stdout]    | |__________^ could not find `rsspec` in the list of imported crates
[INFO] [stdout]    |
[INFO] [stdout]    = note: this error originates in the macro `describe` (in Nightly builds, run with -Z macro-backtrace for more info)
[INFO] [stdout] 
[INFO] [stdout] 
[INFO] [stdout] error[E0433]: cannot find `rsspec` in the list of imported crates
[INFO] [stdout]   --> tests/it_body_forms.rs:44:9
[INFO] [stdout]    |
[INFO] [stdout] 44 | /         describe!("async specs", {
[INFO] [stdout] 45 | |             it!("awaits and asserts the result", async {
[INFO] [stdout] 46 | |                 assert_eq!(doubled(21).await, 42);
[INFO] [stdout] 47 | |             });
[INFO] [stdout] 48 | |         });
[INFO] [stdout]    | |__________^ could not find `rsspec` in the list of imported crates
[INFO] [stdout]    |
[INFO] [stdout]    = note: this error originates in the macro `describe` (in Nightly builds, run with -Z macro-backtrace for more info)
[INFO] [stdout] 
[INFO] [stdout] 
[INFO] [stdout] error[E0433]: cannot find module or crate `rsspec` in this scope
[INFO] [stdout]   --> tests/async_hooks.rs:36:5
[INFO] [stdout]    |
[INFO] [stdout] 36 |     rsspec::run_inline(|_| {
[INFO] [stdout]    |     ^^^^^^ use of unresolved module or unlinked crate `rsspec`
[INFO] [stdout]    |
[INFO] [stdout]    = help: if you wanted to use a crate named `rsspec`, use `cargo add rsspec` to add it to your `Cargo.toml`
[INFO] [stdout] 
[INFO] [stdout] 
[INFO] [stdout] error[E0433]: cannot find `rsspec` in the list of imported crates
[INFO] [stdout]   --> tests/explicit_forms.rs:43:9
[INFO] [stdout]    |
[INFO] [stdout] 43 | /         describe!("account", {
[INFO] [stdout] 44 | |             before_all!(account: Account = Account { balance: 100 });
[INFO] [stdout] 45 | |             it!("uses the account", |a: &Account| assert_eq!(a.balance, 100));
[INFO] [stdout] 46 | |             after_all!(|a: &Account| {
[INFO] [stdout] 47 | |                 hook.lock().unwrap().push(a.balance);
[INFO] [stdout] 48 | |             });
[INFO] [stdout] 49 | |         });
[INFO] [stdout]    | |__________^ could not find `rsspec` in the list of imported crates
[INFO] [stdout]    |
[INFO] [stdout]    = note: this error originates in the macro `describe` (in Nightly builds, run with -Z macro-backtrace for more info)
[INFO] [stdout] 
[INFO] [stdout] 
[INFO] [stdout] error[E0433]: cannot find module or crate `rsspec` in this scope
[INFO] [stdout]   --> tests/async_hooks.rs:59:5
[INFO] [stdout]    |
[INFO] [stdout] 59 |     rsspec::run_inline(|_| {
[INFO] [stdout]    |     ^^^^^^ use of unresolved module or unlinked crate `rsspec`
[INFO] [stdout]    |
[INFO] [stdout]    = help: if you wanted to use a crate named `rsspec`, use `cargo add rsspec` to add it to your `Cargo.toml`
[INFO] [stdout] 
[INFO] [stdout] 
[INFO] [stdout] For more information about this error, try `rustc --explain E0433`.
[INFO] [stdout] 
[INFO] [stderr] error: could not compile `rsspec_macros` (test "async_hooks") due to 4 previous errors
[INFO] [stderr] warning: build failed, waiting for other jobs to finish...
[INFO] [stdout] error[E0433]: cannot find module or crate `rsspec` in this scope
[INFO] [stdout]   --> tests/mvp.rs:34:5
[INFO] [stdout]    |
[INFO] [stdout] 34 |     rsspec::run_inline(|_| {
[INFO] [stdout]    |     ^^^^^^ use of unresolved module or unlinked crate `rsspec`
[INFO] [stdout]    |
[INFO] [stdout]    = help: if you wanted to use a crate named `rsspec`, use `cargo add rsspec` to add it to your `Cargo.toml`
[INFO] [stdout] 
[INFO] [stdout] 
[INFO] [stdout] For more information about this error, try `rustc --explain E0433`.
[INFO] [stdout] 
[INFO] [stderr] error: could not compile `rsspec_macros` (test "mvp") due to 2 previous errors
[INFO] [stdout] error[E0433]: cannot find module or crate `rsspec` in this scope
[INFO] [stdout]   --> tests/decorators_and_hooks.rs:12:5
[INFO] [stdout]    |
[INFO] [stdout] 12 |     rsspec::run_inline(|_| {
[INFO] [stdout]    |     ^^^^^^ use of unresolved module or unlinked crate `rsspec`
[INFO] [stdout]    |
[INFO] [stdout]    = help: if you wanted to use a crate named `rsspec`, use `cargo add rsspec` to add it to your `Cargo.toml`
[INFO] [stdout] 
[INFO] [stdout] 
[INFO] [stdout] error[E0433]: cannot find module or crate `rsspec` in this scope
[INFO] [stdout]   --> tests/decorators_and_hooks.rs:41:5
[INFO] [stdout]    |
[INFO] [stdout] 41 |     rsspec::run_inline(|_| {
[INFO] [stdout]    |     ^^^^^^ use of unresolved module or unlinked crate `rsspec`
[INFO] [stdout]    |
[INFO] [stdout]    = help: if you wanted to use a crate named `rsspec`, use `cargo add rsspec` to add it to your `Cargo.toml`
[INFO] [stdout] 
[INFO] [stdout] 
[INFO] [stdout] error[E0433]: cannot find module or crate `rsspec` in this scope
[INFO] [stdout]   --> tests/decorators_and_hooks.rs:61:5
[INFO] [stdout]    |
[INFO] [stdout] 61 |     rsspec::run_inline(|_| {
[INFO] [stdout]    |     ^^^^^^ use of unresolved module or unlinked crate `rsspec`
[INFO] [stdout]    |
[INFO] [stdout]    = help: if you wanted to use a crate named `rsspec`, use `cargo add rsspec` to add it to your `Cargo.toml`
[INFO] [stdout] 
[INFO] [stdout] 
[INFO] [stdout] For more information about this error, try `rustc --explain E0433`.
[INFO] [stdout] 
[INFO] [stderr] error: could not compile `rsspec_macros` (test "decorators_and_hooks") due to 6 previous errors
[INFO] [stdout] error[E0433]: cannot find module or crate `rsspec` in this scope
[INFO] [stdout]   --> tests/it_body_forms.rs:26:5
[INFO] [stdout]    |
[INFO] [stdout] 26 |     rsspec::run_inline(|_| {
[INFO] [stdout]    |     ^^^^^^ use of unresolved module or unlinked crate `rsspec`
[INFO] [stdout]    |
[INFO] [stdout]    = help: if you wanted to use a crate named `rsspec`, use `cargo add rsspec` to add it to your `Cargo.toml`
[INFO] [stdout] 
[INFO] [stdout] 
[INFO] [stdout] error[E0433]: cannot find module or crate `rsspec` in this scope
[INFO] [stdout]   --> tests/it_body_forms.rs:43:5
[INFO] [stdout]    |
[INFO] [stdout] 43 |     rsspec::run_inline(|_| {
[INFO] [stdout]    |     ^^^^^^ use of unresolved module or unlinked crate `rsspec`
[INFO] [stdout]    |
[INFO] [stdout]    = help: if you wanted to use a crate named `rsspec`, use `cargo add rsspec` to add it to your `Cargo.toml`
[INFO] [stdout] 
[INFO] [stdout] 
[INFO] [stdout] For more information about this error, try `rustc --explain E0433`.
[INFO] [stdout] 
[INFO] [stderr] error: could not compile `rsspec_macros` (test "it_body_forms") due to 4 previous errors
[INFO] [stdout] error[E0433]: cannot find module or crate `rsspec` in this scope
[INFO] [stdout]   --> tests/explicit_forms.rs:19:5
[INFO] [stdout]    |
[INFO] [stdout] 19 |     rsspec::run_inline(|_| {
[INFO] [stdout]    |     ^^^^^^ use of unresolved module or unlinked crate `rsspec`
[INFO] [stdout]    |
[INFO] [stdout]    = help: if you wanted to use a crate named `rsspec`, use `cargo add rsspec` to add it to your `Cargo.toml`
[INFO] [stdout] 
[INFO] [stdout] 
[INFO] [stdout] error[E0433]: cannot find module or crate `rsspec` in this scope
[INFO] [stdout]   --> tests/explicit_forms.rs:42:5
[INFO] [stdout]    |
[INFO] [stdout] 42 |     rsspec::run_inline(move |_| {
[INFO] [stdout]    |     ^^^^^^ use of unresolved module or unlinked crate `rsspec`
[INFO] [stdout]    |
[INFO] [stdout]    = help: if you wanted to use a crate named `rsspec`, use `cargo add rsspec` to add it to your `Cargo.toml`
[INFO] [stdout] 
[INFO] [stdout] 
[INFO] [stdout] error[E0433]: cannot find `rsspec` in the list of imported crates
[INFO] [stdout]   --> tests/scoping.rs:38:9
[INFO] [stdout]    |
[INFO] [stdout] 38 | /         describe!("derivation", {
[INFO] [stdout] 39 | |             before_all!(base: i32 = 10);
[INFO] [stdout] 40 | |             context!("derived", {
[INFO] [stdout] ...  |
[INFO] [stdout] 46 | |             });
[INFO] [stdout] 47 | |         });
[INFO] [stdout]    | |__________^ could not find `rsspec` in the list of imported crates
[INFO] [stdout]    |
[INFO] [stdout]    = note: this error originates in the macro `describe` (in Nightly builds, run with -Z macro-backtrace for more info)
[INFO] [stdout] 
[INFO] [stdout] 
[INFO] [stdout] For more information about this error, try `rustc --explain E0433`.
[INFO] [stdout] 
[INFO] [stderr] error: could not compile `rsspec_macros` (test "explicit_forms") due to 4 previous errors
[INFO] [stdout] error[E0433]: cannot find module or crate `rsspec` in this scope
[INFO] [stdout]  --> tests/scoping.rs:9:5
[INFO] [stdout]   |
[INFO] [stdout] 9 |     rsspec::run_inline(|_| {
[INFO] [stdout]   |     ^^^^^^ use of unresolved module or unlinked crate `rsspec`
[INFO] [stdout]   |
[INFO] [stdout]   = help: if you wanted to use a crate named `rsspec`, use `cargo add rsspec` to add it to your `Cargo.toml`
[INFO] [stdout] 
[INFO] [stdout] 
[INFO] [stdout] error[E0433]: cannot find module or crate `rsspec` in this scope
[INFO] [stdout]   --> tests/scoping.rs:23:5
[INFO] [stdout]    |
[INFO] [stdout] 23 |     rsspec::run_inline(|_| {
[INFO] [stdout]    |     ^^^^^^ use of unresolved module or unlinked crate `rsspec`
[INFO] [stdout]    |
[INFO] [stdout]    = help: if you wanted to use a crate named `rsspec`, use `cargo add rsspec` to add it to your `Cargo.toml`
[INFO] [stdout] 
[INFO] [stdout] 
[INFO] [stdout] error[E0433]: cannot find module or crate `rsspec` in this scope
[INFO] [stdout]   --> tests/scoping.rs:37:5
[INFO] [stdout]    |
[INFO] [stdout] 37 |     rsspec::run_inline(|_| {
[INFO] [stdout]    |     ^^^^^^ use of unresolved module or unlinked crate `rsspec`
[INFO] [stdout]    |
[INFO] [stdout]    = help: if you wanted to use a crate named `rsspec`, use `cargo add rsspec` to add it to your `Cargo.toml`
[INFO] [stdout] 
[INFO] [stdout] 
[INFO] [stdout] For more information about this error, try `rustc --explain E0433`.
[INFO] [stdout] 
[INFO] [stderr] error: could not compile `rsspec_macros` (test "scoping") due to 6 previous errors
[INFO] running `Command { std: "docker" "inspect" "e35933b1310a37d38cdcf8bca452ccbef88d7edb7049bb8a790ef03104217225", kill_on_drop: false }`
[INFO] running `Command { std: "docker" "rm" "-f" "e35933b1310a37d38cdcf8bca452ccbef88d7edb7049bb8a790ef03104217225", kill_on_drop: false }`
[INFO] [stdout] e35933b1310a37d38cdcf8bca452ccbef88d7edb7049bb8a790ef03104217225
