[INFO] fetching crate rscenes-raylib-connector 1.0.0...
[INFO] testing rscenes-raylib-connector-1.0.0 against 1.100.0-beta.1 for beta-1.100-2
[INFO] extracting crate rscenes-raylib-connector 1.0.0 into /workspace/builds/worker-0-tc2/source
[INFO] started tweaking crates.io crate rscenes-raylib-connector 1.0.0
[INFO] finished tweaking crates.io crate rscenes-raylib-connector 1.0.0
[INFO] tweaked toml for crates.io crate rscenes-raylib-connector 1.0.0 written to /workspace/builds/worker-0-tc2/source/Cargo.toml
[INFO] validating manifest of crates.io crate rscenes-raylib-connector 1.0.0 on toolchain 1.100.0-beta.1
[INFO] running `Command { std: CARGO_HOME="/workspace/cargo-home" RUSTUP_HOME="/workspace/rustup-home" "/workspace/cargo-home/bin/cargo" "+1.100.0-beta.1" "metadata" "--manifest-path" "Cargo.toml" "--no-deps", kill_on_drop: false }`
[INFO] running `Command { std: CARGO_HOME="/workspace/cargo-home" RUSTUP_HOME="/workspace/rustup-home" "/workspace/cargo-home/bin/cargo" "+1.100.0-beta.1" "generate-lockfile" "--manifest-path" "Cargo.toml", kill_on_drop: false }`
[INFO] [stderr]     Updating crates.io index
[INFO] [stderr]      Locking 41 packages to highest compatible versions
[INFO] running `Command { std: CARGO_HOME="/workspace/cargo-home" RUSTUP_HOME="/workspace/rustup-home" "/workspace/cargo-home/bin/cargo" "+1.100.0-beta.1" "fetch" "--manifest-path" "Cargo.toml", kill_on_drop: false }`
[INFO] running `Command { std: "docker" "create" "-v" "/var/lib/crater-agent-workspace/builds/worker-0-tc2/source:/opt/rustwide/workdir:ro,Z" "-v" "/var/lib/crater-agent-workspace/builds/worker-0-tc2/target:/opt/rustwide/target:rw,Z" "-v" "/var/lib/crater-agent-workspace/cargo-home:/opt/rustwide/cargo-home:ro,Z" "-v" "/var/lib/crater-agent-workspace/rustup-home:/opt/rustwide/rustup-home:ro,Z" "-m" "1610612736" "--network" "none" "ghcr.io/rust-lang/crates-build-env/linux@sha256:3111399a4047eeb3a02b7a90e478d715f38a8c6669b5c4b49d30a17385265909" "sleep" "infinity", kill_on_drop: false }`
[INFO] [stdout] 4d7737a37b2edad1f9a5e0c9de89bbf1ceee6f153562ca42ec78063f5f98030d
[INFO] running `Command { std: "docker" "start" "4d7737a37b2edad1f9a5e0c9de89bbf1ceee6f153562ca42ec78063f5f98030d", kill_on_drop: false }`
[INFO] running `Command { std: "docker" "inspect" "4d7737a37b2edad1f9a5e0c9de89bbf1ceee6f153562ca42ec78063f5f98030d", kill_on_drop: false }`
[INFO] running `Command { std: "docker" "exec" "-e" "SOURCE_DIR=/opt/rustwide/workdir" "-e" "CARGO_HOME=/opt/rustwide/cargo-home" "-e" "RUSTUP_HOME=/opt/rustwide/rustup-home" "-e" "CARGO_TARGET_DIR=/opt/rustwide/target" "-w" "/opt/rustwide/workdir" "--user" "0:0" "4d7737a37b2edad1f9a5e0c9de89bbf1ceee6f153562ca42ec78063f5f98030d" "/opt/rustwide/cargo-home/bin/cargo" "+1.100.0-beta.1" "metadata" "--no-deps" "--format-version=1", kill_on_drop: false }`
[INFO] running `Command { std: "docker" "inspect" "4d7737a37b2edad1f9a5e0c9de89bbf1ceee6f153562ca42ec78063f5f98030d", kill_on_drop: false }`
[INFO] running `Command { std: "docker" "exec" "-e" "SOURCE_DIR=/opt/rustwide/workdir" "-e" "CARGO_HOME=/opt/rustwide/cargo-home" "-e" "RUSTUP_HOME=/opt/rustwide/rustup-home" "-e" "CARGO_TARGET_DIR=/opt/rustwide/target" "-e" "CARGO_INCREMENTAL=0" "-e" "RUST_BACKTRACE=full" "-e" "RUSTFLAGS=--cap-lints=warn" "-e" "RUSTDOCFLAGS=--cap-lints=warn" "-w" "/opt/rustwide/workdir" "--user" "0:0" "4d7737a37b2edad1f9a5e0c9de89bbf1ceee6f153562ca42ec78063f5f98030d" "/opt/rustwide/cargo-home/bin/cargo" "+1.100.0-beta.1" "build" "--frozen" "--message-format=json", kill_on_drop: false }`
[INFO] [stderr]    Compiling memchr v2.8.3
[INFO] [stderr]    Compiling clang-sys v1.9.1
[INFO] [stderr]    Compiling prettyplease v0.2.37
[INFO] [stderr]    Compiling syn v2.0.119
[INFO] [stderr]    Compiling cfg-if v1.0.5
[INFO] [stderr]    Compiling serde_core v1.0.229
[INFO] [stderr]    Compiling libc v0.2.190
[INFO] [stderr]    Compiling minimal-lexical v0.2.1
[INFO] [stderr]    Compiling regex-syntax v0.8.11
[INFO] [stderr]    Compiling libloading v0.8.9
[INFO] [stderr]    Compiling syn v3.0.6
[INFO] [stderr]    Compiling either v1.18.0
[INFO] [stderr]    Compiling bindgen v0.70.1
[INFO] [stderr]    Compiling serde_json v1.0.151
[INFO] [stderr]    Compiling serde v1.0.229
[INFO] [stderr]    Compiling itertools v0.13.0
[INFO] [stderr]    Compiling cc v1.6.0
[INFO] [stderr]    Compiling aho-corasick v1.1.5
[INFO] [stderr]    Compiling nom v7.1.3
[INFO] [stderr]    Compiling regex-automata v0.4.18
[INFO] [stderr]    Compiling serde_derive v1.0.229
[INFO] [stderr]    Compiling bitflags v2.13.2
[INFO] [stderr]    Compiling rustc-hash v1.1.0
[INFO] [stderr]    Compiling cmake v0.1.58
[INFO] [stderr]    Compiling cexpr v0.6.0
[INFO] [stderr]    Compiling num-derive v0.4.2
[INFO] [stderr]    Compiling regex v1.13.1
[INFO] [stderr]    Compiling raylib-ffi v5.5.1
[INFO] [stderr]    Compiling rscenes-raylib-connector v1.0.0 (/opt/rustwide/workdir)
[INFO] [stdout] warning: use of deprecated module `std::usize`: all constants in this module replaced by associated constants on the type
[INFO] [stdout]  --> src/rgestures.rs:2:23
[INFO] [stdout]   |
[INFO] [stdout] 2 | use std::{fmt::Debug, usize};
[INFO] [stdout]   |                       ^^^^^
[INFO] [stdout]   |
[INFO] [stdout]   = note: `#[warn(deprecated)]` on by default
[INFO] [stdout] 
[INFO] [stdout] 
[INFO] [stdout] error[E0425]: cannot find function, tuple struct or tuple variant `IsWaveReady` in this scope
[INFO] [stdout]   --> src/raudio.rs:75:18
[INFO] [stdout]    |
[INFO] [stdout] 75 |         unsafe { IsWaveReady(wave) }
[INFO] [stdout]    |                  ^^^^^^^^^^^ not found in this scope
[INFO] [stdout] 
[INFO] [stdout] 
[INFO] [stdout] error[E0425]: cannot find function, tuple struct or tuple variant `IsSoundReady` in this scope
[INFO] [stdout]    --> src/raudio.rs:108:18
[INFO] [stdout]     |
[INFO] [stdout] 108 |         unsafe { IsSoundReady(sound) }
[INFO] [stdout]     |                  ^^^^^^^^^^^^ not found in this scope
[INFO] [stdout] 
[INFO] [stdout] 
[INFO] [stdout] error[E0425]: cannot find function, tuple struct or tuple variant `IsMusicReady` in this scope
[INFO] [stdout]    --> src/raudio.rs:220:18
[INFO] [stdout]     |
[INFO] [stdout] 220 |         unsafe { IsMusicReady(music) }
[INFO] [stdout]     |                  ^^^^^^^^^^^^ not found in this scope
[INFO] [stdout] 
[INFO] [stdout] 
[INFO] [stdout] error[E0425]: cannot find function, tuple struct or tuple variant `IsAudioStreamReady` in this scope
[INFO] [stdout]    --> src/raudio.rs:289:18
[INFO] [stdout]     |
[INFO] [stdout] 289 |         unsafe { IsAudioStreamReady(stream) }
[INFO] [stdout]     |                  ^^^^^^^^^^^^^^^^^^ not found in this scope
[INFO] [stdout]     |
[INFO] [stdout] note: similarly named function `IsAudioStreamValid` defined here
[INFO] [stdout]    --> /opt/rustwide/target/debug/build/raylib-ffi/0a6a564873f950ec/out/bindings.rs:3:97673
[INFO] [stdout]     |
[INFO] [stdout]   3 | ...t) -> AudioStream ; } extern "C" { pub fn IsAudioStreamValid (stream : AudioStream) -> bool ; } extern "C" { pub fn UnloadAudioS...
[INFO] [stdout]     |                                       ^^^^^^^^^^^^^^^^^^^^^^^^^^^^^^^^^^^^^^^^^^^^^^^^^^^^^^^^^^
[INFO] [stdout] help: a function with a similar name exists
[INFO] [stdout]     |
[INFO] [stdout] 289 -         unsafe { IsAudioStreamReady(stream) }
[INFO] [stdout] 289 +         unsafe { IsAudioStreamValid(stream) }
[INFO] [stdout]     |
[INFO] [stdout] 
[INFO] [stdout] 
[INFO] [stdout] error[E0425]: cannot find function, tuple struct or tuple variant `IsShaderReady` in this scope
[INFO] [stdout]    --> src/rcore.rs:363:18
[INFO] [stdout]     |
[INFO] [stdout] 363 |         unsafe { IsShaderReady(shader) }
[INFO] [stdout]     |                  ^^^^^^^^^^^^^ not found in this scope
[INFO] [stdout] 
[INFO] [stdout] 
[INFO] [stdout] error[E0425]: cannot find function, tuple struct or tuple variant `GetMouseRay` in this scope
[INFO] [stdout]    --> src/rcore.rs:449:18
[INFO] [stdout]     |
[INFO] [stdout] 449 |         unsafe { GetMouseRay(mouse_position, camera) }
[INFO] [stdout]     |                  ^^^^^^^^^^^ not found in this scope
[INFO] [stdout]     |
[INFO] [stdout] note: similarly named function `GetMouseX` defined here
[INFO] [stdout]    --> /opt/rustwide/target/debug/build/raylib-ffi/0a6a564873f950ec/out/bindings.rs:3:52611
[INFO] [stdout]     |
[INFO] [stdout]   3 | ...w :: c_int) -> bool ; } extern "C" { pub fn GetMouseX () -> :: std :: os :: raw :: c_int ; } extern "C" { pub fn GetMouseY () ->...
[INFO] [stdout]     |                                         ^^^^^^^^^^^^^^^^^^^^^^^^^^^^^^^^^^^^^^^^^^^^^^^^^^^^^
[INFO] [stdout] help: a function with a similar name exists
[INFO] [stdout]     |
[INFO] [stdout] 449 -         unsafe { GetMouseRay(mouse_position, camera) }
[INFO] [stdout] 449 +         unsafe { GetMouseX(mouse_position, camera) }
[INFO] [stdout]     |
[INFO] [stdout] 
[INFO] [stdout] 
[INFO] [stdout] error[E0308]: mismatched types
[INFO] [stdout]    --> src/rcore.rs:759:44
[INFO] [stdout]     |
[INFO] [stdout] 759 |         unsafe { UnloadAutomationEventList(&mut list) }
[INFO] [stdout]     |                  ------------------------- ^^^^^^^^^ expected `AutomationEventList`, found `&mut AutomationEventList`
[INFO] [stdout]     |                  |
[INFO] [stdout]     |                  arguments to this function are incorrect
[INFO] [stdout]     |
[INFO] [stdout] note: function defined here
[INFO] [stdout]    --> /opt/rustwide/target/debug/build/raylib-ffi/0a6a564873f950ec/out/bindings.rs:3:49704
[INFO] [stdout]     |
[INFO] [stdout]   3 | ...ar) -> AutomationEventList ; } extern "C" { pub fn UnloadAutomationEventList (list : AutomationEventList) ; } extern "C" { pub f...
[INFO] [stdout]     |                                                       ^^^^^^^^^^^^^^^^^^^^^^^^^
[INFO] [stdout] help: consider removing the borrow
[INFO] [stdout]     |
[INFO] [stdout] 759 -         unsafe { UnloadAutomationEventList(&mut list) }
[INFO] [stdout] 759 +         unsafe { UnloadAutomationEventList(list) }
[INFO] [stdout]     |
[INFO] [stdout] 
[INFO] [stdout] 
[INFO] [stdout] error[E0425]: cannot find function, tuple struct or tuple variant `IsModelReady` in this scope
[INFO] [stdout]    --> src/rmodels.rs:181:18
[INFO] [stdout]     |
[INFO] [stdout] 181 |         unsafe { IsModelReady(model) }
[INFO] [stdout]     |                  ^^^^^^^^^^^^ not found in this scope
[INFO] [stdout] 
[INFO] [stdout] 
[INFO] [stdout] error[E0425]: cannot find function, tuple struct or tuple variant `IsMaterialReady` in this scope
[INFO] [stdout]    --> src/rmodels.rs:373:18
[INFO] [stdout]     |
[INFO] [stdout] 373 |         unsafe { IsMaterialReady(material) }
[INFO] [stdout]     |                  ^^^^^^^^^^^^^^^ not found in this scope
[INFO] [stdout]     |
[INFO] [stdout] note: similarly named function `IsMaterialValid` defined here
[INFO] [stdout]    --> /opt/rustwide/target/debug/build/raylib-ffi/0a6a564873f950ec/out/bindings.rs:3:91738
[INFO] [stdout]     |
[INFO] [stdout]   3 | ...ault () -> Material ; } extern "C" { pub fn IsMaterialValid (material : Material) -> bool ; } extern "C" { pub fn UnloadMaterial...
[INFO] [stdout]     |                                         ^^^^^^^^^^^^^^^^^^^^^^^^^^^^^^^^^^^^^^^^^^^^^^^^^^^^^^
[INFO] [stdout] help: a function with a similar name exists
[INFO] [stdout]     |
[INFO] [stdout] 373 -         unsafe { IsMaterialReady(material) }
[INFO] [stdout] 373 +         unsafe { IsMaterialValid(material) }
[INFO] [stdout]     |
[INFO] [stdout] 
[INFO] [stdout] 
[INFO] [stdout] error[E0061]: this function takes 4 arguments but 5 arguments were supplied
[INFO] [stdout]    --> src/rshapes.rs:226:18
[INFO] [stdout]     |
[INFO] [stdout] 226 |         unsafe { DrawRectangleRoundedLines(rec, roundness, segments, thick, color) }
[INFO] [stdout]     |                  ^^^^^^^^^^^^^^^^^^^^^^^^^                           ----- unexpected argument #4 of type `f32`
[INFO] [stdout]     |
[INFO] [stdout] note: function defined here
[INFO] [stdout]    --> /opt/rustwide/target/debug/build/raylib-ffi/0a6a564873f950ec/out/bindings.rs:3:58833
[INFO] [stdout]     |
[INFO] [stdout]   3 | ... :: c_int , color : Color) ; } extern "C" { pub fn DrawRectangleRoundedLines (rec : Rectangle , roundness : f32 , segments : :: ...
[INFO] [stdout]     |                                                       ^^^^^^^^^^^^^^^^^^^^^^^^^
[INFO] [stdout] help: remove the extra argument
[INFO] [stdout]     |
[INFO] [stdout] 226 -         unsafe { DrawRectangleRoundedLines(rec, roundness, segments, thick, color) }
[INFO] [stdout] 226 +         unsafe { DrawRectangleRoundedLines(rec, roundness, segments, color) }
[INFO] [stdout]     |
[INFO] [stdout] 
[INFO] [stdout] 
[INFO] [stdout] error[E0425]: cannot find function, tuple struct or tuple variant `IsFontReady` in this scope
[INFO] [stdout]    --> src/rtext.rs:102:18
[INFO] [stdout]     |
[INFO] [stdout] 102 |         unsafe { IsFontReady(font) }
[INFO] [stdout]     |                  ^^^^^^^^^^^ not found in this scope
[INFO] [stdout] 
[INFO] [stdout] 
[INFO] [stdout] error[E0425]: cannot find function, tuple struct or tuple variant `LoadImageSvg` in this scope
[INFO] [stdout]   --> src/rtextures.rs:71:25
[INFO] [stdout]    |
[INFO] [stdout] 71 |             let image = LoadImageSvg(rl_str!(filename_or_string), width, height);
[INFO] [stdout]    |                         ^^^^^^^^^^^^ not found in this scope
[INFO] [stdout]    |
[INFO] [stdout] note: similarly named function `LoadImage` defined here
[INFO] [stdout]   --> /opt/rustwide/target/debug/build/raylib-ffi/0a6a564873f950ec/out/bindings.rs:3:63354
[INFO] [stdout]    |
[INFO] [stdout]  3 | ...ctangle ; } extern "C" { pub fn LoadImage (fileName : * const :: std :: os :: raw :: c_char) -> Image ; } extern "C" { pub fn Loa...
[INFO] [stdout]    |                             ^^^^^^^^^^^^^^^^^^^^^^^^^^^^^^^^^^^^^^^^^^^^^^^^^^^^^^^^^^^^^^^^^^^^^^^^^^^^^^
[INFO] [stdout] help: a function with a similar name exists
[INFO] [stdout]    |
[INFO] [stdout] 71 -             let image = LoadImageSvg(rl_str!(filename_or_string), width, height);
[INFO] [stdout] 71 +             let image = LoadImage(rl_str!(filename_or_string), width, height);
[INFO] [stdout]    |
[INFO] [stdout] 
[INFO] [stdout] 
[INFO] [stdout] error[E0425]: cannot find function, tuple struct or tuple variant `IsImageReady` in this scope
[INFO] [stdout]    --> src/rtextures.rs:123:18
[INFO] [stdout]     |
[INFO] [stdout] 123 |         unsafe { IsImageReady(image) }
[INFO] [stdout]     |                  ^^^^^^^^^^^^ not found in this scope
[INFO] [stdout] 
[INFO] [stdout] 
[INFO] [stdout] error[E0425]: cannot find function, tuple struct or tuple variant `IsTextureReady` in this scope
[INFO] [stdout]    --> src/rtextures.rs:573:18
[INFO] [stdout]     |
[INFO] [stdout] 573 |         unsafe { IsTextureReady(texture) }
[INFO] [stdout]     |                  ^^^^^^^^^^^^^^ not found in this scope
[INFO] [stdout] 
[INFO] [stdout] 
[INFO] [stdout] error[E0425]: cannot find function, tuple struct or tuple variant `IsRenderTextureReady` in this scope
[INFO] [stdout]    --> src/rtextures.rs:581:18
[INFO] [stdout]     |
[INFO] [stdout] 581 |         unsafe { IsRenderTextureReady(target) }
[INFO] [stdout]     |                  ^^^^^^^^^^^^^^^^^^^^ not found in this scope
[INFO] [stdout]     |
[INFO] [stdout] note: similarly named function `IsRenderTextureValid` defined here
[INFO] [stdout]    --> /opt/rustwide/target/debug/build/raylib-ffi/0a6a564873f950ec/out/bindings.rs:3:74176
[INFO] [stdout]     |
[INFO] [stdout]   3 | ...e : Texture2D) ; } extern "C" { pub fn IsRenderTextureValid (target : RenderTexture2D) -> bool ; } extern "C" { pub fn UnloadRen...
[INFO] [stdout]     |                                    ^^^^^^^^^^^^^^^^^^^^^^^^^^^^^^^^^^^^^^^^^^^^^^^^^^^^^^^^^^^^^^^^
[INFO] [stdout] help: a function with a similar name exists
[INFO] [stdout]     |
[INFO] [stdout] 581 -         unsafe { IsRenderTextureReady(target) }
[INFO] [stdout] 581 +         unsafe { IsRenderTextureValid(target) }
[INFO] [stdout]     |
[INFO] [stdout] 
[INFO] [stdout] 
[INFO] [stdout] Some errors have detailed explanations: E0061, E0308, E0425.
[INFO] [stdout] 
[INFO] [stdout] For more information about an error, try `rustc --explain E0061`.
[INFO] [stdout] 
[INFO] [stderr] error: could not compile `rscenes-raylib-connector` (lib) due to 15 previous errors; 1 warning emitted
[INFO] running `Command { std: "docker" "inspect" "4d7737a37b2edad1f9a5e0c9de89bbf1ceee6f153562ca42ec78063f5f98030d", kill_on_drop: false }`
[INFO] running `Command { std: "docker" "rm" "-f" "4d7737a37b2edad1f9a5e0c9de89bbf1ceee6f153562ca42ec78063f5f98030d", kill_on_drop: false }`
[INFO] [stdout] 4d7737a37b2edad1f9a5e0c9de89bbf1ceee6f153562ca42ec78063f5f98030d
