[INFO] fetching crate rsai-macros 0.5.0...
[INFO] testing rsai-macros-0.5.0 against 1.99.0-beta.8 for beta-1.100-2
[INFO] extracting crate rsai-macros 0.5.0 into /workspace/builds/worker-2-tc1/source
[INFO] started tweaking crates.io crate rsai-macros 0.5.0
[INFO] removed 0 missing tests
[INFO] finished tweaking crates.io crate rsai-macros 0.5.0
[INFO] tweaked toml for crates.io crate rsai-macros 0.5.0 written to /workspace/builds/worker-2-tc1/source/Cargo.toml
[INFO] validating manifest of crates.io crate rsai-macros 0.5.0 on toolchain 1.99.0-beta.8
[INFO] running `Command { std: CARGO_HOME="/workspace/cargo-home" RUSTUP_HOME="/workspace/rustup-home" "/workspace/cargo-home/bin/cargo" "+1.99.0-beta.8" "metadata" "--manifest-path" "Cargo.toml" "--no-deps", kill_on_drop: false }`
[INFO] crate crates.io crate rsai-macros 0.5.0 already has a lockfile, it will not be regenerated
[INFO] running `Command { std: CARGO_HOME="/workspace/cargo-home" RUSTUP_HOME="/workspace/rustup-home" "/workspace/cargo-home/bin/cargo" "+1.99.0-beta.8" "fetch" "--manifest-path" "Cargo.toml", kill_on_drop: false }`
[INFO] [stderr]     Updating crates.io index
[INFO] [stderr]  Downloading crates ...
[INFO] [stderr]   Downloaded trybuild v1.0.118
[INFO] [stderr]   Downloaded target-triple v1.0.0
[INFO] [stderr]   Downloaded toml v1.1.3+spec-1.1.0
[INFO] running `Command { std: "docker" "create" "-v" "/var/lib/crater-agent-workspace/builds/worker-2-tc1/source:/opt/rustwide/workdir:ro,Z" "-v" "/var/lib/crater-agent-workspace/builds/worker-2-tc1/target:/opt/rustwide/target:rw,Z" "-v" "/var/lib/crater-agent-workspace/cargo-home:/opt/rustwide/cargo-home:ro,Z" "-v" "/var/lib/crater-agent-workspace/rustup-home:/opt/rustwide/rustup-home:ro,Z" "-m" "1610612736" "--network" "none" "ghcr.io/rust-lang/crates-build-env/linux@sha256:3111399a4047eeb3a02b7a90e478d715f38a8c6669b5c4b49d30a17385265909" "sleep" "infinity", kill_on_drop: false }`
[INFO] [stdout] aed6598dedcf49b7b4e3e2671bf252a372dc5e5eb8022a4a064238346abdabd8
[INFO] running `Command { std: "docker" "start" "aed6598dedcf49b7b4e3e2671bf252a372dc5e5eb8022a4a064238346abdabd8", kill_on_drop: false }`
[INFO] running `Command { std: "docker" "inspect" "aed6598dedcf49b7b4e3e2671bf252a372dc5e5eb8022a4a064238346abdabd8", kill_on_drop: false }`
[INFO] running `Command { std: "docker" "exec" "-e" "SOURCE_DIR=/opt/rustwide/workdir" "-e" "CARGO_HOME=/opt/rustwide/cargo-home" "-e" "RUSTUP_HOME=/opt/rustwide/rustup-home" "-e" "CARGO_TARGET_DIR=/opt/rustwide/target" "-w" "/opt/rustwide/workdir" "--user" "0:0" "aed6598dedcf49b7b4e3e2671bf252a372dc5e5eb8022a4a064238346abdabd8" "/opt/rustwide/cargo-home/bin/cargo" "+1.99.0-beta.8" "metadata" "--no-deps" "--format-version=1", kill_on_drop: false }`
[INFO] running `Command { std: "docker" "inspect" "aed6598dedcf49b7b4e3e2671bf252a372dc5e5eb8022a4a064238346abdabd8", kill_on_drop: false }`
[INFO] running `Command { std: "docker" "exec" "-e" "SOURCE_DIR=/opt/rustwide/workdir" "-e" "CARGO_HOME=/opt/rustwide/cargo-home" "-e" "RUSTUP_HOME=/opt/rustwide/rustup-home" "-e" "CARGO_TARGET_DIR=/opt/rustwide/target" "-e" "CARGO_INCREMENTAL=0" "-e" "RUST_BACKTRACE=full" "-e" "RUSTFLAGS=--cap-lints=warn" "-e" "RUSTDOCFLAGS=--cap-lints=warn" "-w" "/opt/rustwide/workdir" "--user" "0:0" "aed6598dedcf49b7b4e3e2671bf252a372dc5e5eb8022a4a064238346abdabd8" "/opt/rustwide/cargo-home/bin/cargo" "+1.99.0-beta.8" "build" "--frozen" "--message-format=json", kill_on_drop: false }`
[INFO] [stderr]    Compiling quote v1.0.46
[INFO] [stderr]    Compiling serde_core v1.0.228
[INFO] [stderr]    Compiling serde_json v1.0.150
[INFO] [stderr]    Compiling zmij v1.0.23
[INFO] [stderr]    Compiling serde v1.0.228
[INFO] [stderr]    Compiling ref-cast v1.0.25
[INFO] [stderr]    Compiling dyn-clone v1.0.20
[INFO] [stderr]    Compiling syn v2.0.119
[INFO] [stderr]    Compiling serde_derive_internals v0.29.1
[INFO] [stderr]    Compiling ref-cast-impl v1.0.25
[INFO] [stderr]    Compiling serde_derive v1.0.228
[INFO] [stderr]    Compiling schemars_derive v1.2.1
[INFO] [stderr]    Compiling schemars v1.2.1
[INFO] [stderr]    Compiling rsai-macros v0.5.0 (/opt/rustwide/workdir)
[INFO] [stderr]     Finished `dev` profile [unoptimized + debuginfo] target(s) in 18.99s
[INFO] running `Command { std: "docker" "inspect" "aed6598dedcf49b7b4e3e2671bf252a372dc5e5eb8022a4a064238346abdabd8", kill_on_drop: false }`
[INFO] running `Command { std: "docker" "exec" "-e" "SOURCE_DIR=/opt/rustwide/workdir" "-e" "CARGO_HOME=/opt/rustwide/cargo-home" "-e" "RUSTUP_HOME=/opt/rustwide/rustup-home" "-e" "CARGO_TARGET_DIR=/opt/rustwide/target" "-e" "CARGO_INCREMENTAL=0" "-e" "RUST_BACKTRACE=full" "-e" "RUSTFLAGS=--cap-lints=warn" "-e" "RUSTDOCFLAGS=--cap-lints=warn" "-w" "/opt/rustwide/workdir" "--user" "0:0" "aed6598dedcf49b7b4e3e2671bf252a372dc5e5eb8022a4a064238346abdabd8" "/opt/rustwide/cargo-home/bin/cargo" "+1.99.0-beta.8" "test" "--frozen" "--no-run" "--message-format=json", kill_on_drop: false }`
[INFO] [stderr]    Compiling serde_json v1.0.150
[INFO] [stderr]    Compiling quote v1.0.46
[INFO] [stderr]    Compiling winnow v1.0.4
[INFO] [stderr]    Compiling target-triple v1.0.0
[INFO] [stderr]    Compiling toml_writer v1.1.2+spec-1.1.0
[INFO] [stderr]    Compiling toml_datetime v1.1.1+spec-1.1.0
[INFO] [stderr]    Compiling serde_spanned v1.1.1
[INFO] [stderr]    Compiling glob v0.3.3
[INFO] [stderr]    Compiling syn v2.0.119
[INFO] [stderr]    Compiling toml_parser v1.1.2+spec-1.1.0
[INFO] [stderr]    Compiling toml v1.1.3+spec-1.1.0
[INFO] [stderr]    Compiling serde_derive_internals v0.29.1
[INFO] [stderr]    Compiling serde_derive v1.0.228
[INFO] [stderr]    Compiling ref-cast-impl v1.0.25
[INFO] [stderr]    Compiling schemars_derive v1.2.1
[INFO] [stderr]    Compiling tokio-macros v2.7.0
[INFO] [stderr]    Compiling tokio v1.52.3
[INFO] [stderr]    Compiling ref-cast v1.0.25
[INFO] [stderr]    Compiling serde v1.0.228
[INFO] [stderr]    Compiling schemars v1.2.1
[INFO] [stderr]    Compiling trybuild v1.0.118
[INFO] [stderr]    Compiling rsai-macros v0.5.0 (/opt/rustwide/workdir)
[INFO] [stdout] error[E0432]: unresolved import `rsai`
[INFO] [stdout]  --> tests/validation_errors.rs:8:5
[INFO] [stdout]   |
[INFO] [stdout] 8 |     #[tool]
[INFO] [stdout]   |     ^^^^^^^ use of unresolved module or unlinked crate `rsai`
[INFO] [stdout]   |
[INFO] [stdout]   = help: if you wanted to use a crate named `rsai`, use `cargo add rsai` to add it to your `Cargo.toml`
[INFO] [stdout]   = note: this error originates in the attribute macro `tool` (in Nightly builds, run with -Z macro-backtrace for more info)
[INFO] [stdout] 
[INFO] [stdout] 
[INFO] [stdout] error[E0433]: cannot find module or crate `rsai` in this scope
[INFO] [stdout]  --> tests/validation_errors.rs:8:5
[INFO] [stdout]   |
[INFO] [stdout] 8 |     #[tool]
[INFO] [stdout]   |     ^^^^^^^ use of unresolved module or unlinked crate `rsai`
[INFO] [stdout]   |
[INFO] [stdout]   = note: this error originates in the attribute macro `tool` (in Nightly builds, run with -Z macro-backtrace for more info)
[INFO] [stdout] 
[INFO] [stdout] 
[INFO] [stdout] error[E0432]: unresolved import `rsai`
[INFO] [stdout]   --> tests/integration_test.rs:16:1
[INFO] [stdout]    |
[INFO] [stdout] 16 | #[tool]
[INFO] [stdout]    | ^^^^^^^ use of unresolved module or unlinked crate `rsai`
[INFO] [stdout]    |
[INFO] [stdout]    = help: if you wanted to use a crate named `rsai`, use `cargo add rsai` to add it to your `Cargo.toml`
[INFO] [stdout]    = note: this error originates in the attribute macro `tool` (in Nightly builds, run with -Z macro-backtrace for more info)
[INFO] [stdout] 
[INFO] [stdout] 
[INFO] [stdout] error[E0432]: unresolved import `rsai`
[INFO] [stdout]   --> tests/integration_test.rs:59:1
[INFO] [stdout]    |
[INFO] [stdout] 59 | #[tool]
[INFO] [stdout]    | ^^^^^^^ use of unresolved module or unlinked crate `rsai`
[INFO] [stdout]    |
[INFO] [stdout]    = help: if you wanted to use a crate named `rsai`, use `cargo add rsai` to add it to your `Cargo.toml`
[INFO] [stdout]    = note: this error originates in the attribute macro `tool` (in Nightly builds, run with -Z macro-backtrace for more info)
[INFO] [stdout] 
[INFO] [stdout] 
[INFO] [stdout] error[E0433]: cannot find module or crate `rsai` in this scope
[INFO] [stdout]   --> tests/integration_test.rs:16:1
[INFO] [stdout]    |
[INFO] [stdout] 16 | #[tool]
[INFO] [stdout]    | ^^^^^^^ use of unresolved module or unlinked crate `rsai`
[INFO] [stdout]    |
[INFO] [stdout]    = note: this error originates in the attribute macro `tool` (in Nightly builds, run with -Z macro-backtrace for more info)
[INFO] [stdout] 
[INFO] [stdout] 
[INFO] [stdout] error[E0433]: cannot find module or crate `rsai` in this scope
[INFO] [stdout]   --> tests/integration_test.rs:59:1
[INFO] [stdout]    |
[INFO] [stdout] 59 | #[tool]
[INFO] [stdout]    | ^^^^^^^ use of unresolved module or unlinked crate `rsai`
[INFO] [stdout]    |
[INFO] [stdout]    = note: this error originates in the attribute macro `tool` (in Nightly builds, run with -Z macro-backtrace for more info)
[INFO] [stdout] 
[INFO] [stdout] 
[INFO] [stdout] error[E0432]: unresolved import `rsai`
[INFO] [stdout]   --> tests/tools_macro_test.rs:63:9
[INFO] [stdout]    |
[INFO] [stdout] 63 |     use rsai::ToolCall;
[INFO] [stdout]    |         ^^^^ use of unresolved module or unlinked crate `rsai`
[INFO] [stdout]    |
[INFO] [stdout]    = help: if you wanted to use a crate named `rsai`, use `cargo add rsai` to add it to your `Cargo.toml`
[INFO] [stdout] 
[INFO] [stdout] 
[INFO] [stdout] error[E0432]: unresolved import `rsai`
[INFO] [stdout]  --> tests/tools_macro_test.rs:6:1
[INFO] [stdout]   |
[INFO] [stdout] 6 | #[tool]
[INFO] [stdout]   | ^^^^^^^ use of unresolved module or unlinked crate `rsai`
[INFO] [stdout]   |
[INFO] [stdout]   = help: if you wanted to use a crate named `rsai`, use `cargo add rsai` to add it to your `Cargo.toml`
[INFO] [stdout]   = note: this error originates in the attribute macro `tool` (in Nightly builds, run with -Z macro-backtrace for more info)
[INFO] [stdout] 
[INFO] [stdout] 
[INFO] [stdout] error[E0432]: unresolved import `rsai`
[INFO] [stdout]   --> tests/tools_macro_test.rs:14:1
[INFO] [stdout]    |
[INFO] [stdout] 14 | #[tool]
[INFO] [stdout]    | ^^^^^^^ use of unresolved module or unlinked crate `rsai`
[INFO] [stdout]    |
[INFO] [stdout]    = help: if you wanted to use a crate named `rsai`, use `cargo add rsai` to add it to your `Cargo.toml`
[INFO] [stdout]    = note: this error originates in the attribute macro `tool` (in Nightly builds, run with -Z macro-backtrace for more info)
[INFO] [stdout] 
[INFO] [stdout] 
[INFO] [stdout] error[E0432]: unresolved import `rsai`
[INFO] [stdout]   --> tests/tools_macro_test.rs:33:1
[INFO] [stdout]    |
[INFO] [stdout] 33 | #[tool]
[INFO] [stdout]    | ^^^^^^^ use of unresolved module or unlinked crate `rsai`
[INFO] [stdout]    |
[INFO] [stdout]    = help: if you wanted to use a crate named `rsai`, use `cargo add rsai` to add it to your `Cargo.toml`
[INFO] [stdout]    = note: this error originates in the attribute macro `tool` (in Nightly builds, run with -Z macro-backtrace for more info)
[INFO] [stdout] 
[INFO] [stdout] 
[INFO] [stdout] error[E0432]: unresolved import `rsai`
[INFO] [stdout]   --> tests/tools_macro_test.rs:41:1
[INFO] [stdout]    |
[INFO] [stdout] 41 | #[tool]
[INFO] [stdout]    | ^^^^^^^ use of unresolved module or unlinked crate `rsai`
[INFO] [stdout]    |
[INFO] [stdout]    = help: if you wanted to use a crate named `rsai`, use `cargo add rsai` to add it to your `Cargo.toml`
[INFO] [stdout]    = note: this error originates in the attribute macro `tool` (in Nightly builds, run with -Z macro-backtrace for more info)
[INFO] [stdout] 
[INFO] [stdout] 
[INFO] [stdout] error[E0432]: unresolved import `rsai`
[INFO] [stdout]   --> tests/tools_macro_test.rs:48:1
[INFO] [stdout]    |
[INFO] [stdout] 48 | #[tool]
[INFO] [stdout]    | ^^^^^^^ use of unresolved module or unlinked crate `rsai`
[INFO] [stdout]    |
[INFO] [stdout]    = help: if you wanted to use a crate named `rsai`, use `cargo add rsai` to add it to your `Cargo.toml`
[INFO] [stdout]    = note: this error originates in the attribute macro `tool` (in Nightly builds, run with -Z macro-backtrace for more info)
[INFO] [stdout] 
[INFO] [stdout] 
[INFO] [stdout] error[E0432]: unresolved import `rsai`
[INFO] [stdout]   --> tests/tools_macro_test.rs:55:1
[INFO] [stdout]    |
[INFO] [stdout] 55 | #[tool]
[INFO] [stdout]    | ^^^^^^^ use of unresolved module or unlinked crate `rsai`
[INFO] [stdout]    |
[INFO] [stdout]    = help: if you wanted to use a crate named `rsai`, use `cargo add rsai` to add it to your `Cargo.toml`
[INFO] [stdout]    = note: this error originates in the attribute macro `tool` (in Nightly builds, run with -Z macro-backtrace for more info)
[INFO] [stdout] 
[INFO] [stdout] 
[INFO] [stdout] error[E0432]: unresolved import `rsai`
[INFO] [stdout]   --> tests/tools_macro_test.rs:69:23
[INFO] [stdout]    |
[INFO] [stdout] 69 |         let toolset = toolset![get_weather];
[INFO] [stdout]    |                       ^^^^^^^^^^^^^^^^^^^^^ use of unresolved module or unlinked crate `rsai`
[INFO] [stdout]    |
[INFO] [stdout]    = help: if you wanted to use a crate named `rsai`, use `cargo add rsai` to add it to your `Cargo.toml`
[INFO] [stdout]    = note: this error originates in the macro `toolset` (in Nightly builds, run with -Z macro-backtrace for more info)
[INFO] [stdout] 
[INFO] [stdout] 
[INFO] [stdout] error[E0432]: unresolved import `rsai`
[INFO] [stdout]   --> tests/tools_macro_test.rs:83:23
[INFO] [stdout]    |
[INFO] [stdout] 83 |         let toolset = toolset![get_weather, calculate_distance];
[INFO] [stdout]    |                       ^^^^^^^^^^^^^^^^^^^^^^^^^^^^^^^^^^^^^^^^^ use of unresolved module or unlinked crate `rsai`
[INFO] [stdout]    |
[INFO] [stdout]    = help: if you wanted to use a crate named `rsai`, use `cargo add rsai` to add it to your `Cargo.toml`
[INFO] [stdout]    = note: this error originates in the macro `toolset` (in Nightly builds, run with -Z macro-backtrace for more info)
[INFO] [stdout] 
[INFO] [stdout] 
[INFO] [stdout] error[E0432]: unresolved import `rsai`
[INFO] [stdout]   --> tests/tools_macro_test.rs:97:23
[INFO] [stdout]    |
[INFO] [stdout] 97 |         let toolset = toolset![get_weather, calculate_distance];
[INFO] [stdout]    |                       ^^^^^^^^^^^^^^^^^^^^^^^^^^^^^^^^^^^^^^^^^ use of unresolved module or unlinked crate `rsai`
[INFO] [stdout]    |
[INFO] [stdout]    = help: if you wanted to use a crate named `rsai`, use `cargo add rsai` to add it to your `Cargo.toml`
[INFO] [stdout]    = note: this error originates in the macro `toolset` (in Nightly builds, run with -Z macro-backtrace for more info)
[INFO] [stdout] 
[INFO] [stdout] 
[INFO] [stdout] error[E0432]: unresolved import `rsai`
[INFO] [stdout]    --> tests/tools_macro_test.rs:114:23
[INFO] [stdout]     |
[INFO] [stdout] 114 |         let toolset = toolset![get_weather];
[INFO] [stdout]     |                       ^^^^^^^^^^^^^^^^^^^^^ use of unresolved module or unlinked crate `rsai`
[INFO] [stdout]     |
[INFO] [stdout]     = help: if you wanted to use a crate named `rsai`, use `cargo add rsai` to add it to your `Cargo.toml`
[INFO] [stdout]     = note: this error originates in the macro `toolset` (in Nightly builds, run with -Z macro-backtrace for more info)
[INFO] [stdout] 
[INFO] [stdout] 
[INFO] [stdout] error[E0432]: unresolved import `rsai`
[INFO] [stdout]    --> tests/tools_macro_test.rs:172:23
[INFO] [stdout]     |
[INFO] [stdout] 172 |         let toolset = toolset![qualified_optional];
[INFO] [stdout]     |                       ^^^^^^^^^^^^^^^^^^^^^^^^^^^^ use of unresolved module or unlinked crate `rsai`
[INFO] [stdout]     |
[INFO] [stdout]     = help: if you wanted to use a crate named `rsai`, use `cargo add rsai` to add it to your `Cargo.toml`
[INFO] [stdout]     = note: this error originates in the macro `toolset` (in Nightly builds, run with -Z macro-backtrace for more info)
[INFO] [stdout] 
[INFO] [stdout] 
[INFO] [stdout] error[E0432]: unresolved import `rsai`
[INFO] [stdout]    --> tests/tools_macro_test.rs:198:23
[INFO] [stdout]     |
[INFO] [stdout] 198 |         let toolset = toolset![join_borrowed];
[INFO] [stdout]     |                       ^^^^^^^^^^^^^^^^^^^^^^^ use of unresolved module or unlinked crate `rsai`
[INFO] [stdout]     |
[INFO] [stdout]     = help: if you wanted to use a crate named `rsai`, use `cargo add rsai` to add it to your `Cargo.toml`
[INFO] [stdout]     = note: this error originates in the macro `toolset` (in Nightly builds, run with -Z macro-backtrace for more info)
[INFO] [stdout] 
[INFO] [stdout] 
[INFO] [stdout] error[E0432]: unresolved import `rsai`
[INFO] [stdout]    --> tests/tools_macro_test.rs:223:23
[INFO] [stdout]     |
[INFO] [stdout] 223 |         let toolset = toolset![search_records];
[INFO] [stdout]     |                       ^^^^^^^^^^^^^^^^^^^^^^^^ use of unresolved module or unlinked crate `rsai`
[INFO] [stdout]     |
[INFO] [stdout]     = help: if you wanted to use a crate named `rsai`, use `cargo add rsai` to add it to your `Cargo.toml`
[INFO] [stdout]     = note: this error originates in the macro `toolset` (in Nightly builds, run with -Z macro-backtrace for more info)
[INFO] [stdout] 
[INFO] [stdout] 
[INFO] [stdout] error[E0432]: unresolved import `rsai`
[INFO] [stdout]    --> tests/tools_macro_test.rs:241:23
[INFO] [stdout]     |
[INFO] [stdout] 241 |         let toolset = toolset![get_weather, calculate_distance];
[INFO] [stdout]     |                       ^^^^^^^^^^^^^^^^^^^^^^^^^^^^^^^^^^^^^^^^^ use of unresolved module or unlinked crate `rsai`
[INFO] [stdout]     |
[INFO] [stdout]     = help: if you wanted to use a crate named `rsai`, use `cargo add rsai` to add it to your `Cargo.toml`
[INFO] [stdout]     = note: this error originates in the macro `toolset` (in Nightly builds, run with -Z macro-backtrace for more info)
[INFO] [stdout] 
[INFO] [stdout] 
[INFO] [stdout] error[E0432]: unresolved import `rsai`
[INFO] [stdout]    --> tests/tools_macro_test.rs:278:23
[INFO] [stdout]     |
[INFO] [stdout] 278 |         let toolset = toolset![get_weather];
[INFO] [stdout]     |                       ^^^^^^^^^^^^^^^^^^^^^ use of unresolved module or unlinked crate `rsai`
[INFO] [stdout]     |
[INFO] [stdout]     = help: if you wanted to use a crate named `rsai`, use `cargo add rsai` to add it to your `Cargo.toml`
[INFO] [stdout]     = note: this error originates in the macro `toolset` (in Nightly builds, run with -Z macro-backtrace for more info)
[INFO] [stdout] 
[INFO] [stdout] 
[INFO] [stdout] error[E0432]: unresolved import `rsai`
[INFO] [stdout]    --> tests/tools_macro_test.rs:298:23
[INFO] [stdout]     |
[INFO] [stdout] 298 |         let toolset = toolset![get_weather, calculate_distance];
[INFO] [stdout]     |                       ^^^^^^^^^^^^^^^^^^^^^^^^^^^^^^^^^^^^^^^^^ use of unresolved module or unlinked crate `rsai`
[INFO] [stdout]     |
[INFO] [stdout]     = help: if you wanted to use a crate named `rsai`, use `cargo add rsai` to add it to your `Cargo.toml`
[INFO] [stdout]     = note: this error originates in the macro `toolset` (in Nightly builds, run with -Z macro-backtrace for more info)
[INFO] [stdout] 
[INFO] [stdout] 
[INFO] [stdout] error[E0432]: unresolved import `rsai`
[INFO] [stdout]    --> tests/tools_macro_test.rs:318:23
[INFO] [stdout]     |
[INFO] [stdout] 318 |         let toolset = toolset![get_weather, calculate_distance];
[INFO] [stdout]     |                       ^^^^^^^^^^^^^^^^^^^^^^^^^^^^^^^^^^^^^^^^^ use of unresolved module or unlinked crate `rsai`
[INFO] [stdout]     |
[INFO] [stdout]     = help: if you wanted to use a crate named `rsai`, use `cargo add rsai` to add it to your `Cargo.toml`
[INFO] [stdout]     = note: this error originates in the macro `toolset` (in Nightly builds, run with -Z macro-backtrace for more info)
[INFO] [stdout] 
[INFO] [stdout] 
[INFO] [stdout] error[E0432]: unresolved import `rsai`
[INFO] [stdout]    --> tests/tools_macro_test.rs:374:23
[INFO] [stdout]     |
[INFO] [stdout] 374 |         let toolset = toolset![get_weather];
[INFO] [stdout]     |                       ^^^^^^^^^^^^^^^^^^^^^ use of unresolved module or unlinked crate `rsai`
[INFO] [stdout]     |
[INFO] [stdout]     = help: if you wanted to use a crate named `rsai`, use `cargo add rsai` to add it to your `Cargo.toml`
[INFO] [stdout]     = note: this error originates in the macro `toolset` (in Nightly builds, run with -Z macro-backtrace for more info)
[INFO] [stdout] 
[INFO] [stdout] 
[INFO] [stdout] error[E0433]: cannot find module or crate `rsai` in this scope
[INFO] [stdout]  --> tests/tools_macro_test.rs:6:1
[INFO] [stdout]   |
[INFO] [stdout] 6 | #[tool]
[INFO] [stdout]   | ^^^^^^^ use of unresolved module or unlinked crate `rsai`
[INFO] [stdout]   |
[INFO] [stdout]   = note: this error originates in the attribute macro `tool` (in Nightly builds, run with -Z macro-backtrace for more info)
[INFO] [stdout] 
[INFO] [stdout] 
[INFO] [stdout] error[E0433]: cannot find module or crate `rsai` in this scope
[INFO] [stdout]   --> tests/tools_macro_test.rs:14:1
[INFO] [stdout]    |
[INFO] [stdout] 14 | #[tool]
[INFO] [stdout]    | ^^^^^^^ use of unresolved module or unlinked crate `rsai`
[INFO] [stdout]    |
[INFO] [stdout]    = note: this error originates in the attribute macro `tool` (in Nightly builds, run with -Z macro-backtrace for more info)
[INFO] [stdout] 
[INFO] [stdout] 
[INFO] [stdout] error[E0433]: cannot find module or crate `rsai` in this scope
[INFO] [stdout]   --> tests/tools_macro_test.rs:33:1
[INFO] [stdout]    |
[INFO] [stdout] 33 | #[tool]
[INFO] [stdout]    | ^^^^^^^ use of unresolved module or unlinked crate `rsai`
[INFO] [stdout]    |
[INFO] [stdout]    = note: this error originates in the attribute macro `tool` (in Nightly builds, run with -Z macro-backtrace for more info)
[INFO] [stdout] 
[INFO] [stdout] 
[INFO] [stdout] error[E0433]: cannot find module or crate `rsai` in this scope
[INFO] [stdout]   --> tests/tools_macro_test.rs:41:1
[INFO] [stdout]    |
[INFO] [stdout] 41 | #[tool]
[INFO] [stdout]    | ^^^^^^^ use of unresolved module or unlinked crate `rsai`
[INFO] [stdout]    |
[INFO] [stdout]    = note: this error originates in the attribute macro `tool` (in Nightly builds, run with -Z macro-backtrace for more info)
[INFO] [stdout] 
[INFO] [stdout] 
[INFO] [stdout] error[E0433]: cannot find module or crate `rsai` in this scope
[INFO] [stdout]   --> tests/tools_macro_test.rs:48:1
[INFO] [stdout]    |
[INFO] [stdout] 48 | #[tool]
[INFO] [stdout]    | ^^^^^^^ use of unresolved module or unlinked crate `rsai`
[INFO] [stdout]    |
[INFO] [stdout]    = note: this error originates in the attribute macro `tool` (in Nightly builds, run with -Z macro-backtrace for more info)
[INFO] [stdout] 
[INFO] [stdout] 
[INFO] [stdout] error[E0433]: cannot find module or crate `rsai` in this scope
[INFO] [stdout]   --> tests/tools_macro_test.rs:55:1
[INFO] [stdout]    |
[INFO] [stdout] 55 | #[tool]
[INFO] [stdout]    | ^^^^^^^ use of unresolved module or unlinked crate `rsai`
[INFO] [stdout]    |
[INFO] [stdout]    = note: this error originates in the attribute macro `tool` (in Nightly builds, run with -Z macro-backtrace for more info)
[INFO] [stdout] 
[INFO] [stdout] 
[INFO] [stdout] error: cannot find attribute `serde` in this scope
[INFO] [stdout]   --> tests/integration_test.rs:16:1
[INFO] [stdout]    |
[INFO] [stdout] 16 | #[tool]
[INFO] [stdout]    | ^^^^^^^
[INFO] [stdout]    |
[INFO] [stdout]    = note: `serde` is an attribute that can be used by the derive macros `Deserialize`, `JsonSchema`, `JsonSchema_repr` and `Serialize`, you might be missing a `derive` attribute
[INFO] [stdout]    = note: `serde` is in scope, but it is a crate, not an attribute
[INFO] [stdout]    = note: this error originates in the attribute macro `tool` (in Nightly builds, run with -Z macro-backtrace for more info)
[INFO] [stdout] 
[INFO] [stdout] 
[INFO] [stdout] error: cannot find attribute `schemars` in this scope
[INFO] [stdout]   --> tests/integration_test.rs:16:1
[INFO] [stdout]    |
[INFO] [stdout] 16 | #[tool]
[INFO] [stdout]    | ^^^^^^^
[INFO] [stdout]    |
[INFO] [stdout]    = note: `schemars` is an attribute that can be used by the derive macros `JsonSchema` and `JsonSchema_repr`, you might be missing a `derive` attribute
[INFO] [stdout]    = note: `schemars` is in scope, but it is a crate, not an attribute
[INFO] [stdout]    = note: this error originates in the attribute macro `tool` (in Nightly builds, run with -Z macro-backtrace for more info)
[INFO] [stdout] 
[INFO] [stdout] 
[INFO] [stdout] error: cannot find attribute `serde` in this scope
[INFO] [stdout]   --> tests/integration_test.rs:59:1
[INFO] [stdout]    |
[INFO] [stdout] 59 | #[tool]
[INFO] [stdout]    | ^^^^^^^
[INFO] [stdout]    |
[INFO] [stdout]    = note: `serde` is an attribute that can be used by the derive macros `Deserialize`, `JsonSchema`, `JsonSchema_repr` and `Serialize`, you might be missing a `derive` attribute
[INFO] [stdout]    = note: `serde` is in scope, but it is a crate, not an attribute
[INFO] [stdout]    = note: this error originates in the attribute macro `tool` (in Nightly builds, run with -Z macro-backtrace for more info)
[INFO] [stdout] 
[INFO] [stdout] 
[INFO] [stdout] error: cannot find attribute `schemars` in this scope
[INFO] [stdout]   --> tests/integration_test.rs:59:1
[INFO] [stdout]    |
[INFO] [stdout] 59 | #[tool]
[INFO] [stdout]    | ^^^^^^^
[INFO] [stdout]    |
[INFO] [stdout]    = note: `schemars` is an attribute that can be used by the derive macros `JsonSchema` and `JsonSchema_repr`, you might be missing a `derive` attribute
[INFO] [stdout]    = note: `schemars` is in scope, but it is a crate, not an attribute
[INFO] [stdout]    = note: this error originates in the attribute macro `tool` (in Nightly builds, run with -Z macro-backtrace for more info)
[INFO] [stdout] 
[INFO] [stdout] 
[INFO] [stdout] error: cannot find attribute `serde` in this scope
[INFO] [stdout]  --> tests/validation_errors.rs:8:5
[INFO] [stdout]   |
[INFO] [stdout] 8 |     #[tool]
[INFO] [stdout]   |     ^^^^^^^
[INFO] [stdout]   |
[INFO] [stdout]   = note: `serde` is an attribute that can be used by the derive macros `Deserialize`, `JsonSchema`, `JsonSchema_repr` and `Serialize`, you might be missing a `derive` attribute
[INFO] [stdout]   = note: `serde` is in scope, but it is a crate, not an attribute
[INFO] [stdout]   = note: this error originates in the attribute macro `tool` (in Nightly builds, run with -Z macro-backtrace for more info)
[INFO] [stdout] 
[INFO] [stdout] 
[INFO] [stdout] error[E0433]: cannot find module or crate `rsai` in this scope
[INFO] [stdout]   --> tests/integration_test.rs:16:1
[INFO] [stdout]    |
[INFO] [stdout] 16 | #[tool]
[INFO] [stdout]    | ^^^^^^^ use of unresolved module or unlinked crate `rsai`
[INFO] [stdout]    |
[INFO] [stdout]    = help: if you wanted to use a crate named `rsai`, use `cargo add rsai` to add it to your `Cargo.toml`
[INFO] [stdout]    = note: this error originates in the attribute macro `tool` (in Nightly builds, run with -Z macro-backtrace for more info)
[INFO] [stdout] 
[INFO] [stdout] 
[INFO] [stdout] error: cannot find attribute `serde` in this scope
[INFO] [stdout]  --> tests/tools_macro_test.rs:6:1
[INFO] [stdout]   |
[INFO] [stdout] 6 | #[tool]
[INFO] [stdout]   | ^^^^^^^
[INFO] [stdout]   |
[INFO] [stdout]   = note: `serde` is an attribute that can be used by the derive macros `Deserialize`, `JsonSchema`, `JsonSchema_repr` and `Serialize`, you might be missing a `derive` attribute
[INFO] [stdout]   = note: `serde` is in scope, but it is a crate, not an attribute
[INFO] [stdout]   = note: this error originates in the attribute macro `tool` (in Nightly builds, run with -Z macro-backtrace for more info)
[INFO] [stdout] 
[INFO] [stdout] 
[INFO] [stdout] error: cannot find attribute `schemars` in this scope
[INFO] [stdout]  --> tests/validation_errors.rs:8:5
[INFO] [stdout]   |
[INFO] [stdout] 8 |     #[tool]
[INFO] [stdout]   |     ^^^^^^^
[INFO] [stdout]   |
[INFO] [stdout]   = note: `schemars` is an attribute that can be used by the derive macros `JsonSchema` and `JsonSchema_repr`, you might be missing a `derive` attribute
[INFO] [stdout]   = note: `schemars` is in scope, but it is a crate, not an attribute
[INFO] [stdout]   = note: this error originates in the attribute macro `tool` (in Nightly builds, run with -Z macro-backtrace for more info)
[INFO] [stdout] 
[INFO] [stdout] 
[INFO] [stdout] error: cannot find attribute `schemars` in this scope
[INFO] [stdout]  --> tests/tools_macro_test.rs:6:1
[INFO] [stdout]   |
[INFO] [stdout] 6 | #[tool]
[INFO] [stdout]   | ^^^^^^^
[INFO] [stdout]   |
[INFO] [stdout]   = note: `schemars` is an attribute that can be used by the derive macros `JsonSchema` and `JsonSchema_repr`, you might be missing a `derive` attribute
[INFO] [stdout]   = note: `schemars` is in scope, but it is a crate, not an attribute
[INFO] [stdout]   = note: this error originates in the attribute macro `tool` (in Nightly builds, run with -Z macro-backtrace for more info)
[INFO] [stdout] 
[INFO] [stdout] 
[INFO] [stdout] error: cannot find attribute `serde` in this scope
[INFO] [stdout]   --> tests/tools_macro_test.rs:14:1
[INFO] [stdout]    |
[INFO] [stdout] 14 | #[tool]
[INFO] [stdout]    | ^^^^^^^
[INFO] [stdout]    |
[INFO] [stdout]    = note: `serde` is an attribute that can be used by the derive macros `Deserialize`, `JsonSchema`, `JsonSchema_repr` and `Serialize`, you might be missing a `derive` attribute
[INFO] [stdout]    = note: `serde` is in scope, but it is a crate, not an attribute
[INFO] [stdout]    = note: this error originates in the attribute macro `tool` (in Nightly builds, run with -Z macro-backtrace for more info)
[INFO] [stdout] 
[INFO] [stdout] 
[INFO] [stdout] error: cannot find attribute `schemars` in this scope
[INFO] [stdout]   --> tests/tools_macro_test.rs:14:1
[INFO] [stdout]    |
[INFO] [stdout] 14 | #[tool]
[INFO] [stdout]    | ^^^^^^^
[INFO] [stdout]    |
[INFO] [stdout]    = note: `schemars` is an attribute that can be used by the derive macros `JsonSchema` and `JsonSchema_repr`, you might be missing a `derive` attribute
[INFO] [stdout]    = note: `schemars` is in scope, but it is a crate, not an attribute
[INFO] [stdout]    = note: this error originates in the attribute macro `tool` (in Nightly builds, run with -Z macro-backtrace for more info)
[INFO] [stdout] 
[INFO] [stdout] 
[INFO] [stdout] error: cannot find attribute `serde` in this scope
[INFO] [stdout]   --> tests/tools_macro_test.rs:33:1
[INFO] [stdout]    |
[INFO] [stdout] 33 | #[tool]
[INFO] [stdout]    | ^^^^^^^
[INFO] [stdout]    |
[INFO] [stdout]    = note: `serde` is an attribute that can be used by the derive macros `Deserialize`, `JsonSchema`, `JsonSchema_repr` and `Serialize`, you might be missing a `derive` attribute
[INFO] [stdout]    = note: `serde` is in scope, but it is a crate, not an attribute
[INFO] [stdout]    = note: this error originates in the attribute macro `tool` (in Nightly builds, run with -Z macro-backtrace for more info)
[INFO] [stdout] 
[INFO] [stdout] 
[INFO] [stdout] error: cannot find attribute `schemars` in this scope
[INFO] [stdout]   --> tests/tools_macro_test.rs:33:1
[INFO] [stdout]    |
[INFO] [stdout] 33 | #[tool]
[INFO] [stdout]    | ^^^^^^^
[INFO] [stdout]    |
[INFO] [stdout]    = note: `schemars` is an attribute that can be used by the derive macros `JsonSchema` and `JsonSchema_repr`, you might be missing a `derive` attribute
[INFO] [stdout]    = note: `schemars` is in scope, but it is a crate, not an attribute
[INFO] [stdout]    = note: this error originates in the attribute macro `tool` (in Nightly builds, run with -Z macro-backtrace for more info)
[INFO] [stdout] 
[INFO] [stdout] 
[INFO] [stdout] error: cannot find attribute `serde` in this scope
[INFO] [stdout]   --> tests/tools_macro_test.rs:41:1
[INFO] [stdout]    |
[INFO] [stdout] 41 | #[tool]
[INFO] [stdout]    | ^^^^^^^
[INFO] [stdout]    |
[INFO] [stdout]    = note: `serde` is an attribute that can be used by the derive macros `Deserialize`, `JsonSchema`, `JsonSchema_repr` and `Serialize`, you might be missing a `derive` attribute
[INFO] [stdout]    = note: `serde` is in scope, but it is a crate, not an attribute
[INFO] [stdout]    = note: this error originates in the attribute macro `tool` (in Nightly builds, run with -Z macro-backtrace for more info)
[INFO] [stdout] 
[INFO] [stdout] 
[INFO] [stdout] error[E0433]: cannot find module or crate `rsai` in this scope
[INFO] [stdout]  --> tests/validation_errors.rs:8:5
[INFO] [stdout]   |
[INFO] [stdout] 8 |     #[tool]
[INFO] [stdout]   |     ^^^^^^^ use of unresolved module or unlinked crate `rsai`
[INFO] [stdout]   |
[INFO] [stdout]   = help: if you wanted to use a crate named `rsai`, use `cargo add rsai` to add it to your `Cargo.toml`
[INFO] [stdout]   = note: this error originates in the attribute macro `tool` (in Nightly builds, run with -Z macro-backtrace for more info)
[INFO] [stdout] 
[INFO] [stdout] 
[INFO] [stdout] error: cannot find attribute `schemars` in this scope
[INFO] [stdout]   --> tests/tools_macro_test.rs:41:1
[INFO] [stdout]    |
[INFO] [stdout] 41 | #[tool]
[INFO] [stdout]    | ^^^^^^^
[INFO] [stdout]    |
[INFO] [stdout]    = note: `schemars` is an attribute that can be used by the derive macros `JsonSchema` and `JsonSchema_repr`, you might be missing a `derive` attribute
[INFO] [stdout]    = note: `schemars` is in scope, but it is a crate, not an attribute
[INFO] [stdout]    = note: this error originates in the attribute macro `tool` (in Nightly builds, run with -Z macro-backtrace for more info)
[INFO] [stdout] 
[INFO] [stdout] 
[INFO] [stdout] error: cannot find attribute `serde` in this scope
[INFO] [stdout]   --> tests/tools_macro_test.rs:48:1
[INFO] [stdout]    |
[INFO] [stdout] 48 | #[tool]
[INFO] [stdout]    | ^^^^^^^
[INFO] [stdout]    |
[INFO] [stdout]    = note: `serde` is an attribute that can be used by the derive macros `Deserialize`, `JsonSchema`, `JsonSchema_repr` and `Serialize`, you might be missing a `derive` attribute
[INFO] [stdout]    = note: `serde` is in scope, but it is a crate, not an attribute
[INFO] [stdout]    = note: this error originates in the attribute macro `tool` (in Nightly builds, run with -Z macro-backtrace for more info)
[INFO] [stdout] 
[INFO] [stdout] 
[INFO] [stdout] error: cannot find attribute `schemars` in this scope
[INFO] [stdout]   --> tests/tools_macro_test.rs:48:1
[INFO] [stdout]    |
[INFO] [stdout] 48 | #[tool]
[INFO] [stdout]    | ^^^^^^^
[INFO] [stdout]    |
[INFO] [stdout]    = note: `schemars` is an attribute that can be used by the derive macros `JsonSchema` and `JsonSchema_repr`, you might be missing a `derive` attribute
[INFO] [stdout]    = note: `schemars` is in scope, but it is a crate, not an attribute
[INFO] [stdout]    = note: this error originates in the attribute macro `tool` (in Nightly builds, run with -Z macro-backtrace for more info)
[INFO] [stdout] 
[INFO] [stdout] 
[INFO] [stdout] error: cannot find attribute `serde` in this scope
[INFO] [stdout]   --> tests/tools_macro_test.rs:55:1
[INFO] [stdout]    |
[INFO] [stdout] 55 | #[tool]
[INFO] [stdout]    | ^^^^^^^
[INFO] [stdout]    |
[INFO] [stdout]    = note: `serde` is an attribute that can be used by the derive macros `Deserialize`, `JsonSchema`, `JsonSchema_repr` and `Serialize`, you might be missing a `derive` attribute
[INFO] [stdout]    = note: `serde` is in scope, but it is a crate, not an attribute
[INFO] [stdout]    = note: this error originates in the attribute macro `tool` (in Nightly builds, run with -Z macro-backtrace for more info)
[INFO] [stdout] 
[INFO] [stdout] 
[INFO] [stdout] error: cannot find attribute `schemars` in this scope
[INFO] [stdout]   --> tests/tools_macro_test.rs:55:1
[INFO] [stdout]    |
[INFO] [stdout] 55 | #[tool]
[INFO] [stdout]    | ^^^^^^^
[INFO] [stdout]    |
[INFO] [stdout]    = note: `schemars` is an attribute that can be used by the derive macros `JsonSchema` and `JsonSchema_repr`, you might be missing a `derive` attribute
[INFO] [stdout]    = note: `schemars` is in scope, but it is a crate, not an attribute
[INFO] [stdout]    = note: this error originates in the attribute macro `tool` (in Nightly builds, run with -Z macro-backtrace for more info)
[INFO] [stdout] 
[INFO] [stdout] 
[INFO] [stdout] error[E0433]: cannot find module or crate `rsai` in this scope
[INFO] [stdout]  --> tests/tools_macro_test.rs:6:1
[INFO] [stdout]   |
[INFO] [stdout] 6 | #[tool]
[INFO] [stdout]   | ^^^^^^^ use of unresolved module or unlinked crate `rsai`
[INFO] [stdout]   |
[INFO] [stdout]   = help: if you wanted to use a crate named `rsai`, use `cargo add rsai` to add it to your `Cargo.toml`
[INFO] [stdout]   = note: this error originates in the attribute macro `tool` (in Nightly builds, run with -Z macro-backtrace for more info)
[INFO] [stdout] 
[INFO] [stdout] 
[INFO] [stdout] error[E0433]: cannot find module or crate `rsai` in this scope
[INFO] [stdout]   --> tests/integration_test.rs:59:1
[INFO] [stdout]    |
[INFO] [stdout] 59 | #[tool]
[INFO] [stdout]    | ^^^^^^^ use of unresolved module or unlinked crate `rsai`
[INFO] [stdout]    |
[INFO] [stdout]    = help: if you wanted to use a crate named `rsai`, use `cargo add rsai` to add it to your `Cargo.toml`
[INFO] [stdout]    = note: this error originates in the attribute macro `tool` (in Nightly builds, run with -Z macro-backtrace for more info)
[INFO] [stdout] 
[INFO] [stdout] 
[INFO] [stdout] error[E0433]: cannot find module or crate `rsai` in this scope
[INFO] [stdout]   --> tests/tools_macro_test.rs:14:1
[INFO] [stdout]    |
[INFO] [stdout] 14 | #[tool]
[INFO] [stdout]    | ^^^^^^^ use of unresolved module or unlinked crate `rsai`
[INFO] [stdout]    |
[INFO] [stdout]    = help: if you wanted to use a crate named `rsai`, use `cargo add rsai` to add it to your `Cargo.toml`
[INFO] [stdout]    = note: this error originates in the attribute macro `tool` (in Nightly builds, run with -Z macro-backtrace for more info)
[INFO] [stdout] 
[INFO] [stdout] 
[INFO] [stdout] Some errors have detailed explanations: E0432, E0433.
[INFO] [stdout] 
[INFO] [stdout] For more information about an error, try `rustc --explain E0432`.
[INFO] [stdout] 
[INFO] [stderr] error: could not compile `rsai-macros` (test "validation_errors") due to 5 previous errors
[INFO] [stderr] warning: build failed, waiting for other jobs to finish...
[INFO] [stdout] error[E0433]: cannot find module or crate `rsai` in this scope
[INFO] [stdout]   --> tests/tools_macro_test.rs:33:1
[INFO] [stdout]    |
[INFO] [stdout] 33 | #[tool]
[INFO] [stdout]    | ^^^^^^^ use of unresolved module or unlinked crate `rsai`
[INFO] [stdout]    |
[INFO] [stdout]    = help: if you wanted to use a crate named `rsai`, use `cargo add rsai` to add it to your `Cargo.toml`
[INFO] [stdout]    = note: this error originates in the attribute macro `tool` (in Nightly builds, run with -Z macro-backtrace for more info)
[INFO] [stdout] 
[INFO] [stdout] 
[INFO] [stdout] Some errors have detailed explanations: E0432, E0433.
[INFO] [stdout] 
[INFO] [stdout] For more information about an error, try `rustc --explain E0432`.
[INFO] [stdout] 
[INFO] [stderr] error: could not compile `rsai-macros` (test "integration_test") due to 10 previous errors
[INFO] [stdout] error[E0433]: cannot find module or crate `rsai` in this scope
[INFO] [stdout]   --> tests/tools_macro_test.rs:41:1
[INFO] [stdout]    |
[INFO] [stdout] 41 | #[tool]
[INFO] [stdout]    | ^^^^^^^ use of unresolved module or unlinked crate `rsai`
[INFO] [stdout]    |
[INFO] [stdout]    = help: if you wanted to use a crate named `rsai`, use `cargo add rsai` to add it to your `Cargo.toml`
[INFO] [stdout]    = note: this error originates in the attribute macro `tool` (in Nightly builds, run with -Z macro-backtrace for more info)
[INFO] [stdout] 
[INFO] [stdout] 
[INFO] [stdout] error[E0433]: cannot find module or crate `rsai` in this scope
[INFO] [stdout]   --> tests/tools_macro_test.rs:48:1
[INFO] [stdout]    |
[INFO] [stdout] 48 | #[tool]
[INFO] [stdout]    | ^^^^^^^ use of unresolved module or unlinked crate `rsai`
[INFO] [stdout]    |
[INFO] [stdout]    = help: if you wanted to use a crate named `rsai`, use `cargo add rsai` to add it to your `Cargo.toml`
[INFO] [stdout]    = note: this error originates in the attribute macro `tool` (in Nightly builds, run with -Z macro-backtrace for more info)
[INFO] [stdout] 
[INFO] [stdout] 
[INFO] [stdout] error[E0433]: cannot find module or crate `rsai` in this scope
[INFO] [stdout]   --> tests/tools_macro_test.rs:55:1
[INFO] [stdout]    |
[INFO] [stdout] 55 | #[tool]
[INFO] [stdout]    | ^^^^^^^ use of unresolved module or unlinked crate `rsai`
[INFO] [stdout]    |
[INFO] [stdout]    = help: if you wanted to use a crate named `rsai`, use `cargo add rsai` to add it to your `Cargo.toml`
[INFO] [stdout]    = note: this error originates in the attribute macro `tool` (in Nightly builds, run with -Z macro-backtrace for more info)
[INFO] [stdout] 
[INFO] [stdout] 
[INFO] [stdout] Some errors have detailed explanations: E0432, E0433.
[INFO] [stdout] 
[INFO] [stdout] For more information about an error, try `rustc --explain E0432`.
[INFO] [stdout] 
[INFO] [stderr] error: could not compile `rsai-macros` (test "tools_macro_test") due to 43 previous errors
[INFO] running `Command { std: "docker" "inspect" "aed6598dedcf49b7b4e3e2671bf252a372dc5e5eb8022a4a064238346abdabd8", kill_on_drop: false }`
[INFO] running `Command { std: "docker" "rm" "-f" "aed6598dedcf49b7b4e3e2671bf252a372dc5e5eb8022a4a064238346abdabd8", kill_on_drop: false }`
[INFO] [stdout] aed6598dedcf49b7b4e3e2671bf252a372dc5e5eb8022a4a064238346abdabd8
