[INFO] fetching crate rpni 0.1.1...
[INFO] testing rpni-0.1.1 against 1.100.0-beta.1 for beta-1.100-2
[INFO] extracting crate rpni 0.1.1 into /workspace/builds/worker-4-tc2/source
[INFO] removed /workspace/builds/worker-4-tc2/source/rust-toolchain.toml
[INFO] started tweaking crates.io crate rpni 0.1.1
[INFO] finished tweaking crates.io crate rpni 0.1.1
[INFO] tweaked toml for crates.io crate rpni 0.1.1 written to /workspace/builds/worker-4-tc2/source/Cargo.toml
[INFO] validating manifest of crates.io crate rpni 0.1.1 on toolchain 1.100.0-beta.1
[INFO] running `Command { std: CARGO_HOME="/workspace/cargo-home" RUSTUP_HOME="/workspace/rustup-home" "/workspace/cargo-home/bin/cargo" "+1.100.0-beta.1" "metadata" "--manifest-path" "Cargo.toml" "--no-deps", kill_on_drop: false }`
[INFO] crate crates.io crate rpni 0.1.1 already has a lockfile, it will not be regenerated
[INFO] running `Command { std: CARGO_HOME="/workspace/cargo-home" RUSTUP_HOME="/workspace/rustup-home" "/workspace/cargo-home/bin/cargo" "+1.100.0-beta.1" "fetch" "--manifest-path" "Cargo.toml", kill_on_drop: false }`
[INFO] running `Command { std: "docker" "create" "-v" "/var/lib/crater-agent-workspace/builds/worker-4-tc2/source:/opt/rustwide/workdir:ro,Z" "-v" "/var/lib/crater-agent-workspace/builds/worker-4-tc2/target:/opt/rustwide/target:rw,Z" "-v" "/var/lib/crater-agent-workspace/cargo-home:/opt/rustwide/cargo-home:ro,Z" "-v" "/var/lib/crater-agent-workspace/rustup-home:/opt/rustwide/rustup-home:ro,Z" "-m" "1610612736" "--network" "none" "ghcr.io/rust-lang/crates-build-env/linux@sha256:3111399a4047eeb3a02b7a90e478d715f38a8c6669b5c4b49d30a17385265909" "sleep" "infinity", kill_on_drop: false }`
[INFO] [stdout] 6237e71ee4418cff8249dc9109cd91e52edc5d7ae202857745dfcd844bcc24a7
[INFO] running `Command { std: "docker" "start" "6237e71ee4418cff8249dc9109cd91e52edc5d7ae202857745dfcd844bcc24a7", kill_on_drop: false }`
[INFO] running `Command { std: "docker" "inspect" "6237e71ee4418cff8249dc9109cd91e52edc5d7ae202857745dfcd844bcc24a7", kill_on_drop: false }`
[INFO] running `Command { std: "docker" "exec" "-e" "SOURCE_DIR=/opt/rustwide/workdir" "-e" "CARGO_HOME=/opt/rustwide/cargo-home" "-e" "RUSTUP_HOME=/opt/rustwide/rustup-home" "-e" "CARGO_TARGET_DIR=/opt/rustwide/target" "-w" "/opt/rustwide/workdir" "--user" "0:0" "6237e71ee4418cff8249dc9109cd91e52edc5d7ae202857745dfcd844bcc24a7" "/opt/rustwide/cargo-home/bin/cargo" "+1.100.0-beta.1" "metadata" "--no-deps" "--format-version=1", kill_on_drop: false }`
[INFO] running `Command { std: "docker" "inspect" "6237e71ee4418cff8249dc9109cd91e52edc5d7ae202857745dfcd844bcc24a7", kill_on_drop: false }`
[INFO] running `Command { std: "docker" "exec" "-e" "SOURCE_DIR=/opt/rustwide/workdir" "-e" "CARGO_HOME=/opt/rustwide/cargo-home" "-e" "RUSTUP_HOME=/opt/rustwide/rustup-home" "-e" "CARGO_TARGET_DIR=/opt/rustwide/target" "-e" "CARGO_INCREMENTAL=0" "-e" "RUST_BACKTRACE=full" "-e" "RUSTFLAGS=--cap-lints=warn" "-e" "RUSTDOCFLAGS=--cap-lints=warn" "-w" "/opt/rustwide/workdir" "--user" "0:0" "6237e71ee4418cff8249dc9109cd91e52edc5d7ae202857745dfcd844bcc24a7" "/opt/rustwide/cargo-home/bin/cargo" "+1.100.0-beta.1" "build" "--frozen" "--message-format=json", kill_on_drop: false }`
[INFO] [stderr]    Compiling anyhow v1.0.53
[INFO] [stderr]    Compiling arrayvec v0.5.2
[INFO] [stderr]    Compiling utf8-chars v1.0.2
[INFO] [stderr]    Compiling rpni v0.1.1 (/opt/rustwide/workdir)
[INFO] [stderr]     Finished `dev` profile [unoptimized + debuginfo] target(s) in 1.62s
[INFO] running `Command { std: "docker" "inspect" "6237e71ee4418cff8249dc9109cd91e52edc5d7ae202857745dfcd844bcc24a7", kill_on_drop: false }`
[INFO] running `Command { std: "docker" "exec" "-e" "SOURCE_DIR=/opt/rustwide/workdir" "-e" "CARGO_HOME=/opt/rustwide/cargo-home" "-e" "RUSTUP_HOME=/opt/rustwide/rustup-home" "-e" "CARGO_TARGET_DIR=/opt/rustwide/target" "-e" "CARGO_INCREMENTAL=0" "-e" "RUST_BACKTRACE=full" "-e" "RUSTFLAGS=--cap-lints=warn" "-e" "RUSTDOCFLAGS=--cap-lints=warn" "-w" "/opt/rustwide/workdir" "--user" "0:0" "6237e71ee4418cff8249dc9109cd91e52edc5d7ae202857745dfcd844bcc24a7" "/opt/rustwide/cargo-home/bin/cargo" "+1.100.0-beta.1" "test" "--frozen" "--no-run" "--message-format=json", kill_on_drop: false }`
[INFO] [stderr]    Compiling rpni v0.1.1 (/opt/rustwide/workdir)
[INFO] [stdout] error[E0432]: unresolved import `core::assert_matches`
[INFO] [stdout]   --> src/registers.rs:41:12
[INFO] [stdout]    |
[INFO] [stdout] 41 |     use core::assert_matches::assert_matches;
[INFO] [stdout]    |               ^^^^^^^^^^^^^^ could not find `assert_matches` in `core`
[INFO] [stdout] 
[INFO] [stdout] 
[INFO] [stdout] error[E0432]: unresolved import `core::assert_matches`
[INFO] [stdout]   --> src/stack.rs:81:12
[INFO] [stdout]    |
[INFO] [stdout] 81 |     use core::assert_matches::assert_matches;
[INFO] [stdout]    |               ^^^^^^^^^^^^^^ could not find `assert_matches` in `core`
[INFO] [stdout] 
[INFO] [stdout] 
[INFO] [stdout] error[E0554]: `#![feature]` may not be used on the beta release channel
[INFO] [stdout]  --> src/main.rs:1:19
[INFO] [stdout]   |
[INFO] [stdout] 1 | #![cfg_attr(test, feature(assert_matches))]
[INFO] [stdout]   |                   ^^^^^^^^^^^^^^^^^^^^^^^
[INFO] [stdout] 
[INFO] [stdout] 
[INFO] [stdout] warning: the feature `assert_matches` has been stable since 1.96.0 and no longer requires an attribute to enable
[INFO] [stdout]  --> src/main.rs:1:27
[INFO] [stdout]   |
[INFO] [stdout] 1 | #![cfg_attr(test, feature(assert_matches))]
[INFO] [stdout]   |                           ^^^^^^^^^^^^^^
[INFO] [stdout]   |
[INFO] [stdout]   = note: `#[warn(stable_features)]` on by default
[INFO] [stdout] 
[INFO] [stdout] 
[INFO] [stdout] Some errors have detailed explanations: E0432, E0554.
[INFO] [stdout] 
[INFO] [stdout] For more information about an error, try `rustc --explain E0432`.
[INFO] [stdout] 
[INFO] [stderr] error: could not compile `rpni` (bin "rpni" test) due to 3 previous errors; 1 warning emitted
[INFO] running `Command { std: "docker" "inspect" "6237e71ee4418cff8249dc9109cd91e52edc5d7ae202857745dfcd844bcc24a7", kill_on_drop: false }`
[INFO] running `Command { std: "docker" "rm" "-f" "6237e71ee4418cff8249dc9109cd91e52edc5d7ae202857745dfcd844bcc24a7", kill_on_drop: false }`
[INFO] [stdout] 6237e71ee4418cff8249dc9109cd91e52edc5d7ae202857745dfcd844bcc24a7
