[INFO] fetching crate rpk-macros 0.1.1...
[INFO] testing rpk-macros-0.1.1 against 1.99.0-beta.8 for beta-1.100-2
[INFO] extracting crate rpk-macros 0.1.1 into /workspace/builds/worker-4-tc1/source
[INFO] started tweaking crates.io crate rpk-macros 0.1.1
[INFO] finished tweaking crates.io crate rpk-macros 0.1.1
[INFO] tweaked toml for crates.io crate rpk-macros 0.1.1 written to /workspace/builds/worker-4-tc1/source/Cargo.toml
[INFO] validating manifest of crates.io crate rpk-macros 0.1.1 on toolchain 1.99.0-beta.8
[INFO] running `Command { std: CARGO_HOME="/workspace/cargo-home" RUSTUP_HOME="/workspace/rustup-home" "/workspace/cargo-home/bin/cargo" "+1.99.0-beta.8" "metadata" "--manifest-path" "Cargo.toml" "--no-deps", kill_on_drop: false }`
[INFO] running `Command { std: CARGO_HOME="/workspace/cargo-home" RUSTUP_HOME="/workspace/rustup-home" "/workspace/cargo-home/bin/cargo" "+1.99.0-beta.8" "generate-lockfile" "--manifest-path" "Cargo.toml", kill_on_drop: false }`
[INFO] [stderr]     Updating crates.io index
[INFO] [stderr]      Locking 88 packages to highest compatible versions
[INFO] [stderr]       Adding syn v2.0.119 (available: v3.0.6)
[INFO] running `Command { std: CARGO_HOME="/workspace/cargo-home" RUSTUP_HOME="/workspace/rustup-home" "/workspace/cargo-home/bin/cargo" "+1.99.0-beta.8" "fetch" "--manifest-path" "Cargo.toml", kill_on_drop: false }`
[INFO] [stderr]  Downloading crates ...
[INFO] [stderr]   Downloaded rpk-config v0.1.1
[INFO] [stderr]   Downloaded io-kit-sys v0.4.1
[INFO] [stderr]   Downloaded rpk-common v0.1.1
[INFO] [stderr]   Downloaded jiff-static v0.2.38
[INFO] [stderr]   Downloaded nusb v0.1.14
[INFO] [stderr]   Downloaded ariadne v0.4.1
[INFO] [stderr]   Downloaded jiff v0.2.38
[INFO] running `Command { std: "docker" "create" "-v" "/var/lib/crater-agent-workspace/builds/worker-4-tc1/source:/opt/rustwide/workdir:ro,Z" "-v" "/var/lib/crater-agent-workspace/builds/worker-4-tc1/target:/opt/rustwide/target:rw,Z" "-v" "/var/lib/crater-agent-workspace/cargo-home:/opt/rustwide/cargo-home:ro,Z" "-v" "/var/lib/crater-agent-workspace/rustup-home:/opt/rustwide/rustup-home:ro,Z" "-m" "1610612736" "--network" "none" "ghcr.io/rust-lang/crates-build-env/linux@sha256:3111399a4047eeb3a02b7a90e478d715f38a8c6669b5c4b49d30a17385265909" "sleep" "infinity", kill_on_drop: false }`
[INFO] [stdout] c8dc429b94c5e91b47bbfacc496be3dcbff741f6c86c26fc9baf6442f4da5e8a
[INFO] running `Command { std: "docker" "start" "c8dc429b94c5e91b47bbfacc496be3dcbff741f6c86c26fc9baf6442f4da5e8a", kill_on_drop: false }`
[INFO] running `Command { std: "docker" "inspect" "c8dc429b94c5e91b47bbfacc496be3dcbff741f6c86c26fc9baf6442f4da5e8a", kill_on_drop: false }`
[INFO] running `Command { std: "docker" "exec" "-e" "SOURCE_DIR=/opt/rustwide/workdir" "-e" "CARGO_HOME=/opt/rustwide/cargo-home" "-e" "RUSTUP_HOME=/opt/rustwide/rustup-home" "-e" "CARGO_TARGET_DIR=/opt/rustwide/target" "-w" "/opt/rustwide/workdir" "--user" "0:0" "c8dc429b94c5e91b47bbfacc496be3dcbff741f6c86c26fc9baf6442f4da5e8a" "/opt/rustwide/cargo-home/bin/cargo" "+1.99.0-beta.8" "metadata" "--no-deps" "--format-version=1", kill_on_drop: false }`
[INFO] running `Command { std: "docker" "inspect" "c8dc429b94c5e91b47bbfacc496be3dcbff741f6c86c26fc9baf6442f4da5e8a", kill_on_drop: false }`
[INFO] running `Command { std: "docker" "exec" "-e" "SOURCE_DIR=/opt/rustwide/workdir" "-e" "CARGO_HOME=/opt/rustwide/cargo-home" "-e" "RUSTUP_HOME=/opt/rustwide/rustup-home" "-e" "CARGO_TARGET_DIR=/opt/rustwide/target" "-e" "CARGO_INCREMENTAL=0" "-e" "RUST_BACKTRACE=full" "-e" "RUSTFLAGS=--cap-lints=warn" "-e" "RUSTDOCFLAGS=--cap-lints=warn" "-w" "/opt/rustwide/workdir" "--user" "0:0" "c8dc429b94c5e91b47bbfacc496be3dcbff741f6c86c26fc9baf6442f4da5e8a" "/opt/rustwide/cargo-home/bin/cargo" "+1.99.0-beta.8" "build" "--frozen" "--message-format=json", kill_on_drop: false }`
[INFO] [stderr]    Compiling memchr v2.8.3
[INFO] [stderr]    Compiling utf8parse v0.2.2
[INFO] [stderr]    Compiling anstyle v1.0.14
[INFO] [stderr]    Compiling is_terminal_polyfill v1.70.2
[INFO] [stderr]    Compiling colorchoice v1.0.5
[INFO] [stderr]    Compiling regex-syntax v0.8.11
[INFO] [stderr]    Compiling anstyle-query v1.1.5
[INFO] [stderr]    Compiling log v0.4.34
[INFO] [stderr]    Compiling anstyle-parse v1.0.0
[INFO] [stderr]    Compiling rustix v0.38.44
[INFO] [stderr]    Compiling libc v0.2.190
[INFO] [stderr]    Compiling syn v3.0.6
[INFO] [stderr]    Compiling futures-core v0.3.34
[INFO] [stderr]    Compiling clap_lex v1.1.1
[INFO] [stderr]    Compiling linux-raw-sys v0.4.15
[INFO] [stderr]    Compiling anstream v1.0.0
[INFO] [stderr]    Compiling bitflags v2.13.2
[INFO] [stderr]    Compiling jiff-core v0.1.1
[INFO] [stderr]    Compiling anyhow v1.0.104
[INFO] [stderr]    Compiling once_cell v1.21.4
[INFO] [stderr]    Compiling aho-corasick v1.1.5
[INFO] [stderr]    Compiling clap_builder v4.6.7
[INFO] [stderr]    Compiling fastrand v2.5.0
[INFO] [stderr]    Compiling yansi v1.0.1
[INFO] [stderr]    Compiling jiff v0.2.38
[INFO] [stderr]    Compiling pin-project-lite v0.2.17
[INFO] [stderr]    Compiling unicode-width v0.1.14
[INFO] [stderr]    Compiling parking v2.2.1
[INFO] [stderr]    Compiling futures-io v0.3.34
[INFO] [stderr]    Compiling slab v0.4.12
[INFO] [stderr]    Compiling atomic-waker v1.1.2
[INFO] [stderr]    Compiling futures-lite v2.6.1
[INFO] [stderr]    Compiling ariadne v0.4.1
[INFO] [stderr]    Compiling regex-automata v0.4.18
[INFO] [stderr]    Compiling rpk-common v0.1.1
[INFO] [stderr]    Compiling lazy_static v1.5.1
[INFO] [stderr]    Compiling clap_derive v4.6.7
[INFO] [stderr]    Compiling regex v1.13.1
[INFO] [stderr]    Compiling env_filter v2.0.0
[INFO] [stderr]    Compiling env_logger v0.11.11
[INFO] [stderr]    Compiling nusb v0.1.14
[INFO] [stderr]    Compiling clap v4.6.7
[INFO] [stderr]    Compiling rpk-config v0.1.1
[INFO] [stderr]    Compiling rpk-macros v0.1.1 (/opt/rustwide/workdir)
[INFO] [stderr]     Finished `dev` profile [unoptimized + debuginfo] target(s) in 32.33s
[INFO] running `Command { std: "docker" "inspect" "c8dc429b94c5e91b47bbfacc496be3dcbff741f6c86c26fc9baf6442f4da5e8a", kill_on_drop: false }`
[INFO] running `Command { std: "docker" "exec" "-e" "SOURCE_DIR=/opt/rustwide/workdir" "-e" "CARGO_HOME=/opt/rustwide/cargo-home" "-e" "RUSTUP_HOME=/opt/rustwide/rustup-home" "-e" "CARGO_TARGET_DIR=/opt/rustwide/target" "-e" "CARGO_INCREMENTAL=0" "-e" "RUST_BACKTRACE=full" "-e" "RUSTFLAGS=--cap-lints=warn" "-e" "RUSTDOCFLAGS=--cap-lints=warn" "-w" "/opt/rustwide/workdir" "--user" "0:0" "c8dc429b94c5e91b47bbfacc496be3dcbff741f6c86c26fc9baf6442f4da5e8a" "/opt/rustwide/cargo-home/bin/cargo" "+1.99.0-beta.8" "test" "--frozen" "--no-run" "--message-format=json", kill_on_drop: false }`
[INFO] [stderr]    Compiling syn v2.0.119
[INFO] [stderr]    Compiling rpk-macros v0.1.1 (/opt/rustwide/workdir)
[INFO] [stdout] error[E0407]: method `visit_item_const` is not a member of trait `Visit`
[INFO] [stdout]   --> src/build_test.rs:64:9
[INFO] [stdout]    |
[INFO] [stdout] 64 |           fn visit_item_const(&mut self, i: &'ast syn::ItemConst) {
[INFO] [stdout]    |           ^  ---------------- help: there is an associated function with a similar name: `visit_assoc_const`
[INFO] [stdout]    |  _________|
[INFO] [stdout]    | |
[INFO] [stdout] 65 | |             self.0.push(i.ident.to_string());
[INFO] [stdout] 66 | |         }
[INFO] [stdout]    | |_________^ not a member of trait `Visit`
[INFO] [stdout] 
[INFO] [stdout] 
[INFO] [stdout] error[E0425]: cannot find type `File` in crate `syn`
[INFO] [stdout]    --> src/build_test.rs:60:19
[INFO] [stdout]     |
[INFO] [stdout]  60 |     let ast: syn::File = syn::parse2(res.clone()).unwrap();
[INFO] [stdout]     |                   ^^^^ not found in `syn`
[INFO] [stdout]     |
[INFO] [stdout] note: found an item that was configured out
[INFO] [stdout]    --> /opt/rustwide/cargo-home/registry/src/index.crates.io-1949cf8c6b5b557f/syn-2.0.119/src/lib.rs:397:22
[INFO] [stdout]     |
[INFO] [stdout] 395 | #[cfg(feature = "full")]
[INFO] [stdout]     |       ---------------- the item is gated behind the `full` feature
[INFO] [stdout] 396 | #[cfg_attr(docsrs, doc(cfg(feature = "full")))]
[INFO] [stdout] 397 | pub use crate::file::File;
[INFO] [stdout]     |                      ^^^^
[INFO] [stdout] help: consider importing one of these structs
[INFO] [stdout]     |
[INFO] [stdout]   1 + use crate::build::fs::File;
[INFO] [stdout]     |
[INFO] [stdout]   1 + use std::fs::File;
[INFO] [stdout]     |
[INFO] [stdout] help: if you import `File`, refer to it directly
[INFO] [stdout]     |
[INFO] [stdout]  60 -     let ast: syn::File = syn::parse2(res.clone()).unwrap();
[INFO] [stdout]  60 +     let ast: File = syn::parse2(res.clone()).unwrap();
[INFO] [stdout]     |
[INFO] [stdout] 
[INFO] [stdout] 
[INFO] [stdout] error[E0425]: cannot find type `ItemConst` in crate `syn`
[INFO] [stdout]    --> src/build_test.rs:64:54
[INFO] [stdout]     |
[INFO] [stdout]  64 |         fn visit_item_const(&mut self, i: &'ast syn::ItemConst) {
[INFO] [stdout]     |                                                      ^^^^^^^^^ not found in `syn`
[INFO] [stdout]     |
[INFO] [stdout] note: found an item that was configured out
[INFO] [stdout]    --> /opt/rustwide/cargo-home/registry/src/index.crates.io-1949cf8c6b5b557f/syn-2.0.119/src/lib.rs:432:5
[INFO] [stdout]     |
[INFO] [stdout] 427 | #[cfg(feature = "full")]
[INFO] [stdout]     |       ---------------- the item is gated behind the `full` feature
[INFO] [stdout] ...
[INFO] [stdout] 432 |     ItemConst, ItemEnum, ItemExternCrate, ItemFn, ItemForeignMod, ItemImpl, ItemMacro, ItemMod,
[INFO] [stdout]     |     ^^^^^^^^^
[INFO] [stdout] 
[INFO] [stdout] 
[INFO] [stdout] error[E0599]: no method named `visit_file` found for struct `Visitor` in the current scope
[INFO] [stdout]   --> src/build_test.rs:70:9
[INFO] [stdout]    |
[INFO] [stdout] 62 |     struct Visitor(Vec<String>);
[INFO] [stdout]    |     -------------- method `visit_file` not found for this struct
[INFO] [stdout] ...
[INFO] [stdout] 70 |     vis.visit_file(&ast);
[INFO] [stdout]    |         ^^^^^^^^^^
[INFO] [stdout]    |
[INFO] [stdout] help: there is a method `visit_field_value` with a similar name
[INFO] [stdout]    |
[INFO] [stdout] 70 -     vis.visit_file(&ast);
[INFO] [stdout] 70 +     vis.visit_field_value(&ast);
[INFO] [stdout]    |
[INFO] [stdout] 
[INFO] [stdout] 
[INFO] [stdout] Some errors have detailed explanations: E0407, E0425, E0599.
[INFO] [stdout] 
[INFO] [stdout] For more information about an error, try `rustc --explain E0407`.
[INFO] [stdout] 
[INFO] [stderr] error: could not compile `rpk-macros` (lib test) due to 4 previous errors
[INFO] running `Command { std: "docker" "inspect" "c8dc429b94c5e91b47bbfacc496be3dcbff741f6c86c26fc9baf6442f4da5e8a", kill_on_drop: false }`
[INFO] running `Command { std: "docker" "rm" "-f" "c8dc429b94c5e91b47bbfacc496be3dcbff741f6c86c26fc9baf6442f4da5e8a", kill_on_drop: false }`
[INFO] [stdout] c8dc429b94c5e91b47bbfacc496be3dcbff741f6c86c26fc9baf6442f4da5e8a
