[INFO] fetching crate rpc_sv2 1.1.1...
[INFO] testing rpc_sv2-1.1.1 against 1.100.0-beta.1 for beta-1.100-2
[INFO] extracting crate rpc_sv2 1.1.1 into /workspace/builds/worker-6-tc2/source
[INFO] started tweaking crates.io crate rpc_sv2 1.1.1
[INFO] finished tweaking crates.io crate rpc_sv2 1.1.1
[INFO] tweaked toml for crates.io crate rpc_sv2 1.1.1 written to /workspace/builds/worker-6-tc2/source/Cargo.toml
[INFO] validating manifest of crates.io crate rpc_sv2 1.1.1 on toolchain 1.100.0-beta.1
[INFO] running `Command { std: CARGO_HOME="/workspace/cargo-home" RUSTUP_HOME="/workspace/rustup-home" "/workspace/cargo-home/bin/cargo" "+1.100.0-beta.1" "metadata" "--manifest-path" "Cargo.toml" "--no-deps", kill_on_drop: false }`
[INFO] running `Command { std: CARGO_HOME="/workspace/cargo-home" RUSTUP_HOME="/workspace/rustup-home" "/workspace/cargo-home/bin/cargo" "+1.100.0-beta.1" "generate-lockfile" "--manifest-path" "Cargo.toml", kill_on_drop: false }`
[INFO] [stderr]     Updating crates.io index
[INFO] [stderr]      Locking 160 packages to highest compatible versions
[INFO] [stderr]       Adding base64 v0.21.7 (available: v0.23.1)
[INFO] [stderr]       Adding generic-array v0.14.7 (available: v0.14.9)
[INFO] running `Command { std: CARGO_HOME="/workspace/cargo-home" RUSTUP_HOME="/workspace/rustup-home" "/workspace/cargo-home/bin/cargo" "+1.100.0-beta.1" "fetch" "--manifest-path" "Cargo.toml", kill_on_drop: false }`
[INFO] running `Command { std: "docker" "create" "-v" "/var/lib/crater-agent-workspace/builds/worker-6-tc2/source:/opt/rustwide/workdir:ro,Z" "-v" "/var/lib/crater-agent-workspace/builds/worker-6-tc2/target:/opt/rustwide/target:rw,Z" "-v" "/var/lib/crater-agent-workspace/cargo-home:/opt/rustwide/cargo-home:ro,Z" "-v" "/var/lib/crater-agent-workspace/rustup-home:/opt/rustwide/rustup-home:ro,Z" "-m" "1610612736" "--network" "none" "ghcr.io/rust-lang/crates-build-env/linux@sha256:3111399a4047eeb3a02b7a90e478d715f38a8c6669b5c4b49d30a17385265909" "sleep" "infinity", kill_on_drop: false }`
[INFO] [stdout] 8e998c5df096cd9e6b606d8d9d131db6da8f5766e9bf4bf882c7aa672bbf7a64
[INFO] running `Command { std: "docker" "start" "8e998c5df096cd9e6b606d8d9d131db6da8f5766e9bf4bf882c7aa672bbf7a64", kill_on_drop: false }`
[INFO] running `Command { std: "docker" "inspect" "8e998c5df096cd9e6b606d8d9d131db6da8f5766e9bf4bf882c7aa672bbf7a64", kill_on_drop: false }`
[INFO] running `Command { std: "docker" "exec" "-e" "SOURCE_DIR=/opt/rustwide/workdir" "-e" "CARGO_HOME=/opt/rustwide/cargo-home" "-e" "RUSTUP_HOME=/opt/rustwide/rustup-home" "-e" "CARGO_TARGET_DIR=/opt/rustwide/target" "-w" "/opt/rustwide/workdir" "--user" "0:0" "8e998c5df096cd9e6b606d8d9d131db6da8f5766e9bf4bf882c7aa672bbf7a64" "/opt/rustwide/cargo-home/bin/cargo" "+1.100.0-beta.1" "metadata" "--no-deps" "--format-version=1", kill_on_drop: false }`
[INFO] running `Command { std: "docker" "inspect" "8e998c5df096cd9e6b606d8d9d131db6da8f5766e9bf4bf882c7aa672bbf7a64", kill_on_drop: false }`
[INFO] running `Command { std: "docker" "exec" "-e" "SOURCE_DIR=/opt/rustwide/workdir" "-e" "CARGO_HOME=/opt/rustwide/cargo-home" "-e" "RUSTUP_HOME=/opt/rustwide/rustup-home" "-e" "CARGO_TARGET_DIR=/opt/rustwide/target" "-e" "CARGO_INCREMENTAL=0" "-e" "RUST_BACKTRACE=full" "-e" "RUSTFLAGS=--cap-lints=warn" "-e" "RUSTDOCFLAGS=--cap-lints=warn" "-w" "/opt/rustwide/workdir" "--user" "0:0" "8e998c5df096cd9e6b606d8d9d131db6da8f5766e9bf4bf882c7aa672bbf7a64" "/opt/rustwide/cargo-home/bin/cargo" "+1.100.0-beta.1" "build" "--frozen" "--message-format=json", kill_on_drop: false }`
[INFO] [stderr]    Compiling libc v0.2.190
[INFO] [stderr]    Compiling zeroize v1.9.0
[INFO] [stderr]    Compiling cc v1.6.0
[INFO] [stderr]    Compiling opaque-debug v0.3.1
[INFO] [stderr]    Compiling zerocopy v0.8.60
[INFO] [stderr]    Compiling derive_codec_sv2 v1.1.3
[INFO] [stderr]    Compiling inout v0.1.4
[INFO] [stderr]    Compiling syn v2.0.119
[INFO] [stderr]    Compiling hex-conservative v0.1.2
[INFO] [stderr]    Compiling bitcoin-io v0.1.101
[INFO] [stderr]    Compiling hex-conservative v0.2.3
[INFO] [stderr]    Compiling binary_sv2 v5.0.1
[INFO] [stderr]    Compiling bitcoin_hashes v0.13.1
[INFO] [stderr]    Compiling crunchy v0.2.4
[INFO] [stderr]    Compiling futures-core v0.3.34
[INFO] [stderr]    Compiling bitcoin_hashes v0.14.101
[INFO] [stderr]    Compiling hex_lit v0.1.1
[INFO] [stderr]    Compiling byteorder v1.5.0
[INFO] [stderr]    Compiling job_declaration_sv2 v5.0.2
[INFO] [stderr]    Compiling common_messages_sv2 v6.0.2
[INFO] [stderr]    Compiling template_distribution_sv2 v4.0.2
[INFO] [stderr]    Compiling getrandom v0.2.17
[INFO] [stderr]    Compiling socket2 v0.6.5
[INFO] [stderr]    Compiling rand_core v0.6.4
[INFO] [stderr]    Compiling mio v1.2.4
[INFO] [stderr]    Compiling crypto-common v0.1.7
[INFO] [stderr]    Compiling http v1.5.0
[INFO] [stderr]    Compiling universal-hash v0.5.1
[INFO] [stderr]    Compiling cipher v0.4.4
[INFO] [stderr]    Compiling aead v0.5.2
[INFO] [stderr]    Compiling polyval v0.6.2
[INFO] [stderr]    Compiling secp256k1-sys v0.9.2
[INFO] [stderr]    Compiling poly1305 v0.8.0
[INFO] [stderr]    Compiling ghash v0.5.1
[INFO] [stderr]    Compiling secp256k1-sys v0.10.1
[INFO] [stderr]    Compiling aes v0.8.4
[INFO] [stderr]    Compiling ctr v0.9.2
[INFO] [stderr]    Compiling chacha20 v0.9.1
[INFO] [stderr]    Compiling rustc-hex v2.1.0
[INFO] [stderr]    Compiling chacha20poly1305 v0.10.1
[INFO] [stderr]    Compiling bitcoin v0.32.102
[INFO] [stderr]    Compiling hex v0.4.3
[INFO] [stderr]    Compiling aes-gcm v0.10.3
[INFO] [stderr]    Compiling buffer_sv2 v2.0.0
[INFO] [stderr]    Compiling uint v0.10.2
[INFO] [stderr]    Compiling binary_codec_sv2 v3.0.0
[INFO] [stderr]    Compiling tokio v1.53.2
[INFO] [stderr]    Compiling base58ck v0.1.101
[INFO] [stderr]    Compiling serde_core v1.0.229
[INFO] [stderr]    Compiling bech32 v0.11.1
[INFO] [stderr]    Compiling bitcoin-units v0.1.101
[INFO] [stderr]    Compiling binary_sv2 v4.0.0
[INFO] [stderr]    Compiling mining_sv2 v5.0.1
[INFO] [stderr]    Compiling futures-sink v0.3.34
[INFO] [stderr]    Compiling httparse v1.10.1
[INFO] [stderr]    Compiling indexmap v2.14.2
[INFO] [stderr]    Compiling http-body v1.1.0
[INFO] [stderr]    Compiling atomic-waker v1.1.2
[INFO] [stderr]    Compiling slab v0.4.12
[INFO] [stderr]    Compiling try-lock v0.2.5
[INFO] [stderr]    Compiling want v0.3.2
[INFO] [stderr]    Compiling futures-channel v0.3.34
[INFO] [stderr]    Compiling hex-conservative v0.3.2
[INFO] [stderr]    Compiling syn v3.0.6
[INFO] [stderr]    Compiling ppv-lite86 v0.2.21
[INFO] [stderr]    Compiling serde_json v1.0.151
[INFO] [stderr]    Compiling smallvec v1.16.2
[INFO] [stderr]    Compiling serde v1.0.229
[INFO] [stderr]    Compiling rand_chacha v0.3.1
[INFO] [stderr]    Compiling nohash-hasher v0.2.0
[INFO] [stderr]    Compiling httpdate v1.0.3
[INFO] [stderr]    Compiling futures-task v0.3.34
[INFO] [stderr]    Compiling rand v0.8.8
[INFO] [stderr]    Compiling secp256k1 v0.29.1
[INFO] [stderr]    Compiling futures-util v0.3.34
[INFO] [stderr]    Compiling tower-layer v0.3.3
[INFO] [stderr]    Compiling tracing-attributes v0.1.31
[INFO] [stderr]    Compiling trait-variant v0.1.3
[INFO] [stderr]    Compiling secp256k1 v0.28.2
[INFO] [stderr]    Compiling fixed-hash v0.8.0
[INFO] [stderr]    Compiling primitive-types v0.13.1
[INFO] [stderr]    Compiling noise_sv2 v1.4.2
[INFO] [stderr]    Compiling tokio-util v0.7.19
[INFO] [stderr]    Compiling tracing v0.1.44
[INFO] [stderr]    Compiling framing_sv2 v5.0.1
[INFO] [stderr]    Compiling tower-service v0.3.3
[INFO] [stderr]    Compiling memchr v2.8.3
[INFO] [stderr]    Compiling base64 v0.23.1
[INFO] [stderr]    Compiling parsers_sv2 v0.1.1
[INFO] [stdout] error[E0277]: the trait bound `EncodableField<'_>: From<ChannelEndpointChanged>` is not satisfied
[INFO] [stdout]    --> /opt/rustwide/cargo-home/registry/src/index.crates.io-1949cf8c6b5b557f/parsers_sv2-0.1.1/src/lib.rs:581:60
[INFO] [stdout]     |
[INFO] [stdout] 581 |             CommonMessages::ChannelEndpointChanged(a) => a.into(),
[INFO] [stdout]     |                                                            ^^^^ the trait `From<ChannelEndpointChanged>` is not implemented for `EncodableField<'_>`
[INFO] [stdout]     |
[INFO] [stdout]     = help: `EncodableField<'_>` implements trait `From<T>`:
[INFO] [stdout]               From<AnyMessage<'_>>
[INFO] [stdout]               From<CloseChannel<'_>>
[INFO] [stdout]               From<CommonMessages<'_>>
[INFO] [stdout]               From<Header>
[INFO] [stdout]               From<JobDeclaration<'_>>
[INFO] [stdout]               From<Mining<'_>>
[INFO] [stdout]               From<MiningDeviceMessages<'_>>
[INFO] [stdout]               From<NewExtendedMiningJob<'_>>
[INFO] [stdout]             and 69 others
[INFO] [stdout]     = note: required for `ChannelEndpointChanged` to implement `Into<EncodableField<'_>>`
[INFO] [stdout]     = note: the full name for the type has been written to '/opt/rustwide/target/debug/build/parsers_sv2/edf1cfe927842dff/out/parsers_sv2-edf1cfe927842dff.long-type-17059023675158942758.txt'
[INFO] [stdout]     = note: consider using `--verbose` to print the full type name to the console
[INFO] [stdout] 
[INFO] [stdout] 
[INFO] [stdout] error[E0277]: the trait bound `EncodableField<'_>: From<Reconnect<'_>>` is not satisfied
[INFO] [stdout]    --> /opt/rustwide/cargo-home/registry/src/index.crates.io-1949cf8c6b5b557f/parsers_sv2-0.1.1/src/lib.rs:582:47
[INFO] [stdout]     |
[INFO] [stdout] 582 |             CommonMessages::Reconnect(a) => a.into(),
[INFO] [stdout]     |                                               ^^^^ the trait `From<Reconnect<'_>>` is not implemented for `EncodableField<'_>`
[INFO] [stdout]     |
[INFO] [stdout]     = help: `EncodableField<'_>` implements trait `From<T>`:
[INFO] [stdout]               From<AnyMessage<'_>>
[INFO] [stdout]               From<CloseChannel<'_>>
[INFO] [stdout]               From<CommonMessages<'_>>
[INFO] [stdout]               From<Header>
[INFO] [stdout]               From<JobDeclaration<'_>>
[INFO] [stdout]               From<Mining<'_>>
[INFO] [stdout]               From<MiningDeviceMessages<'_>>
[INFO] [stdout]               From<NewExtendedMiningJob<'_>>
[INFO] [stdout]             and 69 others
[INFO] [stdout]     = note: required for `Reconnect<'_>` to implement `Into<EncodableField<'_>>`
[INFO] [stdout]     = note: the full name for the type has been written to '/opt/rustwide/target/debug/build/parsers_sv2/edf1cfe927842dff/out/parsers_sv2-edf1cfe927842dff.long-type-17059023675158942758.txt'
[INFO] [stdout]     = note: consider using `--verbose` to print the full type name to the console
[INFO] [stdout] 
[INFO] [stdout] 
[INFO] [stdout] error[E0277]: the trait bound `EncodableField<'_>: From<SetupConnection<'_>>` is not satisfied
[INFO] [stdout]    --> /opt/rustwide/cargo-home/registry/src/index.crates.io-1949cf8c6b5b557f/parsers_sv2-0.1.1/src/lib.rs:583:53
[INFO] [stdout]     |
[INFO] [stdout] 583 |             CommonMessages::SetupConnection(a) => a.into(),
[INFO] [stdout]     |                                                     ^^^^ the trait `From<SetupConnection<'_>>` is not implemented for `EncodableField<'_>`
[INFO] [stdout]     |
[INFO] [stdout]     = help: `EncodableField<'_>` implements trait `From<T>`:
[INFO] [stdout]               From<AnyMessage<'_>>
[INFO] [stdout]               From<CloseChannel<'_>>
[INFO] [stdout]               From<CommonMessages<'_>>
[INFO] [stdout]               From<Header>
[INFO] [stdout]               From<JobDeclaration<'_>>
[INFO] [stdout]               From<Mining<'_>>
[INFO] [stdout]               From<MiningDeviceMessages<'_>>
[INFO] [stdout]               From<NewExtendedMiningJob<'_>>
[INFO] [stdout]             and 69 others
[INFO] [stdout]     = note: required for `SetupConnection<'_>` to implement `Into<EncodableField<'_>>`
[INFO] [stdout]     = note: the full name for the type has been written to '/opt/rustwide/target/debug/build/parsers_sv2/edf1cfe927842dff/out/parsers_sv2-edf1cfe927842dff.long-type-17059023675158942758.txt'
[INFO] [stdout]     = note: consider using `--verbose` to print the full type name to the console
[INFO] [stdout] 
[INFO] [stdout] 
[INFO] [stdout] error[E0277]: the trait bound `EncodableField<'_>: From<SetupConnectionError<'_>>` is not satisfied
[INFO] [stdout]    --> /opt/rustwide/cargo-home/registry/src/index.crates.io-1949cf8c6b5b557f/parsers_sv2-0.1.1/src/lib.rs:584:58
[INFO] [stdout]     |
[INFO] [stdout] 584 |             CommonMessages::SetupConnectionError(a) => a.into(),
[INFO] [stdout]     |                                                          ^^^^ the trait `From<SetupConnectionError<'_>>` is not implemented for `EncodableField<'_>`
[INFO] [stdout]     |
[INFO] [stdout]     = help: `EncodableField<'_>` implements trait `From<T>`:
[INFO] [stdout]               From<AnyMessage<'_>>
[INFO] [stdout]               From<CloseChannel<'_>>
[INFO] [stdout]               From<CommonMessages<'_>>
[INFO] [stdout]               From<Header>
[INFO] [stdout]               From<JobDeclaration<'_>>
[INFO] [stdout]               From<Mining<'_>>
[INFO] [stdout]               From<MiningDeviceMessages<'_>>
[INFO] [stdout]               From<NewExtendedMiningJob<'_>>
[INFO] [stdout]             and 69 others
[INFO] [stdout]     = note: required for `SetupConnectionError<'_>` to implement `Into<EncodableField<'_>>`
[INFO] [stdout]     = note: the full name for the type has been written to '/opt/rustwide/target/debug/build/parsers_sv2/edf1cfe927842dff/out/parsers_sv2-edf1cfe927842dff.long-type-17059023675158942758.txt'
[INFO] [stdout]     = note: consider using `--verbose` to print the full type name to the console
[INFO] [stdout] 
[INFO] [stdout] 
[INFO] [stdout] error[E0277]: the trait bound `EncodableField<'_>: From<SetupConnectionSuccess>` is not satisfied
[INFO] [stdout]    --> /opt/rustwide/cargo-home/registry/src/index.crates.io-1949cf8c6b5b557f/parsers_sv2-0.1.1/src/lib.rs:585:60
[INFO] [stdout]     |
[INFO] [stdout] 585 |             CommonMessages::SetupConnectionSuccess(a) => a.into(),
[INFO] [stdout]     |                                                            ^^^^ the trait `From<SetupConnectionSuccess>` is not implemented for `EncodableField<'_>`
[INFO] [stdout]     |
[INFO] [stdout]     = help: `EncodableField<'_>` implements trait `From<T>`:
[INFO] [stdout]               From<AnyMessage<'_>>
[INFO] [stdout]               From<CloseChannel<'_>>
[INFO] [stdout]               From<CommonMessages<'_>>
[INFO] [stdout]               From<Header>
[INFO] [stdout]               From<JobDeclaration<'_>>
[INFO] [stdout]               From<Mining<'_>>
[INFO] [stdout]               From<MiningDeviceMessages<'_>>
[INFO] [stdout]               From<NewExtendedMiningJob<'_>>
[INFO] [stdout]             and 69 others
[INFO] [stdout]     = note: required for `SetupConnectionSuccess` to implement `Into<EncodableField<'_>>`
[INFO] [stdout]     = note: the full name for the type has been written to '/opt/rustwide/target/debug/build/parsers_sv2/edf1cfe927842dff/out/parsers_sv2-edf1cfe927842dff.long-type-17059023675158942758.txt'
[INFO] [stdout]     = note: consider using `--verbose` to print the full type name to the console
[INFO] [stdout] 
[INFO] [stdout] 
[INFO] [stdout] error[E0277]: the trait bound `EncodableField<'_>: From<CoinbaseOutputConstraints>` is not satisfied
[INFO] [stdout]    --> /opt/rustwide/cargo-home/registry/src/index.crates.io-1949cf8c6b5b557f/parsers_sv2-0.1.1/src/lib.rs:592:69
[INFO] [stdout]     |
[INFO] [stdout] 592 |             TemplateDistribution::CoinbaseOutputConstraints(a) => a.into(),
[INFO] [stdout]     |                                                                     ^^^^ the trait `From<CoinbaseOutputConstraints>` is not implemented for `EncodableField<'_>`
[INFO] [stdout]     |
[INFO] [stdout]     = help: `EncodableField<'_>` implements trait `From<T>`:
[INFO] [stdout]               From<AnyMessage<'_>>
[INFO] [stdout]               From<CloseChannel<'_>>
[INFO] [stdout]               From<CommonMessages<'_>>
[INFO] [stdout]               From<Header>
[INFO] [stdout]               From<JobDeclaration<'_>>
[INFO] [stdout]               From<Mining<'_>>
[INFO] [stdout]               From<MiningDeviceMessages<'_>>
[INFO] [stdout]               From<NewExtendedMiningJob<'_>>
[INFO] [stdout]             and 69 others
[INFO] [stdout]     = note: required for `CoinbaseOutputConstraints` to implement `Into<EncodableField<'_>>`
[INFO] [stdout]     = note: the full name for the type has been written to '/opt/rustwide/target/debug/build/parsers_sv2/edf1cfe927842dff/out/parsers_sv2-edf1cfe927842dff.long-type-17059023675158942758.txt'
[INFO] [stdout]     = note: consider using `--verbose` to print the full type name to the console
[INFO] [stdout] 
[INFO] [stdout] 
[INFO] [stdout] error[E0277]: the trait bound `EncodableField<'_>: From<NewTemplate<'_>>` is not satisfied
[INFO] [stdout]    --> /opt/rustwide/cargo-home/registry/src/index.crates.io-1949cf8c6b5b557f/parsers_sv2-0.1.1/src/lib.rs:593:55
[INFO] [stdout]     |
[INFO] [stdout] 593 |             TemplateDistribution::NewTemplate(a) => a.into(),
[INFO] [stdout]     |                                                       ^^^^ the trait `From<NewTemplate<'_>>` is not implemented for `EncodableField<'_>`
[INFO] [stdout]     |
[INFO] [stdout]     = help: `EncodableField<'_>` implements trait `From<T>`:
[INFO] [stdout]               From<AnyMessage<'_>>
[INFO] [stdout]               From<CloseChannel<'_>>
[INFO] [stdout]               From<CommonMessages<'_>>
[INFO] [stdout]               From<Header>
[INFO] [stdout]               From<JobDeclaration<'_>>
[INFO] [stdout]               From<Mining<'_>>
[INFO] [stdout]               From<MiningDeviceMessages<'_>>
[INFO] [stdout]               From<NewExtendedMiningJob<'_>>
[INFO] [stdout]             and 69 others
[INFO] [stdout]     = note: required for `NewTemplate<'_>` to implement `Into<EncodableField<'_>>`
[INFO] [stdout]     = note: the full name for the type has been written to '/opt/rustwide/target/debug/build/parsers_sv2/edf1cfe927842dff/out/parsers_sv2-edf1cfe927842dff.long-type-17059023675158942758.txt'
[INFO] [stdout]     = note: consider using `--verbose` to print the full type name to the console
[INFO] [stdout] 
[INFO] [stdout] 
[INFO] [stdout] error[E0277]: the trait bound `EncodableField<'_>: From<RequestTransactionData>` is not satisfied
[INFO] [stdout]    --> /opt/rustwide/cargo-home/registry/src/index.crates.io-1949cf8c6b5b557f/parsers_sv2-0.1.1/src/lib.rs:594:66
[INFO] [stdout]     |
[INFO] [stdout] 594 |             TemplateDistribution::RequestTransactionData(a) => a.into(),
[INFO] [stdout]     |                                                                  ^^^^ the trait `From<RequestTransactionData>` is not implemented for `EncodableField<'_>`
[INFO] [stdout]     |
[INFO] [stdout]     = help: `EncodableField<'_>` implements trait `From<T>`:
[INFO] [stdout]               From<AnyMessage<'_>>
[INFO] [stdout]               From<CloseChannel<'_>>
[INFO] [stdout]               From<CommonMessages<'_>>
[INFO] [stdout]               From<Header>
[INFO] [stdout]               From<JobDeclaration<'_>>
[INFO] [stdout]               From<Mining<'_>>
[INFO] [stdout]               From<MiningDeviceMessages<'_>>
[INFO] [stdout]               From<NewExtendedMiningJob<'_>>
[INFO] [stdout]             and 69 others
[INFO] [stdout]     = note: required for `RequestTransactionData` to implement `Into<EncodableField<'_>>`
[INFO] [stdout]     = note: the full name for the type has been written to '/opt/rustwide/target/debug/build/parsers_sv2/edf1cfe927842dff/out/parsers_sv2-edf1cfe927842dff.long-type-17059023675158942758.txt'
[INFO] [stdout]     = note: consider using `--verbose` to print the full type name to the console
[INFO] [stdout] 
[INFO] [stdout] 
[INFO] [stdout] error[E0277]: the trait bound `EncodableField<'_>: From<RequestTransactionDataError<'_>>` is not satisfied
[INFO] [stdout]    --> /opt/rustwide/cargo-home/registry/src/index.crates.io-1949cf8c6b5b557f/parsers_sv2-0.1.1/src/lib.rs:595:71
[INFO] [stdout]     |
[INFO] [stdout] 595 |             TemplateDistribution::RequestTransactionDataError(a) => a.into(),
[INFO] [stdout]     |                                                                       ^^^^ the trait `From<RequestTransactionDataError<'_>>` is not implemented for `EncodableField<'_>`
[INFO] [stdout]     |
[INFO] [stdout]     = help: `EncodableField<'_>` implements trait `From<T>`:
[INFO] [stdout]               From<AnyMessage<'_>>
[INFO] [stdout]               From<CloseChannel<'_>>
[INFO] [stdout]               From<CommonMessages<'_>>
[INFO] [stdout]               From<Header>
[INFO] [stdout]               From<JobDeclaration<'_>>
[INFO] [stdout]               From<Mining<'_>>
[INFO] [stdout]               From<MiningDeviceMessages<'_>>
[INFO] [stdout]               From<NewExtendedMiningJob<'_>>
[INFO] [stdout]             and 69 others
[INFO] [stdout]     = note: required for `RequestTransactionDataError<'_>` to implement `Into<EncodableField<'_>>`
[INFO] [stdout]     = note: the full name for the type has been written to '/opt/rustwide/target/debug/build/parsers_sv2/edf1cfe927842dff/out/parsers_sv2-edf1cfe927842dff.long-type-17059023675158942758.txt'
[INFO] [stdout]     = note: consider using `--verbose` to print the full type name to the console
[INFO] [stdout] 
[INFO] [stdout] 
[INFO] [stdout] error[E0277]: the trait bound `EncodableField<'_>: From<RequestTransactionDataSuccess<'_>>` is not satisfied
[INFO] [stdout]    --> /opt/rustwide/cargo-home/registry/src/index.crates.io-1949cf8c6b5b557f/parsers_sv2-0.1.1/src/lib.rs:596:73
[INFO] [stdout]     |
[INFO] [stdout] 596 |             TemplateDistribution::RequestTransactionDataSuccess(a) => a.into(),
[INFO] [stdout]     |                                                                         ^^^^ the trait `From<RequestTransactionDataSuccess<'_>>` is not implemented for `EncodableField<'_>`
[INFO] [stdout]     |
[INFO] [stdout]     = help: `EncodableField<'_>` implements trait `From<T>`:
[INFO] [stdout]               From<AnyMessage<'_>>
[INFO] [stdout]               From<CloseChannel<'_>>
[INFO] [stdout]               From<CommonMessages<'_>>
[INFO] [stdout]               From<Header>
[INFO] [stdout]               From<JobDeclaration<'_>>
[INFO] [stdout]               From<Mining<'_>>
[INFO] [stdout]               From<MiningDeviceMessages<'_>>
[INFO] [stdout]               From<NewExtendedMiningJob<'_>>
[INFO] [stdout]             and 69 others
[INFO] [stdout]     = note: required for `RequestTransactionDataSuccess<'_>` to implement `Into<EncodableField<'_>>`
[INFO] [stdout]     = note: the full name for the type has been written to '/opt/rustwide/target/debug/build/parsers_sv2/edf1cfe927842dff/out/parsers_sv2-edf1cfe927842dff.long-type-17059023675158942758.txt'
[INFO] [stdout]     = note: consider using `--verbose` to print the full type name to the console
[INFO] [stdout] 
[INFO] [stdout] 
[INFO] [stdout] error[E0277]: the trait bound `EncodableField<'_>: From<template_distribution_sv2::SetNewPrevHash<'_>>` is not satisfied
[INFO] [stdout]    --> /opt/rustwide/cargo-home/registry/src/index.crates.io-1949cf8c6b5b557f/parsers_sv2-0.1.1/src/lib.rs:597:58
[INFO] [stdout]     |
[INFO] [stdout] 597 |             TemplateDistribution::SetNewPrevHash(a) => a.into(),
[INFO] [stdout]     |                                                          ^^^^ the trait `From<template_distribution_sv2::SetNewPrevHash<'_>>` is not implemented for `EncodableField<'_>`
[INFO] [stdout]     |
[INFO] [stdout]     = help: `EncodableField<'_>` implements trait `From<T>`:
[INFO] [stdout]               From<AnyMessage<'_>>
[INFO] [stdout]               From<CloseChannel<'_>>
[INFO] [stdout]               From<CommonMessages<'_>>
[INFO] [stdout]               From<Header>
[INFO] [stdout]               From<JobDeclaration<'_>>
[INFO] [stdout]               From<Mining<'_>>
[INFO] [stdout]               From<MiningDeviceMessages<'_>>
[INFO] [stdout]               From<NewExtendedMiningJob<'_>>
[INFO] [stdout]             and 69 others
[INFO] [stdout]     = note: required for `template_distribution_sv2::SetNewPrevHash<'_>` to implement `Into<EncodableField<'_>>`
[INFO] [stdout]     = note: the full name for the type has been written to '/opt/rustwide/target/debug/build/parsers_sv2/edf1cfe927842dff/out/parsers_sv2-edf1cfe927842dff.long-type-17059023675158942758.txt'
[INFO] [stdout]     = note: consider using `--verbose` to print the full type name to the console
[INFO] [stdout] 
[INFO] [stdout] 
[INFO] [stdout] error[E0277]: the trait bound `EncodableField<'_>: From<SubmitSolution<'_>>` is not satisfied
[INFO] [stdout]    --> /opt/rustwide/cargo-home/registry/src/index.crates.io-1949cf8c6b5b557f/parsers_sv2-0.1.1/src/lib.rs:598:58
[INFO] [stdout]     |
[INFO] [stdout] 598 |             TemplateDistribution::SubmitSolution(a) => a.into(),
[INFO] [stdout]     |                                                          ^^^^ the trait `From<SubmitSolution<'_>>` is not implemented for `EncodableField<'_>`
[INFO] [stdout]     |
[INFO] [stdout]     = help: `EncodableField<'_>` implements trait `From<T>`:
[INFO] [stdout]               From<AnyMessage<'_>>
[INFO] [stdout]               From<CloseChannel<'_>>
[INFO] [stdout]               From<CommonMessages<'_>>
[INFO] [stdout]               From<Header>
[INFO] [stdout]               From<JobDeclaration<'_>>
[INFO] [stdout]               From<Mining<'_>>
[INFO] [stdout]               From<MiningDeviceMessages<'_>>
[INFO] [stdout]               From<NewExtendedMiningJob<'_>>
[INFO] [stdout]             and 69 others
[INFO] [stdout]     = note: required for `SubmitSolution<'_>` to implement `Into<EncodableField<'_>>`
[INFO] [stdout]     = note: the full name for the type has been written to '/opt/rustwide/target/debug/build/parsers_sv2/edf1cfe927842dff/out/parsers_sv2-edf1cfe927842dff.long-type-17059023675158942758.txt'
[INFO] [stdout]     = note: consider using `--verbose` to print the full type name to the console
[INFO] [stdout] 
[INFO] [stdout] 
[INFO] [stdout] error[E0277]: the trait bound `EncodableField<'_>: From<AllocateMiningJobToken<'_>>` is not satisfied
[INFO] [stdout]    --> /opt/rustwide/cargo-home/registry/src/index.crates.io-1949cf8c6b5b557f/parsers_sv2-0.1.1/src/lib.rs:605:60
[INFO] [stdout]     |
[INFO] [stdout] 605 |             JobDeclaration::AllocateMiningJobToken(a) => a.into(),
[INFO] [stdout]     |                                                            ^^^^ the trait `From<AllocateMiningJobToken<'_>>` is not implemented for `EncodableField<'_>`
[INFO] [stdout]     |
[INFO] [stdout]     = help: `EncodableField<'_>` implements trait `From<T>`:
[INFO] [stdout]               From<AnyMessage<'_>>
[INFO] [stdout]               From<CloseChannel<'_>>
[INFO] [stdout]               From<CommonMessages<'_>>
[INFO] [stdout]               From<Header>
[INFO] [stdout]               From<JobDeclaration<'_>>
[INFO] [stdout]               From<Mining<'_>>
[INFO] [stdout]               From<MiningDeviceMessages<'_>>
[INFO] [stdout]               From<NewExtendedMiningJob<'_>>
[INFO] [stdout]             and 69 others
[INFO] [stdout]     = note: required for `AllocateMiningJobToken<'_>` to implement `Into<EncodableField<'_>>`
[INFO] [stdout]     = note: the full name for the type has been written to '/opt/rustwide/target/debug/build/parsers_sv2/edf1cfe927842dff/out/parsers_sv2-edf1cfe927842dff.long-type-17059023675158942758.txt'
[INFO] [stdout]     = note: consider using `--verbose` to print the full type name to the console
[INFO] [stdout] 
[INFO] [stdout] 
[INFO] [stdout] error[E0277]: the trait bound `EncodableField<'_>: From<AllocateMiningJobTokenSuccess<'_>>` is not satisfied
[INFO] [stdout]    --> /opt/rustwide/cargo-home/registry/src/index.crates.io-1949cf8c6b5b557f/parsers_sv2-0.1.1/src/lib.rs:606:67
[INFO] [stdout]     |
[INFO] [stdout] 606 |             JobDeclaration::AllocateMiningJobTokenSuccess(a) => a.into(),
[INFO] [stdout]     |                                                                   ^^^^ the trait `From<AllocateMiningJobTokenSuccess<'_>>` is not implemented for `EncodableField<'_>`
[INFO] [stdout]     |
[INFO] [stdout]     = help: `EncodableField<'_>` implements trait `From<T>`:
[INFO] [stdout]               From<AnyMessage<'_>>
[INFO] [stdout]               From<CloseChannel<'_>>
[INFO] [stdout]               From<CommonMessages<'_>>
[INFO] [stdout]               From<Header>
[INFO] [stdout]               From<JobDeclaration<'_>>
[INFO] [stdout]               From<Mining<'_>>
[INFO] [stdout]               From<MiningDeviceMessages<'_>>
[INFO] [stdout]               From<NewExtendedMiningJob<'_>>
[INFO] [stdout]             and 69 others
[INFO] [stdout]     = note: required for `AllocateMiningJobTokenSuccess<'_>` to implement `Into<EncodableField<'_>>`
[INFO] [stdout]     = note: the full name for the type has been written to '/opt/rustwide/target/debug/build/parsers_sv2/edf1cfe927842dff/out/parsers_sv2-edf1cfe927842dff.long-type-17059023675158942758.txt'
[INFO] [stdout]     = note: consider using `--verbose` to print the full type name to the console
[INFO] [stdout] 
[INFO] [stdout] 
[INFO] [stdout] error[E0277]: the trait bound `EncodableField<'_>: From<DeclareMiningJob<'_>>` is not satisfied
[INFO] [stdout]    --> /opt/rustwide/cargo-home/registry/src/index.crates.io-1949cf8c6b5b557f/parsers_sv2-0.1.1/src/lib.rs:607:54
[INFO] [stdout]     |
[INFO] [stdout] 607 |             JobDeclaration::DeclareMiningJob(a) => a.into(),
[INFO] [stdout]     |                                                      ^^^^ the trait `From<DeclareMiningJob<'_>>` is not implemented for `EncodableField<'_>`
[INFO] [stdout]     |
[INFO] [stdout]     = help: `EncodableField<'_>` implements trait `From<T>`:
[INFO] [stdout]               From<AnyMessage<'_>>
[INFO] [stdout]               From<CloseChannel<'_>>
[INFO] [stdout]               From<CommonMessages<'_>>
[INFO] [stdout]               From<Header>
[INFO] [stdout]               From<JobDeclaration<'_>>
[INFO] [stdout]               From<Mining<'_>>
[INFO] [stdout]               From<MiningDeviceMessages<'_>>
[INFO] [stdout]               From<NewExtendedMiningJob<'_>>
[INFO] [stdout]             and 69 others
[INFO] [stdout]     = note: required for `DeclareMiningJob<'_>` to implement `Into<EncodableField<'_>>`
[INFO] [stdout]     = note: the full name for the type has been written to '/opt/rustwide/target/debug/build/parsers_sv2/edf1cfe927842dff/out/parsers_sv2-edf1cfe927842dff.long-type-17059023675158942758.txt'
[INFO] [stdout]     = note: consider using `--verbose` to print the full type name to the console
[INFO] [stdout] 
[INFO] [stdout] 
[INFO] [stdout] error[E0277]: the trait bound `EncodableField<'_>: From<DeclareMiningJobSuccess<'_>>` is not satisfied
[INFO] [stdout]    --> /opt/rustwide/cargo-home/registry/src/index.crates.io-1949cf8c6b5b557f/parsers_sv2-0.1.1/src/lib.rs:608:61
[INFO] [stdout]     |
[INFO] [stdout] 608 |             JobDeclaration::DeclareMiningJobSuccess(a) => a.into(),
[INFO] [stdout]     |                                                             ^^^^ the trait `From<DeclareMiningJobSuccess<'_>>` is not implemented for `EncodableField<'_>`
[INFO] [stdout]     |
[INFO] [stdout]     = help: `EncodableField<'_>` implements trait `From<T>`:
[INFO] [stdout]               From<AnyMessage<'_>>
[INFO] [stdout]               From<CloseChannel<'_>>
[INFO] [stdout]               From<CommonMessages<'_>>
[INFO] [stdout]               From<Header>
[INFO] [stdout]               From<JobDeclaration<'_>>
[INFO] [stdout]               From<Mining<'_>>
[INFO] [stdout]               From<MiningDeviceMessages<'_>>
[INFO] [stdout]               From<NewExtendedMiningJob<'_>>
[INFO] [stdout]             and 69 others
[INFO] [stdout]     = note: required for `DeclareMiningJobSuccess<'_>` to implement `Into<EncodableField<'_>>`
[INFO] [stdout]     = note: the full name for the type has been written to '/opt/rustwide/target/debug/build/parsers_sv2/edf1cfe927842dff/out/parsers_sv2-edf1cfe927842dff.long-type-17059023675158942758.txt'
[INFO] [stdout]     = note: consider using `--verbose` to print the full type name to the console
[INFO] [stdout] 
[INFO] [stdout] 
[INFO] [stdout] error[E0277]: the trait bound `EncodableField<'_>: From<DeclareMiningJobError<'_>>` is not satisfied
[INFO] [stdout]    --> /opt/rustwide/cargo-home/registry/src/index.crates.io-1949cf8c6b5b557f/parsers_sv2-0.1.1/src/lib.rs:609:59
[INFO] [stdout]     |
[INFO] [stdout] 609 |             JobDeclaration::DeclareMiningJobError(a) => a.into(),
[INFO] [stdout]     |                                                           ^^^^ the trait `From<DeclareMiningJobError<'_>>` is not implemented for `EncodableField<'_>`
[INFO] [stdout]     |
[INFO] [stdout]     = help: `EncodableField<'_>` implements trait `From<T>`:
[INFO] [stdout]               From<AnyMessage<'_>>
[INFO] [stdout]               From<CloseChannel<'_>>
[INFO] [stdout]               From<CommonMessages<'_>>
[INFO] [stdout]               From<Header>
[INFO] [stdout]               From<JobDeclaration<'_>>
[INFO] [stdout]               From<Mining<'_>>
[INFO] [stdout]               From<MiningDeviceMessages<'_>>
[INFO] [stdout]               From<NewExtendedMiningJob<'_>>
[INFO] [stdout]             and 69 others
[INFO] [stdout]     = note: required for `DeclareMiningJobError<'_>` to implement `Into<EncodableField<'_>>`
[INFO] [stdout]     = note: the full name for the type has been written to '/opt/rustwide/target/debug/build/parsers_sv2/edf1cfe927842dff/out/parsers_sv2-edf1cfe927842dff.long-type-17059023675158942758.txt'
[INFO] [stdout]     = note: consider using `--verbose` to print the full type name to the console
[INFO] [stdout] 
[INFO] [stdout] 
[INFO] [stdout] error[E0277]: the trait bound `EncodableField<'_>: From<ProvideMissingTransactions<'_>>` is not satisfied
[INFO] [stdout]    --> /opt/rustwide/cargo-home/registry/src/index.crates.io-1949cf8c6b5b557f/parsers_sv2-0.1.1/src/lib.rs:610:64
[INFO] [stdout]     |
[INFO] [stdout] 610 |             JobDeclaration::ProvideMissingTransactions(a) => a.into(),
[INFO] [stdout]     |                                                                ^^^^ the trait `From<ProvideMissingTransactions<'_>>` is not implemented for `EncodableField<'_>`
[INFO] [stdout]     |
[INFO] [stdout]     = help: `EncodableField<'_>` implements trait `From<T>`:
[INFO] [stdout]               From<AnyMessage<'_>>
[INFO] [stdout]               From<CloseChannel<'_>>
[INFO] [stdout]               From<CommonMessages<'_>>
[INFO] [stdout]               From<Header>
[INFO] [stdout]               From<JobDeclaration<'_>>
[INFO] [stdout]               From<Mining<'_>>
[INFO] [stdout]               From<MiningDeviceMessages<'_>>
[INFO] [stdout]               From<NewExtendedMiningJob<'_>>
[INFO] [stdout]             and 69 others
[INFO] [stdout]     = note: required for `ProvideMissingTransactions<'_>` to implement `Into<EncodableField<'_>>`
[INFO] [stdout]     = note: the full name for the type has been written to '/opt/rustwide/target/debug/build/parsers_sv2/edf1cfe927842dff/out/parsers_sv2-edf1cfe927842dff.long-type-17059023675158942758.txt'
[INFO] [stdout]     = note: consider using `--verbose` to print the full type name to the console
[INFO] [stdout] 
[INFO] [stdout] 
[INFO] [stdout] error[E0277]: the trait bound `EncodableField<'_>: From<ProvideMissingTransactionsSuccess<'_>>` is not satisfied
[INFO] [stdout]    --> /opt/rustwide/cargo-home/registry/src/index.crates.io-1949cf8c6b5b557f/parsers_sv2-0.1.1/src/lib.rs:611:71
[INFO] [stdout]     |
[INFO] [stdout] 611 |             JobDeclaration::ProvideMissingTransactionsSuccess(a) => a.into(),
[INFO] [stdout]     |                                                                       ^^^^ the trait `From<ProvideMissingTransactionsSuccess<'_>>` is not implemented for `EncodableField<'_>`
[INFO] [stdout]     |
[INFO] [stdout]     = help: `EncodableField<'_>` implements trait `From<T>`:
[INFO] [stdout]               From<AnyMessage<'_>>
[INFO] [stdout]               From<CloseChannel<'_>>
[INFO] [stdout]               From<CommonMessages<'_>>
[INFO] [stdout]               From<Header>
[INFO] [stdout]               From<JobDeclaration<'_>>
[INFO] [stdout]               From<Mining<'_>>
[INFO] [stdout]               From<MiningDeviceMessages<'_>>
[INFO] [stdout]               From<NewExtendedMiningJob<'_>>
[INFO] [stdout]             and 69 others
[INFO] [stdout]     = note: required for `ProvideMissingTransactionsSuccess<'_>` to implement `Into<EncodableField<'_>>`
[INFO] [stdout]     = note: the full name for the type has been written to '/opt/rustwide/target/debug/build/parsers_sv2/edf1cfe927842dff/out/parsers_sv2-edf1cfe927842dff.long-type-17059023675158942758.txt'
[INFO] [stdout]     = note: consider using `--verbose` to print the full type name to the console
[INFO] [stdout] 
[INFO] [stdout] 
[INFO] [stdout] error[E0277]: the trait bound `EncodableField<'_>: From<PushSolution<'_>>` is not satisfied
[INFO] [stdout]    --> /opt/rustwide/cargo-home/registry/src/index.crates.io-1949cf8c6b5b557f/parsers_sv2-0.1.1/src/lib.rs:612:50
[INFO] [stdout]     |
[INFO] [stdout] 612 |             JobDeclaration::PushSolution(a) => a.into(),
[INFO] [stdout]     |                                                  ^^^^ the trait `From<PushSolution<'_>>` is not implemented for `EncodableField<'_>`
[INFO] [stdout]     |
[INFO] [stdout]     = help: `EncodableField<'_>` implements trait `From<T>`:
[INFO] [stdout]               From<AnyMessage<'_>>
[INFO] [stdout]               From<CloseChannel<'_>>
[INFO] [stdout]               From<CommonMessages<'_>>
[INFO] [stdout]               From<Header>
[INFO] [stdout]               From<JobDeclaration<'_>>
[INFO] [stdout]               From<Mining<'_>>
[INFO] [stdout]               From<MiningDeviceMessages<'_>>
[INFO] [stdout]               From<NewExtendedMiningJob<'_>>
[INFO] [stdout]             and 69 others
[INFO] [stdout]     = note: required for `PushSolution<'_>` to implement `Into<EncodableField<'_>>`
[INFO] [stdout]     = note: the full name for the type has been written to '/opt/rustwide/target/debug/build/parsers_sv2/edf1cfe927842dff/out/parsers_sv2-edf1cfe927842dff.long-type-17059023675158942758.txt'
[INFO] [stdout]     = note: consider using `--verbose` to print the full type name to the console
[INFO] [stdout] 
[INFO] [stdout] 
[INFO] [stdout] error[E0599]: the method `get_size` exists for reference `&ChannelEndpointChanged`, but its trait bounds were not satisfied
[INFO] [stdout]    --> /opt/rustwide/cargo-home/registry/src/index.crates.io-1949cf8c6b5b557f/parsers_sv2-0.1.1/src/lib.rs:648:60
[INFO] [stdout]     |
[INFO] [stdout] 648 |             CommonMessages::ChannelEndpointChanged(a) => a.get_size(),
[INFO] [stdout]     |                                                            ^^^^^^^^ method cannot be called on `&ChannelEndpointChanged` due to unsatisfied trait bounds
[INFO] [stdout]     |
[INFO] [stdout]    ::: /opt/rustwide/cargo-home/registry/src/index.crates.io-1949cf8c6b5b557f/common_messages_sv2-6.0.2/src/channel_endpoint_changed.rs:15:1
[INFO] [stdout]     |
[INFO] [stdout]  15 | pub struct ChannelEndpointChanged {
[INFO] [stdout]     | --------------------------------- doesn't satisfy `ChannelEndpointChanged: Fixed` or `ChannelEndpointChanged: GetSize`
[INFO] [stdout]     |
[INFO] [stdout]     = note: the following trait bounds were not satisfied:
[INFO] [stdout]             `ChannelEndpointChanged: Fixed`
[INFO] [stdout]             which is required by `ChannelEndpointChanged: GetSize`
[INFO] [stdout]             `&ChannelEndpointChanged: Fixed`
[INFO] [stdout]             which is required by `&ChannelEndpointChanged: GetSize`
[INFO] [stdout]     = help: items from traits can only be used if the trait is in scope
[INFO] [stdout] help: trait `GetSize` which provides `get_size` is implemented but not in scope; perhaps you want to import it
[INFO] [stdout]     |
[INFO] [stdout]  25 + use binary_sv2::codec::GetSize;
[INFO] [stdout]     |
[INFO] [stdout] 
[INFO] [stdout] 
[INFO] [stdout] error[E0599]: the method `get_size` exists for reference `&Reconnect<'_>`, but its trait bounds were not satisfied
[INFO] [stdout]    --> /opt/rustwide/cargo-home/registry/src/index.crates.io-1949cf8c6b5b557f/parsers_sv2-0.1.1/src/lib.rs:649:47
[INFO] [stdout]     |
[INFO] [stdout] 649 |             CommonMessages::Reconnect(a) => a.get_size(),
[INFO] [stdout]     |                                               ^^^^^^^^ method cannot be called on `&Reconnect<'_>` due to unsatisfied trait bounds
[INFO] [stdout]     |
[INFO] [stdout]    ::: /opt/rustwide/cargo-home/registry/src/index.crates.io-1949cf8c6b5b557f/common_messages_sv2-6.0.2/src/reconnect.rs:16:1
[INFO] [stdout]     |
[INFO] [stdout]  16 | pub struct Reconnect<'decoder> {
[INFO] [stdout]     | ------------------------------ doesn't satisfy `Reconnect<'_>: Fixed` or `Reconnect<'_>: GetSize`
[INFO] [stdout]     |
[INFO] [stdout]     = note: the following trait bounds were not satisfied:
[INFO] [stdout]             `Reconnect<'_>: Fixed`
[INFO] [stdout]             which is required by `Reconnect<'_>: GetSize`
[INFO] [stdout]             `&Reconnect<'_>: Fixed`
[INFO] [stdout]             which is required by `&Reconnect<'_>: GetSize`
[INFO] [stdout]     = help: items from traits can only be used if the trait is in scope
[INFO] [stdout] help: trait `GetSize` which provides `get_size` is implemented but not in scope; perhaps you want to import it
[INFO] [stdout]     |
[INFO] [stdout]  25 + use binary_sv2::codec::GetSize;
[INFO] [stdout]     |
[INFO] [stdout] 
[INFO] [stdout] 
[INFO] [stdout] error[E0599]: the method `get_size` exists for reference `&SetupConnection<'_>`, but its trait bounds were not satisfied
[INFO] [stdout]    --> /opt/rustwide/cargo-home/registry/src/index.crates.io-1949cf8c6b5b557f/parsers_sv2-0.1.1/src/lib.rs:650:53
[INFO] [stdout]     |
[INFO] [stdout] 650 |             CommonMessages::SetupConnection(a) => a.get_size(),
[INFO] [stdout]     |                                                     ^^^^^^^^ method cannot be called on `&SetupConnection<'_>` due to unsatisfied trait bounds
[INFO] [stdout]     |
[INFO] [stdout]    ::: /opt/rustwide/cargo-home/registry/src/index.crates.io-1949cf8c6b5b557f/common_messages_sv2-6.0.2/src/setup_connection.rs:27:1
[INFO] [stdout]     |
[INFO] [stdout]  27 | pub struct SetupConnection<'decoder> {
[INFO] [stdout]     | ------------------------------------ doesn't satisfy `SetupConnection<'_>: Fixed` or `SetupConnection<'_>: GetSize`
[INFO] [stdout]     |
[INFO] [stdout]     = note: the following trait bounds were not satisfied:
[INFO] [stdout]             `SetupConnection<'_>: Fixed`
[INFO] [stdout]             which is required by `SetupConnection<'_>: GetSize`
[INFO] [stdout]             `&SetupConnection<'_>: Fixed`
[INFO] [stdout]             which is required by `&SetupConnection<'_>: GetSize`
[INFO] [stdout]     = help: items from traits can only be used if the trait is in scope
[INFO] [stdout] help: trait `GetSize` which provides `get_size` is implemented but not in scope; perhaps you want to import it
[INFO] [stdout]     |
[INFO] [stdout]  25 + use binary_sv2::codec::GetSize;
[INFO] [stdout]     |
[INFO] [stdout] 
[INFO] [stdout] 
[INFO] [stdout] error[E0599]: the method `get_size` exists for reference `&SetupConnectionError<'_>`, but its trait bounds were not satisfied
[INFO] [stdout]    --> /opt/rustwide/cargo-home/registry/src/index.crates.io-1949cf8c6b5b557f/parsers_sv2-0.1.1/src/lib.rs:651:58
[INFO] [stdout]     |
[INFO] [stdout] 651 |             CommonMessages::SetupConnectionError(a) => a.get_size(),
[INFO] [stdout]     |                                                          ^^^^^^^^ method cannot be called on `&SetupConnectionError<'_>` due to unsatisfied trait bounds
[INFO] [stdout]     |
[INFO] [stdout]    ::: /opt/rustwide/cargo-home/registry/src/index.crates.io-1949cf8c6b5b557f/common_messages_sv2-6.0.2/src/setup_connection.rs:243:1
[INFO] [stdout]     |
[INFO] [stdout] 243 | pub struct SetupConnectionError<'decoder> {
[INFO] [stdout]     | ----------------------------------------- doesn't satisfy `SetupConnectionError<'_>: Fixed` or `SetupConnectionError<'_>: GetSize`
[INFO] [stdout]     |
[INFO] [stdout]     = note: the following trait bounds were not satisfied:
[INFO] [stdout]             `SetupConnectionError<'_>: Fixed`
[INFO] [stdout]             which is required by `SetupConnectionError<'_>: GetSize`
[INFO] [stdout]             `&SetupConnectionError<'_>: Fixed`
[INFO] [stdout]             which is required by `&SetupConnectionError<'_>: GetSize`
[INFO] [stdout]     = help: items from traits can only be used if the trait is in scope
[INFO] [stdout] help: trait `GetSize` which provides `get_size` is implemented but not in scope; perhaps you want to import it
[INFO] [stdout]     |
[INFO] [stdout]  25 + use binary_sv2::codec::GetSize;
[INFO] [stdout]     |
[INFO] [stdout] 
[INFO] [stdout] 
[INFO] [stdout] error[E0599]: the method `get_size` exists for reference `&SetupConnectionSuccess`, but its trait bounds were not satisfied
[INFO] [stdout]    --> /opt/rustwide/cargo-home/registry/src/index.crates.io-1949cf8c6b5b557f/parsers_sv2-0.1.1/src/lib.rs:652:60
[INFO] [stdout]     |
[INFO] [stdout] 652 |             CommonMessages::SetupConnectionSuccess(a) => a.get_size(),
[INFO] [stdout]     |                                                            ^^^^^^^^ method cannot be called on `&SetupConnectionSuccess` due to unsatisfied trait bounds
[INFO] [stdout]     |
[INFO] [stdout]    ::: /opt/rustwide/cargo-home/registry/src/index.crates.io-1949cf8c6b5b557f/common_messages_sv2-6.0.2/src/setup_connection.rs:205:1
[INFO] [stdout]     |
[INFO] [stdout] 205 | pub struct SetupConnectionSuccess {
[INFO] [stdout]     | --------------------------------- doesn't satisfy `SetupConnectionSuccess: Fixed` or `SetupConnectionSuccess: GetSize`
[INFO] [stdout]     |
[INFO] [stdout]     = note: the following trait bounds were not satisfied:
[INFO] [stdout]             `SetupConnectionSuccess: Fixed`
[INFO] [stdout]             which is required by `SetupConnectionSuccess: GetSize`
[INFO] [stdout]             `&SetupConnectionSuccess: Fixed`
[INFO] [stdout]             which is required by `&SetupConnectionSuccess: GetSize`
[INFO] [stdout]     = help: items from traits can only be used if the trait is in scope
[INFO] [stdout] help: trait `GetSize` which provides `get_size` is implemented but not in scope; perhaps you want to import it
[INFO] [stdout]     |
[INFO] [stdout]  25 + use binary_sv2::codec::GetSize;
[INFO] [stdout]     |
[INFO] [stdout] 
[INFO] [stdout] 
[INFO] [stdout] error[E0599]: the method `get_size` exists for reference `&CoinbaseOutputConstraints`, but its trait bounds were not satisfied
[INFO] [stdout]    --> /opt/rustwide/cargo-home/registry/src/index.crates.io-1949cf8c6b5b557f/parsers_sv2-0.1.1/src/lib.rs:659:69
[INFO] [stdout]     |
[INFO] [stdout] 659 |             TemplateDistribution::CoinbaseOutputConstraints(a) => a.get_size(),
[INFO] [stdout]     |                                                                     ^^^^^^^^ method cannot be called on `&CoinbaseOutputConstraints` due to unsatisfied trait bounds
[INFO] [stdout]     |
[INFO] [stdout]    ::: /opt/rustwide/cargo-home/registry/src/index.crates.io-1949cf8c6b5b557f/template_distribution_sv2-4.0.2/src/coinbase_output_constraints.rs:27:1
[INFO] [stdout]     |
[INFO] [stdout]  27 | pub struct CoinbaseOutputConstraints {
[INFO] [stdout]     | ------------------------------------ doesn't satisfy `CoinbaseOutputConstraints: Fixed` or `CoinbaseOutputConstraints: GetSize`
[INFO] [stdout]     |
[INFO] [stdout]     = note: the following trait bounds were not satisfied:
[INFO] [stdout]             `CoinbaseOutputConstraints: Fixed`
[INFO] [stdout]             which is required by `CoinbaseOutputConstraints: GetSize`
[INFO] [stdout]             `&CoinbaseOutputConstraints: Fixed`
[INFO] [stdout]             which is required by `&CoinbaseOutputConstraints: GetSize`
[INFO] [stdout]     = help: items from traits can only be used if the trait is in scope
[INFO] [stdout] help: trait `GetSize` which provides `get_size` is implemented but not in scope; perhaps you want to import it
[INFO] [stdout]     |
[INFO] [stdout]  25 + use binary_sv2::codec::GetSize;
[INFO] [stdout]     |
[INFO] [stdout] 
[INFO] [stdout] 
[INFO] [stdout] error[E0599]: the method `get_size` exists for reference `&NewTemplate<'_>`, but its trait bounds were not satisfied
[INFO] [stdout]    --> /opt/rustwide/cargo-home/registry/src/index.crates.io-1949cf8c6b5b557f/parsers_sv2-0.1.1/src/lib.rs:660:55
[INFO] [stdout]     |
[INFO] [stdout] 660 |             TemplateDistribution::NewTemplate(a) => a.get_size(),
[INFO] [stdout]     |                                                       ^^^^^^^^ method cannot be called on `&NewTemplate<'_>` due to unsatisfied trait bounds
[INFO] [stdout]     |
[INFO] [stdout]    ::: /opt/rustwide/cargo-home/registry/src/index.crates.io-1949cf8c6b5b557f/template_distribution_sv2-4.0.2/src/new_template.rs:8:1
[INFO] [stdout]     |
[INFO] [stdout]   8 | pub struct NewTemplate<'decoder> {
[INFO] [stdout]     | -------------------------------- doesn't satisfy `NewTemplate<'_>: Fixed` or `NewTemplate<'_>: GetSize`
[INFO] [stdout]     |
[INFO] [stdout]     = note: the following trait bounds were not satisfied:
[INFO] [stdout]             `NewTemplate<'_>: Fixed`
[INFO] [stdout]             which is required by `NewTemplate<'_>: GetSize`
[INFO] [stdout]             `&NewTemplate<'_>: Fixed`
[INFO] [stdout]             which is required by `&NewTemplate<'_>: GetSize`
[INFO] [stdout]     = help: items from traits can only be used if the trait is in scope
[INFO] [stdout] help: trait `GetSize` which provides `get_size` is implemented but not in scope; perhaps you want to import it
[INFO] [stdout]     |
[INFO] [stdout]  25 + use binary_sv2::codec::GetSize;
[INFO] [stdout]     |
[INFO] [stdout] 
[INFO] [stdout] 
[INFO] [stdout] error[E0599]: the method `get_size` exists for reference `&RequestTransactionData`, but its trait bounds were not satisfied
[INFO] [stdout]    --> /opt/rustwide/cargo-home/registry/src/index.crates.io-1949cf8c6b5b557f/parsers_sv2-0.1.1/src/lib.rs:661:66
[INFO] [stdout]     |
[INFO] [stdout] 661 |             TemplateDistribution::RequestTransactionData(a) => a.get_size(),
[INFO] [stdout]     |                                                                  ^^^^^^^^ method cannot be called on `&RequestTransactionData` due to unsatisfied trait bounds
[INFO] [stdout]     |
[INFO] [stdout]    ::: /opt/rustwide/cargo-home/registry/src/index.crates.io-1949cf8c6b5b557f/template_distribution_sv2-4.0.2/src/request_transaction_data.rs:12:1
[INFO] [stdout]     |
[INFO] [stdout]  12 | pub struct RequestTransactionData {
[INFO] [stdout]     | --------------------------------- doesn't satisfy `RequestTransactionData: Fixed` or `RequestTransactionData: GetSize`
[INFO] [stdout]     |
[INFO] [stdout]     = note: the following trait bounds were not satisfied:
[INFO] [stdout]             `RequestTransactionData: Fixed`
[INFO] [stdout]             which is required by `RequestTransactionData: GetSize`
[INFO] [stdout]             `&RequestTransactionData: Fixed`
[INFO] [stdout]             which is required by `&RequestTransactionData: GetSize`
[INFO] [stdout]     = help: items from traits can only be used if the trait is in scope
[INFO] [stdout] help: trait `GetSize` which provides `get_size` is implemented but not in scope; perhaps you want to import it
[INFO] [stdout]     |
[INFO] [stdout]  25 + use binary_sv2::codec::GetSize;
[INFO] [stdout]     |
[INFO] [stdout] 
[INFO] [stdout] 
[INFO] [stdout] error[E0599]: the method `get_size` exists for reference `&RequestTransactionDataError<'_>`, but its trait bounds were not satisfied
[INFO] [stdout]    --> /opt/rustwide/cargo-home/registry/src/index.crates.io-1949cf8c6b5b557f/parsers_sv2-0.1.1/src/lib.rs:662:71
[INFO] [stdout]     |
[INFO] [stdout] 662 |             TemplateDistribution::RequestTransactionDataError(a) => a.get_size(),
[INFO] [stdout]     |                                                                       ^^^^^^^^ method cannot be called on `&RequestTransactionDataError<'_>` due to unsatisfied trait bounds
[INFO] [stdout]     |
[INFO] [stdout]    ::: /opt/rustwide/cargo-home/registry/src/index.crates.io-1949cf8c6b5b557f/template_distribution_sv2-4.0.2/src/request_transaction_data.rs:85:1
[INFO] [stdout]     |
[INFO] [stdout]  85 | pub struct RequestTransactionDataError<'decoder> {
[INFO] [stdout]     | ------------------------------------------------ doesn't satisfy `RequestTransactionDataError<'_>: Fixed` or `RequestTransactionDataError<'_>: GetSize`
[INFO] [stdout]     |
[INFO] [stdout]     = note: the following trait bounds were not satisfied:
[INFO] [stdout]             `RequestTransactionDataError<'_>: Fixed`
[INFO] [stdout]             which is required by `RequestTransactionDataError<'_>: GetSize`
[INFO] [stdout]             `&RequestTransactionDataError<'_>: Fixed`
[INFO] [stdout]             which is required by `&RequestTransactionDataError<'_>: GetSize`
[INFO] [stdout]     = help: items from traits can only be used if the trait is in scope
[INFO] [stdout] help: trait `GetSize` which provides `get_size` is implemented but not in scope; perhaps you want to import it
[INFO] [stdout]     |
[INFO] [stdout]  25 + use binary_sv2::codec::GetSize;
[INFO] [stdout]     |
[INFO] [stdout] 
[INFO] [stdout] 
[INFO] [stdout] error[E0599]: the method `get_size` exists for reference `&RequestTransactionDataSuccess<'_>`, but its trait bounds were not satisfied
[INFO] [stdout]    --> /opt/rustwide/cargo-home/registry/src/index.crates.io-1949cf8c6b5b557f/parsers_sv2-0.1.1/src/lib.rs:663:73
[INFO] [stdout]     |
[INFO] [stdout] 663 |             TemplateDistribution::RequestTransactionDataSuccess(a) => a.get_size(),
[INFO] [stdout]     |                                                                         ^^^^^^^^ method cannot be called on `&RequestTransactionDataSuccess<'_>` due to unsatisfied trait bounds
[INFO] [stdout]     |
[INFO] [stdout]    ::: /opt/rustwide/cargo-home/registry/src/index.crates.io-1949cf8c6b5b557f/template_distribution_sv2-4.0.2/src/request_transaction_data.rs:63:1
[INFO] [stdout]     |
[INFO] [stdout]  63 | pub struct RequestTransactionDataSuccess<'decoder> {
[INFO] [stdout]     | -------------------------------------------------- doesn't satisfy `RequestTransactionDataSuccess<'_>: Fixed` or `RequestTransactionDataSuccess<'_>: GetSize`
[INFO] [stdout]     |
[INFO] [stdout]     = note: the following trait bounds were not satisfied:
[INFO] [stdout]             `RequestTransactionDataSuccess<'_>: Fixed`
[INFO] [stdout]             which is required by `RequestTransactionDataSuccess<'_>: GetSize`
[INFO] [stdout]             `&RequestTransactionDataSuccess<'_>: Fixed`
[INFO] [stdout]             which is required by `&RequestTransactionDataSuccess<'_>: GetSize`
[INFO] [stdout]     = help: items from traits can only be used if the trait is in scope
[INFO] [stdout] help: trait `GetSize` which provides `get_size` is implemented but not in scope; perhaps you want to import it
[INFO] [stdout]     |
[INFO] [stdout]  25 + use binary_sv2::codec::GetSize;
[INFO] [stdout]     |
[INFO] [stdout] 
[INFO] [stdout] 
[INFO] [stdout] error[E0599]: the method `get_size` exists for reference `&template_distribution_sv2::SetNewPrevHash<'_>`, but its trait bounds were not satisfied
[INFO] [stdout]    --> /opt/rustwide/cargo-home/registry/src/index.crates.io-1949cf8c6b5b557f/parsers_sv2-0.1.1/src/lib.rs:664:58
[INFO] [stdout]     |
[INFO] [stdout] 664 |             TemplateDistribution::SetNewPrevHash(a) => a.get_size(),
[INFO] [stdout]     |                                                          ^^^^^^^^ method cannot be called on `&template_distribution_sv2::SetNewPrevHash<'_>` due to unsatisfied trait bounds
[INFO] [stdout]     |
[INFO] [stdout]    ::: /opt/rustwide/cargo-home/registry/src/index.crates.io-1949cf8c6b5b557f/template_distribution_sv2-4.0.2/src/set_new_prev_hash.rs:14:1
[INFO] [stdout]     |
[INFO] [stdout]  14 | pub struct SetNewPrevHash<'decoder> {
[INFO] [stdout]     | ----------------------------------- doesn't satisfy `_: Fixed` or `_: GetSize`
[INFO] [stdout]     |
[INFO] [stdout]     = note: the following trait bounds were not satisfied:
[INFO] [stdout]             `template_distribution_sv2::SetNewPrevHash<'_>: Fixed`
[INFO] [stdout]             which is required by `template_distribution_sv2::SetNewPrevHash<'_>: GetSize`
[INFO] [stdout]             `&template_distribution_sv2::SetNewPrevHash<'_>: Fixed`
[INFO] [stdout]             which is required by `&template_distribution_sv2::SetNewPrevHash<'_>: GetSize`
[INFO] [stdout]     = help: items from traits can only be used if the trait is in scope
[INFO] [stdout] help: trait `GetSize` which provides `get_size` is implemented but not in scope; perhaps you want to import it
[INFO] [stdout]     |
[INFO] [stdout]  25 + use binary_sv2::codec::GetSize;
[INFO] [stdout]     |
[INFO] [stdout] 
[INFO] [stdout] 
[INFO] [stdout] error[E0599]: the method `get_size` exists for reference `&SubmitSolution<'_>`, but its trait bounds were not satisfied
[INFO] [stdout]    --> /opt/rustwide/cargo-home/registry/src/index.crates.io-1949cf8c6b5b557f/parsers_sv2-0.1.1/src/lib.rs:665:58
[INFO] [stdout]     |
[INFO] [stdout] 665 |             TemplateDistribution::SubmitSolution(a) => a.get_size(),
[INFO] [stdout]     |                                                          ^^^^^^^^ method cannot be called on `&SubmitSolution<'_>` due to unsatisfied trait bounds
[INFO] [stdout]     |
[INFO] [stdout]    ::: /opt/rustwide/cargo-home/registry/src/index.crates.io-1949cf8c6b5b557f/template_distribution_sv2-4.0.2/src/submit_solution.rs:14:1
[INFO] [stdout]     |
[INFO] [stdout]  14 | pub struct SubmitSolution<'decoder> {
[INFO] [stdout]     | ----------------------------------- doesn't satisfy `SubmitSolution<'_>: Fixed` or `SubmitSolution<'_>: GetSize`
[INFO] [stdout]     |
[INFO] [stdout]     = note: the following trait bounds were not satisfied:
[INFO] [stdout]             `SubmitSolution<'_>: Fixed`
[INFO] [stdout]             which is required by `SubmitSolution<'_>: GetSize`
[INFO] [stdout]             `&SubmitSolution<'_>: Fixed`
[INFO] [stdout]             which is required by `&SubmitSolution<'_>: GetSize`
[INFO] [stdout]     = help: items from traits can only be used if the trait is in scope
[INFO] [stdout] help: trait `GetSize` which provides `get_size` is implemented but not in scope; perhaps you want to import it
[INFO] [stdout]     |
[INFO] [stdout]  25 + use binary_sv2::codec::GetSize;
[INFO] [stdout]     |
[INFO] [stdout] 
[INFO] [stdout] 
[INFO] [stdout] error[E0599]: the method `get_size` exists for reference `&AllocateMiningJobToken<'_>`, but its trait bounds were not satisfied
[INFO] [stdout]    --> /opt/rustwide/cargo-home/registry/src/index.crates.io-1949cf8c6b5b557f/parsers_sv2-0.1.1/src/lib.rs:672:60
[INFO] [stdout]     |
[INFO] [stdout] 672 |             JobDeclaration::AllocateMiningJobToken(a) => a.get_size(),
[INFO] [stdout]     |                                                            ^^^^^^^^ method cannot be called on `&AllocateMiningJobToken<'_>` due to unsatisfied trait bounds
[INFO] [stdout]     |
[INFO] [stdout]    ::: /opt/rustwide/cargo-home/registry/src/index.crates.io-1949cf8c6b5b557f/job_declaration_sv2-5.0.2/src/allocate_mining_job_token.rs:8:1
[INFO] [stdout]     |
[INFO] [stdout]   8 | pub struct AllocateMiningJobToken<'decoder> {
[INFO] [stdout]     | ------------------------------------------- doesn't satisfy `AllocateMiningJobToken<'_>: Fixed` or `AllocateMiningJobToken<'_>: GetSize`
[INFO] [stdout]     |
[INFO] [stdout]     = note: the following trait bounds were not satisfied:
[INFO] [stdout]             `AllocateMiningJobToken<'_>: Fixed`
[INFO] [stdout]             which is required by `AllocateMiningJobToken<'_>: GetSize`
[INFO] [stdout]             `&AllocateMiningJobToken<'_>: Fixed`
[INFO] [stdout]             which is required by `&AllocateMiningJobToken<'_>: GetSize`
[INFO] [stdout]     = help: items from traits can only be used if the trait is in scope
[INFO] [stdout] help: trait `GetSize` which provides `get_size` is implemented but not in scope; perhaps you want to import it
[INFO] [stdout]     |
[INFO] [stdout]  25 + use binary_sv2::codec::GetSize;
[INFO] [stdout]     |
[INFO] [stdout] 
[INFO] [stdout] 
[INFO] [stdout] error[E0599]: the method `get_size` exists for reference `&AllocateMiningJobTokenSuccess<'_>`, but its trait bounds were not satisfied
[INFO] [stdout]    --> /opt/rustwide/cargo-home/registry/src/index.crates.io-1949cf8c6b5b557f/parsers_sv2-0.1.1/src/lib.rs:673:67
[INFO] [stdout]     |
[INFO] [stdout] 673 |             JobDeclaration::AllocateMiningJobTokenSuccess(a) => a.get_size(),
[INFO] [stdout]     |                                                                   ^^^^^^^^ method cannot be called on `&AllocateMiningJobTokenSuccess<'_>` due to unsatisfied trait bounds
[INFO] [stdout]     |
[INFO] [stdout]    ::: /opt/rustwide/cargo-home/registry/src/index.crates.io-1949cf8c6b5b557f/job_declaration_sv2-5.0.2/src/allocate_mining_job_token.rs:31:1
[INFO] [stdout]     |
[INFO] [stdout]  31 | pub struct AllocateMiningJobTokenSuccess<'decoder> {
[INFO] [stdout]     | -------------------------------------------------- doesn't satisfy `AllocateMiningJobTokenSuccess<'_>: Fixed` or `AllocateMiningJobTokenSuccess<'_>: GetSize`
[INFO] [stdout]     |
[INFO] [stdout]     = note: the following trait bounds were not satisfied:
[INFO] [stdout]             `AllocateMiningJobTokenSuccess<'_>: Fixed`
[INFO] [stdout]             which is required by `AllocateMiningJobTokenSuccess<'_>: GetSize`
[INFO] [stdout]             `&AllocateMiningJobTokenSuccess<'_>: Fixed`
[INFO] [stdout]             which is required by `&AllocateMiningJobTokenSuccess<'_>: GetSize`
[INFO] [stdout]     = help: items from traits can only be used if the trait is in scope
[INFO] [stdout] help: trait `GetSize` which provides `get_size` is implemented but not in scope; perhaps you want to import it
[INFO] [stdout]     |
[INFO] [stdout]  25 + use binary_sv2::codec::GetSize;
[INFO] [stdout]     |
[INFO] [stdout] 
[INFO] [stdout] 
[INFO] [stdout] error[E0599]: the method `get_size` exists for reference `&DeclareMiningJob<'_>`, but its trait bounds were not satisfied
[INFO] [stdout]    --> /opt/rustwide/cargo-home/registry/src/index.crates.io-1949cf8c6b5b557f/parsers_sv2-0.1.1/src/lib.rs:674:54
[INFO] [stdout]     |
[INFO] [stdout] 674 |             JobDeclaration::DeclareMiningJob(a) => a.get_size(),
[INFO] [stdout]     |                                                      ^^^^^^^^ method cannot be called on `&DeclareMiningJob<'_>` due to unsatisfied trait bounds
[INFO] [stdout]     |
[INFO] [stdout]    ::: /opt/rustwide/cargo-home/registry/src/index.crates.io-1949cf8c6b5b557f/job_declaration_sv2-5.0.2/src/declare_mining_job.rs:13:1
[INFO] [stdout]     |
[INFO] [stdout]  13 | pub struct DeclareMiningJob<'decoder> {
[INFO] [stdout]     | ------------------------------------- doesn't satisfy `DeclareMiningJob<'_>: Fixed` or `DeclareMiningJob<'_>: GetSize`
[INFO] [stdout]     |
[INFO] [stdout]     = note: the following trait bounds were not satisfied:
[INFO] [stdout]             `DeclareMiningJob<'_>: Fixed`
[INFO] [stdout]             which is required by `DeclareMiningJob<'_>: GetSize`
[INFO] [stdout]             `&DeclareMiningJob<'_>: Fixed`
[INFO] [stdout]             which is required by `&DeclareMiningJob<'_>: GetSize`
[INFO] [stdout]     = help: items from traits can only be used if the trait is in scope
[INFO] [stdout] help: trait `GetSize` which provides `get_size` is implemented but not in scope; perhaps you want to import it
[INFO] [stdout]     |
[INFO] [stdout]  25 + use binary_sv2::codec::GetSize;
[INFO] [stdout]     |
[INFO] [stdout] 
[INFO] [stdout] 
[INFO] [stdout] error[E0599]: the method `get_size` exists for reference `&DeclareMiningJobSuccess<'_>`, but its trait bounds were not satisfied
[INFO] [stdout]    --> /opt/rustwide/cargo-home/registry/src/index.crates.io-1949cf8c6b5b557f/parsers_sv2-0.1.1/src/lib.rs:675:61
[INFO] [stdout]     |
[INFO] [stdout] 675 |             JobDeclaration::DeclareMiningJobSuccess(a) => a.get_size(),
[INFO] [stdout]     |                                                             ^^^^^^^^ method cannot be called on `&DeclareMiningJobSuccess<'_>` due to unsatisfied trait bounds
[INFO] [stdout]     |
[INFO] [stdout]    ::: /opt/rustwide/cargo-home/registry/src/index.crates.io-1949cf8c6b5b557f/job_declaration_sv2-5.0.2/src/declare_mining_job.rs:61:1
[INFO] [stdout]     |
[INFO] [stdout]  61 | pub struct DeclareMiningJobSuccess<'decoder> {
[INFO] [stdout]     | -------------------------------------------- doesn't satisfy `DeclareMiningJobSuccess<'_>: Fixed` or `DeclareMiningJobSuccess<'_>: GetSize`
[INFO] [stdout]     |
[INFO] [stdout]     = note: the following trait bounds were not satisfied:
[INFO] [stdout]             `DeclareMiningJobSuccess<'_>: Fixed`
[INFO] [stdout]             which is required by `DeclareMiningJobSuccess<'_>: GetSize`
[INFO] [stdout]             `&DeclareMiningJobSuccess<'_>: Fixed`
[INFO] [stdout]             which is required by `&DeclareMiningJobSuccess<'_>: GetSize`
[INFO] [stdout]     = help: items from traits can only be used if the trait is in scope
[INFO] [stdout] help: trait `GetSize` which provides `get_size` is implemented but not in scope; perhaps you want to import it
[INFO] [stdout]     |
[INFO] [stdout]  25 + use binary_sv2::codec::GetSize;
[INFO] [stdout]     |
[INFO] [stdout] 
[INFO] [stdout] 
[INFO] [stdout] error[E0599]: the method `get_size` exists for reference `&DeclareMiningJobError<'_>`, but its trait bounds were not satisfied
[INFO] [stdout]    --> /opt/rustwide/cargo-home/registry/src/index.crates.io-1949cf8c6b5b557f/parsers_sv2-0.1.1/src/lib.rs:676:59
[INFO] [stdout]     |
[INFO] [stdout] 676 |             JobDeclaration::DeclareMiningJobError(a) => a.get_size(),
[INFO] [stdout]     |                                                           ^^^^^^^^ method cannot be called on `&DeclareMiningJobError<'_>` due to unsatisfied trait bounds
[INFO] [stdout]     |
[INFO] [stdout]    ::: /opt/rustwide/cargo-home/registry/src/index.crates.io-1949cf8c6b5b557f/job_declaration_sv2-5.0.2/src/declare_mining_job.rs:90:1
[INFO] [stdout]     |
[INFO] [stdout]  90 | pub struct DeclareMiningJobError<'decoder> {
[INFO] [stdout]     | ------------------------------------------ doesn't satisfy `DeclareMiningJobError<'_>: Fixed` or `DeclareMiningJobError<'_>: GetSize`
[INFO] [stdout]     |
[INFO] [stdout]     = note: the following trait bounds were not satisfied:
[INFO] [stdout]             `DeclareMiningJobError<'_>: Fixed`
[INFO] [stdout]             which is required by `DeclareMiningJobError<'_>: GetSize`
[INFO] [stdout]             `&DeclareMiningJobError<'_>: Fixed`
[INFO] [stdout]             which is required by `&DeclareMiningJobError<'_>: GetSize`
[INFO] [stdout]     = help: items from traits can only be used if the trait is in scope
[INFO] [stdout] help: trait `GetSize` which provides `get_size` is implemented but not in scope; perhaps you want to import it
[INFO] [stdout]     |
[INFO] [stdout]  25 + use binary_sv2::codec::GetSize;
[INFO] [stdout]     |
[INFO] [stdout] 
[INFO] [stdout] 
[INFO] [stdout] error[E0599]: the method `get_size` exists for reference `&ProvideMissingTransactions<'_>`, but its trait bounds were not satisfied
[INFO] [stdout]    --> /opt/rustwide/cargo-home/registry/src/index.crates.io-1949cf8c6b5b557f/parsers_sv2-0.1.1/src/lib.rs:677:64
[INFO] [stdout]     |
[INFO] [stdout] 677 |             JobDeclaration::ProvideMissingTransactions(a) => a.get_size(),
[INFO] [stdout]     |                                                                ^^^^^^^^ method cannot be called on `&ProvideMissingTransactions<'_>` due to unsatisfied trait bounds
[INFO] [stdout]     |
[INFO] [stdout]    ::: /opt/rustwide/cargo-home/registry/src/index.crates.io-1949cf8c6b5b557f/job_declaration_sv2-5.0.2/src/provide_missing_transactions.rs:20:1
[INFO] [stdout]     |
[INFO] [stdout]  20 | pub struct ProvideMissingTransactions<'decoder> {
[INFO] [stdout]     | ----------------------------------------------- doesn't satisfy `ProvideMissingTransactions<'_>: Fixed` or `ProvideMissingTransactions<'_>: GetSize`
[INFO] [stdout]     |
[INFO] [stdout]     = note: the following trait bounds were not satisfied:
[INFO] [stdout]             `ProvideMissingTransactions<'_>: Fixed`
[INFO] [stdout]             which is required by `ProvideMissingTransactions<'_>: GetSize`
[INFO] [stdout]             `&ProvideMissingTransactions<'_>: Fixed`
[INFO] [stdout]             which is required by `&ProvideMissingTransactions<'_>: GetSize`
[INFO] [stdout]     = help: items from traits can only be used if the trait is in scope
[INFO] [stdout] help: trait `GetSize` which provides `get_size` is implemented but not in scope; perhaps you want to import it
[INFO] [stdout]     |
[INFO] [stdout]  25 + use binary_sv2::codec::GetSize;
[INFO] [stdout]     |
[INFO] [stdout] 
[INFO] [stdout] 
[INFO] [stdout] error[E0599]: the method `get_size` exists for reference `&ProvideMissingTransactionsSuccess<'_>`, but its trait bounds were not satisfied
[INFO] [stdout]    --> /opt/rustwide/cargo-home/registry/src/index.crates.io-1949cf8c6b5b557f/parsers_sv2-0.1.1/src/lib.rs:678:71
[INFO] [stdout]     |
[INFO] [stdout] 678 |             JobDeclaration::ProvideMissingTransactionsSuccess(a) => a.get_size(),
[INFO] [stdout]     |                                                                       ^^^^^^^^ method cannot be called on `&ProvideMissingTransactionsSuccess<'_>` due to unsatisfied trait bounds
[INFO] [stdout]     |
[INFO] [stdout]    ::: /opt/rustwide/cargo-home/registry/src/index.crates.io-1949cf8c6b5b557f/job_declaration_sv2-5.0.2/src/provide_missing_transactions.rs:45:1
[INFO] [stdout]     |
[INFO] [stdout]  45 | pub struct ProvideMissingTransactionsSuccess<'decoder> {
[INFO] [stdout]     | ------------------------------------------------------ doesn't satisfy `ProvideMissingTransactionsSuccess<'_>: Fixed` or `ProvideMissingTransactionsSuccess<'_>: GetSize`
[INFO] [stdout]     |
[INFO] [stdout]     = note: the following trait bounds were not satisfied:
[INFO] [stdout]             `ProvideMissingTransactionsSuccess<'_>: Fixed`
[INFO] [stdout]             which is required by `ProvideMissingTransactionsSuccess<'_>: GetSize`
[INFO] [stdout]             `&ProvideMissingTransactionsSuccess<'_>: Fixed`
[INFO] [stdout]             which is required by `&ProvideMissingTransactionsSuccess<'_>: GetSize`
[INFO] [stdout]     = help: items from traits can only be used if the trait is in scope
[INFO] [stdout] help: trait `GetSize` which provides `get_size` is implemented but not in scope; perhaps you want to import it
[INFO] [stdout]     |
[INFO] [stdout]  25 + use binary_sv2::codec::GetSize;
[INFO] [stdout]     |
[INFO] [stdout] 
[INFO] [stdout] 
[INFO] [stdout] error[E0599]: the method `get_size` exists for reference `&PushSolution<'_>`, but its trait bounds were not satisfied
[INFO] [stdout]    --> /opt/rustwide/cargo-home/registry/src/index.crates.io-1949cf8c6b5b557f/parsers_sv2-0.1.1/src/lib.rs:679:50
[INFO] [stdout]     |
[INFO] [stdout] 679 |             JobDeclaration::PushSolution(a) => a.get_size(),
[INFO] [stdout]     |                                                  ^^^^^^^^ method cannot be called on `&PushSolution<'_>` due to unsatisfied trait bounds
[INFO] [stdout]     |
[INFO] [stdout]    ::: /opt/rustwide/cargo-home/registry/src/index.crates.io-1949cf8c6b5b557f/job_declaration_sv2-5.0.2/src/push_solution.rs:17:1
[INFO] [stdout]     |
[INFO] [stdout]  17 | pub struct PushSolution<'decoder> {
[INFO] [stdout]     | --------------------------------- doesn't satisfy `PushSolution<'_>: Fixed` or `PushSolution<'_>: GetSize`
[INFO] [stdout]     |
[INFO] [stdout]     = note: the following trait bounds were not satisfied:
[INFO] [stdout]             `PushSolution<'_>: Fixed`
[INFO] [stdout]             which is required by `PushSolution<'_>: GetSize`
[INFO] [stdout]             `&PushSolution<'_>: Fixed`
[INFO] [stdout]             which is required by `&PushSolution<'_>: GetSize`
[INFO] [stdout]     = help: items from traits can only be used if the trait is in scope
[INFO] [stdout] help: trait `GetSize` which provides `get_size` is implemented but not in scope; perhaps you want to import it
[INFO] [stdout]     |
[INFO] [stdout]  25 + use binary_sv2::codec::GetSize;
[INFO] [stdout]     |
[INFO] [stdout] 
[INFO] [stdout] 
[INFO] [stdout] error[E0277]: the trait bound `SetupConnection<'_>: Decodable<'_>` is not satisfied
[INFO] [stdout]    --> /opt/rustwide/cargo-home/registry/src/index.crates.io-1949cf8c6b5b557f/parsers_sv2-0.1.1/src/lib.rs:808:52
[INFO] [stdout]     |
[INFO] [stdout] 808 |                 let message: SetupConnection<'a> = from_bytes(v.1)?;
[INFO] [stdout]     |                                                    ^^^^^^^^^^^^^^^ the trait `Decodable<'_>` is not implemented for `SetupConnection<'_>`
[INFO] [stdout]     |
[INFO] [stdout]     = note: `SetupConnection<'_>` implements similarly named trait `binary_sv2::codec::decodable::Decodable`, but not `Decodable<'_>`
[INFO] [stdout]     = help: the following other types implement trait `Decodable<'a>`:
[INFO] [stdout]               `AnyMessage<'decoder>` implements `Decodable<'decoder>`
[INFO] [stdout]               `CloseChannel<'decoder>` implements `Decodable<'decoder>`
[INFO] [stdout]               `CommonMessages<'decoder>` implements `Decodable<'decoder>`
[INFO] [stdout]               `Header` implements `Decodable<'decoder>`
[INFO] [stdout]               `JobDeclaration<'decoder>` implements `Decodable<'decoder>`
[INFO] [stdout]               `Mining<'decoder>` implements `Decodable<'decoder>`
[INFO] [stdout]               `MiningDeviceMessages<'decoder>` implements `Decodable<'decoder>`
[INFO] [stdout]               `NewExtendedMiningJob<'decoder>` implements `Decodable<'decoder>`
[INFO] [stdout]             and 37 others
[INFO] [stdout] note: required by a bound in `binary_sv2::from_bytes`
[INFO] [stdout]    --> /opt/rustwide/cargo-home/registry/src/index.crates.io-1949cf8c6b5b557f/binary_codec_sv2-3.0.0/src/lib.rs:98:26
[INFO] [stdout]     |
[INFO] [stdout]  98 | pub fn from_bytes<'a, T: Decodable<'a>>(data: &'a mut [u8]) -> Result<T, Error> {
[INFO] [stdout]     |                          ^^^^^^^^^^^^^ required by this bound in `from_bytes`
[INFO] [stdout]     = note: the full name for the type has been written to '/opt/rustwide/target/debug/build/parsers_sv2/edf1cfe927842dff/out/parsers_sv2-edf1cfe927842dff.long-type-10072713506575496397.txt'
[INFO] [stdout]     = note: consider using `--verbose` to print the full type name to the console
[INFO] [stdout] 
[INFO] [stdout] 
[INFO] [stdout] error[E0277]: the trait bound `SetupConnectionSuccess: Decodable<'_>` is not satisfied
[INFO] [stdout]    --> /opt/rustwide/cargo-home/registry/src/index.crates.io-1949cf8c6b5b557f/parsers_sv2-0.1.1/src/lib.rs:812:55
[INFO] [stdout]     |
[INFO] [stdout] 812 |                 let message: SetupConnectionSuccess = from_bytes(v.1)?;
[INFO] [stdout]     |                                                       ^^^^^^^^^^^^^^^ the trait `Decodable<'_>` is not implemented for `SetupConnectionSuccess`
[INFO] [stdout]     |
[INFO] [stdout]     = note: `SetupConnectionSuccess` implements similarly named trait `binary_sv2::codec::decodable::Decodable`, but not `Decodable<'_>`
[INFO] [stdout]     = help: the following other types implement trait `Decodable<'a>`:
[INFO] [stdout]               `AnyMessage<'decoder>` implements `Decodable<'decoder>`
[INFO] [stdout]               `CloseChannel<'decoder>` implements `Decodable<'decoder>`
[INFO] [stdout]               `CommonMessages<'decoder>` implements `Decodable<'decoder>`
[INFO] [stdout]               `Header` implements `Decodable<'decoder>`
[INFO] [stdout]               `JobDeclaration<'decoder>` implements `Decodable<'decoder>`
[INFO] [stdout]               `Mining<'decoder>` implements `Decodable<'decoder>`
[INFO] [stdout]               `MiningDeviceMessages<'decoder>` implements `Decodable<'decoder>`
[INFO] [stdout]               `NewExtendedMiningJob<'decoder>` implements `Decodable<'decoder>`
[INFO] [stdout]             and 37 others
[INFO] [stdout] note: required by a bound in `binary_sv2::from_bytes`
[INFO] [stdout]    --> /opt/rustwide/cargo-home/registry/src/index.crates.io-1949cf8c6b5b557f/binary_codec_sv2-3.0.0/src/lib.rs:98:26
[INFO] [stdout]     |
[INFO] [stdout]  98 | pub fn from_bytes<'a, T: Decodable<'a>>(data: &'a mut [u8]) -> Result<T, Error> {
[INFO] [stdout]     |                          ^^^^^^^^^^^^^ required by this bound in `from_bytes`
[INFO] [stdout]     = note: the full name for the type has been written to '/opt/rustwide/target/debug/build/parsers_sv2/edf1cfe927842dff/out/parsers_sv2-edf1cfe927842dff.long-type-10072713506575496397.txt'
[INFO] [stdout]     = note: consider using `--verbose` to print the full type name to the console
[INFO] [stdout] 
[INFO] [stdout] 
[INFO] [stdout] error[E0277]: the trait bound `SetupConnectionError<'_>: Decodable<'_>` is not satisfied
[INFO] [stdout]    --> /opt/rustwide/cargo-home/registry/src/index.crates.io-1949cf8c6b5b557f/parsers_sv2-0.1.1/src/lib.rs:816:57
[INFO] [stdout]     |
[INFO] [stdout] 816 |                 let message: SetupConnectionError<'a> = from_bytes(v.1)?;
[INFO] [stdout]     |                                                         ^^^^^^^^^^^^^^^ the trait `Decodable<'_>` is not implemented for `SetupConnectionError<'_>`
[INFO] [stdout]     |
[INFO] [stdout]     = note: `SetupConnectionError<'_>` implements similarly named trait `binary_sv2::codec::decodable::Decodable`, but not `Decodable<'_>`
[INFO] [stdout]     = help: the following other types implement trait `Decodable<'a>`:
[INFO] [stdout]               `AnyMessage<'decoder>` implements `Decodable<'decoder>`
[INFO] [stdout]               `CloseChannel<'decoder>` implements `Decodable<'decoder>`
[INFO] [stdout]               `CommonMessages<'decoder>` implements `Decodable<'decoder>`
[INFO] [stdout]               `Header` implements `Decodable<'decoder>`
[INFO] [stdout]               `JobDeclaration<'decoder>` implements `Decodable<'decoder>`
[INFO] [stdout]               `Mining<'decoder>` implements `Decodable<'decoder>`
[INFO] [stdout]               `MiningDeviceMessages<'decoder>` implements `Decodable<'decoder>`
[INFO] [stdout]               `NewExtendedMiningJob<'decoder>` implements `Decodable<'decoder>`
[INFO] [stdout]             and 37 others
[INFO] [stdout] note: required by a bound in `binary_sv2::from_bytes`
[INFO] [stdout]    --> /opt/rustwide/cargo-home/registry/src/index.crates.io-1949cf8c6b5b557f/binary_codec_sv2-3.0.0/src/lib.rs:98:26
[INFO] [stdout]     |
[INFO] [stdout]  98 | pub fn from_bytes<'a, T: Decodable<'a>>(data: &'a mut [u8]) -> Result<T, Error> {
[INFO] [stdout]     |                          ^^^^^^^^^^^^^ required by this bound in `from_bytes`
[INFO] [stdout]     = note: the full name for the type has been written to '/opt/rustwide/target/debug/build/parsers_sv2/edf1cfe927842dff/out/parsers_sv2-edf1cfe927842dff.long-type-10072713506575496397.txt'
[INFO] [stdout]     = note: consider using `--verbose` to print the full type name to the console
[INFO] [stdout] 
[INFO] [stdout] 
[INFO] [stdout] error[E0277]: the trait bound `ChannelEndpointChanged: Decodable<'_>` is not satisfied
[INFO] [stdout]    --> /opt/rustwide/cargo-home/registry/src/index.crates.io-1949cf8c6b5b557f/parsers_sv2-0.1.1/src/lib.rs:820:55
[INFO] [stdout]     |
[INFO] [stdout] 820 |                 let message: ChannelEndpointChanged = from_bytes(v.1)?;
[INFO] [stdout]     |                                                       ^^^^^^^^^^^^^^^ the trait `Decodable<'_>` is not implemented for `ChannelEndpointChanged`
[INFO] [stdout]     |
[INFO] [stdout]     = note: `ChannelEndpointChanged` implements similarly named trait `binary_sv2::codec::decodable::Decodable`, but not `Decodable<'_>`
[INFO] [stdout]     = help: the following other types implement trait `Decodable<'a>`:
[INFO] [stdout]               `AnyMessage<'decoder>` implements `Decodable<'decoder>`
[INFO] [stdout]               `CloseChannel<'decoder>` implements `Decodable<'decoder>`
[INFO] [stdout]               `CommonMessages<'decoder>` implements `Decodable<'decoder>`
[INFO] [stdout]               `Header` implements `Decodable<'decoder>`
[INFO] [stdout]               `JobDeclaration<'decoder>` implements `Decodable<'decoder>`
[INFO] [stdout]               `Mining<'decoder>` implements `Decodable<'decoder>`
[INFO] [stdout]               `MiningDeviceMessages<'decoder>` implements `Decodable<'decoder>`
[INFO] [stdout]               `NewExtendedMiningJob<'decoder>` implements `Decodable<'decoder>`
[INFO] [stdout]             and 37 others
[INFO] [stdout] note: required by a bound in `binary_sv2::from_bytes`
[INFO] [stdout]    --> /opt/rustwide/cargo-home/registry/src/index.crates.io-1949cf8c6b5b557f/binary_codec_sv2-3.0.0/src/lib.rs:98:26
[INFO] [stdout]     |
[INFO] [stdout]  98 | pub fn from_bytes<'a, T: Decodable<'a>>(data: &'a mut [u8]) -> Result<T, Error> {
[INFO] [stdout]     |                          ^^^^^^^^^^^^^ required by this bound in `from_bytes`
[INFO] [stdout]     = note: the full name for the type has been written to '/opt/rustwide/target/debug/build/parsers_sv2/edf1cfe927842dff/out/parsers_sv2-edf1cfe927842dff.long-type-10072713506575496397.txt'
[INFO] [stdout]     = note: consider using `--verbose` to print the full type name to the console
[INFO] [stdout] 
[INFO] [stdout] 
[INFO] [stdout] error[E0277]: the trait bound `Reconnect<'_>: Decodable<'_>` is not satisfied
[INFO] [stdout]    --> /opt/rustwide/cargo-home/registry/src/index.crates.io-1949cf8c6b5b557f/parsers_sv2-0.1.1/src/lib.rs:824:42
[INFO] [stdout]     |
[INFO] [stdout] 824 |                 let message: Reconnect = from_bytes(v.1)?;
[INFO] [stdout]     |                                          ^^^^^^^^^^^^^^^ the trait `Decodable<'_>` is not implemented for `Reconnect<'_>`
[INFO] [stdout]     |
[INFO] [stdout]     = note: `Reconnect<'_>` implements similarly named trait `binary_sv2::codec::decodable::Decodable`, but not `Decodable<'_>`
[INFO] [stdout]     = help: the following other types implement trait `Decodable<'a>`:
[INFO] [stdout]               `AnyMessage<'decoder>` implements `Decodable<'decoder>`
[INFO] [stdout]               `CloseChannel<'decoder>` implements `Decodable<'decoder>`
[INFO] [stdout]               `CommonMessages<'decoder>` implements `Decodable<'decoder>`
[INFO] [stdout]               `Header` implements `Decodable<'decoder>`
[INFO] [stdout]               `JobDeclaration<'decoder>` implements `Decodable<'decoder>`
[INFO] [stdout]               `Mining<'decoder>` implements `Decodable<'decoder>`
[INFO] [stdout]               `MiningDeviceMessages<'decoder>` implements `Decodable<'decoder>`
[INFO] [stdout]               `NewExtendedMiningJob<'decoder>` implements `Decodable<'decoder>`
[INFO] [stdout]             and 37 others
[INFO] [stdout] note: required by a bound in `binary_sv2::from_bytes`
[INFO] [stdout]    --> /opt/rustwide/cargo-home/registry/src/index.crates.io-1949cf8c6b5b557f/binary_codec_sv2-3.0.0/src/lib.rs:98:26
[INFO] [stdout]     |
[INFO] [stdout]  98 | pub fn from_bytes<'a, T: Decodable<'a>>(data: &'a mut [u8]) -> Result<T, Error> {
[INFO] [stdout]     |                          ^^^^^^^^^^^^^ required by this bound in `from_bytes`
[INFO] [stdout]     = note: the full name for the type has been written to '/opt/rustwide/target/debug/build/parsers_sv2/edf1cfe927842dff/out/parsers_sv2-edf1cfe927842dff.long-type-10072713506575496397.txt'
[INFO] [stdout]     = note: consider using `--verbose` to print the full type name to the console
[INFO] [stdout] 
[INFO] [stdout] 
[INFO] [stdout] error[E0277]: the trait bound `CoinbaseOutputConstraints: Decodable<'_>` is not satisfied
[INFO] [stdout]    --> /opt/rustwide/cargo-home/registry/src/index.crates.io-1949cf8c6b5b557f/parsers_sv2-0.1.1/src/lib.rs:877:58
[INFO] [stdout]     |
[INFO] [stdout] 877 |                 let message: CoinbaseOutputConstraints = from_bytes(v.1)?;
[INFO] [stdout]     |                                                          ^^^^^^^^^^^^^^^ the trait `Decodable<'_>` is not implemented for `CoinbaseOutputConstraints`
[INFO] [stdout]     |
[INFO] [stdout]     = note: `CoinbaseOutputConstraints` implements similarly named trait `binary_sv2::codec::decodable::Decodable`, but not `Decodable<'_>`
[INFO] [stdout]     = help: the following other types implement trait `Decodable<'a>`:
[INFO] [stdout]               `AnyMessage<'decoder>` implements `Decodable<'decoder>`
[INFO] [stdout]               `CloseChannel<'decoder>` implements `Decodable<'decoder>`
[INFO] [stdout]               `CommonMessages<'decoder>` implements `Decodable<'decoder>`
[INFO] [stdout]               `Header` implements `Decodable<'decoder>`
[INFO] [stdout]               `JobDeclaration<'decoder>` implements `Decodable<'decoder>`
[INFO] [stdout]               `Mining<'decoder>` implements `Decodable<'decoder>`
[INFO] [stdout]               `MiningDeviceMessages<'decoder>` implements `Decodable<'decoder>`
[INFO] [stdout]               `NewExtendedMiningJob<'decoder>` implements `Decodable<'decoder>`
[INFO] [stdout]             and 37 others
[INFO] [stdout] note: required by a bound in `binary_sv2::from_bytes`
[INFO] [stdout]    --> /opt/rustwide/cargo-home/registry/src/index.crates.io-1949cf8c6b5b557f/binary_codec_sv2-3.0.0/src/lib.rs:98:26
[INFO] [stdout]     |
[INFO] [stdout]  98 | pub fn from_bytes<'a, T: Decodable<'a>>(data: &'a mut [u8]) -> Result<T, Error> {
[INFO] [stdout]     |                          ^^^^^^^^^^^^^ required by this bound in `from_bytes`
[INFO] [stdout]     = note: the full name for the type has been written to '/opt/rustwide/target/debug/build/parsers_sv2/edf1cfe927842dff/out/parsers_sv2-edf1cfe927842dff.long-type-10072713506575496397.txt'
[INFO] [stdout]     = note: consider using `--verbose` to print the full type name to the console
[INFO] [stdout] 
[INFO] [stdout] 
[INFO] [stdout] error[E0277]: the trait bound `NewTemplate<'_>: Decodable<'_>` is not satisfied
[INFO] [stdout]    --> /opt/rustwide/cargo-home/registry/src/index.crates.io-1949cf8c6b5b557f/parsers_sv2-0.1.1/src/lib.rs:881:48
[INFO] [stdout]     |
[INFO] [stdout] 881 |                 let message: NewTemplate<'a> = from_bytes(v.1)?;
[INFO] [stdout]     |                                                ^^^^^^^^^^^^^^^ the trait `Decodable<'_>` is not implemented for `NewTemplate<'_>`
[INFO] [stdout]     |
[INFO] [stdout]     = note: `NewTemplate<'_>` implements similarly named trait `binary_sv2::codec::decodable::Decodable`, but not `Decodable<'_>`
[INFO] [stdout]     = help: the following other types implement trait `Decodable<'a>`:
[INFO] [stdout]               `AnyMessage<'decoder>` implements `Decodable<'decoder>`
[INFO] [stdout]               `CloseChannel<'decoder>` implements `Decodable<'decoder>`
[INFO] [stdout]               `CommonMessages<'decoder>` implements `Decodable<'decoder>`
[INFO] [stdout]               `Header` implements `Decodable<'decoder>`
[INFO] [stdout]               `JobDeclaration<'decoder>` implements `Decodable<'decoder>`
[INFO] [stdout]               `Mining<'decoder>` implements `Decodable<'decoder>`
[INFO] [stdout]               `MiningDeviceMessages<'decoder>` implements `Decodable<'decoder>`
[INFO] [stdout]               `NewExtendedMiningJob<'decoder>` implements `Decodable<'decoder>`
[INFO] [stdout]             and 37 others
[INFO] [stdout] note: required by a bound in `binary_sv2::from_bytes`
[INFO] [stdout]    --> /opt/rustwide/cargo-home/registry/src/index.crates.io-1949cf8c6b5b557f/binary_codec_sv2-3.0.0/src/lib.rs:98:26
[INFO] [stdout]     |
[INFO] [stdout]  98 | pub fn from_bytes<'a, T: Decodable<'a>>(data: &'a mut [u8]) -> Result<T, Error> {
[INFO] [stdout]     |                          ^^^^^^^^^^^^^ required by this bound in `from_bytes`
[INFO] [stdout]     = note: the full name for the type has been written to '/opt/rustwide/target/debug/build/parsers_sv2/edf1cfe927842dff/out/parsers_sv2-edf1cfe927842dff.long-type-10072713506575496397.txt'
[INFO] [stdout]     = note: consider using `--verbose` to print the full type name to the console
[INFO] [stdout] 
[INFO] [stdout] 
[INFO] [stdout] error[E0277]: the trait bound `template_distribution_sv2::SetNewPrevHash<'_>: Decodable<'_>` is not satisfied
[INFO] [stdout]    --> /opt/rustwide/cargo-home/registry/src/index.crates.io-1949cf8c6b5b557f/parsers_sv2-0.1.1/src/lib.rs:885:51
[INFO] [stdout]     |
[INFO] [stdout] 885 |                 let message: SetNewPrevHash<'a> = from_bytes(v.1)?;
[INFO] [stdout]     |                                                   ^^^^^^^^^^^^^^^ the trait `Decodable<'_>` is not implemented for `template_distribution_sv2::SetNewPrevHash<'_>`
[INFO] [stdout]     |
[INFO] [stdout]     = note: `template_distribution_sv2::SetNewPrevHash<'_>` implements similarly named trait `binary_sv2::codec::decodable::Decodable`, but not `Decodable<'_>`
[INFO] [stdout]     = help: the following other types implement trait `Decodable<'a>`:
[INFO] [stdout]               `AnyMessage<'decoder>` implements `Decodable<'decoder>`
[INFO] [stdout]               `CloseChannel<'decoder>` implements `Decodable<'decoder>`
[INFO] [stdout]               `CommonMessages<'decoder>` implements `Decodable<'decoder>`
[INFO] [stdout]               `Header` implements `Decodable<'decoder>`
[INFO] [stdout]               `JobDeclaration<'decoder>` implements `Decodable<'decoder>`
[INFO] [stdout]               `Mining<'decoder>` implements `Decodable<'decoder>`
[INFO] [stdout]               `MiningDeviceMessages<'decoder>` implements `Decodable<'decoder>`
[INFO] [stdout]               `NewExtendedMiningJob<'decoder>` implements `Decodable<'decoder>`
[INFO] [stdout]             and 37 others
[INFO] [stdout] note: required by a bound in `binary_sv2::from_bytes`
[INFO] [stdout]    --> /opt/rustwide/cargo-home/registry/src/index.crates.io-1949cf8c6b5b557f/binary_codec_sv2-3.0.0/src/lib.rs:98:26
[INFO] [stdout]     |
[INFO] [stdout]  98 | pub fn from_bytes<'a, T: Decodable<'a>>(data: &'a mut [u8]) -> Result<T, Error> {
[INFO] [stdout]     |                          ^^^^^^^^^^^^^ required by this bound in `from_bytes`
[INFO] [stdout]     = note: the full name for the type has been written to '/opt/rustwide/target/debug/build/parsers_sv2/edf1cfe927842dff/out/parsers_sv2-edf1cfe927842dff.long-type-10072713506575496397.txt'
[INFO] [stdout]     = note: consider using `--verbose` to print the full type name to the console
[INFO] [stdout] 
[INFO] [stdout] 
[INFO] [stdout] error[E0277]: the trait bound `RequestTransactionData: Decodable<'_>` is not satisfied
[INFO] [stdout]    --> /opt/rustwide/cargo-home/registry/src/index.crates.io-1949cf8c6b5b557f/parsers_sv2-0.1.1/src/lib.rs:889:55
[INFO] [stdout]     |
[INFO] [stdout] 889 |                 let message: RequestTransactionData = from_bytes(v.1)?;
[INFO] [stdout]     |                                                       ^^^^^^^^^^^^^^^ the trait `Decodable<'_>` is not implemented for `RequestTransactionData`
[INFO] [stdout]     |
[INFO] [stdout]     = note: `RequestTransactionData` implements similarly named trait `binary_sv2::codec::decodable::Decodable`, but not `Decodable<'_>`
[INFO] [stdout]     = help: the following other types implement trait `Decodable<'a>`:
[INFO] [stdout]               `AnyMessage<'decoder>` implements `Decodable<'decoder>`
[INFO] [stdout]               `CloseChannel<'decoder>` implements `Decodable<'decoder>`
[INFO] [stdout]               `CommonMessages<'decoder>` implements `Decodable<'decoder>`
[INFO] [stdout]               `Header` implements `Decodable<'decoder>`
[INFO] [stdout]               `JobDeclaration<'decoder>` implements `Decodable<'decoder>`
[INFO] [stdout]               `Mining<'decoder>` implements `Decodable<'decoder>`
[INFO] [stdout]               `MiningDeviceMessages<'decoder>` implements `Decodable<'decoder>`
[INFO] [stdout]               `NewExtendedMiningJob<'decoder>` implements `Decodable<'decoder>`
[INFO] [stdout]             and 37 others
[INFO] [stdout] note: required by a bound in `binary_sv2::from_bytes`
[INFO] [stdout]    --> /opt/rustwide/cargo-home/registry/src/index.crates.io-1949cf8c6b5b557f/binary_codec_sv2-3.0.0/src/lib.rs:98:26
[INFO] [stdout]     |
[INFO] [stdout]  98 | pub fn from_bytes<'a, T: Decodable<'a>>(data: &'a mut [u8]) -> Result<T, Error> {
[INFO] [stdout]     |                          ^^^^^^^^^^^^^ required by this bound in `from_bytes`
[INFO] [stdout]     = note: the full name for the type has been written to '/opt/rustwide/target/debug/build/parsers_sv2/edf1cfe927842dff/out/parsers_sv2-edf1cfe927842dff.long-type-10072713506575496397.txt'
[INFO] [stdout]     = note: consider using `--verbose` to print the full type name to the console
[INFO] [stdout] 
[INFO] [stdout] 
[INFO] [stdout] error[E0277]: the trait bound `RequestTransactionDataSuccess<'_>: Decodable<'_>` is not satisfied
[INFO] [stdout]    --> /opt/rustwide/cargo-home/registry/src/index.crates.io-1949cf8c6b5b557f/parsers_sv2-0.1.1/src/lib.rs:893:62
[INFO] [stdout]     |
[INFO] [stdout] 893 |                 let message: RequestTransactionDataSuccess = from_bytes(v.1)?;
[INFO] [stdout]     |                                                              ^^^^^^^^^^^^^^^ the trait `Decodable<'_>` is not implemented for `RequestTransactionDataSuccess<'_>`
[INFO] [stdout]     |
[INFO] [stdout]     = note: `RequestTransactionDataSuccess<'_>` implements similarly named trait `binary_sv2::codec::decodable::Decodable`, but not `Decodable<'_>`
[INFO] [stdout]     = help: the following other types implement trait `Decodable<'a>`:
[INFO] [stdout]               `AnyMessage<'decoder>` implements `Decodable<'decoder>`
[INFO] [stdout]               `CloseChannel<'decoder>` implements `Decodable<'decoder>`
[INFO] [stdout]               `CommonMessages<'decoder>` implements `Decodable<'decoder>`
[INFO] [stdout]               `Header` implements `Decodable<'decoder>`
[INFO] [stdout]               `JobDeclaration<'decoder>` implements `Decodable<'decoder>`
[INFO] [stdout]               `Mining<'decoder>` implements `Decodable<'decoder>`
[INFO] [stdout]               `MiningDeviceMessages<'decoder>` implements `Decodable<'decoder>`
[INFO] [stdout]               `NewExtendedMiningJob<'decoder>` implements `Decodable<'decoder>`
[INFO] [stdout]             and 37 others
[INFO] [stdout] note: required by a bound in `binary_sv2::from_bytes`
[INFO] [stdout]    --> /opt/rustwide/cargo-home/registry/src/index.crates.io-1949cf8c6b5b557f/binary_codec_sv2-3.0.0/src/lib.rs:98:26
[INFO] [stdout]     |
[INFO] [stdout]  98 | pub fn from_bytes<'a, T: Decodable<'a>>(data: &'a mut [u8]) -> Result<T, Error> {
[INFO] [stdout]     |                          ^^^^^^^^^^^^^ required by this bound in `from_bytes`
[INFO] [stdout]     = note: the full name for the type has been written to '/opt/rustwide/target/debug/build/parsers_sv2/edf1cfe927842dff/out/parsers_sv2-edf1cfe927842dff.long-type-10072713506575496397.txt'
[INFO] [stdout]     = note: consider using `--verbose` to print the full type name to the console
[INFO] [stdout] 
[INFO] [stdout] 
[INFO] [stdout] error[E0277]: the trait bound `RequestTransactionDataError<'_>: Decodable<'_>` is not satisfied
[INFO] [stdout]    --> /opt/rustwide/cargo-home/registry/src/index.crates.io-1949cf8c6b5b557f/parsers_sv2-0.1.1/src/lib.rs:897:60
[INFO] [stdout]     |
[INFO] [stdout] 897 |                 let message: RequestTransactionDataError = from_bytes(v.1)?;
[INFO] [stdout]     |                                                            ^^^^^^^^^^^^^^^ the trait `Decodable<'_>` is not implemented for `RequestTransactionDataError<'_>`
[INFO] [stdout]     |
[INFO] [stdout]     = note: `RequestTransactionDataError<'_>` implements similarly named trait `binary_sv2::codec::decodable::Decodable`, but not `Decodable<'_>`
[INFO] [stdout]     = help: the following other types implement trait `Decodable<'a>`:
[INFO] [stdout]               `AnyMessage<'decoder>` implements `Decodable<'decoder>`
[INFO] [stdout]               `CloseChannel<'decoder>` implements `Decodable<'decoder>`
[INFO] [stdout]               `CommonMessages<'decoder>` implements `Decodable<'decoder>`
[INFO] [stdout]               `Header` implements `Decodable<'decoder>`
[INFO] [stdout]               `JobDeclaration<'decoder>` implements `Decodable<'decoder>`
[INFO] [stdout]               `Mining<'decoder>` implements `Decodable<'decoder>`
[INFO] [stdout]               `MiningDeviceMessages<'decoder>` implements `Decodable<'decoder>`
[INFO] [stdout]               `NewExtendedMiningJob<'decoder>` implements `Decodable<'decoder>`
[INFO] [stdout]             and 37 others
[INFO] [stdout] note: required by a bound in `binary_sv2::from_bytes`
[INFO] [stdout]    --> /opt/rustwide/cargo-home/registry/src/index.crates.io-1949cf8c6b5b557f/binary_codec_sv2-3.0.0/src/lib.rs:98:26
[INFO] [stdout]     |
[INFO] [stdout]  98 | pub fn from_bytes<'a, T: Decodable<'a>>(data: &'a mut [u8]) -> Result<T, Error> {
[INFO] [stdout]     |                          ^^^^^^^^^^^^^ required by this bound in `from_bytes`
[INFO] [stdout]     = note: the full name for the type has been written to '/opt/rustwide/target/debug/build/parsers_sv2/edf1cfe927842dff/out/parsers_sv2-edf1cfe927842dff.long-type-10072713506575496397.txt'
[INFO] [stdout]     = note: consider using `--verbose` to print the full type name to the console
[INFO] [stdout] 
[INFO] [stdout] 
[INFO] [stdout] error[E0277]: the trait bound `SubmitSolution<'_>: Decodable<'_>` is not satisfied
[INFO] [stdout]    --> /opt/rustwide/cargo-home/registry/src/index.crates.io-1949cf8c6b5b557f/parsers_sv2-0.1.1/src/lib.rs:901:47
[INFO] [stdout]     |
[INFO] [stdout] 901 |                 let message: SubmitSolution = from_bytes(v.1)?;
[INFO] [stdout]     |                                               ^^^^^^^^^^^^^^^ the trait `Decodable<'_>` is not implemented for `SubmitSolution<'_>`
[INFO] [stdout]     |
[INFO] [stdout]     = note: `SubmitSolution<'_>` implements similarly named trait `binary_sv2::codec::decodable::Decodable`, but not `Decodable<'_>`
[INFO] [stdout]     = help: the following other types implement trait `Decodable<'a>`:
[INFO] [stdout]               `AnyMessage<'decoder>` implements `Decodable<'decoder>`
[INFO] [stdout]               `CloseChannel<'decoder>` implements `Decodable<'decoder>`
[INFO] [stdout]               `CommonMessages<'decoder>` implements `Decodable<'decoder>`
[INFO] [stdout]               `Header` implements `Decodable<'decoder>`
[INFO] [stdout]               `JobDeclaration<'decoder>` implements `Decodable<'decoder>`
[INFO] [stdout]               `Mining<'decoder>` implements `Decodable<'decoder>`
[INFO] [stdout]               `MiningDeviceMessages<'decoder>` implements `Decodable<'decoder>`
[INFO] [stdout]               `NewExtendedMiningJob<'decoder>` implements `Decodable<'decoder>`
[INFO] [stdout]             and 37 others
[INFO] [stdout] note: required by a bound in `binary_sv2::from_bytes`
[INFO] [stdout]    --> /opt/rustwide/cargo-home/registry/src/index.crates.io-1949cf8c6b5b557f/binary_codec_sv2-3.0.0/src/lib.rs:98:26
[INFO] [stdout]     |
[INFO] [stdout]  98 | pub fn from_bytes<'a, T: Decodable<'a>>(data: &'a mut [u8]) -> Result<T, Error> {
[INFO] [stdout]     |                          ^^^^^^^^^^^^^ required by this bound in `from_bytes`
[INFO] [stdout]     = note: the full name for the type has been written to '/opt/rustwide/target/debug/build/parsers_sv2/edf1cfe927842dff/out/parsers_sv2-edf1cfe927842dff.long-type-10072713506575496397.txt'
[INFO] [stdout]     = note: consider using `--verbose` to print the full type name to the console
[INFO] [stdout] 
[INFO] [stdout] 
[INFO] [stdout] error[E0277]: the trait bound `AllocateMiningJobToken<'_>: Decodable<'_>` is not satisfied
[INFO] [stdout]    --> /opt/rustwide/cargo-home/registry/src/index.crates.io-1949cf8c6b5b557f/parsers_sv2-0.1.1/src/lib.rs:958:55
[INFO] [stdout]     |
[INFO] [stdout] 958 |                 let message: AllocateMiningJobToken = from_bytes(v.1)?;
[INFO] [stdout]     |                                                       ^^^^^^^^^^^^^^^ the trait `Decodable<'_>` is not implemented for `AllocateMiningJobToken<'_>`
[INFO] [stdout]     |
[INFO] [stdout]     = note: `AllocateMiningJobToken<'_>` implements similarly named trait `binary_sv2::codec::decodable::Decodable`, but not `Decodable<'_>`
[INFO] [stdout]     = help: the following other types implement trait `Decodable<'a>`:
[INFO] [stdout]               `AnyMessage<'decoder>` implements `Decodable<'decoder>`
[INFO] [stdout]               `CloseChannel<'decoder>` implements `Decodable<'decoder>`
[INFO] [stdout]               `CommonMessages<'decoder>` implements `Decodable<'decoder>`
[INFO] [stdout]               `Header` implements `Decodable<'decoder>`
[INFO] [stdout]               `JobDeclaration<'decoder>` implements `Decodable<'decoder>`
[INFO] [stdout]               `Mining<'decoder>` implements `Decodable<'decoder>`
[INFO] [stdout]               `MiningDeviceMessages<'decoder>` implements `Decodable<'decoder>`
[INFO] [stdout]               `NewExtendedMiningJob<'decoder>` implements `Decodable<'decoder>`
[INFO] [stdout]             and 37 others
[INFO] [stdout] note: required by a bound in `binary_sv2::from_bytes`
[INFO] [stdout]    --> /opt/rustwide/cargo-home/registry/src/index.crates.io-1949cf8c6b5b557f/binary_codec_sv2-3.0.0/src/lib.rs:98:26
[INFO] [stdout]     |
[INFO] [stdout]  98 | pub fn from_bytes<'a, T: Decodable<'a>>(data: &'a mut [u8]) -> Result<T, Error> {
[INFO] [stdout]     |                          ^^^^^^^^^^^^^ required by this bound in `from_bytes`
[INFO] [stdout]     = note: the full name for the type has been written to '/opt/rustwide/target/debug/build/parsers_sv2/edf1cfe927842dff/out/parsers_sv2-edf1cfe927842dff.long-type-10072713506575496397.txt'
[INFO] [stdout]     = note: consider using `--verbose` to print the full type name to the console
[INFO] [stdout] 
[INFO] [stdout] 
[INFO] [stdout] error[E0277]: the trait bound `AllocateMiningJobTokenSuccess<'_>: Decodable<'_>` is not satisfied
[INFO] [stdout]    --> /opt/rustwide/cargo-home/registry/src/index.crates.io-1949cf8c6b5b557f/parsers_sv2-0.1.1/src/lib.rs:962:62
[INFO] [stdout]     |
[INFO] [stdout] 962 |                 let message: AllocateMiningJobTokenSuccess = from_bytes(v.1)?;
[INFO] [stdout]     |                                                              ^^^^^^^^^^^^^^^ the trait `Decodable<'_>` is not implemented for `AllocateMiningJobTokenSuccess<'_>`
[INFO] [stdout]     |
[INFO] [stdout]     = note: `AllocateMiningJobTokenSuccess<'_>` implements similarly named trait `binary_sv2::codec::decodable::Decodable`, but not `Decodable<'_>`
[INFO] [stdout]     = help: the following other types implement trait `Decodable<'a>`:
[INFO] [stdout]               `AnyMessage<'decoder>` implements `Decodable<'decoder>`
[INFO] [stdout]               `CloseChannel<'decoder>` implements `Decodable<'decoder>`
[INFO] [stdout]               `CommonMessages<'decoder>` implements `Decodable<'decoder>`
[INFO] [stdout]               `Header` implements `Decodable<'decoder>`
[INFO] [stdout]               `JobDeclaration<'decoder>` implements `Decodable<'decoder>`
[INFO] [stdout]               `Mining<'decoder>` implements `Decodable<'decoder>`
[INFO] [stdout]               `MiningDeviceMessages<'decoder>` implements `Decodable<'decoder>`
[INFO] [stdout]               `NewExtendedMiningJob<'decoder>` implements `Decodable<'decoder>`
[INFO] [stdout]             and 37 others
[INFO] [stdout] note: required by a bound in `binary_sv2::from_bytes`
[INFO] [stdout]    --> /opt/rustwide/cargo-home/registry/src/index.crates.io-1949cf8c6b5b557f/binary_codec_sv2-3.0.0/src/lib.rs:98:26
[INFO] [stdout]     |
[INFO] [stdout]  98 | pub fn from_bytes<'a, T: Decodable<'a>>(data: &'a mut [u8]) -> Result<T, Error> {
[INFO] [stdout]     |                          ^^^^^^^^^^^^^ required by this bound in `from_bytes`
[INFO] [stdout]     = note: the full name for the type has been written to '/opt/rustwide/target/debug/build/parsers_sv2/edf1cfe927842dff/out/parsers_sv2-edf1cfe927842dff.long-type-10072713506575496397.txt'
[INFO] [stdout]     = note: consider using `--verbose` to print the full type name to the console
[INFO] [stdout] 
[INFO] [stdout] 
[INFO] [stdout] error[E0277]: the trait bound `DeclareMiningJob<'_>: Decodable<'_>` is not satisfied
[INFO] [stdout]    --> /opt/rustwide/cargo-home/registry/src/index.crates.io-1949cf8c6b5b557f/parsers_sv2-0.1.1/src/lib.rs:966:49
[INFO] [stdout]     |
[INFO] [stdout] 966 |                 let message: DeclareMiningJob = from_bytes(v.1)?;
[INFO] [stdout]     |                                                 ^^^^^^^^^^^^^^^ the trait `Decodable<'_>` is not implemented for `DeclareMiningJob<'_>`
[INFO] [stdout]     |
[INFO] [stdout]     = note: `DeclareMiningJob<'_>` implements similarly named trait `binary_sv2::codec::decodable::Decodable`, but not `Decodable<'_>`
[INFO] [stdout]     = help: the following other types implement trait `Decodable<'a>`:
[INFO] [stdout]               `AnyMessage<'decoder>` implements `Decodable<'decoder>`
[INFO] [stdout]               `CloseChannel<'decoder>` implements `Decodable<'decoder>`
[INFO] [stdout]               `CommonMessages<'decoder>` implements `Decodable<'decoder>`
[INFO] [stdout]               `Header` implements `Decodable<'decoder>`
[INFO] [stdout]               `JobDeclaration<'decoder>` implements `Decodable<'decoder>`
[INFO] [stdout]               `Mining<'decoder>` implements `Decodable<'decoder>`
[INFO] [stdout]               `MiningDeviceMessages<'decoder>` implements `Decodable<'decoder>`
[INFO] [stdout]               `NewExtendedMiningJob<'decoder>` implements `Decodable<'decoder>`
[INFO] [stdout]             and 37 others
[INFO] [stdout] note: required by a bound in `binary_sv2::from_bytes`
[INFO] [stdout]    --> /opt/rustwide/cargo-home/registry/src/index.crates.io-1949cf8c6b5b557f/binary_codec_sv2-3.0.0/src/lib.rs:98:26
[INFO] [stdout]     |
[INFO] [stdout]  98 | pub fn from_bytes<'a, T: Decodable<'a>>(data: &'a mut [u8]) -> Result<T, Error> {
[INFO] [stdout]     |                          ^^^^^^^^^^^^^ required by this bound in `from_bytes`
[INFO] [stdout]     = note: the full name for the type has been written to '/opt/rustwide/target/debug/build/parsers_sv2/edf1cfe927842dff/out/parsers_sv2-edf1cfe927842dff.long-type-10072713506575496397.txt'
[INFO] [stdout]     = note: consider using `--verbose` to print the full type name to the console
[INFO] [stdout] 
[INFO] [stdout] 
[INFO] [stdout] error[E0277]: the trait bound `DeclareMiningJobSuccess<'_>: Decodable<'_>` is not satisfied
[INFO] [stdout]    --> /opt/rustwide/cargo-home/registry/src/index.crates.io-1949cf8c6b5b557f/parsers_sv2-0.1.1/src/lib.rs:970:56
[INFO] [stdout]     |
[INFO] [stdout] 970 |                 let message: DeclareMiningJobSuccess = from_bytes(v.1)?;
[INFO] [stdout]     |                                                        ^^^^^^^^^^^^^^^ the trait `Decodable<'_>` is not implemented for `DeclareMiningJobSuccess<'_>`
[INFO] [stdout]     |
[INFO] [stdout]     = note: `DeclareMiningJobSuccess<'_>` implements similarly named trait `binary_sv2::codec::decodable::Decodable`, but not `Decodable<'_>`
[INFO] [stdout]     = help: the following other types implement trait `Decodable<'a>`:
[INFO] [stdout]               `AnyMessage<'decoder>` implements `Decodable<'decoder>`
[INFO] [stdout]               `CloseChannel<'decoder>` implements `Decodable<'decoder>`
[INFO] [stdout]               `CommonMessages<'decoder>` implements `Decodable<'decoder>`
[INFO] [stdout]               `Header` implements `Decodable<'decoder>`
[INFO] [stdout]               `JobDeclaration<'decoder>` implements `Decodable<'decoder>`
[INFO] [stdout]               `Mining<'decoder>` implements `Decodable<'decoder>`
[INFO] [stdout]               `MiningDeviceMessages<'decoder>` implements `Decodable<'decoder>`
[INFO] [stdout]               `NewExtendedMiningJob<'decoder>` implements `Decodable<'decoder>`
[INFO] [stdout]             and 37 others
[INFO] [stdout] note: required by a bound in `binary_sv2::from_bytes`
[INFO] [stdout]    --> /opt/rustwide/cargo-home/registry/src/index.crates.io-1949cf8c6b5b557f/binary_codec_sv2-3.0.0/src/lib.rs:98:26
[INFO] [stdout]     |
[INFO] [stdout]  98 | pub fn from_bytes<'a, T: Decodable<'a>>(data: &'a mut [u8]) -> Result<T, Error> {
[INFO] [stdout]     |                          ^^^^^^^^^^^^^ required by this bound in `from_bytes`
[INFO] [stdout]     = note: the full name for the type has been written to '/opt/rustwide/target/debug/build/parsers_sv2/edf1cfe927842dff/out/parsers_sv2-edf1cfe927842dff.long-type-10072713506575496397.txt'
[INFO] [stdout]     = note: consider using `--verbose` to print the full type name to the console
[INFO] [stdout] 
[INFO] [stdout] 
[INFO] [stdout] error[E0277]: the trait bound `DeclareMiningJobError<'_>: Decodable<'_>` is not satisfied
[INFO] [stdout]    --> /opt/rustwide/cargo-home/registry/src/index.crates.io-1949cf8c6b5b557f/parsers_sv2-0.1.1/src/lib.rs:974:54
[INFO] [stdout]     |
[INFO] [stdout] 974 |                 let message: DeclareMiningJobError = from_bytes(v.1)?;
[INFO] [stdout]     |                                                      ^^^^^^^^^^^^^^^ the trait `Decodable<'_>` is not implemented for `DeclareMiningJobError<'_>`
[INFO] [stdout]     |
[INFO] [stdout]     = note: `DeclareMiningJobError<'_>` implements similarly named trait `binary_sv2::codec::decodable::Decodable`, but not `Decodable<'_>`
[INFO] [stdout]     = help: the following other types implement trait `Decodable<'a>`:
[INFO] [stdout]               `AnyMessage<'decoder>` implements `Decodable<'decoder>`
[INFO] [stdout]               `CloseChannel<'decoder>` implements `Decodable<'decoder>`
[INFO] [stdout]               `CommonMessages<'decoder>` implements `Decodable<'decoder>`
[INFO] [stdout]               `Header` implements `Decodable<'decoder>`
[INFO] [stdout]               `JobDeclaration<'decoder>` implements `Decodable<'decoder>`
[INFO] [stdout]               `Mining<'decoder>` implements `Decodable<'decoder>`
[INFO] [stdout]               `MiningDeviceMessages<'decoder>` implements `Decodable<'decoder>`
[INFO] [stdout]               `NewExtendedMiningJob<'decoder>` implements `Decodable<'decoder>`
[INFO] [stdout]             and 37 others
[INFO] [stdout] note: required by a bound in `binary_sv2::from_bytes`
[INFO] [stdout]    --> /opt/rustwide/cargo-home/registry/src/index.crates.io-1949cf8c6b5b557f/binary_codec_sv2-3.0.0/src/lib.rs:98:26
[INFO] [stdout]     |
[INFO] [stdout]  98 | pub fn from_bytes<'a, T: Decodable<'a>>(data: &'a mut [u8]) -> Result<T, Error> {
[INFO] [stdout]     |                          ^^^^^^^^^^^^^ required by this bound in `from_bytes`
[INFO] [stdout]     = note: the full name for the type has been written to '/opt/rustwide/target/debug/build/parsers_sv2/edf1cfe927842dff/out/parsers_sv2-edf1cfe927842dff.long-type-10072713506575496397.txt'
[INFO] [stdout]     = note: consider using `--verbose` to print the full type name to the console
[INFO] [stdout] 
[INFO] [stdout] 
[INFO] [stdout] error[E0277]: the trait bound `ProvideMissingTransactions<'_>: Decodable<'_>` is not satisfied
[INFO] [stdout]    --> /opt/rustwide/cargo-home/registry/src/index.crates.io-1949cf8c6b5b557f/parsers_sv2-0.1.1/src/lib.rs:978:59
[INFO] [stdout]     |
[INFO] [stdout] 978 |                 let message: ProvideMissingTransactions = from_bytes(v.1)?;
[INFO] [stdout]     |                                                           ^^^^^^^^^^^^^^^ the trait `Decodable<'_>` is not implemented for `ProvideMissingTransactions<'_>`
[INFO] [stdout]     |
[INFO] [stdout]     = note: `ProvideMissingTransactions<'_>` implements similarly named trait `binary_sv2::codec::decodable::Decodable`, but not `Decodable<'_>`
[INFO] [stdout]     = help: the following other types implement trait `Decodable<'a>`:
[INFO] [stdout]               `AnyMessage<'decoder>` implements `Decodable<'decoder>`
[INFO] [stdout]               `CloseChannel<'decoder>` implements `Decodable<'decoder>`
[INFO] [stdout]               `CommonMessages<'decoder>` implements `Decodable<'decoder>`
[INFO] [stdout]               `Header` implements `Decodable<'decoder>`
[INFO] [stdout]               `JobDeclaration<'decoder>` implements `Decodable<'decoder>`
[INFO] [stdout]               `Mining<'decoder>` implements `Decodable<'decoder>`
[INFO] [stdout]               `MiningDeviceMessages<'decoder>` implements `Decodable<'decoder>`
[INFO] [stdout]               `NewExtendedMiningJob<'decoder>` implements `Decodable<'decoder>`
[INFO] [stdout]             and 37 others
[INFO] [stdout] note: required by a bound in `binary_sv2::from_bytes`
[INFO] [stdout]    --> /opt/rustwide/cargo-home/registry/src/index.crates.io-1949cf8c6b5b557f/binary_codec_sv2-3.0.0/src/lib.rs:98:26
[INFO] [stdout]     |
[INFO] [stdout]  98 | pub fn from_bytes<'a, T: Decodable<'a>>(data: &'a mut [u8]) -> Result<T, Error> {
[INFO] [stdout]     |                          ^^^^^^^^^^^^^ required by this bound in `from_bytes`
[INFO] [stdout]     = note: the full name for the type has been written to '/opt/rustwide/target/debug/build/parsers_sv2/edf1cfe927842dff/out/parsers_sv2-edf1cfe927842dff.long-type-10072713506575496397.txt'
[INFO] [stdout]     = note: consider using `--verbose` to print the full type name to the console
[INFO] [stdout] 
[INFO] [stdout] 
[INFO] [stdout] error[E0277]: the trait bound `ProvideMissingTransactionsSuccess<'_>: Decodable<'_>` is not satisfied
[INFO] [stdout]    --> /opt/rustwide/cargo-home/registry/src/index.crates.io-1949cf8c6b5b557f/parsers_sv2-0.1.1/src/lib.rs:982:66
[INFO] [stdout]     |
[INFO] [stdout] 982 |                 let message: ProvideMissingTransactionsSuccess = from_bytes(v.1)?;
[INFO] [stdout]     |                                                                  ^^^^^^^^^^^^^^^ the trait `Decodable<'_>` is not implemented for `ProvideMissingTransactionsSuccess<'_>`
[INFO] [stdout]     |
[INFO] [stdout]     = note: `ProvideMissingTransactionsSuccess<'_>` implements similarly named trait `binary_sv2::codec::decodable::Decodable`, but not `Decodable<'_>`
[INFO] [stdout]     = help: the following other types implement trait `Decodable<'a>`:
[INFO] [stdout]               `AnyMessage<'decoder>` implements `Decodable<'decoder>`
[INFO] [stdout]               `CloseChannel<'decoder>` implements `Decodable<'decoder>`
[INFO] [stdout]               `CommonMessages<'decoder>` implements `Decodable<'decoder>`
[INFO] [stdout]               `Header` implements `Decodable<'decoder>`
[INFO] [stdout]               `JobDeclaration<'decoder>` implements `Decodable<'decoder>`
[INFO] [stdout]               `Mining<'decoder>` implements `Decodable<'decoder>`
[INFO] [stdout]               `MiningDeviceMessages<'decoder>` implements `Decodable<'decoder>`
[INFO] [stdout]               `NewExtendedMiningJob<'decoder>` implements `Decodable<'decoder>`
[INFO] [stdout]             and 37 others
[INFO] [stdout] note: required by a bound in `binary_sv2::from_bytes`
[INFO] [stdout]    --> /opt/rustwide/cargo-home/registry/src/index.crates.io-1949cf8c6b5b557f/binary_codec_sv2-3.0.0/src/lib.rs:98:26
[INFO] [stdout]     |
[INFO] [stdout]  98 | pub fn from_bytes<'a, T: Decodable<'a>>(data: &'a mut [u8]) -> Result<T, Error> {
[INFO] [stdout]     |                          ^^^^^^^^^^^^^ required by this bound in `from_bytes`
[INFO] [stdout]     = note: the full name for the type has been written to '/opt/rustwide/target/debug/build/parsers_sv2/edf1cfe927842dff/out/parsers_sv2-edf1cfe927842dff.long-type-10072713506575496397.txt'
[INFO] [stdout]     = note: consider using `--verbose` to print the full type name to the console
[INFO] [stdout] 
[INFO] [stdout] 
[INFO] [stdout] error[E0277]: the trait bound `PushSolution<'_>: Decodable<'_>` is not satisfied
[INFO] [stdout]    --> /opt/rustwide/cargo-home/registry/src/index.crates.io-1949cf8c6b5b557f/parsers_sv2-0.1.1/src/lib.rs:986:45
[INFO] [stdout]     |
[INFO] [stdout] 986 |                 let message: PushSolution = from_bytes(v.1)?;
[INFO] [stdout]     |                                             ^^^^^^^^^^^^^^^ the trait `Decodable<'_>` is not implemented for `PushSolution<'_>`
[INFO] [stdout]     |
[INFO] [stdout]     = note: `PushSolution<'_>` implements similarly named trait `binary_sv2::codec::decodable::Decodable`, but not `Decodable<'_>`
[INFO] [stdout]     = help: the following other types implement trait `Decodable<'a>`:
[INFO] [stdout]               `AnyMessage<'decoder>` implements `Decodable<'decoder>`
[INFO] [stdout]               `CloseChannel<'decoder>` implements `Decodable<'decoder>`
[INFO] [stdout]               `CommonMessages<'decoder>` implements `Decodable<'decoder>`
[INFO] [stdout]               `Header` implements `Decodable<'decoder>`
[INFO] [stdout]               `JobDeclaration<'decoder>` implements `Decodable<'decoder>`
[INFO] [stdout]               `Mining<'decoder>` implements `Decodable<'decoder>`
[INFO] [stdout]               `MiningDeviceMessages<'decoder>` implements `Decodable<'decoder>`
[INFO] [stdout]               `NewExtendedMiningJob<'decoder>` implements `Decodable<'decoder>`
[INFO] [stdout]             and 37 others
[INFO] [stdout] note: required by a bound in `binary_sv2::from_bytes`
[INFO] [stdout]    --> /opt/rustwide/cargo-home/registry/src/index.crates.io-1949cf8c6b5b557f/binary_codec_sv2-3.0.0/src/lib.rs:98:26
[INFO] [stdout]     |
[INFO] [stdout]  98 | pub fn from_bytes<'a, T: Decodable<'a>>(data: &'a mut [u8]) -> Result<T, Error> {
[INFO] [stdout]     |                          ^^^^^^^^^^^^^ required by this bound in `from_bytes`
[INFO] [stdout]     = note: the full name for the type has been written to '/opt/rustwide/target/debug/build/parsers_sv2/edf1cfe927842dff/out/parsers_sv2-edf1cfe927842dff.long-type-10072713506575496397.txt'
[INFO] [stdout]     = note: consider using `--verbose` to print the full type name to the console
[INFO] [stdout] 
[INFO] [stdout] 
[INFO] [stderr]    Compiling h2 v0.4.20
[INFO] [stdout] Some errors have detailed explanations: E0277, E0599.
[INFO] [stdout] 
[INFO] [stdout] For more information about an error, try `rustc --explain E0277`.
[INFO] [stdout] 
[INFO] [stderr] error: could not compile `parsers_sv2` (lib) due to 60 previous errors
[INFO] [stderr] warning: build failed, waiting for other jobs to finish...
[INFO] running `Command { std: "docker" "inspect" "8e998c5df096cd9e6b606d8d9d131db6da8f5766e9bf4bf882c7aa672bbf7a64", kill_on_drop: false }`
[INFO] running `Command { std: "docker" "rm" "-f" "8e998c5df096cd9e6b606d8d9d131db6da8f5766e9bf4bf882c7aa672bbf7a64", kill_on_drop: false }`
[INFO] [stdout] 8e998c5df096cd9e6b606d8d9d131db6da8f5766e9bf4bf882c7aa672bbf7a64
