[INFO] fetching crate rouchdb 0.5.1...
[INFO] testing rouchdb-0.5.1 against 1.99.0-beta.8 for beta-1.100-2
[INFO] extracting crate rouchdb 0.5.1 into /workspace/builds/worker-7-tc1/source
[INFO] started tweaking crates.io crate rouchdb 0.5.1
[INFO] removed 0 missing examples
[INFO] removed 0 missing tests
[INFO] finished tweaking crates.io crate rouchdb 0.5.1
[INFO] tweaked toml for crates.io crate rouchdb 0.5.1 written to /workspace/builds/worker-7-tc1/source/Cargo.toml
[INFO] validating manifest of crates.io crate rouchdb 0.5.1 on toolchain 1.99.0-beta.8
[INFO] running `Command { std: CARGO_HOME="/workspace/cargo-home" RUSTUP_HOME="/workspace/rustup-home" "/workspace/cargo-home/bin/cargo" "+1.99.0-beta.8" "metadata" "--manifest-path" "Cargo.toml" "--no-deps", kill_on_drop: false }`
[INFO] crate crates.io crate rouchdb 0.5.1 already has a lockfile, it will not be regenerated
[INFO] running `Command { std: CARGO_HOME="/workspace/cargo-home" RUSTUP_HOME="/workspace/rustup-home" "/workspace/cargo-home/bin/cargo" "+1.99.0-beta.8" "fetch" "--manifest-path" "Cargo.toml", kill_on_drop: false }`
[INFO] [stderr]     Updating crates.io index
[INFO] [stderr]  Downloading crates ...
[INFO] [stderr]   Downloaded uuid v1.20.0
[INFO] [stderr]   Downloaded socket2 v0.6.2
[INFO] [stderr]   Downloaded rouchdb-views v0.5.1
[INFO] [stderr]   Downloaded rouchdb-adapter-memory v0.5.1
[INFO] [stderr]   Downloaded wasm-bindgen-futures v0.4.58
[INFO] [stderr]   Downloaded rouchdb-query v0.5.1
[INFO] [stderr]   Downloaded rouchdb-replication v0.5.1
[INFO] [stderr]   Downloaded rouchdb-adapter-http v0.5.1
[INFO] [stderr]   Downloaded rouchdb-changes v0.5.1
[INFO] [stderr]   Downloaded rouchdb-adapter-redb v0.5.1
[INFO] [stderr]   Downloaded rouchdb-core v0.5.1
[INFO] [stderr]   Downloaded redb v2.6.3
[INFO] [stderr]   Downloaded fancy-regex v0.19.2
[INFO] [stderr]   Downloaded security-framework v3.5.1
[INFO] [stderr]   Downloaded cookie_store v0.22.0
[INFO] [stderr]   Downloaded deranged v0.5.5
[INFO] [stderr]   Downloaded psl-types v2.0.11
[INFO] [stderr]   Downloaded publicsuffix v2.3.0
[INFO] running `Command { std: "docker" "create" "-v" "/var/lib/crater-agent-workspace/builds/worker-7-tc1/source:/opt/rustwide/workdir:ro,Z" "-v" "/var/lib/crater-agent-workspace/builds/worker-7-tc1/target:/opt/rustwide/target:rw,Z" "-v" "/var/lib/crater-agent-workspace/cargo-home:/opt/rustwide/cargo-home:ro,Z" "-v" "/var/lib/crater-agent-workspace/rustup-home:/opt/rustwide/rustup-home:ro,Z" "-m" "1610612736" "--network" "none" "ghcr.io/rust-lang/crates-build-env/linux@sha256:3111399a4047eeb3a02b7a90e478d715f38a8c6669b5c4b49d30a17385265909" "sleep" "infinity", kill_on_drop: false }`
[INFO] [stdout] 0e572ec1507046ec366bda81755eca7ce3761b69cdbd208785f5b376ef5c8459
[INFO] running `Command { std: "docker" "start" "0e572ec1507046ec366bda81755eca7ce3761b69cdbd208785f5b376ef5c8459", kill_on_drop: false }`
[INFO] running `Command { std: "docker" "inspect" "0e572ec1507046ec366bda81755eca7ce3761b69cdbd208785f5b376ef5c8459", kill_on_drop: false }`
[INFO] running `Command { std: "docker" "exec" "-e" "SOURCE_DIR=/opt/rustwide/workdir" "-e" "CARGO_HOME=/opt/rustwide/cargo-home" "-e" "RUSTUP_HOME=/opt/rustwide/rustup-home" "-e" "CARGO_TARGET_DIR=/opt/rustwide/target" "-w" "/opt/rustwide/workdir" "--user" "0:0" "0e572ec1507046ec366bda81755eca7ce3761b69cdbd208785f5b376ef5c8459" "/opt/rustwide/cargo-home/bin/cargo" "+1.99.0-beta.8" "metadata" "--no-deps" "--format-version=1", kill_on_drop: false }`
[INFO] running `Command { std: "docker" "inspect" "0e572ec1507046ec366bda81755eca7ce3761b69cdbd208785f5b376ef5c8459", kill_on_drop: false }`
[INFO] running `Command { std: "docker" "exec" "-e" "SOURCE_DIR=/opt/rustwide/workdir" "-e" "CARGO_HOME=/opt/rustwide/cargo-home" "-e" "RUSTUP_HOME=/opt/rustwide/rustup-home" "-e" "CARGO_TARGET_DIR=/opt/rustwide/target" "-e" "CARGO_INCREMENTAL=0" "-e" "RUST_BACKTRACE=full" "-e" "RUSTFLAGS=--cap-lints=warn" "-e" "RUSTDOCFLAGS=--cap-lints=warn" "-w" "/opt/rustwide/workdir" "--user" "0:0" "0e572ec1507046ec366bda81755eca7ce3761b69cdbd208785f5b376ef5c8459" "/opt/rustwide/cargo-home/bin/cargo" "+1.99.0-beta.8" "build" "--frozen" "--message-format=json", kill_on_drop: false }`
[INFO] [stderr]    Compiling quote v1.0.44
[INFO] [stderr]    Compiling proc-macro2 v1.0.106
[INFO] [stderr]    Compiling serde_core v1.0.228
[INFO] [stderr]    Compiling serde_json v1.0.149
[INFO] [stderr]    Compiling cc v1.2.55
[INFO] [stderr]    Compiling http v1.4.0
[INFO] [stderr]    Compiling mio v1.1.1
[INFO] [stderr]    Compiling socket2 v0.6.2
[INFO] [stderr]    Compiling getrandom v0.2.17
[INFO] [stderr]    Compiling tracing-core v0.1.36
[INFO] [stderr]    Compiling crypto-common v0.1.7
[INFO] [stderr]    Compiling rustls-pki-types v1.14.0
[INFO] [stderr]    Compiling futures-task v0.3.31
[INFO] [stderr]    Compiling aho-corasick v1.1.4
[INFO] [stderr]    Compiling time-core v0.1.8
[INFO] [stderr]    Compiling num-conv v0.2.0
[INFO] [stderr]    Compiling regex-syntax v0.8.9
[INFO] [stderr]    Compiling digest v0.10.7
[INFO] [stderr]    Compiling futures-util v0.3.31
[INFO] [stderr]    Compiling rustls v0.23.36
[INFO] [stderr]    Compiling powerfmt v0.2.0
[INFO] [stderr]    Compiling bit-vec v0.8.0
[INFO] [stderr]    Compiling time-macros v0.2.27
[INFO] [stderr]    Compiling deranged v0.5.5
[INFO] [stderr]    Compiling md-5 v0.10.6
[INFO] [stderr]    Compiling futures-channel v0.3.31
[INFO] [stderr]    Compiling bit-set v0.8.0
[INFO] [stderr]    Compiling cookie v0.18.1
[INFO] [stderr]    Compiling syn v2.0.114
[INFO] [stderr]    Compiling syn v3.0.6
[INFO] [stderr]    Compiling psl-types v2.0.11
[INFO] [stderr]    Compiling tracing v0.1.44
[INFO] [stderr]    Compiling litrs v1.0.0
[INFO] [stderr]    Compiling uuid v1.20.0
[INFO] [stderr]    Compiling webpki-roots v1.0.6
[INFO] [stderr]    Compiling redb v2.6.3
[INFO] [stderr]    Compiling document-features v0.2.12
[INFO] [stderr]    Compiling http-body v1.0.1
[INFO] [stderr]    Compiling http-body-util v0.1.3
[INFO] [stderr]    Compiling ring v0.17.14
[INFO] [stderr]    Compiling time v0.3.47
[INFO] [stderr]    Compiling regex-automata v0.4.18
[INFO] [stderr]    Compiling rustls-webpki v0.103.9
[INFO] [stderr]    Compiling fancy-regex v0.19.2
[INFO] [stderr]    Compiling async-trait v0.1.92
[INFO] [stderr]    Compiling synstructure v0.13.2
[INFO] [stderr]    Compiling tokio-macros v2.6.0
[INFO] [stderr]    Compiling zerovec-derive v0.11.2
[INFO] [stderr]    Compiling displaydoc v0.2.5
[INFO] [stderr]    Compiling serde_derive v1.0.228
[INFO] [stderr]    Compiling thiserror-impl v2.0.18
[INFO] [stderr]    Compiling zerofrom-derive v0.1.6
[INFO] [stderr]    Compiling yoke-derive v0.8.1
[INFO] [stderr]    Compiling tokio v1.49.0
[INFO] [stderr]    Compiling zerofrom v0.1.6
[INFO] [stderr]    Compiling thiserror v2.0.18
[INFO] [stderr]    Compiling yoke v0.8.1
[INFO] [stderr]    Compiling zerovec v0.11.5
[INFO] [stderr]    Compiling zerotrie v0.2.3
[INFO] [stderr]    Compiling tinystr v0.8.2
[INFO] [stderr]    Compiling potential_utf v0.1.4
[INFO] [stderr]    Compiling icu_collections v2.1.1
[INFO] [stderr]    Compiling icu_locale_core v2.1.1
[INFO] [stderr]    Compiling icu_provider v2.1.1
[INFO] [stderr]    Compiling serde v1.0.228
[INFO] [stderr]    Compiling icu_normalizer v2.1.1
[INFO] [stderr]    Compiling icu_properties v2.1.2
[INFO] [stderr]    Compiling serde_urlencoded v0.7.1
[INFO] [stderr]    Compiling idna_adapter v1.2.1
[INFO] [stderr]    Compiling idna v1.1.0
[INFO] [stderr]    Compiling publicsuffix v2.3.0
[INFO] [stderr]    Compiling url v2.5.8
[INFO] [stderr]    Compiling tokio-util v0.7.18
[INFO] [stderr]    Compiling rouchdb-core v0.5.1
[INFO] [stderr]    Compiling tokio-rustls v0.26.4
[INFO] [stderr]    Compiling tower v0.5.3
[INFO] [stderr]    Compiling cookie_store v0.22.0
[INFO] [stderr]    Compiling tower-http v0.6.8
[INFO] [stderr]    Compiling h2 v0.4.13
[INFO] [stderr]    Compiling rouchdb-query v0.5.1
[INFO] [stderr]    Compiling rouchdb-adapter-memory v0.5.1
[INFO] [stderr]    Compiling rouchdb-adapter-redb v0.5.1
[INFO] [stderr]    Compiling rouchdb-changes v0.5.1
[INFO] [stderr]    Compiling rouchdb-views v0.5.1
[INFO] [stderr]    Compiling rouchdb-replication v0.5.1
[INFO] [stderr]    Compiling hyper v1.8.1
[INFO] [stderr]    Compiling hyper-util v0.1.20
[INFO] [stderr]    Compiling hyper-rustls v0.27.7
[INFO] [stderr]    Compiling reqwest v0.12.28
[INFO] [stderr]    Compiling rouchdb-adapter-http v0.5.1
[INFO] [stderr]    Compiling rouchdb v0.5.1 (/opt/rustwide/workdir)
[INFO] [stderr]     Finished `dev` profile [unoptimized + debuginfo] target(s) in 1m 04s
[INFO] running `Command { std: "docker" "inspect" "0e572ec1507046ec366bda81755eca7ce3761b69cdbd208785f5b376ef5c8459", kill_on_drop: false }`
[INFO] running `Command { std: "docker" "exec" "-e" "SOURCE_DIR=/opt/rustwide/workdir" "-e" "CARGO_HOME=/opt/rustwide/cargo-home" "-e" "RUSTUP_HOME=/opt/rustwide/rustup-home" "-e" "CARGO_TARGET_DIR=/opt/rustwide/target" "-e" "CARGO_INCREMENTAL=0" "-e" "RUST_BACKTRACE=full" "-e" "RUSTFLAGS=--cap-lints=warn" "-e" "RUSTDOCFLAGS=--cap-lints=warn" "-w" "/opt/rustwide/workdir" "--user" "0:0" "0e572ec1507046ec366bda81755eca7ce3761b69cdbd208785f5b376ef5c8459" "/opt/rustwide/cargo-home/bin/cargo" "+1.99.0-beta.8" "test" "--frozen" "--no-run" "--message-format=json", kill_on_drop: false }`
[INFO] [stderr]    Compiling tokio v1.49.0
[INFO] [stderr]    Compiling tempfile v3.24.0
[INFO] [stderr]    Compiling tokio-util v0.7.18
[INFO] [stderr]    Compiling rouchdb-core v0.5.1
[INFO] [stderr]    Compiling tokio-rustls v0.26.4
[INFO] [stderr]    Compiling tower v0.5.3
[INFO] [stderr]    Compiling h2 v0.4.13
[INFO] [stderr]    Compiling tower-http v0.6.8
[INFO] [stderr]    Compiling rouchdb-query v0.5.1
[INFO] [stderr]    Compiling rouchdb-adapter-memory v0.5.1
[INFO] [stderr]    Compiling rouchdb-adapter-redb v0.5.1
[INFO] [stderr]    Compiling rouchdb-views v0.5.1
[INFO] [stderr]    Compiling rouchdb-replication v0.5.1
[INFO] [stderr]    Compiling rouchdb-changes v0.5.1
[INFO] [stderr]    Compiling hyper v1.8.1
[INFO] [stderr]    Compiling hyper-util v0.1.20
[INFO] [stderr]    Compiling hyper-rustls v0.27.7
[INFO] [stderr]    Compiling reqwest v0.12.28
[INFO] [stderr]    Compiling rouchdb-adapter-http v0.5.1
[INFO] [stderr]    Compiling rouchdb v0.5.1 (/opt/rustwide/workdir)
[INFO] [stderr] error: could not compile `rouchdb` (test "replication")
[INFO] [stderr] 
[INFO] [stderr] Caused by:
[INFO] [stderr]   process didn't exit successfully: `/opt/rustwide/rustup-home/toolchains/1.99.0-beta.8-x86_64-unknown-linux-gnu/bin/rustc --crate-name replication --edition=2024 tests/replication.rs --error-format=json --json=diagnostic-rendered-ansi,artifacts,future-incompat --emit=dep-info,link -C embed-bitcode=no -C debuginfo=2 --test --cfg 'feature="default"' --cfg 'feature="rustls-tls"' --check-cfg 'cfg(docsrs,test)' --check-cfg 'cfg(feature, values("arbitrary-precision", "default", "native-tls", "rustls-tls", "rustls-tls-native-roots"))' -C metadata=b3c16f611db9bbbd -C extra-filename=-7ce2c94608b86d90 --out-dir /opt/rustwide/target/debug/deps -L dependency=/opt/rustwide/target/debug/deps --extern async_trait=/opt/rustwide/target/debug/deps/libasync_trait-bfaed605dc4d59fd.so --extern base64=/opt/rustwide/target/debug/deps/libbase64-32787b0325ea6df8.rlib --extern reqwest=/opt/rustwide/target/debug/deps/libreqwest-8f4bd4feae3dd46a.rlib --extern rouchdb=/opt/rustwide/target/debug/deps/librouchdb-02efcc43ba8940b5.rlib --extern rouchdb_adapter_http=/opt/rustwide/target/debug/deps/librouchdb_adapter_http-716451478dbb979e.rlib --extern rouchdb_adapter_memory=/opt/rustwide/target/debug/deps/librouchdb_adapter_memory-4d5ce85219634ef9.rlib --extern rouchdb_adapter_redb=/opt/rustwide/target/debug/deps/librouchdb_adapter_redb-e641710f1ec93d49.rlib --extern rouchdb_changes=/opt/rustwide/target/debug/deps/librouchdb_changes-cecd2aaf59b5835f.rlib --extern rouchdb_core=/opt/rustwide/target/debug/deps/librouchdb_core-307f69ccb14afb5f.rlib --extern rouchdb_query=/opt/rustwide/target/debug/deps/librouchdb_query-9b53eb5b37ee63ff.rlib --extern rouchdb_replication=/opt/rustwide/target/debug/deps/librouchdb_replication-344e3a2a6cda4fbe.rlib --extern rouchdb_views=/opt/rustwide/target/debug/deps/librouchdb_views-adef6ae140d7b16e.rlib --extern serde_json=/opt/rustwide/target/debug/deps/libserde_json-c7e1430b32e172f7.rlib --extern tempfile=/opt/rustwide/target/debug/deps/libtempfile-4d10f304bca4e256.rlib --extern tokio=/opt/rustwide/target/debug/deps/libtokio-f40f25fc03741ad6.rlib --extern uuid=/opt/rustwide/target/debug/deps/libuuid-2feaecd05301210a.rlib --cap-lints=warn -L native=/opt/rustwide/target/debug/build/ring-e6d7591df5303779/out` (signal: 9, SIGKILL: kill)
[INFO] [stderr] warning: build failed, waiting for other jobs to finish...
[INFO] [stderr] error: could not compile `rouchdb` (lib test)
[INFO] [stderr] 
[INFO] [stderr] Caused by:
[INFO] [stderr]   process didn't exit successfully: `/opt/rustwide/rustup-home/toolchains/1.99.0-beta.8-x86_64-unknown-linux-gnu/bin/rustc --crate-name rouchdb --edition=2024 src/lib.rs --error-format=json --json=diagnostic-rendered-ansi,artifacts,future-incompat --emit=dep-info,link -C embed-bitcode=no -C debuginfo=2 --test --cfg 'feature="default"' --cfg 'feature="rustls-tls"' --check-cfg 'cfg(docsrs,test)' --check-cfg 'cfg(feature, values("arbitrary-precision", "default", "native-tls", "rustls-tls", "rustls-tls-native-roots"))' -C metadata=6d07b91c6437dcfc -C extra-filename=-80c93324fd7c3e0a --out-dir /opt/rustwide/target/debug/deps -L dependency=/opt/rustwide/target/debug/deps --extern async_trait=/opt/rustwide/target/debug/deps/libasync_trait-bfaed605dc4d59fd.so --extern base64=/opt/rustwide/target/debug/deps/libbase64-32787b0325ea6df8.rlib --extern reqwest=/opt/rustwide/target/debug/deps/libreqwest-8f4bd4feae3dd46a.rlib --extern rouchdb_adapter_http=/opt/rustwide/target/debug/deps/librouchdb_adapter_http-716451478dbb979e.rlib --extern rouchdb_adapter_memory=/opt/rustwide/target/debug/deps/librouchdb_adapter_memory-4d5ce85219634ef9.rlib --extern rouchdb_adapter_redb=/opt/rustwide/target/debug/deps/librouchdb_adapter_redb-e641710f1ec93d49.rlib --extern rouchdb_changes=/opt/rustwide/target/debug/deps/librouchdb_changes-cecd2aaf59b5835f.rlib --extern rouchdb_core=/opt/rustwide/target/debug/deps/librouchdb_core-307f69ccb14afb5f.rlib --extern rouchdb_query=/opt/rustwide/target/debug/deps/librouchdb_query-9b53eb5b37ee63ff.rlib --extern rouchdb_replication=/opt/rustwide/target/debug/deps/librouchdb_replication-344e3a2a6cda4fbe.rlib --extern rouchdb_views=/opt/rustwide/target/debug/deps/librouchdb_views-adef6ae140d7b16e.rlib --extern serde_json=/opt/rustwide/target/debug/deps/libserde_json-c7e1430b32e172f7.rlib --extern tempfile=/opt/rustwide/target/debug/deps/libtempfile-4d10f304bca4e256.rlib --extern tokio=/opt/rustwide/target/debug/deps/libtokio-f40f25fc03741ad6.rlib --extern uuid=/opt/rustwide/target/debug/deps/libuuid-2feaecd05301210a.rlib --cap-lints=warn -L native=/opt/rustwide/target/debug/build/ring-e6d7591df5303779/out` (signal: 9, SIGKILL: kill)
[INFO] [stderr] error: could not compile `rouchdb` (test "couchdb_query_parity")
[INFO] [stderr] 
[INFO] [stderr] Caused by:
[INFO] [stderr]   process didn't exit successfully: `/opt/rustwide/rustup-home/toolchains/1.99.0-beta.8-x86_64-unknown-linux-gnu/bin/rustc --crate-name couchdb_query_parity --edition=2024 tests/couchdb_query_parity.rs --error-format=json --json=diagnostic-rendered-ansi,artifacts,future-incompat --emit=dep-info,link -C embed-bitcode=no -C debuginfo=2 --test --cfg 'feature="default"' --cfg 'feature="rustls-tls"' --check-cfg 'cfg(docsrs,test)' --check-cfg 'cfg(feature, values("arbitrary-precision", "default", "native-tls", "rustls-tls", "rustls-tls-native-roots"))' -C metadata=1402fb75ad360770 -C extra-filename=-ddb78fc67f6031a3 --out-dir /opt/rustwide/target/debug/deps -L dependency=/opt/rustwide/target/debug/deps --extern async_trait=/opt/rustwide/target/debug/deps/libasync_trait-bfaed605dc4d59fd.so --extern base64=/opt/rustwide/target/debug/deps/libbase64-32787b0325ea6df8.rlib --extern reqwest=/opt/rustwide/target/debug/deps/libreqwest-8f4bd4feae3dd46a.rlib --extern rouchdb=/opt/rustwide/target/debug/deps/librouchdb-02efcc43ba8940b5.rlib --extern rouchdb_adapter_http=/opt/rustwide/target/debug/deps/librouchdb_adapter_http-716451478dbb979e.rlib --extern rouchdb_adapter_memory=/opt/rustwide/target/debug/deps/librouchdb_adapter_memory-4d5ce85219634ef9.rlib --extern rouchdb_adapter_redb=/opt/rustwide/target/debug/deps/librouchdb_adapter_redb-e641710f1ec93d49.rlib --extern rouchdb_changes=/opt/rustwide/target/debug/deps/librouchdb_changes-cecd2aaf59b5835f.rlib --extern rouchdb_core=/opt/rustwide/target/debug/deps/librouchdb_core-307f69ccb14afb5f.rlib --extern rouchdb_query=/opt/rustwide/target/debug/deps/librouchdb_query-9b53eb5b37ee63ff.rlib --extern rouchdb_replication=/opt/rustwide/target/debug/deps/librouchdb_replication-344e3a2a6cda4fbe.rlib --extern rouchdb_views=/opt/rustwide/target/debug/deps/librouchdb_views-adef6ae140d7b16e.rlib --extern serde_json=/opt/rustwide/target/debug/deps/libserde_json-c7e1430b32e172f7.rlib --extern tempfile=/opt/rustwide/target/debug/deps/libtempfile-4d10f304bca4e256.rlib --extern tokio=/opt/rustwide/target/debug/deps/libtokio-f40f25fc03741ad6.rlib --extern uuid=/opt/rustwide/target/debug/deps/libuuid-2feaecd05301210a.rlib --cap-lints=warn -L native=/opt/rustwide/target/debug/build/ring-e6d7591df5303779/out` (signal: 9, SIGKILL: kill)
[INFO] [stderr] error: could not compile `rouchdb` (test "edge_cases")
[INFO] [stderr] 
[INFO] [stderr] Caused by:
[INFO] [stderr]   process didn't exit successfully: `/opt/rustwide/rustup-home/toolchains/1.99.0-beta.8-x86_64-unknown-linux-gnu/bin/rustc --crate-name edge_cases --edition=2024 tests/edge_cases.rs --error-format=json --json=diagnostic-rendered-ansi,artifacts,future-incompat --emit=dep-info,link -C embed-bitcode=no -C debuginfo=2 --test --cfg 'feature="default"' --cfg 'feature="rustls-tls"' --check-cfg 'cfg(docsrs,test)' --check-cfg 'cfg(feature, values("arbitrary-precision", "default", "native-tls", "rustls-tls", "rustls-tls-native-roots"))' -C metadata=71f2e3b1c7860aa5 -C extra-filename=-c97f21206b6dce6a --out-dir /opt/rustwide/target/debug/deps -L dependency=/opt/rustwide/target/debug/deps --extern async_trait=/opt/rustwide/target/debug/deps/libasync_trait-bfaed605dc4d59fd.so --extern base64=/opt/rustwide/target/debug/deps/libbase64-32787b0325ea6df8.rlib --extern reqwest=/opt/rustwide/target/debug/deps/libreqwest-8f4bd4feae3dd46a.rlib --extern rouchdb=/opt/rustwide/target/debug/deps/librouchdb-02efcc43ba8940b5.rlib --extern rouchdb_adapter_http=/opt/rustwide/target/debug/deps/librouchdb_adapter_http-716451478dbb979e.rlib --extern rouchdb_adapter_memory=/opt/rustwide/target/debug/deps/librouchdb_adapter_memory-4d5ce85219634ef9.rlib --extern rouchdb_adapter_redb=/opt/rustwide/target/debug/deps/librouchdb_adapter_redb-e641710f1ec93d49.rlib --extern rouchdb_changes=/opt/rustwide/target/debug/deps/librouchdb_changes-cecd2aaf59b5835f.rlib --extern rouchdb_core=/opt/rustwide/target/debug/deps/librouchdb_core-307f69ccb14afb5f.rlib --extern rouchdb_query=/opt/rustwide/target/debug/deps/librouchdb_query-9b53eb5b37ee63ff.rlib --extern rouchdb_replication=/opt/rustwide/target/debug/deps/librouchdb_replication-344e3a2a6cda4fbe.rlib --extern rouchdb_views=/opt/rustwide/target/debug/deps/librouchdb_views-adef6ae140d7b16e.rlib --extern serde_json=/opt/rustwide/target/debug/deps/libserde_json-c7e1430b32e172f7.rlib --extern tempfile=/opt/rustwide/target/debug/deps/libtempfile-4d10f304bca4e256.rlib --extern tokio=/opt/rustwide/target/debug/deps/libtokio-f40f25fc03741ad6.rlib --extern uuid=/opt/rustwide/target/debug/deps/libuuid-2feaecd05301210a.rlib --cap-lints=warn -L native=/opt/rustwide/target/debug/build/ring-e6d7591df5303779/out` (signal: 9, SIGKILL: kill)
[INFO] [stdout] error: linking with `cc` failed: exit status: 1
[INFO] [stdout]   |
[INFO] [stdout]   = note:  "cc" "-m64" "/opt/rustwide/target/debug/deps/rustcIHLRGn/symbols.o" "<4 object files omitted>" "-Wl,--as-needed" "-Wl,-Bstatic" "<sysroot>/lib/rustlib/x86_64-unknown-linux-gnu/lib/{libtest-*,libgetopts-*,librustc_std_workspace_std-*}.rlib" "/opt/rustwide/target/debug/deps/{librouchdb-02efcc43ba8940b5,librouchdb_replication-344e3a2a6cda4fbe,librouchdb_views-adef6ae140d7b16e,librouchdb_changes-cecd2aaf59b5835f,librouchdb_query-9b53eb5b37ee63ff,libfancy_regex-24085dffbcbfeb65,libbit_set-0311c4fb3031ff2a,libbit_vec-b1d1b68c2b4b1dac,libregex_automata-0602615a05027f73,libaho_corasick-86b7640b845670b7,libregex_syntax-ee40f7a03f17f1b6,librouchdb_adapter_redb-e641710f1ec93d49,libredb-7d6f682fef1ae29c,librouchdb_adapter_memory-4d5ce85219634ef9,libuuid-2feaecd05301210a,libgetrandom-0baa87726cbcc5d3,librouchdb_adapter_http-716451478dbb979e,libreqwest-8f4bd4feae3dd46a,libserde_urlencoded-67ea9233fc90f793,libryu-25f59e4cd0d23219,libcookie_store-ec182eb2e957b0d4,libpublicsuffix-09cfc0deca30b299,libpsl_types-be5f8942940e3a9c,libcookie-27ff97801ec67594,libtime-417dfbdf5e8b9571,libtime_core-031b6ab885a7634b,libnum_conv-9ace8b7f2a214982,libderanged-0497f8a63ebb66e0,libpowerfmt-f6019a2766e431f7,libhyper_rustls-14c0a8d9ce9ff117,libwebpki_roots-d9cc86348a7593ab,libtokio_rustls-a24762ab3e32e71e,librustls-af1944ea1185cdfc,libsubtle-2ae6a7038b9a0630,libwebpki-c0526fa6e83e14c9,libring-e5912a4a0d599d89,libgetrandom-5197717e746d5ea8,libuntrusted-b2f816886faf2178,librustls_pki_types-a1ff9279e609de76,libzeroize-7f213bea776ca5b6,libmime-0188e0814ca7ddbf,libencoding_rs-c7a67ac351c2b19f,libtower_http-b829eded2fcfcbb9,libbitflags-9362e66b8880981a,libiri_string-7980c6545d934b56,libtower-3c097ea499b3bb53,libtower_layer-d908dd771b239ecd,libhyper_util-6da41af16935e0d2,libipnet-a38805d99c19843f,libtower_service-3fb88d28c2218805,libhyper-ea300e64a510618e,libwant-7a6260b9c50f1479,libtry_lock-8fa2f6971035be84,libhttparse-8c9b827b8f345444,libh2-03e960ed8d765f33,libtracing-8dff89d18684ee1c,libtracing_core-5514c019623f0390,libonce_cell-e9252a7b5119f3eb,libindexmap-f006485b143d2676,libequivalent-6a754676e6af62ae,libhashbrown-25abce2d85979e8d,libslab-0582d648e59ab406,libfnv-79e2cbfbe03dcd16,libtokio_util-a2156a09d5ecf338,libfutures_sink-ae1eb2d060de53a2,libatomic_waker-06950c8c08d2b8fa,libfutures_channel-0897301d97903da3,libfutures_util-6588f3c11f416f98,libfutures_task-f13500651ee1eef1,libpin_utils-3860774ad9b215b5,libhttp_body_util-cfe92d35398de8bd,libhttp_body-55146306285889c1,liblog-f16ce4b64309590f,liburl-af0ef38e0ae8993b,libidna-892b196308ac830b,libutf8_iter-51566bbad89f3a68,libidna_adapter-1119d1f5f91db890,libicu_properties-b19ca9f725b006ca,libicu_properties_data-b217809bf575558a,libicu_normalizer-a3f6ef63ce0a9911,libsmallvec-bc3128fdd57228fc,libicu_normalizer_data-ab8997d7cbbb3306,libicu_collections-3a5f912555f5ca57,libpotential_utf-e0eee182068dfc12,libicu_provider-fb4b2ae39404543f,libicu_locale_core-8d2ea3ccebbf31ee,libtinystr-b58822f9ea1be37d,liblitemap-cd9b5b2aa04e2018,libwriteable-4f74a67d38fff78e,libzerovec-06df4607926d9232,libzerotrie-906a51fc22d91d52,libyoke-f815d098523ad3cc,libstable_deref_trait-63cbf3f3d3f94e56,libzerofrom-9371f7d99eee09b2,libform_urlencoded-58b0f0edb59b40d2,libpercent_encoding-fa055ecaa1e57cfa,libhttp-621951be98ec0f6f,libsync_wrapper-a254cb6192850e87,libfutures_core-3b920243fce8fec0,librouchdb_core-307f69ccb14afb5f,libthiserror-d58434548887caa4,libmd5-b4d5385dcafb8462,libcfg_if-83060ec5685761ae,libdigest-58e72b83ad3d3d94,libblock_buffer-ceb5bfb4b62e5dc4,libcrypto_common-56b940ef3ee0385e,libgeneric_array-3399f74876fb1fa9,libtypenum-973adb5204d6e560,libbase64-32787b0325ea6df8,libserde-a39907261a09e5da,libserde_json-c7e1430b32e172f7,libmemchr-ba3829a276830806,libitoa-f3a70a1441f7f89b,libzmij-8eb72cbe5f9b9b4e,libserde_core-2c928ee17a7447a4,libtokio-f40f25fc03741ad6,libsocket2-1aadc0729249d3be,libbytes-2ed9460101f17bbf,libmio-fc0f5b7715002b05,liblibc-11f5a30dc24875fb,libpin_project_lite-72bf04572caa1c84}.rlib" "<sysroot>/lib/rustlib/x86_64-unknown-linux-gnu/lib/{libstd-*,libpanic_unwind-*,libobject-*,libmemchr-*,libaddr2line-*,libgimli-*,libcfg_if-*,librustc_demangle-*,libstd_detect-*,libhashbrown-*,librustc_std_workspace_alloc-*,libminiz_oxide-*,libadler2-*,libunwind-*,liblibc-*,librustc_std_workspace_core-*,liballoc-*,libcore-*,libcompiler_builtins-*}.rlib" "-Wl,-Bdynamic" "-lgcc_s" "-lutil" "-lrt" "-lpthread" "-lm" "-ldl" "-lc" "-L" "/opt/rustwide/target/debug/deps/rustcIHLRGn/raw-dylibs" "-B<sysroot>/lib/rustlib/x86_64-unknown-linux-gnu/bin/gcc-ld" "-fuse-ld=lld" "-Wl,--eh-frame-hdr" "-Wl,-z,noexecstack" "-L" "/opt/rustwide/target/debug/build/ring-e6d7591df5303779/out" "-L" "<sysroot>/lib/rustlib/x86_64-unknown-linux-gnu/lib" "-o" "/opt/rustwide/target/debug/deps/plugins_replication-d29f090199a9a9d4" "-Wl,--gc-sections" "-pie" "-Wl,-z,relro,-z,now" "-nodefaultlibs"
[INFO] [stdout]   = note: some arguments are omitted. use `--verbose` to show all linker arguments
[INFO] [stdout]   = note: collect2: fatal error: ld terminated with signal 9 [Killed]
[INFO] [stdout]           compilation terminated.
[INFO] [stdout]           
[INFO] [stdout] 
[INFO] [stdout] 
[INFO] [stdout] error: linking with `cc` failed: exit status: 1
[INFO] [stdout]   |
[INFO] [stdout]   = note:  "cc" "-m64" "/opt/rustwide/target/debug/deps/rustccUzWV1/symbols.o" "<4 object files omitted>" "-Wl,--as-needed" "-Wl,-Bstatic" "<sysroot>/lib/rustlib/x86_64-unknown-linux-gnu/lib/{libtest-*,libgetopts-*,librustc_std_workspace_std-*}.rlib" "/opt/rustwide/target/debug/deps/{librouchdb-02efcc43ba8940b5,librouchdb_replication-344e3a2a6cda4fbe,librouchdb_views-adef6ae140d7b16e,librouchdb_changes-cecd2aaf59b5835f,librouchdb_query-9b53eb5b37ee63ff,libfancy_regex-24085dffbcbfeb65,libbit_set-0311c4fb3031ff2a,libbit_vec-b1d1b68c2b4b1dac,libregex_automata-0602615a05027f73,libaho_corasick-86b7640b845670b7,libregex_syntax-ee40f7a03f17f1b6,librouchdb_adapter_redb-e641710f1ec93d49,libredb-7d6f682fef1ae29c,librouchdb_adapter_memory-4d5ce85219634ef9,libuuid-2feaecd05301210a,libgetrandom-0baa87726cbcc5d3,librouchdb_adapter_http-716451478dbb979e,libreqwest-8f4bd4feae3dd46a,libserde_urlencoded-67ea9233fc90f793,libryu-25f59e4cd0d23219,libcookie_store-ec182eb2e957b0d4,libpublicsuffix-09cfc0deca30b299,libpsl_types-be5f8942940e3a9c,libcookie-27ff97801ec67594,libtime-417dfbdf5e8b9571,libtime_core-031b6ab885a7634b,libnum_conv-9ace8b7f2a214982,libderanged-0497f8a63ebb66e0,libpowerfmt-f6019a2766e431f7,libhyper_rustls-14c0a8d9ce9ff117,libwebpki_roots-d9cc86348a7593ab,libtokio_rustls-a24762ab3e32e71e,librustls-af1944ea1185cdfc,libsubtle-2ae6a7038b9a0630,libwebpki-c0526fa6e83e14c9,libring-e5912a4a0d599d89,libgetrandom-5197717e746d5ea8,libuntrusted-b2f816886faf2178,librustls_pki_types-a1ff9279e609de76,libzeroize-7f213bea776ca5b6,libmime-0188e0814ca7ddbf,libencoding_rs-c7a67ac351c2b19f,libtower_http-b829eded2fcfcbb9,libbitflags-9362e66b8880981a,libiri_string-7980c6545d934b56,libtower-3c097ea499b3bb53,libtower_layer-d908dd771b239ecd,libhyper_util-6da41af16935e0d2,libipnet-a38805d99c19843f,libtower_service-3fb88d28c2218805,libhyper-ea300e64a510618e,libwant-7a6260b9c50f1479,libtry_lock-8fa2f6971035be84,libhttparse-8c9b827b8f345444,libh2-03e960ed8d765f33,libtracing-8dff89d18684ee1c,libtracing_core-5514c019623f0390,libonce_cell-e9252a7b5119f3eb,libindexmap-f006485b143d2676,libequivalent-6a754676e6af62ae,libhashbrown-25abce2d85979e8d,libslab-0582d648e59ab406,libfnv-79e2cbfbe03dcd16,libtokio_util-a2156a09d5ecf338,libfutures_sink-ae1eb2d060de53a2,libatomic_waker-06950c8c08d2b8fa,libfutures_channel-0897301d97903da3,libfutures_util-6588f3c11f416f98,libfutures_task-f13500651ee1eef1,libpin_utils-3860774ad9b215b5,libhttp_body_util-cfe92d35398de8bd,libhttp_body-55146306285889c1,liblog-f16ce4b64309590f,liburl-af0ef38e0ae8993b,libidna-892b196308ac830b,libutf8_iter-51566bbad89f3a68,libidna_adapter-1119d1f5f91db890,libicu_properties-b19ca9f725b006ca,libicu_properties_data-b217809bf575558a,libicu_normalizer-a3f6ef63ce0a9911,libsmallvec-bc3128fdd57228fc,libicu_normalizer_data-ab8997d7cbbb3306,libicu_collections-3a5f912555f5ca57,libpotential_utf-e0eee182068dfc12,libicu_provider-fb4b2ae39404543f,libicu_locale_core-8d2ea3ccebbf31ee,libtinystr-b58822f9ea1be37d,liblitemap-cd9b5b2aa04e2018,libwriteable-4f74a67d38fff78e,libzerovec-06df4607926d9232,libzerotrie-906a51fc22d91d52,libyoke-f815d098523ad3cc,libstable_deref_trait-63cbf3f3d3f94e56,libzerofrom-9371f7d99eee09b2,libform_urlencoded-58b0f0edb59b40d2,libpercent_encoding-fa055ecaa1e57cfa,libhttp-621951be98ec0f6f,libsync_wrapper-a254cb6192850e87,libfutures_core-3b920243fce8fec0,librouchdb_core-307f69ccb14afb5f,libthiserror-d58434548887caa4,libmd5-b4d5385dcafb8462,libcfg_if-83060ec5685761ae,libdigest-58e72b83ad3d3d94,libblock_buffer-ceb5bfb4b62e5dc4,libcrypto_common-56b940ef3ee0385e,libgeneric_array-3399f74876fb1fa9,libtypenum-973adb5204d6e560,libbase64-32787b0325ea6df8,libserde-a39907261a09e5da,libserde_json-c7e1430b32e172f7,libmemchr-ba3829a276830806,libitoa-f3a70a1441f7f89b,libzmij-8eb72cbe5f9b9b4e,libserde_core-2c928ee17a7447a4,libtokio-f40f25fc03741ad6,libsocket2-1aadc0729249d3be,libbytes-2ed9460101f17bbf,libmio-fc0f5b7715002b05,liblibc-11f5a30dc24875fb,libpin_project_lite-72bf04572caa1c84}.rlib" "<sysroot>/lib/rustlib/x86_64-unknown-linux-gnu/lib/{libstd-*,libpanic_unwind-*,libobject-*,libmemchr-*,libaddr2line-*,libgimli-*,libcfg_if-*,librustc_demangle-*,libstd_detect-*,libhashbrown-*,librustc_std_workspace_alloc-*,libminiz_oxide-*,libadler2-*,libunwind-*,liblibc-*,librustc_std_workspace_core-*,liballoc-*,libcore-*,libcompiler_builtins-*}.rlib" "-Wl,-Bdynamic" "-lgcc_s" "-lutil" "-lrt" "-lpthread" "-lm" "-ldl" "-lc" "-L" "/opt/rustwide/target/debug/deps/rustccUzWV1/raw-dylibs" "-B<sysroot>/lib/rustlib/x86_64-unknown-linux-gnu/bin/gcc-ld" "-fuse-ld=lld" "-Wl,--eh-frame-hdr" "-Wl,-z,noexecstack" "-L" "/opt/rustwide/target/debug/build/ring-e6d7591df5303779/out" "-L" "<sysroot>/lib/rustlib/x86_64-unknown-linux-gnu/lib" "-o" "/opt/rustwide/target/debug/deps/parity_replication-fc0671a9e35d32c4" "-Wl,--gc-sections" "-pie" "-Wl,-z,relro,-z,now" "-nodefaultlibs"
[INFO] [stdout]   = note: some arguments are omitted. use `--verbose` to show all linker arguments
[INFO] [stdout]   = note: collect2: fatal error: ld terminated with signal 9 [Killed]
[INFO] [stdout]           compilation terminated.
[INFO] [stdout]           
[INFO] [stdout] 
[INFO] [stdout] 
[INFO] [stdout] error: linking with `cc` failed: exit status: 1
[INFO] [stdout]   |
[INFO] [stdout]   = note:  "cc" "-m64" "/opt/rustwide/target/debug/deps/rustcqOaGDq/symbols.o" "<7 object files omitted>" "-Wl,--as-needed" "-Wl,-Bstatic" "<sysroot>/lib/rustlib/x86_64-unknown-linux-gnu/lib/{libtest-*,libgetopts-*,librustc_std_workspace_std-*}.rlib" "/opt/rustwide/target/debug/deps/{librouchdb-02efcc43ba8940b5,librouchdb_replication-344e3a2a6cda4fbe,librouchdb_views-adef6ae140d7b16e,librouchdb_changes-cecd2aaf59b5835f,librouchdb_query-9b53eb5b37ee63ff,libfancy_regex-24085dffbcbfeb65,libbit_set-0311c4fb3031ff2a,libbit_vec-b1d1b68c2b4b1dac,libregex_automata-0602615a05027f73,libaho_corasick-86b7640b845670b7,libregex_syntax-ee40f7a03f17f1b6,librouchdb_adapter_redb-e641710f1ec93d49,libredb-7d6f682fef1ae29c,librouchdb_adapter_memory-4d5ce85219634ef9,libuuid-2feaecd05301210a,libgetrandom-0baa87726cbcc5d3,librouchdb_adapter_http-716451478dbb979e,libreqwest-8f4bd4feae3dd46a,libserde_urlencoded-67ea9233fc90f793,libryu-25f59e4cd0d23219,libcookie_store-ec182eb2e957b0d4,libpublicsuffix-09cfc0deca30b299,libpsl_types-be5f8942940e3a9c,libcookie-27ff97801ec67594,libtime-417dfbdf5e8b9571,libtime_core-031b6ab885a7634b,libnum_conv-9ace8b7f2a214982,libderanged-0497f8a63ebb66e0,libpowerfmt-f6019a2766e431f7,libhyper_rustls-14c0a8d9ce9ff117,libwebpki_roots-d9cc86348a7593ab,libtokio_rustls-a24762ab3e32e71e,librustls-af1944ea1185cdfc,libsubtle-2ae6a7038b9a0630,libwebpki-c0526fa6e83e14c9,libring-e5912a4a0d599d89,libgetrandom-5197717e746d5ea8,libuntrusted-b2f816886faf2178,librustls_pki_types-a1ff9279e609de76,libzeroize-7f213bea776ca5b6,libmime-0188e0814ca7ddbf,libencoding_rs-c7a67ac351c2b19f,libtower_http-b829eded2fcfcbb9,libbitflags-9362e66b8880981a,libiri_string-7980c6545d934b56,libtower-3c097ea499b3bb53,libtower_layer-d908dd771b239ecd,libhyper_util-6da41af16935e0d2,libipnet-a38805d99c19843f,libtower_service-3fb88d28c2218805,libhyper-ea300e64a510618e,libwant-7a6260b9c50f1479,libtry_lock-8fa2f6971035be84,libhttparse-8c9b827b8f345444,libh2-03e960ed8d765f33,libtracing-8dff89d18684ee1c,libtracing_core-5514c019623f0390,libonce_cell-e9252a7b5119f3eb,libindexmap-f006485b143d2676,libequivalent-6a754676e6af62ae,libhashbrown-25abce2d85979e8d,libslab-0582d648e59ab406,libfnv-79e2cbfbe03dcd16,libtokio_util-a2156a09d5ecf338,libfutures_sink-ae1eb2d060de53a2,libatomic_waker-06950c8c08d2b8fa,libfutures_channel-0897301d97903da3,libfutures_util-6588f3c11f416f98,libfutures_task-f13500651ee1eef1,libpin_utils-3860774ad9b215b5,libhttp_body_util-cfe92d35398de8bd,libhttp_body-55146306285889c1,liblog-f16ce4b64309590f,liburl-af0ef38e0ae8993b,libidna-892b196308ac830b,libutf8_iter-51566bbad89f3a68,libidna_adapter-1119d1f5f91db890,libicu_properties-b19ca9f725b006ca,libicu_properties_data-b217809bf575558a,libicu_normalizer-a3f6ef63ce0a9911,libsmallvec-bc3128fdd57228fc,libicu_normalizer_data-ab8997d7cbbb3306,libicu_collections-3a5f912555f5ca57,libpotential_utf-e0eee182068dfc12,libicu_provider-fb4b2ae39404543f,libicu_locale_core-8d2ea3ccebbf31ee,libtinystr-b58822f9ea1be37d,liblitemap-cd9b5b2aa04e2018,libwriteable-4f74a67d38fff78e,libzerovec-06df4607926d9232,libzerotrie-906a51fc22d91d52,libyoke-f815d098523ad3cc,libstable_deref_trait-63cbf3f3d3f94e56,libzerofrom-9371f7d99eee09b2,libform_urlencoded-58b0f0edb59b40d2,libpercent_encoding-fa055ecaa1e57cfa,libhttp-621951be98ec0f6f,libsync_wrapper-a254cb6192850e87,libfutures_core-3b920243fce8fec0,librouchdb_core-307f69ccb14afb5f,libthiserror-d58434548887caa4,libmd5-b4d5385dcafb8462,libcfg_if-83060ec5685761ae,libdigest-58e72b83ad3d3d94,libblock_buffer-ceb5bfb4b62e5dc4,libcrypto_common-56b940ef3ee0385e,libgeneric_array-3399f74876fb1fa9,libtypenum-973adb5204d6e560,libbase64-32787b0325ea6df8,libserde-a39907261a09e5da,libserde_json-c7e1430b32e172f7,libmemchr-ba3829a276830806,libitoa-f3a70a1441f7f89b,libzmij-8eb72cbe5f9b9b4e,libserde_core-2c928ee17a7447a4,libtokio-f40f25fc03741ad6,libsocket2-1aadc0729249d3be,libbytes-2ed9460101f17bbf,libmio-fc0f5b7715002b05,liblibc-11f5a30dc24875fb,libpin_project_lite-72bf04572caa1c84}.rlib" "<sysroot>/lib/rustlib/x86_64-unknown-linux-gnu/lib/{libstd-*,libpanic_unwind-*,libobject-*,libmemchr-*,libaddr2line-*,libgimli-*,libcfg_if-*,librustc_demangle-*,libstd_detect-*,libhashbrown-*,librustc_std_workspace_alloc-*,libminiz_oxide-*,libadler2-*,libunwind-*,liblibc-*,librustc_std_workspace_core-*,liballoc-*,libcore-*,libcompiler_builtins-*}.rlib" "-Wl,-Bdynamic" "-lgcc_s" "-lutil" "-lrt" "-lpthread" "-lm" "-ldl" "-lc" "-L" "/opt/rustwide/target/debug/deps/rustcqOaGDq/raw-dylibs" "-B<sysroot>/lib/rustlib/x86_64-unknown-linux-gnu/bin/gcc-ld" "-fuse-ld=lld" "-Wl,--eh-frame-hdr" "-Wl,-z,noexecstack" "-L" "/opt/rustwide/target/debug/build/ring-e6d7591df5303779/out" "-L" "<sysroot>/lib/rustlib/x86_64-unknown-linux-gnu/lib" "-o" "/opt/rustwide/target/debug/deps/post_and_attachments-314f8f8b5770df17" "-Wl,--gc-sections" "-pie" "-Wl,-z,relro,-z,now" "-nodefaultlibs"
[INFO] [stdout]   = note: some arguments are omitted. use `--verbose` to show all linker arguments
[INFO] [stdout]   = note: collect2: fatal error: ld terminated with signal 9 [Killed]
[INFO] [stdout]           compilation terminated.
[INFO] [stdout]           
[INFO] [stdout] 
[INFO] [stdout] 
[INFO] [stderr] error: could not compile `rouchdb` (test "plugins_replication") due to 1 previous error
[INFO] [stderr] error: could not compile `rouchdb` (test "parity_replication") due to 1 previous error
[INFO] [stderr] error: could not compile `rouchdb` (test "post_and_attachments") due to 1 previous error
[INFO] [stdout] error: linking with `cc` failed: exit status: 1
[INFO] [stdout]   |
[INFO] [stdout]   = note:  "cc" "-m64" "/opt/rustwide/target/debug/deps/rustcRhtfac/symbols.o" "<5 object files omitted>" "-Wl,--as-needed" "-Wl,-Bstatic" "/opt/rustwide/target/debug/deps/{libtempfile-4d10f304bca4e256,libfastrand-751bcde24b8aa073,librustix-bcbc58348a6e2b95,liblinux_raw_sys-7c0af75954695899}.rlib" "<sysroot>/lib/rustlib/x86_64-unknown-linux-gnu/lib/{libtest-*,libgetopts-*,librustc_std_workspace_std-*}.rlib" "/opt/rustwide/target/debug/deps/{librouchdb-02efcc43ba8940b5,librouchdb_replication-344e3a2a6cda4fbe,librouchdb_views-adef6ae140d7b16e,librouchdb_changes-cecd2aaf59b5835f,librouchdb_query-9b53eb5b37ee63ff,libfancy_regex-24085dffbcbfeb65,libbit_set-0311c4fb3031ff2a,libbit_vec-b1d1b68c2b4b1dac,libregex_automata-0602615a05027f73,libaho_corasick-86b7640b845670b7,libregex_syntax-ee40f7a03f17f1b6,librouchdb_adapter_redb-e641710f1ec93d49,libredb-7d6f682fef1ae29c,librouchdb_adapter_memory-4d5ce85219634ef9,libuuid-2feaecd05301210a,libgetrandom-0baa87726cbcc5d3,librouchdb_adapter_http-716451478dbb979e,libreqwest-8f4bd4feae3dd46a,libserde_urlencoded-67ea9233fc90f793,libryu-25f59e4cd0d23219,libcookie_store-ec182eb2e957b0d4,libpublicsuffix-09cfc0deca30b299,libpsl_types-be5f8942940e3a9c,libcookie-27ff97801ec67594,libtime-417dfbdf5e8b9571,libtime_core-031b6ab885a7634b,libnum_conv-9ace8b7f2a214982,libderanged-0497f8a63ebb66e0,libpowerfmt-f6019a2766e431f7,libhyper_rustls-14c0a8d9ce9ff117,libwebpki_roots-d9cc86348a7593ab,libtokio_rustls-a24762ab3e32e71e,librustls-af1944ea1185cdfc,libsubtle-2ae6a7038b9a0630,libwebpki-c0526fa6e83e14c9,libring-e5912a4a0d599d89,libgetrandom-5197717e746d5ea8,libuntrusted-b2f816886faf2178,librustls_pki_types-a1ff9279e609de76,libzeroize-7f213bea776ca5b6,libmime-0188e0814ca7ddbf,libencoding_rs-c7a67ac351c2b19f,libtower_http-b829eded2fcfcbb9,libbitflags-9362e66b8880981a,libiri_string-7980c6545d934b56,libtower-3c097ea499b3bb53,libtower_layer-d908dd771b239ecd,libhyper_util-6da41af16935e0d2,libipnet-a38805d99c19843f,libtower_service-3fb88d28c2218805,libhyper-ea300e64a510618e,libwant-7a6260b9c50f1479,libtry_lock-8fa2f6971035be84,libhttparse-8c9b827b8f345444,libh2-03e960ed8d765f33,libtracing-8dff89d18684ee1c,libtracing_core-5514c019623f0390,libonce_cell-e9252a7b5119f3eb,libindexmap-f006485b143d2676,libequivalent-6a754676e6af62ae,libhashbrown-25abce2d85979e8d,libslab-0582d648e59ab406,libfnv-79e2cbfbe03dcd16,libtokio_util-a2156a09d5ecf338,libfutures_sink-ae1eb2d060de53a2,libatomic_waker-06950c8c08d2b8fa,libfutures_channel-0897301d97903da3,libfutures_util-6588f3c11f416f98,libfutures_task-f13500651ee1eef1,libpin_utils-3860774ad9b215b5,libhttp_body_util-cfe92d35398de8bd,libhttp_body-55146306285889c1,liblog-f16ce4b64309590f,liburl-af0ef38e0ae8993b,libidna-892b196308ac830b,libutf8_iter-51566bbad89f3a68,libidna_adapter-1119d1f5f91db890,libicu_properties-b19ca9f725b006ca,libicu_properties_data-b217809bf575558a,libicu_normalizer-a3f6ef63ce0a9911,libsmallvec-bc3128fdd57228fc,libicu_normalizer_data-ab8997d7cbbb3306,libicu_collections-3a5f912555f5ca57,libpotential_utf-e0eee182068dfc12,libicu_provider-fb4b2ae39404543f,libicu_locale_core-8d2ea3ccebbf31ee,libtinystr-b58822f9ea1be37d,liblitemap-cd9b5b2aa04e2018,libwriteable-4f74a67d38fff78e,libzerovec-06df4607926d9232,libzerotrie-906a51fc22d91d52,libyoke-f815d098523ad3cc,libstable_deref_trait-63cbf3f3d3f94e56,libzerofrom-9371f7d99eee09b2,libform_urlencoded-58b0f0edb59b40d2,libpercent_encoding-fa055ecaa1e57cfa,libhttp-621951be98ec0f6f,libsync_wrapper-a254cb6192850e87,libfutures_core-3b920243fce8fec0,librouchdb_core-307f69ccb14afb5f,libthiserror-d58434548887caa4,libmd5-b4d5385dcafb8462,libcfg_if-83060ec5685761ae,libdigest-58e72b83ad3d3d94,libblock_buffer-ceb5bfb4b62e5dc4,libcrypto_common-56b940ef3ee0385e,libgeneric_array-3399f74876fb1fa9,libtypenum-973adb5204d6e560,libbase64-32787b0325ea6df8,libserde-a39907261a09e5da,libserde_json-c7e1430b32e172f7,libmemchr-ba3829a276830806,libitoa-f3a70a1441f7f89b,libzmij-8eb72cbe5f9b9b4e,libserde_core-2c928ee17a7447a4,libtokio-f40f25fc03741ad6,libsocket2-1aadc0729249d3be,libbytes-2ed9460101f17bbf,libmio-fc0f5b7715002b05,liblibc-11f5a30dc24875fb,libpin_project_lite-72bf04572caa1c84}.rlib" "<sysroot>/lib/rustlib/x86_64-unknown-linux-gnu/lib/{libstd-*,libpanic_unwind-*,libobject-*,libmemchr-*,libaddr2line-*,libgimli-*,libcfg_if-*,librustc_demangle-*,libstd_detect-*,libhashbrown-*,librustc_std_workspace_alloc-*,libminiz_oxide-*,libadler2-*,libunwind-*,liblibc-*,librustc_std_workspace_core-*,liballoc-*,libcore-*,libcompiler_builtins-*}.rlib" "-Wl,-Bdynamic" "-lgcc_s" "-lutil" "-lrt" "-lpthread" "-lm" "-ldl" "-lc" "-L" "/opt/rustwide/target/debug/deps/rustcRhtfac/raw-dylibs" "-B<sysroot>/lib/rustlib/x86_64-unknown-linux-gnu/bin/gcc-ld" "-fuse-ld=lld" "-Wl,--eh-frame-hdr" "-Wl,-z,noexecstack" "-L" "/opt/rustwide/target/debug/build/ring-e6d7591df5303779/out" "-L" "<sysroot>/lib/rustlib/x86_64-unknown-linux-gnu/lib" "-o" "/opt/rustwide/target/debug/deps/replication_identity-5af46a77d0a10b83" "-Wl,--gc-sections" "-pie" "-Wl,-z,relro,-z,now" "-nodefaultlibs"
[INFO] [stdout]   = note: some arguments are omitted. use `--verbose` to show all linker arguments
[INFO] [stdout]   = note: collect2: fatal error: ld terminated with signal 9 [Killed]
[INFO] [stdout]           compilation terminated.
[INFO] [stdout]           
[INFO] [stdout] 
[INFO] [stdout] 
[INFO] [stderr] error: could not compile `rouchdb` (test "replication_identity") due to 1 previous error
[ERROR] error running command: no output for 300 seconds
[INFO] running `Command { std: "docker" "inspect" "0e572ec1507046ec366bda81755eca7ce3761b69cdbd208785f5b376ef5c8459", kill_on_drop: false }`
[INFO] running `Command { std: "docker" "rm" "-f" "0e572ec1507046ec366bda81755eca7ce3761b69cdbd208785f5b376ef5c8459", kill_on_drop: false }`
[INFO] [stdout] 0e572ec1507046ec366bda81755eca7ce3761b69cdbd208785f5b376ef5c8459
