[INFO] fetching crate ros2-interfaces-iron 0.0.2...
[INFO] testing ros2-interfaces-iron-0.0.2 against 1.99.0-beta.8 for beta-1.100-2
[INFO] extracting crate ros2-interfaces-iron 0.0.2 into /workspace/builds/worker-6-tc1/source
[INFO] started tweaking crates.io crate ros2-interfaces-iron 0.0.2
[INFO] removed 0 missing tests
[INFO] finished tweaking crates.io crate ros2-interfaces-iron 0.0.2
[INFO] tweaked toml for crates.io crate ros2-interfaces-iron 0.0.2 written to /workspace/builds/worker-6-tc1/source/Cargo.toml
[INFO] validating manifest of crates.io crate ros2-interfaces-iron 0.0.2 on toolchain 1.99.0-beta.8
[INFO] running `Command { std: CARGO_HOME="/workspace/cargo-home" RUSTUP_HOME="/workspace/rustup-home" "/workspace/cargo-home/bin/cargo" "+1.99.0-beta.8" "metadata" "--manifest-path" "Cargo.toml" "--no-deps", kill_on_drop: false }`
[INFO] running `Command { std: CARGO_HOME="/workspace/cargo-home" RUSTUP_HOME="/workspace/rustup-home" "/workspace/cargo-home/bin/cargo" "+1.99.0-beta.8" "generate-lockfile" "--manifest-path" "Cargo.toml", kill_on_drop: false }`
[INFO] [stderr]     Updating crates.io index
[INFO] [stderr]     Blocking waiting for file lock on package cache
[INFO] [stderr]      Locking 233 packages to highest compatible versions
[INFO] [stderr]       Adding ros2-client v0.7.6 (available: v0.11.0)
[INFO] running `Command { std: CARGO_HOME="/workspace/cargo-home" RUSTUP_HOME="/workspace/rustup-home" "/workspace/cargo-home/bin/cargo" "+1.99.0-beta.8" "fetch" "--manifest-path" "Cargo.toml", kill_on_drop: false }`
[INFO] [stderr]     Blocking waiting for file lock on package cache
[INFO] [stderr]  Downloading crates ...
[INFO] [stderr]   Downloaded uuid v1.27.0
[INFO] [stderr]   Downloaded serde_repr v0.1.21
[INFO] [stderr]   Downloaded num-derive v0.4.2
[INFO] [stderr]   Downloaded md5 v0.8.1
[INFO] [stderr]   Downloaded neli-proc-macros v0.2.2
[INFO] [stderr]   Downloaded speedy-derive v0.8.7
[INFO] [stderr]   Downloaded pnet_macros_support v0.35.0
[INFO] [stderr]   Downloaded pnet_base v0.35.0
[INFO] [stderr]   Downloaded ipnetwork v0.20.0
[INFO] [stderr]   Downloaded ws2_32-sys v0.2.1
[INFO] [stderr]   Downloaded iovec v0.1.4
[INFO] [stderr]   Downloaded fuchsia-zircon-sys v0.3.3
[INFO] [stderr]   Downloaded derive_builder_macro v0.20.2
[INFO] [stderr]   Downloaded utf8parse v0.2.2
[INFO] [stderr]   Downloaded once_cell_polyfill v1.70.2
[INFO] [stderr]   Downloaded futures-macro v0.3.34
[INFO] [stderr]   Downloaded cpufeatures v0.3.1
[INFO] [stderr]   Downloaded static_assertions v1.1.0
[INFO] [stderr]   Downloaded memoffset v0.9.1
[INFO] [stderr]   Downloaded pnet_sys v0.35.0
[INFO] [stderr]   Downloaded pnet_transport v0.35.0
[INFO] [stderr]   Downloaded mio-extras v2.0.6
[INFO] [stderr]   Downloaded darling_macro v0.20.11
[INFO] [stderr]   Downloaded enumflags2_derive v0.7.12
[INFO] [stderr]   Downloaded cdr-encoding-size v0.5.1
[INFO] [stderr]   Downloaded cdr-encoding-size-derive v0.5.1
[INFO] [stderr]   Downloaded cdr-encoding v0.10.2
[INFO] [stderr]   Downloaded pin-utils v0.1.1
[INFO] [stderr]   Downloaded clap_lex v1.1.1
[INFO] [stderr]   Downloaded is_terminal_polyfill v1.70.2
[INFO] [stderr]   Downloaded colorchoice v1.0.5
[INFO] [stderr]   Downloaded anstyle-wincon v3.0.11
[INFO] [stderr]   Downloaded anstyle-query v1.1.5
[INFO] [stderr]   Downloaded anstyle-parse v1.0.0
[INFO] [stderr]   Downloaded async-channel v2.5.0
[INFO] [stderr]   Downloaded event-listener-strategy v0.5.4
[INFO] [stderr]   Downloaded parking v2.2.1
[INFO] [stderr]   Downloaded speedy v0.8.7
[INFO] [stderr]   Downloaded socketpair v0.19.8
[INFO] [stderr]   Downloaded io-lifetimes v2.0.4
[INFO] [stderr]   Downloaded io-extras v0.18.4
[INFO] [stderr]   Downloaded rand_core v0.9.5
[INFO] [stderr]   Downloaded rand_chacha v0.9.0
[INFO] [stderr]   Downloaded pnet v0.35.0
[INFO] [stderr]   Downloaded pnet_packet v0.35.0
[INFO] [stderr]   Downloaded pnet_macros v0.35.0
[INFO] [stderr]   Downloaded pnet_datalink v0.35.0
[INFO] [stderr]   Downloaded paste v1.0.15
[INFO] [stderr]   Downloaded net2 v0.2.39
[INFO] [stderr]   Downloaded miow v0.2.2
[INFO] [stderr]   Downloaded fuchsia-zircon v0.3.3
[INFO] [stderr]   Downloaded local-ip-address v0.6.13
[INFO] [stderr]   Downloaded smallvec v1.16.2
[INFO] [stderr]   Downloaded getset v0.1.7
[INFO] [stderr]   Downloaded derive_builder v0.20.2
[INFO] [stderr]   Downloaded derive_builder_core v0.20.2
[INFO] [stderr]   Downloaded darling v0.20.11
[INFO] [stderr]   Downloaded if-addrs v0.14.0
[INFO] [stderr]   Downloaded futures-executor v0.3.34
[INFO] [stderr]   Downloaded enumflags2 v0.7.12
[INFO] [stderr]   Downloaded bit-vec v0.8.0
[INFO] [stderr]   Downloaded anstyle v1.0.14
[INFO] [stderr]   Downloaded anstream v1.0.0
[INFO] [stderr]   Downloaded event-listener v5.4.2
[INFO] [stderr]   Downloaded concurrent-queue v2.5.0
[INFO] [stderr]   Downloaded crossbeam-utils v0.8.23
[INFO] [stderr]   Downloaded rand v0.10.3
[INFO] [stderr]   Downloaded getrandom v0.3.4
[INFO] [stderr]   Downloaded no-std-net v0.6.0
[INFO] [stderr]   Downloaded wit-bindgen v0.57.1
[INFO] [stderr]   Downloaded neli v0.7.4
[INFO] [stderr]   Downloaded futures v0.3.34
[INFO] [stderr]   Downloaded clap v4.6.7
[INFO] [stderr]   Downloaded widestring v1.2.1
[INFO] [stderr]   Downloaded mio v0.8.11
[INFO] [stderr]   Downloaded darling_core v0.20.11
[INFO] [stderr]   Downloaded rand v0.9.5
[INFO] [stderr]   Downloaded mio v0.6.23
[INFO] [stderr]   Downloaded ros2-client v0.7.6
[INFO] [stderr]   Downloaded itertools v0.11.0
[INFO] [stderr]   Downloaded wasip2 v1.0.4+wasi-0.2.12
[INFO] [stderr]   Downloaded zerocopy-derive v0.8.60
[INFO] [stderr]   Downloaded clap_builder v4.6.7
[INFO] [stderr]   Downloaded syn v1.0.109
[INFO] [stderr]   Downloaded bstr v1.13.1
[INFO] [stderr]   Downloaded zerocopy v0.8.60
[INFO] [stderr]   Downloaded rustix v1.1.5
[INFO] [stderr]   Downloaded rustdds v0.11.8
[INFO] [stderr]   Downloaded linux-raw-sys v0.12.1
[INFO] running `Command { std: "docker" "create" "-v" "/var/lib/crater-agent-workspace/builds/worker-6-tc1/source:/opt/rustwide/workdir:ro,Z" "-v" "/var/lib/crater-agent-workspace/builds/worker-6-tc1/target:/opt/rustwide/target:rw,Z" "-v" "/var/lib/crater-agent-workspace/cargo-home:/opt/rustwide/cargo-home:ro,Z" "-v" "/var/lib/crater-agent-workspace/rustup-home:/opt/rustwide/rustup-home:ro,Z" "-m" "1610612736" "--network" "none" "ghcr.io/rust-lang/crates-build-env/linux@sha256:3111399a4047eeb3a02b7a90e478d715f38a8c6669b5c4b49d30a17385265909" "sleep" "infinity", kill_on_drop: false }`
[INFO] [stdout] a7dfb33fe532048cae7674d49db7fe08823138937abcf73fd09dff7533dcc704
[INFO] running `Command { std: "docker" "start" "a7dfb33fe532048cae7674d49db7fe08823138937abcf73fd09dff7533dcc704", kill_on_drop: false }`
[INFO] running `Command { std: "docker" "inspect" "a7dfb33fe532048cae7674d49db7fe08823138937abcf73fd09dff7533dcc704", kill_on_drop: false }`
[INFO] running `Command { std: "docker" "exec" "-e" "SOURCE_DIR=/opt/rustwide/workdir" "-e" "CARGO_HOME=/opt/rustwide/cargo-home" "-e" "RUSTUP_HOME=/opt/rustwide/rustup-home" "-e" "CARGO_TARGET_DIR=/opt/rustwide/target" "-w" "/opt/rustwide/workdir" "--user" "0:0" "a7dfb33fe532048cae7674d49db7fe08823138937abcf73fd09dff7533dcc704" "/opt/rustwide/cargo-home/bin/cargo" "+1.99.0-beta.8" "metadata" "--no-deps" "--format-version=1", kill_on_drop: false }`
[INFO] running `Command { std: "docker" "inspect" "a7dfb33fe532048cae7674d49db7fe08823138937abcf73fd09dff7533dcc704", kill_on_drop: false }`
[INFO] running `Command { std: "docker" "exec" "-e" "SOURCE_DIR=/opt/rustwide/workdir" "-e" "CARGO_HOME=/opt/rustwide/cargo-home" "-e" "RUSTUP_HOME=/opt/rustwide/rustup-home" "-e" "CARGO_TARGET_DIR=/opt/rustwide/target" "-e" "CARGO_INCREMENTAL=0" "-e" "RUST_BACKTRACE=full" "-e" "RUSTFLAGS=--cap-lints=warn" "-e" "RUSTDOCFLAGS=--cap-lints=warn" "-w" "/opt/rustwide/workdir" "--user" "0:0" "a7dfb33fe532048cae7674d49db7fe08823138937abcf73fd09dff7533dcc704" "/opt/rustwide/cargo-home/bin/cargo" "+1.99.0-beta.8" "build" "--frozen" "--message-format=json", kill_on_drop: false }`
[INFO] [stderr]    Compiling syn v3.0.6
[INFO] [stderr]    Compiling syn v2.0.119
[INFO] [stderr]    Compiling serde_core v1.0.229
[INFO] [stderr]    Compiling serde v1.0.229
[INFO] [stderr]    Compiling autocfg v1.5.1
[INFO] [stderr]    Compiling cfg-if v1.0.5
[INFO] [stderr]    Compiling strsim v0.11.1
[INFO] [stderr]    Compiling no-std-net v0.6.0
[INFO] [stderr]    Compiling pin-project-lite v0.2.17
[INFO] [stderr]    Compiling regex-syntax v0.8.11
[INFO] [stderr]    Compiling futures-core v0.3.34
[INFO] [stderr]    Compiling zerocopy v0.8.60
[INFO] [stderr]    Compiling getrandom v0.3.4
[INFO] [stderr]    Compiling slab v0.4.12
[INFO] [stderr]    Compiling aho-corasick v1.1.5
[INFO] [stderr]    Compiling memchr v2.8.3
[INFO] [stderr]    Compiling pnet_base v0.35.0
[INFO] [stderr]    Compiling syn v1.0.109
[INFO] [stderr]    Compiling io-lifetimes v2.0.4
[INFO] [stderr]    Compiling log v0.4.34
[INFO] [stderr]    Compiling futures-sink v0.3.34
[INFO] [stderr]    Compiling pnet_macros_support v0.35.0
[INFO] [stderr]    Compiling futures-channel v0.3.34
[INFO] [stderr]    Compiling pnet_sys v0.35.0
[INFO] [stderr]    Compiling rustix v1.1.5
[INFO] [stderr]    Compiling getrandom v0.4.3
[INFO] [stderr]    Compiling ident_case v1.0.1
[INFO] [stderr]    Compiling io-extras v0.18.4
[INFO] [stderr]    Compiling cfg-if v0.1.10
[INFO] [stderr]    Compiling paste v1.0.15
[INFO] [stderr]    Compiling futures-task v0.3.34
[INFO] [stderr]    Compiling futures-io v0.3.34
[INFO] [stderr]    Compiling crossbeam-utils v0.8.23
[INFO] [stderr]    Compiling utf8parse v0.2.2
[INFO] [stderr]    Compiling rand_core v0.10.1
[INFO] [stderr]    Compiling num-traits v0.2.19
[INFO] [stderr]    Compiling memoffset v0.9.1
[INFO] [stderr]    Compiling anstyle-parse v1.0.0
[INFO] [stderr]    Compiling rand_core v0.9.5
[INFO] [stderr]    Compiling net2 v0.2.39
[INFO] [stderr]    Compiling iovec v0.1.4
[INFO] [stderr]    Compiling parking v2.2.1
[INFO] [stderr]    Compiling socketpair v0.19.8
[INFO] [stderr]    Compiling colorchoice v1.0.5
[INFO] [stderr]    Compiling pnet v0.35.0
[INFO] [stderr]    Compiling anstyle-query v1.1.5
[INFO] [stderr]    Compiling linux-raw-sys v0.12.1
[INFO] [stderr]    Compiling cpufeatures v0.3.1
[INFO] [stderr]    Compiling thiserror v2.0.21
[INFO] [stderr]    Compiling is_terminal_polyfill v1.70.2
[INFO] [stderr]    Compiling bitflags v2.13.2
[INFO] [stderr]    Compiling anstyle v1.0.14
[INFO] [stderr]    Compiling chacha20 v0.10.2
[INFO] [stderr]    Compiling mio v0.6.23
[INFO] [stderr]    Compiling event-listener v5.4.2
[INFO] [stderr]    Compiling anstream v1.0.0
[INFO] [stderr]    Compiling static_assertions v1.1.0
[INFO] [stderr]    Compiling iana-time-zone v0.1.65
[INFO] [stderr]    Compiling lazycell v1.3.0
[INFO] [stderr]    Compiling clap_lex v1.1.1
[INFO] [stderr]    Compiling byteorder v1.5.0
[INFO] [stderr]    Compiling event-listener-strategy v0.5.4
[INFO] [stderr]    Compiling rand v0.10.3
[INFO] [stderr]    Compiling mio-extras v2.0.6
[INFO] [stderr]    Compiling clap_builder v4.6.7
[INFO] [stderr]    Compiling concurrent-queue v2.5.0
[INFO] [stderr]    Compiling mio v0.8.11
[INFO] [stderr]    Compiling if-addrs v0.14.0
[INFO] [stderr]    Compiling socket2 v0.6.5
[INFO] [stderr]    Compiling minimal-lexical v0.2.1
[INFO] [stderr]    Compiling md5 v0.8.1
[INFO] [stderr]    Compiling either v1.18.0
[INFO] [stderr]    Compiling bit-vec v0.8.0
[INFO] [stderr]    Compiling regex-automata v0.4.18
[INFO] [stderr]    Compiling nom v7.1.3
[INFO] [stderr]    Compiling itertools v0.11.0
[INFO] [stdout] error[E0433]: cannot find `timespec` in the crate root
[INFO] [stdout]    --> /opt/rustwide/cargo-home/registry/src/index.crates.io-1949cf8c6b5b557f/rustix-1.1.5/src/backend/linux_raw/net/sockopt.rs:289:29
[INFO] [stdout]     |
[INFO] [stdout] 289 |             let ts = crate::timespec::Timespec {
[INFO] [stdout]     |                             ^^^^^^^^ could not find `timespec` in the crate root
[INFO] [stdout]     |
[INFO] [stdout] note: found an item that was configured out
[INFO] [stdout]    --> /opt/rustwide/cargo-home/registry/src/index.crates.io-1949cf8c6b5b557f/rustix-1.1.5/src/lib.rs:410:5
[INFO] [stdout]     |
[INFO] [stdout] 389 |   #[cfg(any(
[INFO] [stdout]     |  __________-
[INFO] [stdout] 390 | |     feature = "fs",
[INFO] [stdout] 391 | |     feature = "event",
[INFO] [stdout] 392 | |     feature = "process",
[INFO] [stdout] ...   |
[INFO] [stdout] 409 | | ))]
[INFO] [stdout]     | |_- the item is gated here
[INFO] [stdout] 410 |   mod timespec;
[INFO] [stdout]     |       ^^^^^^^^
[INFO] [stdout] 
[INFO] [stdout] 
[INFO] [stderr]    Compiling async-channel v2.5.0
[INFO] [stdout] error[E0433]: cannot find `timespec` in the crate root
[INFO] [stdout]    --> /opt/rustwide/cargo-home/registry/src/index.crates.io-1949cf8c6b5b557f/rustix-1.1.5/src/backend/linux_raw/net/sockopt.rs:293:39
[INFO] [stdout]     |
[INFO] [stdout] 293 |                     .unwrap_or(crate::timespec::Secs::MAX),
[INFO] [stdout]     |                                       ^^^^^^^^ could not find `timespec` in the crate root
[INFO] [stdout]     |
[INFO] [stdout] note: found an item that was configured out
[INFO] [stdout]    --> /opt/rustwide/cargo-home/registry/src/index.crates.io-1949cf8c6b5b557f/rustix-1.1.5/src/lib.rs:410:5
[INFO] [stdout]     |
[INFO] [stdout] 389 |   #[cfg(any(
[INFO] [stdout]     |  __________-
[INFO] [stdout] 390 | |     feature = "fs",
[INFO] [stdout] 391 | |     feature = "event",
[INFO] [stdout] 392 | |     feature = "process",
[INFO] [stdout] ...   |
[INFO] [stdout] 409 | | ))]
[INFO] [stdout]     | |_- the item is gated here
[INFO] [stdout] 410 |   mod timespec;
[INFO] [stdout]     |       ^^^^^^^^
[INFO] [stdout] 
[INFO] [stdout] 
[INFO] [stderr]    Compiling widestring v1.2.1
[INFO] [stderr]    Compiling lazy_static v1.5.1
[INFO] [stderr]    Compiling pin-utils v0.1.1
[INFO] [stdout] error[E0433]: cannot find `timespec` in the crate root
[INFO] [stdout]    --> /opt/rustwide/cargo-home/registry/src/index.crates.io-1949cf8c6b5b557f/rustix-1.1.5/src/backend/linux_raw/net/sockopt.rs:296:66
[INFO] [stdout]     |
[INFO] [stdout] 296 |             let (sec, usec) = ts.to_sec_usec().unwrap_or((crate::timespec::Secs::MAX, 0));
[INFO] [stdout]     |                                                                  ^^^^^^^^ could not find `timespec` in the crate root
[INFO] [stdout]     |
[INFO] [stdout] note: found an item that was configured out
[INFO] [stdout]    --> /opt/rustwide/cargo-home/registry/src/index.crates.io-1949cf8c6b5b557f/rustix-1.1.5/src/lib.rs:410:5
[INFO] [stdout]     |
[INFO] [stdout] 389 |   #[cfg(any(
[INFO] [stdout]     |  __________-
[INFO] [stdout] 390 | |     feature = "fs",
[INFO] [stdout] 391 | |     feature = "event",
[INFO] [stdout] 392 | |     feature = "process",
[INFO] [stdout] ...   |
[INFO] [stdout] 409 | | ))]
[INFO] [stdout]     | |_- the item is gated here
[INFO] [stdout] 410 |   mod timespec;
[INFO] [stdout]     |       ^^^^^^^^
[INFO] [stdout] 
[INFO] [stdout] 
[INFO] [stderr]    Compiling darling_core v0.24.1
[INFO] [stdout] error[E0433]: cannot find `timespec` in the crate root
[INFO] [stdout]    --> /opt/rustwide/cargo-home/registry/src/index.crates.io-1949cf8c6b5b557f/rustix-1.1.5/src/backend/linux_raw/net/sockopt.rs:322:29
[INFO] [stdout]     |
[INFO] [stdout] 322 |             let ts = crate::timespec::Timespec {
[INFO] [stdout]     |                             ^^^^^^^^ could not find `timespec` in the crate root
[INFO] [stdout]     |
[INFO] [stdout] note: found an item that was configured out
[INFO] [stdout]    --> /opt/rustwide/cargo-home/registry/src/index.crates.io-1949cf8c6b5b557f/rustix-1.1.5/src/lib.rs:410:5
[INFO] [stdout]     |
[INFO] [stdout] 389 |   #[cfg(any(
[INFO] [stdout]     |  __________-
[INFO] [stdout] 390 | |     feature = "fs",
[INFO] [stdout] 391 | |     feature = "event",
[INFO] [stdout] 392 | |     feature = "process",
[INFO] [stdout] ...   |
[INFO] [stdout] 409 | | ))]
[INFO] [stdout]     | |_- the item is gated here
[INFO] [stdout] 410 |   mod timespec;
[INFO] [stdout]     |       ^^^^^^^^
[INFO] [stdout] 
[INFO] [stdout] 
[INFO] [stdout] error[E0433]: cannot find `timespec` in the crate root
[INFO] [stdout]    --> /opt/rustwide/cargo-home/registry/src/index.crates.io-1949cf8c6b5b557f/rustix-1.1.5/src/backend/linux_raw/net/sockopt.rs:326:39
[INFO] [stdout]     |
[INFO] [stdout] 326 |                     .unwrap_or(crate::timespec::Secs::MAX),
[INFO] [stdout]     |                                       ^^^^^^^^ could not find `timespec` in the crate root
[INFO] [stdout]     |
[INFO] [stdout] note: found an item that was configured out
[INFO] [stdout]    --> /opt/rustwide/cargo-home/registry/src/index.crates.io-1949cf8c6b5b557f/rustix-1.1.5/src/lib.rs:410:5
[INFO] [stdout]     |
[INFO] [stdout] 389 |   #[cfg(any(
[INFO] [stdout]     |  __________-
[INFO] [stdout] 390 | |     feature = "fs",
[INFO] [stdout] 391 | |     feature = "event",
[INFO] [stdout] 392 | |     feature = "process",
[INFO] [stdout] ...   |
[INFO] [stdout] 409 | | ))]
[INFO] [stdout]     | |_- the item is gated here
[INFO] [stdout] 410 |   mod timespec;
[INFO] [stdout]     |       ^^^^^^^^
[INFO] [stdout] 
[INFO] [stdout] 
[INFO] [stdout] error[E0433]: cannot find `timespec` in the crate root
[INFO] [stdout]    --> /opt/rustwide/cargo-home/registry/src/index.crates.io-1949cf8c6b5b557f/rustix-1.1.5/src/backend/linux_raw/net/sockopt.rs:329:66
[INFO] [stdout]     |
[INFO] [stdout] 329 |             let (sec, usec) = ts.to_sec_usec().unwrap_or((crate::timespec::Secs::MAX, 0));
[INFO] [stdout]     |                                                                  ^^^^^^^^ could not find `timespec` in the crate root
[INFO] [stdout]     |
[INFO] [stdout] note: found an item that was configured out
[INFO] [stdout]    --> /opt/rustwide/cargo-home/registry/src/index.crates.io-1949cf8c6b5b557f/rustix-1.1.5/src/lib.rs:410:5
[INFO] [stdout]     |
[INFO] [stdout] 389 |   #[cfg(any(
[INFO] [stdout]     |  __________-
[INFO] [stdout] 390 | |     feature = "fs",
[INFO] [stdout] 391 | |     feature = "event",
[INFO] [stdout] 392 | |     feature = "process",
[INFO] [stdout] ...   |
[INFO] [stdout] 409 | | ))]
[INFO] [stdout]     | |_- the item is gated here
[INFO] [stdout] 410 |   mod timespec;
[INFO] [stdout]     |       ^^^^^^^^
[INFO] [stdout] 
[INFO] [stdout] 
[INFO] [stderr]    Compiling uuid v1.27.0
[INFO] [stderr] error: could not compile `zerocopy` (lib)
[INFO] [stderr] 
[INFO] [stderr] Caused by:
[INFO] [stderr]   process didn't exit successfully: `/opt/rustwide/rustup-home/toolchains/1.99.0-beta.8-x86_64-unknown-linux-gnu/bin/rustc --crate-name zerocopy --edition=2021 /opt/rustwide/cargo-home/registry/src/index.crates.io-1949cf8c6b5b557f/zerocopy-0.8.60/src/lib.rs --error-format=json --json=diagnostic-rendered-ansi,artifacts,future-incompat --crate-type lib --emit=dep-info,metadata,link -C embed-bitcode=no -C debuginfo=2 --cfg 'feature="simd"' --check-cfg 'cfg(docsrs,test)' --check-cfg 'cfg(feature, values("__internal_use_only_features_that_work_on_stable", "alloc", "derive", "float-nightly", "simd", "simd-nightly", "std", "zerocopy-derive"))' -C metadata=b156d489c0aa9b27 -C extra-filename=-9e2bfb35de1feb23 --out-dir /opt/rustwide/target/debug/deps -L dependency=/opt/rustwide/target/debug/deps --cap-lints allow --cap-lints=warn --check-cfg 'cfg(no_zerocopy_simd_x86_avx12_1_89_0)' --check-cfg 'cfg(rust, values("1.89.0"))' --check-cfg 'cfg(no_zerocopy_core_error_1_81_0)' --check-cfg 'cfg(rust, values("1.81.0"))' --check-cfg 'cfg(no_zerocopy_slice_ptr_len_1_79_0)' --check-cfg 'cfg(rust, values("1.79.0"))' --check-cfg 'cfg(no_zerocopy_diagnostic_on_unimplemented_1_78_0)' --check-cfg 'cfg(rust, values("1.78.0"))' --check-cfg 'cfg(no_zerocopy_generic_bounds_in_const_fn_1_61_0)' --check-cfg 'cfg(rust, values("1.61.0"))' --check-cfg 'cfg(no_zerocopy_target_has_atomics_1_60_0)' --check-cfg 'cfg(rust, values("1.60.0"))' --check-cfg 'cfg(no_zerocopy_aarch64_simd_1_59_0)' --check-cfg 'cfg(rust, values("1.59.0"))' --check-cfg 'cfg(no_zerocopy_aarch64_simd_be_1_87_0)' --check-cfg 'cfg(rust, values("1.87.0"))' --check-cfg 'cfg(no_zerocopy_panic_in_const_and_vec_try_reserve_1_57_0)' --check-cfg 'cfg(rust, values("1.57.0"))' --check-cfg 'cfg(doc_cfg)' --check-cfg 'cfg(kani)' --check-cfg 'cfg(__ZEROCOPY_INTERNAL_USE_ONLY_NIGHTLY_FEATURES_IN_TESTS)' --check-cfg 'cfg(__ZEROCOPY_INTERNAL_USE_ONLY_TOOLCHAIN, values("msrv", "stable", "nightly"))' --check-cfg 'cfg(__ZEROCOPY_INTERNAL_USE_ONLY_DEV_MODE)' --check-cfg 'cfg(coverage_nightly)' --check-cfg 'cfg(zerocopy_inline_always)' --check-cfg 'cfg(zerocopy_unstable_ptr)' --check-cfg 'cfg(zerocopy_unstable_linux)' --check-cfg 'cfg(no_fp_fmt_parse)'` (signal: 9, SIGKILL: kill)
[INFO] [stderr] warning: build failed, waiting for other jobs to finish...
[INFO] [stdout] For more information about this error, try `rustc --explain E0433`.
[INFO] [stdout] 
[INFO] [stderr] error: could not compile `rustix` (lib) due to 6 previous errors
[INFO] running `Command { std: "docker" "inspect" "a7dfb33fe532048cae7674d49db7fe08823138937abcf73fd09dff7533dcc704", kill_on_drop: false }`
[INFO] running `Command { std: "docker" "rm" "-f" "a7dfb33fe532048cae7674d49db7fe08823138937abcf73fd09dff7533dcc704", kill_on_drop: false }`
[INFO] [stdout] a7dfb33fe532048cae7674d49db7fe08823138937abcf73fd09dff7533dcc704
