[INFO] fetching crate rolter-gateway 0.1.0...
[INFO] testing rolter-gateway-0.1.0 against 1.99.0-beta.8 for beta-1.100-2
[INFO] extracting crate rolter-gateway 0.1.0 into /workspace/builds/worker-1-tc1/source
[INFO] started tweaking crates.io crate rolter-gateway 0.1.0
[INFO] removed 0 missing tests
[INFO] finished tweaking crates.io crate rolter-gateway 0.1.0
[INFO] tweaked toml for crates.io crate rolter-gateway 0.1.0 written to /workspace/builds/worker-1-tc1/source/Cargo.toml
[INFO] validating manifest of crates.io crate rolter-gateway 0.1.0 on toolchain 1.99.0-beta.8
[INFO] running `Command { std: CARGO_HOME="/workspace/cargo-home" RUSTUP_HOME="/workspace/rustup-home" "/workspace/cargo-home/bin/cargo" "+1.99.0-beta.8" "metadata" "--manifest-path" "Cargo.toml" "--no-deps", kill_on_drop: false }`
[INFO] crate crates.io crate rolter-gateway 0.1.0 already has a lockfile, it will not be regenerated
[INFO] running `Command { std: CARGO_HOME="/workspace/cargo-home" RUSTUP_HOME="/workspace/rustup-home" "/workspace/cargo-home/bin/cargo" "+1.99.0-beta.8" "fetch" "--manifest-path" "Cargo.toml", kill_on_drop: false }`
[INFO] [stderr]     Updating crates.io index
[INFO] [stderr]  Downloading crates ...
[INFO] [stderr]   Downloaded win_uds v0.2.2
[INFO] [stderr]   Downloaded zeromq v0.6.0
[INFO] [stderr]   Downloaded saa v5.6.0
[INFO] [stderr]   Downloaded tokio-tungstenite v0.30.0
[INFO] [stderr]   Downloaded http-range-header v0.4.2
[INFO] [stderr]   Downloaded asynchronous-codec v0.7.0
[INFO] [stderr]   Downloaded rust-embed-utils v8.12.0
[INFO] [stderr]   Downloaded tracing-serde v0.2.0
[INFO] [stderr]   Downloaded rust-embed-impl v8.12.0
[INFO] [stderr]   Downloaded sdd v4.8.10
[INFO] [stderr]   Downloaded scc v3.8.6
[INFO] [stderr]   Downloaded rolter-auth v0.1.0
[INFO] [stderr]   Downloaded tonic-types v0.14.6
[INFO] [stderr]   Downloaded rmpv v1.3.1
[INFO] [stderr]   Downloaded opentelemetry-http v0.32.0
[INFO] [stderr]   Downloaded xxhash-rust v0.8.18
[INFO] [stderr]   Downloaded opentelemetry-appender-tracing v0.32.0
[INFO] [stderr]   Downloaded rolter-proxy v0.1.0
[INFO] [stderr]   Downloaded rolter-balancer v0.1.0
[INFO] [stderr]   Downloaded tungstenite v0.30.0
[INFO] [stderr]   Downloaded opentelemetry-otlp v0.32.0
[INFO] [stderr]   Downloaded opentelemetry-proto v0.32.0
[INFO] [stderr]   Downloaded rolter-core v0.1.0
[INFO] [stderr]   Downloaded tower-http v0.7.0
[INFO] [stderr]   Downloaded quinn-proto v0.11.17
[INFO] [stderr]   Downloaded redis v1.6.0
[INFO] [stderr]   Downloaded rust-embed v8.12.0
[INFO] [stderr]   Downloaded scalar_api_reference v0.2.2
[INFO] running `Command { std: "docker" "create" "-v" "/var/lib/crater-agent-workspace/builds/worker-1-tc1/source:/opt/rustwide/workdir:ro,Z" "-v" "/var/lib/crater-agent-workspace/builds/worker-1-tc1/target:/opt/rustwide/target:rw,Z" "-v" "/var/lib/crater-agent-workspace/cargo-home:/opt/rustwide/cargo-home:ro,Z" "-v" "/var/lib/crater-agent-workspace/rustup-home:/opt/rustwide/rustup-home:ro,Z" "-m" "1610612736" "--network" "none" "ghcr.io/rust-lang/crates-build-env/linux@sha256:3111399a4047eeb3a02b7a90e478d715f38a8c6669b5c4b49d30a17385265909" "sleep" "infinity", kill_on_drop: false }`
[INFO] [stdout] 0b16731c3b7d1297b97cde1b6fe5bbb8807d7d5f53f6436708fb9d6690e5a5fe
[INFO] running `Command { std: "docker" "start" "0b16731c3b7d1297b97cde1b6fe5bbb8807d7d5f53f6436708fb9d6690e5a5fe", kill_on_drop: false }`
[INFO] running `Command { std: "docker" "inspect" "0b16731c3b7d1297b97cde1b6fe5bbb8807d7d5f53f6436708fb9d6690e5a5fe", kill_on_drop: false }`
[INFO] running `Command { std: "docker" "exec" "-e" "SOURCE_DIR=/opt/rustwide/workdir" "-e" "CARGO_HOME=/opt/rustwide/cargo-home" "-e" "RUSTUP_HOME=/opt/rustwide/rustup-home" "-e" "CARGO_TARGET_DIR=/opt/rustwide/target" "-w" "/opt/rustwide/workdir" "--user" "0:0" "0b16731c3b7d1297b97cde1b6fe5bbb8807d7d5f53f6436708fb9d6690e5a5fe" "/opt/rustwide/cargo-home/bin/cargo" "+1.99.0-beta.8" "metadata" "--no-deps" "--format-version=1", kill_on_drop: false }`
[INFO] running `Command { std: "docker" "inspect" "0b16731c3b7d1297b97cde1b6fe5bbb8807d7d5f53f6436708fb9d6690e5a5fe", kill_on_drop: false }`
[INFO] running `Command { std: "docker" "exec" "-e" "SOURCE_DIR=/opt/rustwide/workdir" "-e" "CARGO_HOME=/opt/rustwide/cargo-home" "-e" "RUSTUP_HOME=/opt/rustwide/rustup-home" "-e" "CARGO_TARGET_DIR=/opt/rustwide/target" "-e" "CARGO_INCREMENTAL=0" "-e" "RUST_BACKTRACE=full" "-e" "RUSTFLAGS=--cap-lints=warn" "-e" "RUSTDOCFLAGS=--cap-lints=warn" "-w" "/opt/rustwide/workdir" "--user" "0:0" "0b16731c3b7d1297b97cde1b6fe5bbb8807d7d5f53f6436708fb9d6690e5a5fe" "/opt/rustwide/cargo-home/bin/cargo" "+1.99.0-beta.8" "build" "--frozen" "--message-format=json", kill_on_drop: false }`
[INFO] [stderr]    Compiling syn v3.0.4
[INFO] [stderr]    Compiling syn v2.0.119
[INFO] [stderr]    Compiling futures-core v0.3.34
[INFO] [stderr]    Compiling futures-sink v0.3.34
[INFO] [stderr]    Compiling log v0.4.34
[INFO] [stderr]    Compiling futures-io v0.3.34
[INFO] [stderr]    Compiling tracing-core v0.1.36
[INFO] [stderr]    Compiling futures-task v0.3.34
[INFO] [stderr]    Compiling getrandom v0.3.4
[INFO] [stderr]    Compiling ipnet v2.12.1
[INFO] [stderr]    Compiling find-msvc-tools v0.1.11
[INFO] [stderr]    Compiling ppv-lite86 v0.2.21
[INFO] [stderr]    Compiling anyhow v1.0.104
[INFO] [stderr]    Compiling either v1.18.0
[INFO] [stderr]    Compiling unicase v2.9.0
[INFO] [stderr]    Compiling digest v0.11.3
[INFO] [stderr]    Compiling futures-channel v0.3.34
[INFO] [stderr]    Compiling sync_wrapper v1.0.2
[INFO] [stderr]    Compiling http-body-util v0.1.5
[INFO] [stderr]    Compiling regex-automata v0.4.18
[INFO] [stderr]    Compiling getrandom v0.2.17
[INFO] [stderr]    Compiling bitflags v2.13.1
[INFO] [stderr]    Compiling cc v1.4.4
[INFO] [stderr]    Compiling rand_core v0.9.5
[INFO] [stderr]    Compiling rustls v0.23.43
[INFO] [stderr]    Compiling itertools v0.14.0
[INFO] [stderr]    Compiling getrandom v0.4.3
[INFO] [stderr]    Compiling subtle v2.6.1
[INFO] [stderr]    Compiling generic-array v0.14.7
[INFO] [stderr]    Compiling sharded-slab v0.1.7
[INFO] [stderr]    Compiling tracing-log v0.2.0
[INFO] [stderr]    Compiling thread_local v1.1.10
[INFO] [stderr]    Compiling nu-ansi-term v0.50.3
[INFO] [stderr]    Compiling crossbeam-utils v0.8.22
[INFO] [stderr]    Compiling sha2 v0.11.0
[INFO] [stderr]    Compiling mime_guess v2.0.5
[INFO] [stderr]    Compiling webpki-roots v1.0.9
[INFO] [stderr]    Compiling chacha20 v0.10.2
[INFO] [stderr]    Compiling rustversion v1.0.23
[INFO] [stderr]    Compiling utf8parse v0.2.2
[INFO] [stderr]    Compiling block-buffer v0.10.4
[INFO] [stderr]    Compiling crypto-common v0.1.7
[INFO] [stderr]    Compiling event-listener v5.4.2
[INFO] [stderr]    Compiling anstyle-parse v1.0.0
[INFO] [stderr]    Compiling digest v0.10.7
[INFO] [stderr]    Compiling rand v0.10.2
[INFO] [stderr]    Compiling ahash v0.8.12
[INFO] [stderr]    Compiling is_terminal_polyfill v1.70.2
[INFO] [stderr]    Compiling colorchoice v1.0.5
[INFO] [stderr]    Compiling saa v5.6.0
[INFO] [stderr]    Compiling anstyle v1.0.14
[INFO] [stderr]    Compiling sha1 v0.10.7
[INFO] [stderr]    Compiling anstyle-query v1.1.5
[INFO] [stderr]    Compiling event-listener-strategy v0.5.4
[INFO] [stderr]    Compiling sha1 v0.11.0
[INFO] [stderr]    Compiling clap_lex v1.1.0
[INFO] [stderr]    Compiling rand_chacha v0.9.0
[INFO] [stderr]    Compiling rust-embed-utils v8.12.0
[INFO] [stderr]    Compiling anstream v1.0.0
[INFO] [stderr]    Compiling sdd v4.8.10
[INFO] [stderr]    Compiling hashbrown v0.14.5
[INFO] [stderr]    Compiling strsim v0.11.1
[INFO] [stderr]    Compiling async-lock v3.4.2
[INFO] [stderr]    Compiling crossbeam-queue v0.3.13
[INFO] [stderr]    Compiling webpki-roots v0.26.11
[INFO] [stderr]    Compiling uuid v1.26.0
[INFO] [stderr]    Compiling rmp v0.8.15
[INFO] [stderr]    Compiling rand v0.9.5
[INFO] [stderr]    Compiling arcstr v1.2.0
[INFO] [stderr]    Compiling arc-swap v1.9.2
[INFO] [stderr]    Compiling clap_builder v4.6.6
[INFO] [stderr]    Compiling dashmap v6.2.1
[INFO] [stderr]    Compiling xxhash-rust v0.8.18
[INFO] [stderr]    Compiling scc v3.8.6
[INFO] [stderr]    Compiling http-range-header v0.4.2
[INFO] [stderr]    Compiling rmpv v1.3.1
[INFO] [stderr]    Compiling ring v0.17.14
[INFO] [stderr]    Compiling matchers v0.2.0
[INFO] [stderr]    Compiling regex v1.13.1
[INFO] [stderr]    Compiling synstructure v0.13.2
[INFO] [stderr]    Compiling tracing-attributes v0.1.31
[INFO] [stderr]    Compiling zerofrom-derive v0.1.7
[INFO] [stderr]    Compiling yoke-derive v0.8.2
[INFO] [stderr]    Compiling pin-project-internal v1.1.13
[INFO] [stderr]    Compiling prost-derive v0.14.4
[INFO] [stderr]    Compiling rust-embed-impl v8.12.0
[INFO] [stderr]    Compiling thiserror-impl v1.0.69
[INFO] [stderr]    Compiling rust-embed v8.12.0
[INFO] [stderr]    Compiling thiserror v1.0.69
[INFO] [stderr]    Compiling zerofrom v0.1.8
[INFO] [stderr]    Compiling yoke v0.8.3
[INFO] [stderr]    Compiling pin-project v1.1.13
[INFO] [stderr]    Compiling tracing v0.1.44
[INFO] [stderr]    Compiling prost v0.14.4
[INFO] [stderr]    Compiling axum-core v0.5.6
[INFO] [stderr]    Compiling tokio-macros v2.7.2
[INFO] [stderr]    Compiling futures-macro v0.3.34
[INFO] [stderr]    Compiling zerovec-derive v0.11.6
[INFO] [stderr]    Compiling displaydoc v0.2.7
[INFO] [stderr]    Compiling thiserror-impl v2.0.20
[INFO] [stderr]    Compiling serde_derive v1.0.229
[INFO] [stderr]    Compiling async-trait v0.1.92
[INFO] [stderr]    Compiling clap_derive v4.6.4
[INFO] [stderr]    Compiling zerotrie v0.2.5
[INFO] [stderr]    Compiling tokio v1.53.1
[INFO] [stderr]    Compiling prost-types v0.14.4
[INFO] [stderr]    Compiling zerovec v0.11.8
[INFO] [stderr]    Compiling thiserror v2.0.20
[INFO] [stderr]    Compiling opentelemetry v0.32.0
[INFO] [stderr]    Compiling tungstenite v0.29.0
[INFO] [stderr]    Compiling futures-util v0.3.34
[INFO] [stderr]    Compiling tinystr v0.8.4
[INFO] [stderr]    Compiling potential_utf v0.1.6
[INFO] [stderr]    Compiling icu_locale_core v2.3.0
[INFO] [stderr]    Compiling clap v4.6.6
[INFO] [stderr]    Compiling icu_collections v2.3.0
[INFO] [stderr]    Compiling icu_provider v2.3.1
[INFO] [stderr]    Compiling icu_normalizer v2.3.0
[INFO] [stderr]    Compiling icu_properties v2.3.0
[INFO] [stderr]    Compiling rustls-webpki v0.103.15
[INFO] [stderr]    Compiling serde v1.0.229
[INFO] [stderr]    Compiling idna_adapter v1.2.2
[INFO] [stderr]    Compiling idna v1.1.0
[INFO] [stderr]    Compiling tracing-serde v0.2.0
[INFO] [stderr]    Compiling chrono v0.4.45
[INFO] [stderr]    Compiling serde_urlencoded v0.7.1
[INFO] [stderr]    Compiling rolter-auth v0.1.0
[INFO] [stderr]    Compiling scalar_api_reference v0.2.2
[INFO] [stderr]    Compiling tracing-subscriber v0.3.23
[INFO] [stderr]    Compiling futures-executor v0.3.34
[INFO] [stderr]    Compiling asynchronous-codec v0.7.0
[INFO] [stderr]    Compiling futures v0.3.34
[INFO] [stderr]    Compiling url v2.5.8
[INFO] [stderr]    Compiling tracing-opentelemetry v0.33.0
[INFO] [stderr]    Compiling opentelemetry-appender-tracing v0.32.0
[INFO] [stderr]    Compiling tokio-util v0.7.19
[INFO] [stderr]    Compiling tokio-stream v0.1.19
[INFO] [stderr]    Compiling tokio-tungstenite v0.29.0
[INFO] [stderr]    Compiling h2 v0.4.19
[INFO] [stderr]    Compiling tower v0.5.3
[INFO] [stderr]    Compiling combine v4.6.8
[INFO] [stderr]    Compiling zeromq v0.6.0
[INFO] [stderr]    Compiling tower-http v0.7.0
[INFO] [stderr]    Compiling opentelemetry_sdk v0.32.1
[INFO] [stderr]    Compiling tokio-rustls v0.26.4
[INFO] [stderr]    Compiling tungstenite v0.30.0
[INFO] [stderr]    Compiling tower-http v0.6.11
[INFO] [stderr]    Compiling tokio-tungstenite v0.30.0
[INFO] [stderr]    Compiling hyper v1.11.1
[INFO] [stderr]    Compiling redis v1.6.0
[INFO] [stderr]    Compiling hyper-util v0.1.20
[INFO] [stderr]    Compiling hyper-timeout v0.5.2
[INFO] [stderr]    Compiling reqwest v0.13.4
[INFO] [stderr]    Compiling hyper-rustls v0.27.9
[INFO] [stderr]    Compiling axum v0.8.9
[INFO] [stderr]    Compiling tonic v0.14.6
[INFO] [stderr]    Compiling reqwest v0.12.28
[INFO] [stderr]    Compiling tonic-prost v0.14.6
[INFO] [stderr]    Compiling tonic-types v0.14.6
[INFO] [stderr]    Compiling opentelemetry-proto v0.32.0
[INFO] [stderr]    Compiling opentelemetry-http v0.32.0
[INFO] [stderr]    Compiling opentelemetry-otlp v0.32.0
[INFO] [stderr]    Compiling rolter-core v0.1.0
[INFO] [stderr]    Compiling rolter-balancer v0.1.0
[INFO] [stderr]    Compiling rolter-proxy v0.1.0
[INFO] [stderr]    Compiling rolter-gateway v0.1.0 (/opt/rustwide/workdir)
[INFO] [stderr]     Finished `dev` profile [unoptimized + debuginfo] target(s) in 1m 55s
[INFO] running `Command { std: "docker" "inspect" "0b16731c3b7d1297b97cde1b6fe5bbb8807d7d5f53f6436708fb9d6690e5a5fe", kill_on_drop: false }`
[INFO] running `Command { std: "docker" "exec" "-e" "SOURCE_DIR=/opt/rustwide/workdir" "-e" "CARGO_HOME=/opt/rustwide/cargo-home" "-e" "RUSTUP_HOME=/opt/rustwide/rustup-home" "-e" "CARGO_TARGET_DIR=/opt/rustwide/target" "-e" "CARGO_INCREMENTAL=0" "-e" "RUST_BACKTRACE=full" "-e" "RUSTFLAGS=--cap-lints=warn" "-e" "RUSTDOCFLAGS=--cap-lints=warn" "-w" "/opt/rustwide/workdir" "--user" "0:0" "0b16731c3b7d1297b97cde1b6fe5bbb8807d7d5f53f6436708fb9d6690e5a5fe" "/opt/rustwide/cargo-home/bin/cargo" "+1.99.0-beta.8" "test" "--frozen" "--no-run" "--message-format=json", kill_on_drop: false }`
[INFO] [stderr]    Compiling zerocopy v0.8.56
[INFO] [stderr]    Compiling zerocopy-derive v0.8.56
[INFO] [stderr]    Compiling serde v1.0.229
[INFO] [stderr]    Compiling either v1.18.0
[INFO] [stderr]    Compiling crossbeam-deque v0.8.7
[INFO] [stderr]    Compiling crossbeam-epoch v0.9.20
[INFO] [stderr]    Compiling alloca v0.4.0
[INFO] [stderr]    Compiling page_size v0.6.0
[INFO] [stderr]    Compiling plotters v0.3.7
[INFO] [stderr]    Compiling itertools v0.14.0
[INFO] [stderr]    Compiling itertools v0.13.0
[INFO] [stderr]    Compiling rayon-core v1.13.0
[INFO] [stderr]    Compiling tracing-serde v0.2.0
[INFO] [stderr]    Compiling serde_urlencoded v0.7.1
[INFO] [stderr]    Compiling chrono v0.4.45
[INFO] [stderr]    Compiling rolter-auth v0.1.0
[INFO] [stderr]    Compiling scalar_api_reference v0.2.2
[INFO] [stderr]    Compiling tinytemplate v1.2.1
[INFO] [stderr]    Compiling tracing-subscriber v0.3.23
[INFO] [stderr]    Compiling reqwest v0.12.28
[INFO] [stderr]    Compiling rayon v1.12.0
[INFO] [stderr]    Compiling criterion-plot v0.8.2
[INFO] [stderr]    Compiling prost-derive v0.14.4
[INFO] [stderr]    Compiling opentelemetry-appender-tracing v0.32.0
[INFO] [stderr]    Compiling tracing-opentelemetry v0.33.0
[INFO] [stderr]    Compiling prost v0.14.4
[INFO] [stderr]    Compiling tonic-prost v0.14.6
[INFO] [stderr]    Compiling prost-types v0.14.4
[INFO] [stderr]    Compiling tonic-types v0.14.6
[INFO] [stderr]    Compiling ppv-lite86 v0.2.21
[INFO] [stderr]    Compiling half v2.7.1
[INFO] [stderr]    Compiling ahash v0.8.12
[INFO] [stderr]    Compiling ciborium-ll v0.2.2
[INFO] [stderr]    Compiling ciborium v0.2.2
[INFO] [stderr]    Compiling rand_chacha v0.9.0
[INFO] [stderr]    Compiling rand v0.9.5
[INFO] [stderr]    Compiling criterion v0.8.2
[INFO] [stderr]    Compiling opentelemetry_sdk v0.32.1
[INFO] [stderr]    Compiling tungstenite v0.29.0
[INFO] [stderr]    Compiling zeromq v0.6.0
[INFO] [stderr]    Compiling tokio-tungstenite v0.29.0
[INFO] [stderr]    Compiling axum v0.8.9
[INFO] [stderr]    Compiling opentelemetry-proto v0.32.0
[INFO] [stderr]    Compiling opentelemetry-otlp v0.32.0
[INFO] [stderr]    Compiling rolter-core v0.1.0
[INFO] [stderr]    Compiling rolter-proxy v0.1.0
[INFO] [stderr]    Compiling rolter-balancer v0.1.0
[INFO] [stderr]    Compiling rolter-gateway v0.1.0 (/opt/rustwide/workdir)
[INFO] [stderr] error: could not compile `rolter-gateway` (lib test)
[INFO] [stderr] 
[INFO] [stderr] Caused by:
[INFO] [stderr]   process didn't exit successfully: `/opt/rustwide/rustup-home/toolchains/1.99.0-beta.8-x86_64-unknown-linux-gnu/bin/rustc --crate-name rolter_gateway --edition=2021 src/lib.rs --error-format=json --json=diagnostic-rendered-ansi,artifacts,future-incompat --emit=dep-info,link -C embed-bitcode=no -C debuginfo=2 --test --check-cfg 'cfg(docsrs,test)' --check-cfg 'cfg(feature, values())' -C metadata=c8aeb2502d51baba -C extra-filename=-1f22145c7d1cd700 --out-dir /opt/rustwide/target/debug/deps -L dependency=/opt/rustwide/target/debug/deps --extern anyhow=/opt/rustwide/target/debug/deps/libanyhow-eeb2152985963809.rlib --extern arc_swap=/opt/rustwide/target/debug/deps/libarc_swap-85dcc9ccd548584d.rlib --extern axum=/opt/rustwide/target/debug/deps/libaxum-188e8b29822499df.rlib --extern bytes=/opt/rustwide/target/debug/deps/libbytes-5f66263ae3d5daa8.rlib --extern chrono=/opt/rustwide/target/debug/deps/libchrono-5c4b6fd187b40b29.rlib --extern clap=/opt/rustwide/target/debug/deps/libclap-0e0303a74bfb7e41.rlib --extern criterion=/opt/rustwide/target/debug/deps/libcriterion-50ec62d57746f5c3.rlib --extern crossbeam_queue=/opt/rustwide/target/debug/deps/libcrossbeam_queue-75240929d6509d2d.rlib --extern dashmap=/opt/rustwide/target/debug/deps/libdashmap-8e1b26012c996e4b.rlib --extern futures_util=/opt/rustwide/target/debug/deps/libfutures_util-6e4bb662a0a223ef.rlib --extern libc=/opt/rustwide/target/debug/deps/liblibc-32464e1b8391e223.rlib --extern parking_lot=/opt/rustwide/target/debug/deps/libparking_lot-401c491a5129b2e1.rlib --extern redis=/opt/rustwide/target/debug/deps/libredis-de3711b4dd35f9de.rlib --extern reqwest=/opt/rustwide/target/debug/deps/libreqwest-7c66f4ca52464c96.rlib --extern rmpv=/opt/rustwide/target/debug/deps/librmpv-ba238580fda83a30.rlib --extern rolter_auth=/opt/rustwide/target/debug/deps/librolter_auth-eccc9f4c30acd83c.rlib --extern rolter_balancer=/opt/rustwide/target/debug/deps/librolter_balancer-dd6350d543e316cd.rlib --extern rolter_core=/opt/rustwide/target/debug/deps/librolter_core-fcade5004b6331a6.rlib --extern rolter_proxy=/opt/rustwide/target/debug/deps/librolter_proxy-d14b2840f24f08cd.rlib --extern scalar_api_reference=/opt/rustwide/target/debug/deps/libscalar_api_reference-5ad51402995b38f2.rlib --extern serde=/opt/rustwide/target/debug/deps/libserde-77499f8fbe360edc.rlib --extern serde_json=/opt/rustwide/target/debug/deps/libserde_json-75e4d7ff7d1105ce.rlib --extern sha2=/opt/rustwide/target/debug/deps/libsha2-cf2befbf159afe93.rlib --extern tokio=/opt/rustwide/target/debug/deps/libtokio-0a08897a9e505ca4.rlib --extern tokio_tungstenite=/opt/rustwide/target/debug/deps/libtokio_tungstenite-69504d2525301be5.rlib --extern tower_http=/opt/rustwide/target/debug/deps/libtower_http-1f901b648fb4ef03.rlib --extern tracing=/opt/rustwide/target/debug/deps/libtracing-6931d14ae14f2aff.rlib --extern tracing_subscriber=/opt/rustwide/target/debug/deps/libtracing_subscriber-7e0b3585bbbaf1c7.rlib --extern uuid=/opt/rustwide/target/debug/deps/libuuid-85f9eabea6861731.rlib --extern zeromq=/opt/rustwide/target/debug/deps/libzeromq-2440bd1d5bed0de1.rlib --cap-lints=warn -L native=/opt/rustwide/target/debug/build/alloca-03a8b51a8eeb8d0d/out -L native=/opt/rustwide/target/debug/build/ring-a8dd82731488ad8d/out` (signal: 9, SIGKILL: kill)
[INFO] [stderr] warning: build failed, waiting for other jobs to finish...
[INFO] [stderr] error: could not compile `rolter-gateway` (test "integration")
[INFO] [stderr] 
[INFO] [stderr] Caused by:
[INFO] [stderr]   process didn't exit successfully: `/opt/rustwide/rustup-home/toolchains/1.99.0-beta.8-x86_64-unknown-linux-gnu/bin/rustc --crate-name integration --edition=2021 tests/integration.rs --error-format=json --json=diagnostic-rendered-ansi,artifacts,future-incompat --emit=dep-info,link -C embed-bitcode=no -C debuginfo=2 --test --check-cfg 'cfg(docsrs,test)' --check-cfg 'cfg(feature, values())' -C metadata=0e58a822d5f32b3a -C extra-filename=-13719eb1a21a9a26 --out-dir /opt/rustwide/target/debug/deps -L dependency=/opt/rustwide/target/debug/deps --extern anyhow=/opt/rustwide/target/debug/deps/libanyhow-eeb2152985963809.rlib --extern arc_swap=/opt/rustwide/target/debug/deps/libarc_swap-85dcc9ccd548584d.rlib --extern axum=/opt/rustwide/target/debug/deps/libaxum-188e8b29822499df.rlib --extern bytes=/opt/rustwide/target/debug/deps/libbytes-5f66263ae3d5daa8.rlib --extern chrono=/opt/rustwide/target/debug/deps/libchrono-5c4b6fd187b40b29.rlib --extern clap=/opt/rustwide/target/debug/deps/libclap-0e0303a74bfb7e41.rlib --extern criterion=/opt/rustwide/target/debug/deps/libcriterion-50ec62d57746f5c3.rlib --extern crossbeam_queue=/opt/rustwide/target/debug/deps/libcrossbeam_queue-75240929d6509d2d.rlib --extern dashmap=/opt/rustwide/target/debug/deps/libdashmap-8e1b26012c996e4b.rlib --extern futures_util=/opt/rustwide/target/debug/deps/libfutures_util-6e4bb662a0a223ef.rlib --extern libc=/opt/rustwide/target/debug/deps/liblibc-32464e1b8391e223.rlib --extern parking_lot=/opt/rustwide/target/debug/deps/libparking_lot-401c491a5129b2e1.rlib --extern redis=/opt/rustwide/target/debug/deps/libredis-de3711b4dd35f9de.rlib --extern reqwest=/opt/rustwide/target/debug/deps/libreqwest-7c66f4ca52464c96.rlib --extern rmpv=/opt/rustwide/target/debug/deps/librmpv-ba238580fda83a30.rlib --extern rolter_auth=/opt/rustwide/target/debug/deps/librolter_auth-eccc9f4c30acd83c.rlib --extern rolter_balancer=/opt/rustwide/target/debug/deps/librolter_balancer-dd6350d543e316cd.rlib --extern rolter_core=/opt/rustwide/target/debug/deps/librolter_core-fcade5004b6331a6.rlib --extern rolter_gateway=/opt/rustwide/target/debug/deps/librolter_gateway-2c52a0a5963d0f1b.rlib --extern rolter_proxy=/opt/rustwide/target/debug/deps/librolter_proxy-d14b2840f24f08cd.rlib --extern scalar_api_reference=/opt/rustwide/target/debug/deps/libscalar_api_reference-5ad51402995b38f2.rlib --extern serde=/opt/rustwide/target/debug/deps/libserde-77499f8fbe360edc.rlib --extern serde_json=/opt/rustwide/target/debug/deps/libserde_json-75e4d7ff7d1105ce.rlib --extern sha2=/opt/rustwide/target/debug/deps/libsha2-cf2befbf159afe93.rlib --extern tokio=/opt/rustwide/target/debug/deps/libtokio-0a08897a9e505ca4.rlib --extern tokio_tungstenite=/opt/rustwide/target/debug/deps/libtokio_tungstenite-69504d2525301be5.rlib --extern tower_http=/opt/rustwide/target/debug/deps/libtower_http-1f901b648fb4ef03.rlib --extern tracing=/opt/rustwide/target/debug/deps/libtracing-6931d14ae14f2aff.rlib --extern tracing_subscriber=/opt/rustwide/target/debug/deps/libtracing_subscriber-7e0b3585bbbaf1c7.rlib --extern uuid=/opt/rustwide/target/debug/deps/libuuid-85f9eabea6861731.rlib --extern zeromq=/opt/rustwide/target/debug/deps/libzeromq-2440bd1d5bed0de1.rlib --cap-lints=warn -L native=/opt/rustwide/target/debug/build/alloca-03a8b51a8eeb8d0d/out -L native=/opt/rustwide/target/debug/build/ring-a8dd82731488ad8d/out` (signal: 9, SIGKILL: kill)
[INFO] [stderr] error: could not compile `rolter-gateway` (test "chaos")
[INFO] [stderr] 
[INFO] [stderr] Caused by:
[INFO] [stderr]   process didn't exit successfully: `/opt/rustwide/rustup-home/toolchains/1.99.0-beta.8-x86_64-unknown-linux-gnu/bin/rustc --crate-name chaos --edition=2021 tests/chaos.rs --error-format=json --json=diagnostic-rendered-ansi,artifacts,future-incompat --emit=dep-info,link -C embed-bitcode=no -C debuginfo=2 --test --check-cfg 'cfg(docsrs,test)' --check-cfg 'cfg(feature, values())' -C metadata=ad2d3cf2461536de -C extra-filename=-084f802ae16e7d3f --out-dir /opt/rustwide/target/debug/deps -L dependency=/opt/rustwide/target/debug/deps --extern anyhow=/opt/rustwide/target/debug/deps/libanyhow-eeb2152985963809.rlib --extern arc_swap=/opt/rustwide/target/debug/deps/libarc_swap-85dcc9ccd548584d.rlib --extern axum=/opt/rustwide/target/debug/deps/libaxum-188e8b29822499df.rlib --extern bytes=/opt/rustwide/target/debug/deps/libbytes-5f66263ae3d5daa8.rlib --extern chrono=/opt/rustwide/target/debug/deps/libchrono-5c4b6fd187b40b29.rlib --extern clap=/opt/rustwide/target/debug/deps/libclap-0e0303a74bfb7e41.rlib --extern criterion=/opt/rustwide/target/debug/deps/libcriterion-50ec62d57746f5c3.rlib --extern crossbeam_queue=/opt/rustwide/target/debug/deps/libcrossbeam_queue-75240929d6509d2d.rlib --extern dashmap=/opt/rustwide/target/debug/deps/libdashmap-8e1b26012c996e4b.rlib --extern futures_util=/opt/rustwide/target/debug/deps/libfutures_util-6e4bb662a0a223ef.rlib --extern libc=/opt/rustwide/target/debug/deps/liblibc-32464e1b8391e223.rlib --extern parking_lot=/opt/rustwide/target/debug/deps/libparking_lot-401c491a5129b2e1.rlib --extern redis=/opt/rustwide/target/debug/deps/libredis-de3711b4dd35f9de.rlib --extern reqwest=/opt/rustwide/target/debug/deps/libreqwest-7c66f4ca52464c96.rlib --extern rmpv=/opt/rustwide/target/debug/deps/librmpv-ba238580fda83a30.rlib --extern rolter_auth=/opt/rustwide/target/debug/deps/librolter_auth-eccc9f4c30acd83c.rlib --extern rolter_balancer=/opt/rustwide/target/debug/deps/librolter_balancer-dd6350d543e316cd.rlib --extern rolter_core=/opt/rustwide/target/debug/deps/librolter_core-fcade5004b6331a6.rlib --extern rolter_gateway=/opt/rustwide/target/debug/deps/librolter_gateway-2c52a0a5963d0f1b.rlib --extern rolter_proxy=/opt/rustwide/target/debug/deps/librolter_proxy-d14b2840f24f08cd.rlib --extern scalar_api_reference=/opt/rustwide/target/debug/deps/libscalar_api_reference-5ad51402995b38f2.rlib --extern serde=/opt/rustwide/target/debug/deps/libserde-77499f8fbe360edc.rlib --extern serde_json=/opt/rustwide/target/debug/deps/libserde_json-75e4d7ff7d1105ce.rlib --extern sha2=/opt/rustwide/target/debug/deps/libsha2-cf2befbf159afe93.rlib --extern tokio=/opt/rustwide/target/debug/deps/libtokio-0a08897a9e505ca4.rlib --extern tokio_tungstenite=/opt/rustwide/target/debug/deps/libtokio_tungstenite-69504d2525301be5.rlib --extern tower_http=/opt/rustwide/target/debug/deps/libtower_http-1f901b648fb4ef03.rlib --extern tracing=/opt/rustwide/target/debug/deps/libtracing-6931d14ae14f2aff.rlib --extern tracing_subscriber=/opt/rustwide/target/debug/deps/libtracing_subscriber-7e0b3585bbbaf1c7.rlib --extern uuid=/opt/rustwide/target/debug/deps/libuuid-85f9eabea6861731.rlib --extern zeromq=/opt/rustwide/target/debug/deps/libzeromq-2440bd1d5bed0de1.rlib --cap-lints=warn -L native=/opt/rustwide/target/debug/build/alloca-03a8b51a8eeb8d0d/out -L native=/opt/rustwide/target/debug/build/ring-a8dd82731488ad8d/out` (signal: 9, SIGKILL: kill)
[INFO] [stdout] error: linking with `cc` failed: exit status: 1
[INFO] [stdout]   |
[INFO] [stdout]   = note:  "cc" "-m64" "/opt/rustwide/target/debug/deps/rustcVosvjt/symbols.o" "<6 object files omitted>" "-Wl,--as-needed" "-Wl,-Bstatic" "/opt/rustwide/target/debug/deps/{librolter_gateway-2c52a0a5963d0f1b,libscalar_api_reference-5ad51402995b38f2,librust_embed-7fc2d9d9d1c02792,librust_embed_utils-3c5abfe3a3f8d23e,libwalkdir-7cc6f300a6f0bf06,libsame_file-ff49545450c0b63c,librolter_auth-eccc9f4c30acd83c,libanyhow-eeb2152985963809,libclap-0e0303a74bfb7e41,libclap_builder-f6cffa41163e9cfe,libstrsim-4d1ed08a123238dc,libanstream-14b271bd294f0187,libanstyle_query-635080b1d6343734,libis_terminal_polyfill-3ca4268cb2568267,libcolorchoice-33c0bd1745dd5ace,libanstyle_parse-88399b635fc44f8e,libutf8parse-92d0158219063202,libclap_lex-2acbcd0288e51058,libanstyle-9beaeb754742faae,libtower_http-1f901b648fb4ef03,libmime_guess-96fc0112437da5c5,libunicase-14ef8cc0d70eefb8,libhttp_range_header-2c1927e1cc51b209,libtokio_tungstenite-69504d2525301be5,libwebpki_roots-27e9848898173e0d,libtungstenite-0745c3819d9bfb26,libsha1-def457fc277d7b24,librolter_proxy-d14b2840f24f08cd,libarc_swap-85dcc9ccd548584d,libzeromq-2440bd1d5bed0de1,libscc-fad5a1e0df4b09ef,libsdd-e48a572352761434,libsaa-6587fce2c013108f,libuuid-85f9eabea6861731,libasynchronous_codec-f1930b978bbf439c,libthiserror-1fce8d25499179c2,libfutures-4654c94c1dd0c0d4,libcrossbeam_queue-75240929d6509d2d,librmpv-ba238580fda83a30,librmp-05b6e0213c7cf519,libdashmap-8e1b26012c996e4b,libhashbrown-7535884dad52ee2f,libcrossbeam_utils-982526929d4ea68a,libsha2-cf2befbf159afe93,libdigest-515071a3931cfade,libconst_oid-58507ca40e062d76,libcrypto_common-b7a023d8cd4c0d28,libblock_buffer-738c9c701b99e110,libhybrid_array-e32e9ade2789fa0e,libredis-de3711b4dd35f9de,libasync_lock-c0f7c1af461d1ea6,libevent_listener_strategy-01610b4662523084,libevent_listener-338329f288252d70,libparking-a9ae72c6c16ee980,libxxhash_rust-21bd6dff5bc15cf9,libcombine-d30f0659e5f4fe16,libarcstr-1a790dd915ec11f9,librolter_balancer-dd6350d543e316cd,librand-030b10a161342259,libgetrandom-3a9f4f85abb82670,libchacha20-5444525e6183c3e2,libcpufeatures-2e8dd38066a76518,librand_core-8437d288e8d1265c,libahash-901d07ee1e873860,libreqwest-7c66f4ca52464c96,libhyper_rustls-da9ecfba69f43a67,libwebpki_roots-8b4b3b3e18f86a51,libtokio_rustls-cf215b6e880f82d8,librustls-c84784ad39137a9f,libsubtle-9600f7efd1e82d97,libwebpki-b7d1313a3785624d,libring-3997b43895237d22,libgetrandom-6b309e86c3fd7e8c,libuntrusted-b2f816886faf2178}.rlib" "<sysroot>/lib/rustlib/x86_64-unknown-linux-gnu/lib/{libtest-*,libgetopts-*,librustc_std_workspace_std-*}.rlib" "/opt/rustwide/target/debug/deps/{librolter_core-fcade5004b6331a6,libopentelemetry_appender_tracing-80aee03ce07d30ff,libtoml-db15fb7793a5d741,libtoml_writer-5d055487734c9f17,libtoml_parser-48a638cd622c0af4,libwinnow-9ea79b6ed37d156b,libserde_spanned-f613d0ea0b2049be,libtoml_datetime-2a31ce62f6bc729c,libopentelemetry_otlp-682e79e1f5cc3b25,libtonic_types-b8da525881be5787,libprost_types-1077a3dfeafbea2c,libopentelemetry_proto-59ba7a0519145fbd,libtonic_prost-889857313c5668d9,libtonic-4f85dad9e0b8a4b3,libhyper_timeout-ee50b9c2bf922eaf,libpin_project-d65d7c26eb499b9f,libprost-2f7dc130fb5c223d,libopentelemetry_sdk-3f0a39be98449f0a,libtokio_stream-011dddb8b031471f,libfutures_executor-0d65fa14d7c7e0e4,libopentelemetry_http-398cc882acf6aa2f,libreqwest-33fa9b47cdea501f,libtower_http-bba83eff43259895,libbitflags-4e5b7311cdb9fa7b,liburl-aaf958c888b63022,libidna-39d152f65ec75178,libidna_adapter-fed4666b954f88ea,libicu_properties-ab420ff1f258db39,libicu_properties_data-3f856f5bc2063921,libicu_normalizer-9f45cda2bd8be62b,libicu_normalizer_data-8b25f9eb7a72d68e,libicu_collections-16a52ebd015d62c2,libutf8_iter-51566bbad89f3a68,libpotential_utf-fa3eb48a26ae9862,libicu_provider-6886bd124788a301,libicu_locale_core-7b8b3bbd75312fb2,libtinystr-782964aca6cc4c79,liblitemap-abaddab7afb37065,libwriteable-36514dcf36d12676,libzerovec-b9ae315ef9adc7c0,libzerotrie-d1442ba6654b3c5d,libyoke-947001cf3cc88636,libstable_deref_trait-63cbf3f3d3f94e56,libzerofrom-186c7e7c21794d1f,libtracing_opentelemetry-d18394df02259625,libopentelemetry-c78fb9b07d3b3697,libtracing_subscriber-7e0b3585bbbaf1c7,libtracing_serde-197fb48bf49080d9,libsharded_slab-bd3e89e1e50b7c87,liblazy_static-3674be3f4245d19b,libmatchers-fcef1a5853c2a822,libnu_ansi_term-745c727bb3e87c52,libthread_local-44635bac93e68953,libtracing_log-76507554a4447ed1,libregex-029e208a761ef295,libregex_automata-87a6e55a70b67968,libaho_corasick-d1ae79b76a6f7869,libregex_syntax-801391c65a42f645,librustls_pki_types-f9d0b31df971a573,libzeroize-37b2a6e0a2742c6a,libchrono-5c4b6fd187b40b29,libiana_time_zone-bcd81aefedc374a6,libnum_traits-87b85c9cd014cb66,libaxum-188e8b29822499df,libserde_json-75e4d7ff7d1105ce,libzmij-2ca2f302097868c6,libserde_path_to_error-ffc7f2f7c57e9257,libserde_urlencoded-196bc231ccc32f68,libryu-1f4f40e4352371e5,libserde-77499f8fbe360edc,libform_urlencoded-58b0f0edb59b40d2,libmatchit-9aa922efa503b546,libtokio_tungstenite-d3e5d378f555ed1e,libtungstenite-2411950b8c6c5567,libdata_encoding-24a90aeeed599569,librand-fa7a0e2ef2a59cbe,librand_chacha-7750c937ec41d244,libppv_lite86-bea8218a8a41451f,libzerocopy-cfc85f7706b439b4,librand_core-c83eaed7defe7a9e,libgetrandom-1e62ef079fef2f0f,libthiserror-a19e820804c28dee,libsha1-90c21e8487db3fe6,libcpufeatures-e04321643d03190d,libdigest-95f71ee2e5bc4751,libblock_buffer-2a52351ae749aaa6,libcrypto_common-4bec392eb03e7564,libgeneric_array-db891871e5606a95,libtypenum-8cba24ab4904c632,libhyper_util-31761de573d231dc,libbase64-32787b0325ea6df8,libpercent_encoding-fa055ecaa1e57cfa,libipnet-108d82b4266c7a41,libhyper-07b72bff5c9ba551,libwant-7a6260b9c50f1479,libtry_lock-8fa2f6971035be84,libhttparse-8c9b827b8f345444,libh2-b058dab50813da5a,libfnv-79e2cbfbe03dcd16,libatomic_waker-06950c8c08d2b8fa,libhttpdate-331798cefc82cc7e,libserde_core-7370a7595b05d50c,libaxum_core-ea062f8eda7a1650,libmime-0188e0814ca7ddbf,libhttp_body_util-27952fde1894fa19,libhttp_body-b57535e6079c1f42,libhttp-0cd9be9a4e5a2536,libitoa-5de11b3b23bfe572,libtower-fb09742849451b17,libsync_wrapper-194362e0d6e4de4b,libindexmap-b92bb9c25241b995,libequivalent-6a754676e6af62ae,libhashbrown-d7214d631586fd51,libtokio_util-3a93899e98537bc5,libtokio-0a08897a9e505ca4,libsignal_hook_registry-f069228503febc45,liberrno-8e3700cb740322be,libsocket2-380ed4e5002278b4,libbytes-5f66263ae3d5daa8,libmio-40dc0d1736264cdd,libparking_lot-401c491a5129b2e1,libparking_lot_core-d8db1ce5bdfd3bc8,liblibc-32464e1b8391e223,libcfg_if-83060ec5685761ae,libsmallvec-3e75e18e66140be0,liblock_api-16d46fed645f7bff,libscopeguard-7ec2214574194454,libtracing-6931d14ae14f2aff,liblog-431c2e66b4ed7b91,libtracing_core-d26029c784af5925,libonce_cell-b5bdc597ed9676b3,libfutures_util-6e4bb662a0a223ef,libmemchr-a932478bde794617,libfutures_io-b3563908762f27f5,libslab-0582d648e59ab406,libfutures_channel-e55265846f1ca713,libfutures_sink-690a515e9c61c93a,libfutures_task-06c0578367ad4cff,libfutures_core-97d9bb84a61d4536,libtower_service-3fb88d28c2218805,libpin_project_lite-0a15d51c77964692,libtower_layer-d908dd771b239ecd}.rlib" "<sysroot>/lib/rustlib/x86_64-unknown-linux-gnu/lib/{libstd-*,libpanic_unwind-*,libobject-*,libmemchr-*,libaddr2line-*,libgimli-*,libcfg_if-*,librustc_demangle-*,libstd_detect-*,libhashbrown-*,librustc_std_workspace_alloc-*,libminiz_oxide-*,libadler2-*,libunwind-*,liblibc-*,librustc_std_workspace_core-*,liballoc-*,libcore-*,libcompiler_builtins-*}.rlib" "-Wl,-Bdynamic" "-lgcc_s" "-lutil" "-lrt" "-lpthread" "-lm" "-ldl" "-lc" "-L" "/opt/rustwide/target/debug/deps/rustcVosvjt/raw-dylibs" "-B<sysroot>/lib/rustlib/x86_64-unknown-linux-gnu/bin/gcc-ld" "-fuse-ld=lld" "-Wl,--eh-frame-hdr" "-Wl,-z,noexecstack" "-L" "/opt/rustwide/target/debug/build/alloca-03a8b51a8eeb8d0d/out" "-L" "/opt/rustwide/target/debug/build/ring-a8dd82731488ad8d/out" "-L" "<sysroot>/lib/rustlib/x86_64-unknown-linux-gnu/lib" "-o" "/opt/rustwide/target/debug/deps/ollama_cloud-947d4e31df87618b" "-Wl,--gc-sections" "-pie" "-Wl,-z,relro,-z,now" "-nodefaultlibs"
[INFO] [stdout]   = note: some arguments are omitted. use `--verbose` to show all linker arguments
[INFO] [stdout]   = note: collect2: fatal error: ld terminated with signal 9 [Killed]
[INFO] [stdout]           compilation terminated.
[INFO] [stdout]           
[INFO] [stdout] 
[INFO] [stdout] 
[INFO] [stdout] error: linking with `cc` failed: exit status: 1
[INFO] [stdout]   |
[INFO] [stdout]   = note:  "cc" "-m64" "/opt/rustwide/target/debug/deps/rustcYuKkrS/symbols.o" "<6 object files omitted>" "-Wl,--as-needed" "-Wl,-Bstatic" "/opt/rustwide/target/debug/deps/{librolter_gateway-2c52a0a5963d0f1b,libscalar_api_reference-5ad51402995b38f2,librust_embed-7fc2d9d9d1c02792,librust_embed_utils-3c5abfe3a3f8d23e,libwalkdir-7cc6f300a6f0bf06,libsame_file-ff49545450c0b63c,librolter_auth-eccc9f4c30acd83c,libanyhow-eeb2152985963809,libclap-0e0303a74bfb7e41,libclap_builder-f6cffa41163e9cfe,libstrsim-4d1ed08a123238dc,libanstream-14b271bd294f0187,libanstyle_query-635080b1d6343734,libis_terminal_polyfill-3ca4268cb2568267,libcolorchoice-33c0bd1745dd5ace,libanstyle_parse-88399b635fc44f8e,libutf8parse-92d0158219063202,libclap_lex-2acbcd0288e51058,libanstyle-9beaeb754742faae,libtower_http-1f901b648fb4ef03,libmime_guess-96fc0112437da5c5,libunicase-14ef8cc0d70eefb8,libhttp_range_header-2c1927e1cc51b209,libtokio_tungstenite-69504d2525301be5,libwebpki_roots-27e9848898173e0d,libtungstenite-0745c3819d9bfb26,libsha1-def457fc277d7b24,librolter_proxy-d14b2840f24f08cd,libarc_swap-85dcc9ccd548584d,libzeromq-2440bd1d5bed0de1,libscc-fad5a1e0df4b09ef,libsdd-e48a572352761434,libsaa-6587fce2c013108f,libuuid-85f9eabea6861731,libasynchronous_codec-f1930b978bbf439c,libthiserror-1fce8d25499179c2,libfutures-4654c94c1dd0c0d4,libcrossbeam_queue-75240929d6509d2d,librmpv-ba238580fda83a30,librmp-05b6e0213c7cf519,libdashmap-8e1b26012c996e4b,libhashbrown-7535884dad52ee2f,libcrossbeam_utils-982526929d4ea68a,libsha2-cf2befbf159afe93,libdigest-515071a3931cfade,libconst_oid-58507ca40e062d76,libcrypto_common-b7a023d8cd4c0d28,libblock_buffer-738c9c701b99e110,libhybrid_array-e32e9ade2789fa0e,libredis-de3711b4dd35f9de,libasync_lock-c0f7c1af461d1ea6,libevent_listener_strategy-01610b4662523084,libevent_listener-338329f288252d70,libparking-a9ae72c6c16ee980,libxxhash_rust-21bd6dff5bc15cf9,libcombine-d30f0659e5f4fe16,libarcstr-1a790dd915ec11f9,librolter_balancer-dd6350d543e316cd,librand-030b10a161342259,libgetrandom-3a9f4f85abb82670,libchacha20-5444525e6183c3e2,libcpufeatures-2e8dd38066a76518,librand_core-8437d288e8d1265c,libahash-901d07ee1e873860,libreqwest-7c66f4ca52464c96,libhyper_rustls-da9ecfba69f43a67,libwebpki_roots-8b4b3b3e18f86a51,libtokio_rustls-cf215b6e880f82d8,librustls-c84784ad39137a9f,libsubtle-9600f7efd1e82d97,libwebpki-b7d1313a3785624d,libring-3997b43895237d22,libgetrandom-6b309e86c3fd7e8c,libuntrusted-b2f816886faf2178}.rlib" "<sysroot>/lib/rustlib/x86_64-unknown-linux-gnu/lib/{libtest-*,libgetopts-*,librustc_std_workspace_std-*}.rlib" "/opt/rustwide/target/debug/deps/{librolter_core-fcade5004b6331a6,libopentelemetry_appender_tracing-80aee03ce07d30ff,libtoml-db15fb7793a5d741,libtoml_writer-5d055487734c9f17,libtoml_parser-48a638cd622c0af4,libwinnow-9ea79b6ed37d156b,libserde_spanned-f613d0ea0b2049be,libtoml_datetime-2a31ce62f6bc729c,libopentelemetry_otlp-682e79e1f5cc3b25,libtonic_types-b8da525881be5787,libprost_types-1077a3dfeafbea2c,libopentelemetry_proto-59ba7a0519145fbd,libtonic_prost-889857313c5668d9,libtonic-4f85dad9e0b8a4b3,libhyper_timeout-ee50b9c2bf922eaf,libpin_project-d65d7c26eb499b9f,libprost-2f7dc130fb5c223d,libopentelemetry_sdk-3f0a39be98449f0a,libtokio_stream-011dddb8b031471f,libfutures_executor-0d65fa14d7c7e0e4,libopentelemetry_http-398cc882acf6aa2f,libreqwest-33fa9b47cdea501f,libtower_http-bba83eff43259895,libbitflags-4e5b7311cdb9fa7b,liburl-aaf958c888b63022,libidna-39d152f65ec75178,libidna_adapter-fed4666b954f88ea,libicu_properties-ab420ff1f258db39,libicu_properties_data-3f856f5bc2063921,libicu_normalizer-9f45cda2bd8be62b,libicu_normalizer_data-8b25f9eb7a72d68e,libicu_collections-16a52ebd015d62c2,libutf8_iter-51566bbad89f3a68,libpotential_utf-fa3eb48a26ae9862,libicu_provider-6886bd124788a301,libicu_locale_core-7b8b3bbd75312fb2,libtinystr-782964aca6cc4c79,liblitemap-abaddab7afb37065,libwriteable-36514dcf36d12676,libzerovec-b9ae315ef9adc7c0,libzerotrie-d1442ba6654b3c5d,libyoke-947001cf3cc88636,libstable_deref_trait-63cbf3f3d3f94e56,libzerofrom-186c7e7c21794d1f,libtracing_opentelemetry-d18394df02259625,libopentelemetry-c78fb9b07d3b3697,libtracing_subscriber-7e0b3585bbbaf1c7,libtracing_serde-197fb48bf49080d9,libsharded_slab-bd3e89e1e50b7c87,liblazy_static-3674be3f4245d19b,libmatchers-fcef1a5853c2a822,libnu_ansi_term-745c727bb3e87c52,libthread_local-44635bac93e68953,libtracing_log-76507554a4447ed1,libregex-029e208a761ef295,libregex_automata-87a6e55a70b67968,libaho_corasick-d1ae79b76a6f7869,libregex_syntax-801391c65a42f645,librustls_pki_types-f9d0b31df971a573,libzeroize-37b2a6e0a2742c6a,libchrono-5c4b6fd187b40b29,libiana_time_zone-bcd81aefedc374a6,libnum_traits-87b85c9cd014cb66,libaxum-188e8b29822499df,libserde_json-75e4d7ff7d1105ce,libzmij-2ca2f302097868c6,libserde_path_to_error-ffc7f2f7c57e9257,libserde_urlencoded-196bc231ccc32f68,libryu-1f4f40e4352371e5,libserde-77499f8fbe360edc,libform_urlencoded-58b0f0edb59b40d2,libmatchit-9aa922efa503b546,libtokio_tungstenite-d3e5d378f555ed1e,libtungstenite-2411950b8c6c5567,libdata_encoding-24a90aeeed599569,librand-fa7a0e2ef2a59cbe,librand_chacha-7750c937ec41d244,libppv_lite86-bea8218a8a41451f,libzerocopy-cfc85f7706b439b4,librand_core-c83eaed7defe7a9e,libgetrandom-1e62ef079fef2f0f,libthiserror-a19e820804c28dee,libsha1-90c21e8487db3fe6,libcpufeatures-e04321643d03190d,libdigest-95f71ee2e5bc4751,libblock_buffer-2a52351ae749aaa6,libcrypto_common-4bec392eb03e7564,libgeneric_array-db891871e5606a95,libtypenum-8cba24ab4904c632,libhyper_util-31761de573d231dc,libbase64-32787b0325ea6df8,libpercent_encoding-fa055ecaa1e57cfa,libipnet-108d82b4266c7a41,libhyper-07b72bff5c9ba551,libwant-7a6260b9c50f1479,libtry_lock-8fa2f6971035be84,libhttparse-8c9b827b8f345444,libh2-b058dab50813da5a,libfnv-79e2cbfbe03dcd16,libatomic_waker-06950c8c08d2b8fa,libhttpdate-331798cefc82cc7e,libserde_core-7370a7595b05d50c,libaxum_core-ea062f8eda7a1650,libmime-0188e0814ca7ddbf,libhttp_body_util-27952fde1894fa19,libhttp_body-b57535e6079c1f42,libhttp-0cd9be9a4e5a2536,libitoa-5de11b3b23bfe572,libtower-fb09742849451b17,libsync_wrapper-194362e0d6e4de4b,libindexmap-b92bb9c25241b995,libequivalent-6a754676e6af62ae,libhashbrown-d7214d631586fd51,libtokio_util-3a93899e98537bc5,libtokio-0a08897a9e505ca4,libsignal_hook_registry-f069228503febc45,liberrno-8e3700cb740322be,libsocket2-380ed4e5002278b4,libbytes-5f66263ae3d5daa8,libmio-40dc0d1736264cdd,libparking_lot-401c491a5129b2e1,libparking_lot_core-d8db1ce5bdfd3bc8,liblibc-32464e1b8391e223,libcfg_if-83060ec5685761ae,libsmallvec-3e75e18e66140be0,liblock_api-16d46fed645f7bff,libscopeguard-7ec2214574194454,libtracing-6931d14ae14f2aff,liblog-431c2e66b4ed7b91,libtracing_core-d26029c784af5925,libonce_cell-b5bdc597ed9676b3,libfutures_util-6e4bb662a0a223ef,libmemchr-a932478bde794617,libfutures_io-b3563908762f27f5,libslab-0582d648e59ab406,libfutures_channel-e55265846f1ca713,libfutures_sink-690a515e9c61c93a,libfutures_task-06c0578367ad4cff,libfutures_core-97d9bb84a61d4536,libtower_service-3fb88d28c2218805,libpin_project_lite-0a15d51c77964692,libtower_layer-d908dd771b239ecd}.rlib" "<sysroot>/lib/rustlib/x86_64-unknown-linux-gnu/lib/{libstd-*,libpanic_unwind-*,libobject-*,libmemchr-*,libaddr2line-*,libgimli-*,libcfg_if-*,librustc_demangle-*,libstd_detect-*,libhashbrown-*,librustc_std_workspace_alloc-*,libminiz_oxide-*,libadler2-*,libunwind-*,liblibc-*,librustc_std_workspace_core-*,liballoc-*,libcore-*,libcompiler_builtins-*}.rlib" "-Wl,-Bdynamic" "-lgcc_s" "-lutil" "-lrt" "-lpthread" "-lm" "-ldl" "-lc" "-L" "/opt/rustwide/target/debug/deps/rustcYuKkrS/raw-dylibs" "-B<sysroot>/lib/rustlib/x86_64-unknown-linux-gnu/bin/gcc-ld" "-fuse-ld=lld" "-Wl,--eh-frame-hdr" "-Wl,-z,noexecstack" "-L" "/opt/rustwide/target/debug/build/alloca-03a8b51a8eeb8d0d/out" "-L" "/opt/rustwide/target/debug/build/ring-a8dd82731488ad8d/out" "-L" "<sysroot>/lib/rustlib/x86_64-unknown-linux-gnu/lib" "-o" "/opt/rustwide/target/debug/deps/tei-f2b434da62c1efcb" "-Wl,--gc-sections" "-pie" "-Wl,-z,relro,-z,now" "-nodefaultlibs"
[INFO] [stdout]   = note: some arguments are omitted. use `--verbose` to show all linker arguments
[INFO] [stdout]   = note: collect2: fatal error: ld terminated with signal 9 [Killed]
[INFO] [stdout]           compilation terminated.
[INFO] [stdout]           
[INFO] [stdout] 
[INFO] [stdout] 
[INFO] [stderr] error: could not compile `rolter-gateway` (test "ollama_cloud") due to 1 previous error
[INFO] [stderr] error: could not compile `rolter-gateway` (test "tei") due to 1 previous error
[ERROR] error running command: no output for 300 seconds
[INFO] running `Command { std: "docker" "inspect" "0b16731c3b7d1297b97cde1b6fe5bbb8807d7d5f53f6436708fb9d6690e5a5fe", kill_on_drop: false }`
[INFO] running `Command { std: "docker" "rm" "-f" "0b16731c3b7d1297b97cde1b6fe5bbb8807d7d5f53f6436708fb9d6690e5a5fe", kill_on_drop: false }`
[INFO] [stdout] 0b16731c3b7d1297b97cde1b6fe5bbb8807d7d5f53f6436708fb9d6690e5a5fe
