[INFO] fetching crate rolldown_plugin_replace 1.2.12...
[INFO] testing rolldown_plugin_replace-1.2.12 against 1.99.0-beta.8 for beta-1.100-2
[INFO] extracting crate rolldown_plugin_replace 1.2.12 into /workspace/builds/worker-6-tc1/source
[INFO] started tweaking crates.io crate rolldown_plugin_replace 1.2.12
[INFO] removed 0 missing tests
[INFO] finished tweaking crates.io crate rolldown_plugin_replace 1.2.12
[INFO] tweaked toml for crates.io crate rolldown_plugin_replace 1.2.12 written to /workspace/builds/worker-6-tc1/source/Cargo.toml
[INFO] validating manifest of crates.io crate rolldown_plugin_replace 1.2.12 on toolchain 1.99.0-beta.8
[INFO] running `Command { std: CARGO_HOME="/workspace/cargo-home" RUSTUP_HOME="/workspace/rustup-home" "/workspace/cargo-home/bin/cargo" "+1.99.0-beta.8" "metadata" "--manifest-path" "Cargo.toml" "--no-deps", kill_on_drop: false }`
[INFO] crate crates.io crate rolldown_plugin_replace 1.2.12 already has a lockfile, it will not be regenerated
[INFO] running `Command { std: CARGO_HOME="/workspace/cargo-home" RUSTUP_HOME="/workspace/rustup-home" "/workspace/cargo-home/bin/cargo" "+1.99.0-beta.8" "fetch" "--manifest-path" "Cargo.toml", kill_on_drop: false }`
[INFO] [stderr]     Updating crates.io index
[INFO] [stderr]  Downloading crates ...
[INFO] [stderr]   Downloaded oxc_index v5.0.0
[INFO] [stderr]   Downloaded escape-simd v0.1.0
[INFO] [stderr]   Downloaded oxc_sourcemap v9.0.0
[INFO] [stderr]   Downloaded json-escape-simd v3.1.2
[INFO] [stderr]   Downloaded rolldown_std_utils v1.2.12
[INFO] [stderr]   Downloaded string_wizard v1.2.12
[INFO] [stderr]   Downloaded rolldown-ariadne v0.6.0
[INFO] [stderr]   Downloaded sugar_path v3.0.0
[INFO] [stderr]   Downloaded nodejs-built-in-modules v1.0.0
[INFO] [stderr]   Downloaded fast-glob v1.1.2
[INFO] [stderr]   Downloaded rolldown_utils v1.2.12
[INFO] [stderr]   Downloaded concurrent_lru v0.2.0
[INFO] [stderr]   Downloaded json-strip-comments v3.1.2
[INFO] [stderr]   Downloaded value-trait v0.12.2
[INFO] [stderr]   Downloaded halfbrown v0.4.0
[INFO] [stderr]   Downloaded oxc_resolver v11.24.3
[INFO] [stderr]   Downloaded rolldown_error v1.2.12
[INFO] [stderr]   Downloaded oxc v0.152.0
[INFO] [stderr]   Downloaded oxc_estree v0.152.0
[INFO] [stderr]   Downloaded oxc_compat v0.152.0
[INFO] [stderr]   Downloaded hmac-sha1-compact v1.1.7
[INFO] [stderr]   Downloaded oxc_mangler v0.152.0
[INFO] [stderr]   Downloaded oxc_str v0.152.0
[INFO] [stderr]   Downloaded dragonbox_ecma v0.1.12
[INFO] [stderr]   Downloaded oxc_span v0.152.0
[INFO] [stderr]   Downloaded oxc_ast_macros v0.152.0
[INFO] [stderr]   Downloaded oxc_transformer_plugins v0.152.0
[INFO] [stderr]   Downloaded oxc_syntax v0.152.0
[INFO] [stderr]   Downloaded unicode-id-start v1.4.0
[INFO] [stderr]   Downloaded oxc_data_structures v0.152.0
[INFO] [stderr]   Downloaded oxc_diagnostics v0.152.0
[INFO] [stderr]   Downloaded smawk v0.3.3
[INFO] [stderr]   Downloaded oxc_isolated_declarations v0.152.0
[INFO] [stderr]   Downloaded arcstr v1.2.0
[INFO] [stderr]   Downloaded infer v0.22.0
[INFO] [stderr]   Downloaded rolldown_fs v1.2.12
[INFO] [stderr]   Downloaded oxc_traverse v0.152.0
[INFO] [stderr]   Downloaded oxc_ecmascript v0.152.0
[INFO] [stderr]   Downloaded oxc_regular_expression v0.152.0
[INFO] [stderr]   Downloaded oxc_ast_visit v0.152.0
[INFO] [stderr]   Downloaded base64 v0.23.0
[INFO] [stderr]   Downloaded oxc_codegen v0.152.0
[INFO] [stderr]   Downloaded rolldown_resolver v1.2.12
[INFO] [stderr]   Downloaded vfs v0.13.0
[INFO] [stderr]   Downloaded simd-json v0.18.1
[INFO] [stderr]   Downloaded compact_str v0.10.0
[INFO] [stderr]   Downloaded oxc_allocator v0.152.0
[INFO] [stderr]   Downloaded oxc_semantic v0.152.0
[INFO] [stderr]   Downloaded base-encode v0.3.1
[INFO] [stderr]   Downloaded async-scoped v0.9.0
[INFO] [stderr]   Downloaded typedmap v0.6.0
[INFO] [stderr]   Downloaded rolldown_sourcemap v1.2.12
[INFO] [stderr]   Downloaded rolldown_devtools v1.2.12
[INFO] [stderr]   Downloaded ts-rs v12.0.1
[INFO] [stderr]   Downloaded zlib-rs v0.6.6
[INFO] [stderr]   Downloaded oxc-browserslist v5.0.1
[INFO] [stderr]   Downloaded oxc_parser v0.152.0
[INFO] [stderr]   Downloaded rolldown_plugin v1.2.12
[INFO] [stderr]   Downloaded rolldown_common v1.2.12
[INFO] [stderr]   Downloaded rolldown_devtools_action v1.2.12
[INFO] [stderr]   Downloaded idna_adapter v1.0.0
[INFO] [stderr]   Downloaded rolldown_plugin_asset_module v1.2.12
[INFO] [stderr]   Downloaded append-only-vec v0.1.8
[INFO] [stderr]   Downloaded rolldown_ecmascript v1.2.12
[INFO] [stderr]   Downloaded ts-rs-macros v12.0.1
[INFO] [stderr]   Downloaded rolldown_plugin_lazy_compilation v1.2.12
[INFO] [stderr]   Downloaded rolldown_plugin_hmr v1.2.12
[INFO] [stderr]   Downloaded rolldown_plugin_data_url v1.2.12
[INFO] [stderr]   Downloaded rolldown_plugin_copy_module v1.2.12
[INFO] [stderr]   Downloaded oxc_ast v0.152.0
[INFO] [stderr]   Downloaded oxc_transformer v0.152.0
[INFO] [stderr]   Downloaded oxc_minifier v0.152.0
[INFO] [stderr]   Downloaded rolldown_plugin_chunk_import_map v1.2.12
[INFO] [stderr]   Downloaded pnp v0.12.12
[INFO] [stderr]   Downloaded regress v0.12.0
[INFO] [stderr]   Downloaded rolldown_tracing v1.2.12
[INFO] [stderr]   Downloaded rolldown_ecmascript_utils v1.2.12
[INFO] [stderr]   Downloaded rolldown_dev_common v1.2.12
[INFO] [stderr]   Downloaded rolldown_plugin_oxc_runtime v1.2.12
[INFO] [stderr]   Downloaded rolldown_plugin_utils v1.2.12
[INFO] [stderr]   Downloaded rolldown v1.2.12
[INFO] running `Command { std: "docker" "create" "-v" "/var/lib/crater-agent-workspace/builds/worker-6-tc1/source:/opt/rustwide/workdir:ro,Z" "-v" "/var/lib/crater-agent-workspace/builds/worker-6-tc1/target:/opt/rustwide/target:rw,Z" "-v" "/var/lib/crater-agent-workspace/cargo-home:/opt/rustwide/cargo-home:ro,Z" "-v" "/var/lib/crater-agent-workspace/rustup-home:/opt/rustwide/rustup-home:ro,Z" "-m" "1610612736" "--network" "none" "ghcr.io/rust-lang/crates-build-env/linux@sha256:3111399a4047eeb3a02b7a90e478d715f38a8c6669b5c4b49d30a17385265909" "sleep" "infinity", kill_on_drop: false }`
[INFO] [stdout] c9abedd8ff20eb59918b4acc13f5e1957d19e2a75cef1e3949490e8a1e00431b
[INFO] running `Command { std: "docker" "start" "c9abedd8ff20eb59918b4acc13f5e1957d19e2a75cef1e3949490e8a1e00431b", kill_on_drop: false }`
[INFO] running `Command { std: "docker" "inspect" "c9abedd8ff20eb59918b4acc13f5e1957d19e2a75cef1e3949490e8a1e00431b", kill_on_drop: false }`
[INFO] running `Command { std: "docker" "exec" "-e" "SOURCE_DIR=/opt/rustwide/workdir" "-e" "CARGO_HOME=/opt/rustwide/cargo-home" "-e" "RUSTUP_HOME=/opt/rustwide/rustup-home" "-e" "CARGO_TARGET_DIR=/opt/rustwide/target" "-w" "/opt/rustwide/workdir" "--user" "0:0" "c9abedd8ff20eb59918b4acc13f5e1957d19e2a75cef1e3949490e8a1e00431b" "/opt/rustwide/cargo-home/bin/cargo" "+1.99.0-beta.8" "metadata" "--no-deps" "--format-version=1", kill_on_drop: false }`
[INFO] running `Command { std: "docker" "inspect" "c9abedd8ff20eb59918b4acc13f5e1957d19e2a75cef1e3949490e8a1e00431b", kill_on_drop: false }`
[INFO] running `Command { std: "docker" "exec" "-e" "SOURCE_DIR=/opt/rustwide/workdir" "-e" "CARGO_HOME=/opt/rustwide/cargo-home" "-e" "RUSTUP_HOME=/opt/rustwide/rustup-home" "-e" "CARGO_TARGET_DIR=/opt/rustwide/target" "-e" "CARGO_INCREMENTAL=0" "-e" "RUST_BACKTRACE=full" "-e" "RUSTFLAGS=--cap-lints=warn" "-e" "RUSTDOCFLAGS=--cap-lints=warn" "-w" "/opt/rustwide/workdir" "--user" "0:0" "c9abedd8ff20eb59918b4acc13f5e1957d19e2a75cef1e3949490e8a1e00431b" "/opt/rustwide/cargo-home/bin/cargo" "+1.99.0-beta.8" "build" "--frozen" "--message-format=json", kill_on_drop: false }`
[INFO] [stderr]    Compiling serde_core v1.0.229
[INFO] [stderr]    Compiling serde v1.0.229
[INFO] [stderr]    Compiling allocator-api2 v0.2.21
[INFO] [stderr]    Compiling str_indices v0.4.4
[INFO] [stderr]    Compiling phf_shared v0.14.0
[INFO] [stderr]    Compiling dragonbox_ecma v0.1.12
[INFO] [stderr]    Compiling syn v3.0.6
[INFO] [stderr]    Compiling syn v2.0.119
[INFO] [stderr]    Compiling castaway v0.2.4
[INFO] [stderr]    Compiling num-traits v0.2.19
[INFO] [stderr]    Compiling cow-utils v0.1.3
[INFO] [stderr]    Compiling nonmax v0.5.5
[INFO] [stderr]    Compiling unicode-id-start v1.4.0
[INFO] [stderr]    Compiling smawk v0.3.3
[INFO] [stderr]    Compiling unicode-linebreak v0.1.5
[INFO] [stderr]    Compiling rayon v1.12.0
[INFO] [stderr]    Compiling miniz_oxide v0.9.1
[INFO] [stderr]    Compiling serde_json v1.0.151
[INFO] [stderr]    Compiling self_cell v1.3.0
[INFO] [stderr]    Compiling itertools v0.15.0
[INFO] [stderr]    Compiling regex-automata v0.4.18
[INFO] [stderr]    Compiling textwrap v0.16.2
[INFO] [stderr]    Compiling tracing-core v0.1.36
[INFO] [stderr]    Compiling outref v0.5.2
[INFO] [stderr]    Compiling escape-simd v0.1.0
[INFO] [stderr]    Compiling oxc_sourcemap v9.0.0
[INFO] [stderr]    Compiling phf v0.14.0
[INFO] [stderr]    Compiling phf_generator v0.14.0
[INFO] [stderr]    Compiling vsimd v0.8.0
[INFO] [stderr]    Compiling hashbrown v0.17.1
[INFO] [stderr]    Compiling json-escape-simd v3.1.2
[INFO] [stderr]    Compiling hashbrown v0.16.1
[INFO] [stderr]    Compiling seq-macro v0.3.6
[INFO] [stderr]    Compiling ref-cast v1.0.26
[INFO] [stderr]    Compiling arrayvec v0.7.8
[INFO] [stderr]    Compiling num-integer v0.1.46
[INFO] [stderr]    Compiling base64-simd v0.8.0
[INFO] [stderr]    Compiling float-cmp v0.10.0
[INFO] [stderr]    Compiling hmac-sha1-compact v1.1.7
[INFO] [stderr]    Compiling base64 v0.23.0
[INFO] [stderr]    Compiling zlib-rs v0.6.6
[INFO] [stderr]    Compiling concurrent_lru v0.2.0
[INFO] [stderr]    Compiling regress v0.12.0
[INFO] [stderr]    Compiling futures-core v0.3.34
[INFO] [stderr]    Compiling num-bigint v0.5.1
[INFO] [stderr]    Compiling nodejs-built-in-modules v1.0.0
[INFO] [stderr]    Compiling simdutf8 v0.1.5
[INFO] [stderr]    Compiling hashbrown v0.14.5
[INFO] [stderr]    Compiling futures-channel v0.3.34
[INFO] [stderr]    Compiling fast-glob v1.1.2
[INFO] [stderr]    Compiling halfbrown v0.4.0
[INFO] [stderr]    Compiling json-strip-comments v3.1.2
[INFO] [stderr]    Compiling yansi v1.0.1
[INFO] [stderr]    Compiling heck v0.5.0
[INFO] [stderr]    Compiling arcstr v1.2.0
[INFO] [stderr]    Compiling cc v1.3.0
[INFO] [stderr]    Compiling value-trait v0.12.2
[INFO] [stderr]    Compiling getrandom v0.4.3
[INFO] [stderr]    Compiling vfs v0.13.0
[INFO] [stderr]    Compiling nom v8.0.0
[INFO] [stderr]    Compiling rolldown-ariadne v0.6.0
[INFO] [stderr]    Compiling uuid v1.26.1
[INFO] [stderr]    Compiling infer v0.22.0
[INFO] [stderr]    Compiling xxhash-rust v0.8.18
[INFO] [stderr]    Compiling base-encode v0.3.1
[INFO] [stderr]    Compiling thread_local v1.1.10
[INFO] [stderr]    Compiling constant_time_eq v0.4.2
[INFO] [stderr]    Compiling typedmap v0.6.0
[INFO] [stderr]    Compiling blake3 v1.8.7
[INFO] [stderr]    Compiling regex v1.13.1
[INFO] [stderr]    Compiling bitflags v2.13.2
[INFO] [stderr]    Compiling indexmap v2.14.2
[INFO] [stderr]    Compiling rustix v1.1.4
[INFO] [stderr]    Compiling serde_derive v1.0.229
[INFO] [stderr]    Compiling thiserror-impl v2.0.19
[INFO] [stderr]    Compiling oxc_ast_macros v0.152.0
[INFO] [stderr]    Compiling ref-cast-impl v1.0.26
[INFO] [stderr]    Compiling futures-macro v0.3.34
[INFO] [stderr]    Compiling simd-json v0.18.1
[INFO] [stderr]    Compiling futures-util v0.3.34
[INFO] [stderr]    Compiling thiserror v2.0.19
[INFO] [stderr]    Compiling cobs v0.3.0
[INFO] [stderr]    Compiling phf_macros v0.14.0
[INFO] [stderr]    Compiling lazy-regex-proc_macros v3.6.1
[INFO] [stderr]    Compiling tracing-attributes v0.1.31
[INFO] [stderr]    Compiling derive_more-impl v2.1.1
[INFO] [stderr]    Compiling pin-project-internal v1.1.13
[INFO] [stderr]    Compiling tokio-macros v2.7.1
[INFO] [stderr]    Compiling ts-rs-macros v12.0.1
[INFO] [stderr]    Compiling tokio v1.53.1
[INFO] [stderr]    Compiling lazy-regex v3.6.1
[INFO] [stderr]    Compiling pin-project v1.1.13
[INFO] [stderr]    Compiling tracing v0.1.44
[INFO] [stderr]    Compiling ts-rs v12.0.1
[INFO] [stderr]    Compiling derive_more v2.1.1
[INFO] [stderr]    Compiling flate2 v1.1.10
[INFO] [stderr]    Compiling smallvec v1.16.2
[INFO] [stderr]    Compiling compact_str v0.10.0
[INFO] [stderr]    Compiling oxc_index v5.0.0
[INFO] [stderr]    Compiling postcard v1.1.3
[INFO] [stderr]    Compiling tracing-serde v0.2.0
[INFO] [stderr]    Compiling rolldown_devtools_action v1.2.12
[INFO] [stderr]    Compiling tracing-subscriber v0.3.23
[INFO] [stderr]    Compiling ropey v1.6.1
[INFO] [stderr]    Compiling nibble_vec v0.1.0
[INFO] [stderr]    Compiling parking_lot_core v0.9.12
[INFO] [stderr]    Compiling sugar_path v3.0.0
[INFO] [stderr]    Compiling radix_trie v0.3.0
[INFO] [stderr]    Compiling rolldown_std_utils v1.2.12
[INFO] [stderr]    Compiling oxc-browserslist v5.0.1
[INFO] [stderr]    Compiling dashmap v6.2.1
[INFO] [stderr]    Compiling pnp v0.12.12
[INFO] [stderr]    Compiling oxc_data_structures v0.152.0
[INFO] [stderr]    Compiling oxc_estree v0.152.0
[INFO] [stderr]    Compiling oxc_allocator v0.152.0
[INFO] [stderr]    Compiling futures-executor v0.3.34
[INFO] [stderr]    Compiling string_wizard v1.2.12
[INFO] [stderr]    Compiling futures v0.3.34
[INFO] [stderr]    Compiling oxc_resolver v11.24.3
[INFO] [stderr]    Compiling async-scoped v0.9.0
[INFO] [stderr]    Compiling rolldown_devtools v1.2.12
[INFO] [stderr]    Compiling oxc_str v0.152.0
[INFO] [stderr]    Compiling oxc_span v0.152.0
[INFO] [stderr]    Compiling oxc_syntax v0.152.0
[INFO] [stderr]    Compiling oxc_diagnostics v0.152.0
[INFO] [stderr]    Compiling oxc_regular_expression v0.152.0
[INFO] [stderr]    Compiling oxc_compat v0.152.0
[INFO] [stderr]    Compiling rolldown_fs v1.2.12
[INFO] [stderr]    Compiling oxc_ast v0.152.0
[INFO] [stderr]    Compiling oxc_ecmascript v0.152.0
[INFO] [stderr]    Compiling oxc_ast_visit v0.152.0
[INFO] [stderr]    Compiling oxc_parser v0.152.0
[INFO] [stderr]    Compiling oxc_semantic v0.152.0
[INFO] [stderr]    Compiling oxc_isolated_declarations v0.152.0
[INFO] [stderr]    Compiling oxc_traverse v0.152.0
[INFO] [stderr]    Compiling oxc_mangler v0.152.0
[INFO] [stderr]    Compiling oxc_codegen v0.152.0
[INFO] [stderr]    Compiling oxc_transformer v0.152.0
[INFO] [stderr]    Compiling oxc_minifier v0.152.0
[INFO] [stderr]    Compiling oxc_transformer_plugins v0.152.0
[INFO] [stderr]    Compiling oxc v0.152.0
[INFO] [stderr]    Compiling rolldown_error v1.2.12
[INFO] [stderr]    Compiling rolldown_sourcemap v1.2.12
[INFO] [stderr]    Compiling rolldown_utils v1.2.12
[INFO] [stderr]    Compiling rolldown_ecmascript v1.2.12
[INFO] [stderr]    Compiling rolldown_common v1.2.12
[INFO] [stderr]    Compiling rolldown_resolver v1.2.12
[INFO] [stderr]    Compiling rolldown_plugin v1.2.12
[INFO] [stderr]    Compiling rolldown_plugin_replace v1.2.12 (/opt/rustwide/workdir)
[INFO] [stderr]     Finished `dev` profile [unoptimized + debuginfo] target(s) in 1m 32s
[INFO] running `Command { std: "docker" "inspect" "c9abedd8ff20eb59918b4acc13f5e1957d19e2a75cef1e3949490e8a1e00431b", kill_on_drop: false }`
[INFO] running `Command { std: "docker" "exec" "-e" "SOURCE_DIR=/opt/rustwide/workdir" "-e" "CARGO_HOME=/opt/rustwide/cargo-home" "-e" "RUSTUP_HOME=/opt/rustwide/rustup-home" "-e" "CARGO_TARGET_DIR=/opt/rustwide/target" "-e" "CARGO_INCREMENTAL=0" "-e" "RUST_BACKTRACE=full" "-e" "RUSTFLAGS=--cap-lints=warn" "-e" "RUSTDOCFLAGS=--cap-lints=warn" "-w" "/opt/rustwide/workdir" "--user" "0:0" "c9abedd8ff20eb59918b4acc13f5e1957d19e2a75cef1e3949490e8a1e00431b" "/opt/rustwide/cargo-home/bin/cargo" "+1.99.0-beta.8" "test" "--frozen" "--no-run" "--message-format=json", kill_on_drop: false }`
[INFO] [stderr]    Compiling smallvec v1.16.2
[INFO] [stderr]    Compiling tokio v1.53.1
[INFO] [stderr]    Compiling idna_adapter v1.0.0
[INFO] [stderr]    Compiling append-only-vec v0.1.8
[INFO] [stderr]    Compiling tracing-subscriber v0.3.23
[INFO] [stderr]    Compiling hashbrown v0.15.5
[INFO] [stderr]    Compiling ropey v1.6.1
[INFO] [stderr]    Compiling nibble_vec v0.1.0
[INFO] [stderr]    Compiling parking_lot_core v0.9.12
[INFO] [stderr]    Compiling sugar_path v3.0.0
[INFO] [stderr]    Compiling idna v1.1.0
[INFO] [stderr]    Compiling radix_trie v0.3.0
[INFO] [stderr]    Compiling dashmap v6.2.1
[INFO] [stderr]    Compiling rolldown_std_utils v1.2.12
[INFO] [stderr]    Compiling petgraph v0.8.3
[INFO] [stderr]    Compiling url v2.5.8
[INFO] [stderr]    Compiling oxc_data_structures v0.152.0
[INFO] [stderr]    Compiling oxc_estree v0.152.0
[INFO] [stderr]    Compiling pnp v0.12.12
[INFO] [stderr]    Compiling oxc_allocator v0.152.0
[INFO] [stderr]    Compiling oxc_resolver v11.24.3
[INFO] [stderr]    Compiling oxc_str v0.152.0
[INFO] [stderr]    Compiling oxc_span v0.152.0
[INFO] [stderr]    Compiling rolldown_devtools v1.2.12
[INFO] [stderr]    Compiling rolldown_tracing v1.2.12
[INFO] [stderr]    Compiling oxc_syntax v0.152.0
[INFO] [stderr]    Compiling oxc_diagnostics v0.152.0
[INFO] [stderr]    Compiling oxc_regular_expression v0.152.0
[INFO] [stderr]    Compiling rolldown_fs v1.2.12
[INFO] [stderr]    Compiling oxc_compat v0.152.0
[INFO] [stderr]    Compiling async-scoped v0.9.0
[INFO] [stderr]    Compiling oxc_ast v0.152.0
[INFO] [stderr]    Compiling oxc_ecmascript v0.152.0
[INFO] [stderr]    Compiling oxc_ast_visit v0.152.0
[INFO] [stderr]    Compiling oxc_parser v0.152.0
[INFO] [stderr]    Compiling oxc_semantic v0.152.0
[INFO] [stderr]    Compiling oxc_isolated_declarations v0.152.0
[INFO] [stderr]    Compiling oxc_traverse v0.152.0
[INFO] [stderr]    Compiling oxc_mangler v0.152.0
[INFO] [stderr]    Compiling oxc_codegen v0.152.0
[INFO] [stderr]    Compiling oxc_transformer v0.152.0
[INFO] [stderr]    Compiling oxc_minifier v0.152.0
[INFO] [stderr]    Compiling oxc_transformer_plugins v0.152.0
[INFO] [stderr]    Compiling oxc v0.152.0
[INFO] [stderr]    Compiling rolldown_error v1.2.12
[INFO] [stderr]    Compiling rolldown_sourcemap v1.2.12
[INFO] [stderr]    Compiling rolldown_ecmascript v1.2.12
[INFO] [stderr]    Compiling rolldown_utils v1.2.12
[INFO] [stderr]    Compiling rolldown_common v1.2.12
[INFO] [stderr]    Compiling rolldown_resolver v1.2.12
[INFO] [stderr]    Compiling rolldown_dev_common v1.2.12
[INFO] [stderr]    Compiling rolldown_ecmascript_utils v1.2.12
[INFO] [stderr]    Compiling rolldown_plugin v1.2.12
[INFO] [stderr]    Compiling rolldown_plugin_utils v1.2.12
[INFO] [stderr]    Compiling rolldown_plugin_hmr v1.2.12
[INFO] [stderr]    Compiling rolldown_plugin_oxc_runtime v1.2.12
[INFO] [stderr]    Compiling rolldown_plugin_data_url v1.2.12
[INFO] [stderr]    Compiling rolldown_plugin_lazy_compilation v1.2.12
[INFO] [stderr]    Compiling rolldown_plugin_chunk_import_map v1.2.12
[INFO] [stderr]    Compiling rolldown_plugin_replace v1.2.12 (/opt/rustwide/workdir)
[INFO] [stderr]    Compiling rolldown_plugin_copy_module v1.2.12
[INFO] [stderr]    Compiling rolldown_plugin_asset_module v1.2.12
[INFO] [stderr]    Compiling rolldown v1.2.12
[INFO] [stdout] error[E0433]: cannot find module or crate `rolldown_testing` in this scope
[INFO] [stdout]  --> tests/form/assignment/mod.rs:5:5
[INFO] [stdout]   |
[INFO] [stdout] 5 | use rolldown_testing::{manual_integration_test, test_config::TestMeta};
[INFO] [stdout]   |     ^^^^^^^^^^^^^^^^ use of unresolved module or unlinked crate `rolldown_testing`
[INFO] [stdout]   |
[INFO] [stdout] help: there is a crate or module with a similar name
[INFO] [stdout]   |
[INFO] [stdout] 5 - use rolldown_testing::{manual_integration_test, test_config::TestMeta};
[INFO] [stdout] 5 + use rolldown_plugin::{manual_integration_test, test_config::TestMeta};
[INFO] [stdout]   |
[INFO] [stdout] 
[INFO] [stdout] 
[INFO] [stdout] error[E0432]: unresolved import `rolldown_testing`
[INFO] [stdout]  --> tests/form/assignment/mod.rs:5:5
[INFO] [stdout]   |
[INFO] [stdout] 5 | use rolldown_testing::{manual_integration_test, test_config::TestMeta};
[INFO] [stdout]   |     ^^^^^^^^^^^^^^^^ use of unresolved module or unlinked crate `rolldown_testing`
[INFO] [stdout]   |
[INFO] [stdout] help: there is a crate or module with a similar name
[INFO] [stdout]   |
[INFO] [stdout] 5 - use rolldown_testing::{manual_integration_test, test_config::TestMeta};
[INFO] [stdout] 5 + use rolldown_plugin::{manual_integration_test, test_config::TestMeta};
[INFO] [stdout]   |
[INFO] [stdout] 
[INFO] [stdout] 
[INFO] [stdout] error[E0433]: cannot find module or crate `rolldown_testing` in this scope
[INFO] [stdout]  --> tests/form/delimiters/mod.rs:5:5
[INFO] [stdout]   |
[INFO] [stdout] 5 | use rolldown_testing::{manual_integration_test, test_config::TestMeta};
[INFO] [stdout]   |     ^^^^^^^^^^^^^^^^ use of unresolved module or unlinked crate `rolldown_testing`
[INFO] [stdout]   |
[INFO] [stdout] help: there is a crate or module with a similar name
[INFO] [stdout]   |
[INFO] [stdout] 5 - use rolldown_testing::{manual_integration_test, test_config::TestMeta};
[INFO] [stdout] 5 + use rolldown_plugin::{manual_integration_test, test_config::TestMeta};
[INFO] [stdout]   |
[INFO] [stdout] 
[INFO] [stdout] 
[INFO] [stdout] error[E0432]: unresolved import `rolldown_testing`
[INFO] [stdout]  --> tests/form/delimiters/mod.rs:5:5
[INFO] [stdout]   |
[INFO] [stdout] 5 | use rolldown_testing::{manual_integration_test, test_config::TestMeta};
[INFO] [stdout]   |     ^^^^^^^^^^^^^^^^ use of unresolved module or unlinked crate `rolldown_testing`
[INFO] [stdout]   |
[INFO] [stdout] help: there is a crate or module with a similar name
[INFO] [stdout]   |
[INFO] [stdout] 5 - use rolldown_testing::{manual_integration_test, test_config::TestMeta};
[INFO] [stdout] 5 + use rolldown_plugin::{manual_integration_test, test_config::TestMeta};
[INFO] [stdout]   |
[INFO] [stdout] 
[INFO] [stdout] 
[INFO] [stdout] error[E0433]: cannot find module or crate `rolldown_testing` in this scope
[INFO] [stdout]  --> tests/form/match_variables/mod.rs:5:5
[INFO] [stdout]   |
[INFO] [stdout] 5 | use rolldown_testing::{manual_integration_test, test_config::TestMeta};
[INFO] [stdout]   |     ^^^^^^^^^^^^^^^^ use of unresolved module or unlinked crate `rolldown_testing`
[INFO] [stdout]   |
[INFO] [stdout] help: there is a crate or module with a similar name
[INFO] [stdout]   |
[INFO] [stdout] 5 - use rolldown_testing::{manual_integration_test, test_config::TestMeta};
[INFO] [stdout] 5 + use rolldown_plugin::{manual_integration_test, test_config::TestMeta};
[INFO] [stdout]   |
[INFO] [stdout] 
[INFO] [stdout] 
[INFO] [stdout] error[E0432]: unresolved import `rolldown_testing`
[INFO] [stdout]  --> tests/form/match_variables/mod.rs:5:5
[INFO] [stdout]   |
[INFO] [stdout] 5 | use rolldown_testing::{manual_integration_test, test_config::TestMeta};
[INFO] [stdout]   |     ^^^^^^^^^^^^^^^^ use of unresolved module or unlinked crate `rolldown_testing`
[INFO] [stdout]   |
[INFO] [stdout] help: there is a crate or module with a similar name
[INFO] [stdout]   |
[INFO] [stdout] 5 - use rolldown_testing::{manual_integration_test, test_config::TestMeta};
[INFO] [stdout] 5 + use rolldown_plugin::{manual_integration_test, test_config::TestMeta};
[INFO] [stdout]   |
[INFO] [stdout] 
[INFO] [stdout] 
[INFO] [stdout] error[E0433]: cannot find module or crate `rolldown_testing` in this scope
[INFO] [stdout]  --> tests/form/process_check/mod.rs:5:5
[INFO] [stdout]   |
[INFO] [stdout] 5 | use rolldown_testing::{manual_integration_test, test_config::TestMeta};
[INFO] [stdout]   |     ^^^^^^^^^^^^^^^^ use of unresolved module or unlinked crate `rolldown_testing`
[INFO] [stdout]   |
[INFO] [stdout] help: there is a crate or module with a similar name
[INFO] [stdout]   |
[INFO] [stdout] 5 - use rolldown_testing::{manual_integration_test, test_config::TestMeta};
[INFO] [stdout] 5 + use rolldown_plugin::{manual_integration_test, test_config::TestMeta};
[INFO] [stdout]   |
[INFO] [stdout] 
[INFO] [stdout] 
[INFO] [stdout] error[E0432]: unresolved import `rolldown_testing`
[INFO] [stdout]  --> tests/form/process_check/mod.rs:5:5
[INFO] [stdout]   |
[INFO] [stdout] 5 | use rolldown_testing::{manual_integration_test, test_config::TestMeta};
[INFO] [stdout]   |     ^^^^^^^^^^^^^^^^ use of unresolved module or unlinked crate `rolldown_testing`
[INFO] [stdout]   |
[INFO] [stdout] help: there is a crate or module with a similar name
[INFO] [stdout]   |
[INFO] [stdout] 5 - use rolldown_testing::{manual_integration_test, test_config::TestMeta};
[INFO] [stdout] 5 + use rolldown_plugin::{manual_integration_test, test_config::TestMeta};
[INFO] [stdout]   |
[INFO] [stdout] 
[INFO] [stdout] 
[INFO] [stdout] error[E0433]: cannot find module or crate `rolldown_testing` in this scope
[INFO] [stdout]  --> tests/form/replace_nothing/mod.rs:5:5
[INFO] [stdout]   |
[INFO] [stdout] 5 | use rolldown_testing::{manual_integration_test, test_config::TestMeta};
[INFO] [stdout]   |     ^^^^^^^^^^^^^^^^ use of unresolved module or unlinked crate `rolldown_testing`
[INFO] [stdout]   |
[INFO] [stdout] help: there is a crate or module with a similar name
[INFO] [stdout]   |
[INFO] [stdout] 5 - use rolldown_testing::{manual_integration_test, test_config::TestMeta};
[INFO] [stdout] 5 + use rolldown_plugin::{manual_integration_test, test_config::TestMeta};
[INFO] [stdout]   |
[INFO] [stdout] 
[INFO] [stdout] 
[INFO] [stdout] error[E0432]: unresolved import `rolldown_testing`
[INFO] [stdout]  --> tests/form/replace_nothing/mod.rs:5:5
[INFO] [stdout]   |
[INFO] [stdout] 5 | use rolldown_testing::{manual_integration_test, test_config::TestMeta};
[INFO] [stdout]   |     ^^^^^^^^^^^^^^^^ use of unresolved module or unlinked crate `rolldown_testing`
[INFO] [stdout]   |
[INFO] [stdout] help: there is a crate or module with a similar name
[INFO] [stdout]   |
[INFO] [stdout] 5 - use rolldown_testing::{manual_integration_test, test_config::TestMeta};
[INFO] [stdout] 5 + use rolldown_plugin::{manual_integration_test, test_config::TestMeta};
[INFO] [stdout]   |
[INFO] [stdout] 
[INFO] [stdout] 
[INFO] [stdout] error[E0433]: cannot find module or crate `rolldown_testing` in this scope
[INFO] [stdout]  --> tests/form/replace_strings/mod.rs:5:5
[INFO] [stdout]   |
[INFO] [stdout] 5 | use rolldown_testing::{manual_integration_test, test_config::TestMeta};
[INFO] [stdout]   |     ^^^^^^^^^^^^^^^^ use of unresolved module or unlinked crate `rolldown_testing`
[INFO] [stdout]   |
[INFO] [stdout] help: there is a crate or module with a similar name
[INFO] [stdout]   |
[INFO] [stdout] 5 - use rolldown_testing::{manual_integration_test, test_config::TestMeta};
[INFO] [stdout] 5 + use rolldown_plugin::{manual_integration_test, test_config::TestMeta};
[INFO] [stdout]   |
[INFO] [stdout] 
[INFO] [stdout] 
[INFO] [stdout] error[E0432]: unresolved import `rolldown_testing`
[INFO] [stdout]  --> tests/form/replace_strings/mod.rs:5:5
[INFO] [stdout]   |
[INFO] [stdout] 5 | use rolldown_testing::{manual_integration_test, test_config::TestMeta};
[INFO] [stdout]   |     ^^^^^^^^^^^^^^^^ use of unresolved module or unlinked crate `rolldown_testing`
[INFO] [stdout]   |
[INFO] [stdout] help: there is a crate or module with a similar name
[INFO] [stdout]   |
[INFO] [stdout] 5 - use rolldown_testing::{manual_integration_test, test_config::TestMeta};
[INFO] [stdout] 5 + use rolldown_plugin::{manual_integration_test, test_config::TestMeta};
[INFO] [stdout]   |
[INFO] [stdout] 
[INFO] [stdout] 
[INFO] [stdout] error[E0433]: cannot find module or crate `rolldown_testing` in this scope
[INFO] [stdout]  --> tests/form/simple_object_guards/mod.rs:5:5
[INFO] [stdout]   |
[INFO] [stdout] 5 | use rolldown_testing::{manual_integration_test, test_config::TestMeta};
[INFO] [stdout]   |     ^^^^^^^^^^^^^^^^ use of unresolved module or unlinked crate `rolldown_testing`
[INFO] [stdout]   |
[INFO] [stdout] help: there is a crate or module with a similar name
[INFO] [stdout]   |
[INFO] [stdout] 5 - use rolldown_testing::{manual_integration_test, test_config::TestMeta};
[INFO] [stdout] 5 + use rolldown_plugin::{manual_integration_test, test_config::TestMeta};
[INFO] [stdout]   |
[INFO] [stdout] 
[INFO] [stdout] 
[INFO] [stdout] error[E0432]: unresolved import `rolldown_testing`
[INFO] [stdout]  --> tests/form/simple_object_guards/mod.rs:5:5
[INFO] [stdout]   |
[INFO] [stdout] 5 | use rolldown_testing::{manual_integration_test, test_config::TestMeta};
[INFO] [stdout]   |     ^^^^^^^^^^^^^^^^ use of unresolved module or unlinked crate `rolldown_testing`
[INFO] [stdout]   |
[INFO] [stdout] help: there is a crate or module with a similar name
[INFO] [stdout]   |
[INFO] [stdout] 5 - use rolldown_testing::{manual_integration_test, test_config::TestMeta};
[INFO] [stdout] 5 + use rolldown_plugin::{manual_integration_test, test_config::TestMeta};
[INFO] [stdout]   |
[INFO] [stdout] 
[INFO] [stdout] 
[INFO] [stdout] error[E0433]: cannot find module or crate `rolldown_testing` in this scope
[INFO] [stdout]  --> tests/form/special_characters/mod.rs:5:5
[INFO] [stdout]   |
[INFO] [stdout] 5 | use rolldown_testing::{manual_integration_test, test_config::TestMeta};
[INFO] [stdout]   |     ^^^^^^^^^^^^^^^^ use of unresolved module or unlinked crate `rolldown_testing`
[INFO] [stdout]   |
[INFO] [stdout] help: there is a crate or module with a similar name
[INFO] [stdout]   |
[INFO] [stdout] 5 - use rolldown_testing::{manual_integration_test, test_config::TestMeta};
[INFO] [stdout] 5 + use rolldown_plugin::{manual_integration_test, test_config::TestMeta};
[INFO] [stdout]   |
[INFO] [stdout] 
[INFO] [stdout] 
[INFO] [stdout] error[E0432]: unresolved import `rolldown_testing`
[INFO] [stdout]  --> tests/form/special_characters/mod.rs:5:5
[INFO] [stdout]   |
[INFO] [stdout] 5 | use rolldown_testing::{manual_integration_test, test_config::TestMeta};
[INFO] [stdout]   |     ^^^^^^^^^^^^^^^^ use of unresolved module or unlinked crate `rolldown_testing`
[INFO] [stdout]   |
[INFO] [stdout] help: there is a crate or module with a similar name
[INFO] [stdout]   |
[INFO] [stdout] 5 - use rolldown_testing::{manual_integration_test, test_config::TestMeta};
[INFO] [stdout] 5 + use rolldown_plugin::{manual_integration_test, test_config::TestMeta};
[INFO] [stdout]   |
[INFO] [stdout] 
[INFO] [stdout] 
[INFO] [stdout] error[E0433]: cannot find module or crate `rolldown_testing` in this scope
[INFO] [stdout]  --> tests/form/special_delimiters/mod.rs:5:5
[INFO] [stdout]   |
[INFO] [stdout] 5 | use rolldown_testing::{manual_integration_test, test_config::TestMeta};
[INFO] [stdout]   |     ^^^^^^^^^^^^^^^^ use of unresolved module or unlinked crate `rolldown_testing`
[INFO] [stdout]   |
[INFO] [stdout] help: there is a crate or module with a similar name
[INFO] [stdout]   |
[INFO] [stdout] 5 - use rolldown_testing::{manual_integration_test, test_config::TestMeta};
[INFO] [stdout] 5 + use rolldown_plugin::{manual_integration_test, test_config::TestMeta};
[INFO] [stdout]   |
[INFO] [stdout] 
[INFO] [stdout] 
[INFO] [stdout] error[E0432]: unresolved import `rolldown_testing`
[INFO] [stdout]  --> tests/form/special_delimiters/mod.rs:5:5
[INFO] [stdout]   |
[INFO] [stdout] 5 | use rolldown_testing::{manual_integration_test, test_config::TestMeta};
[INFO] [stdout]   |     ^^^^^^^^^^^^^^^^ use of unresolved module or unlinked crate `rolldown_testing`
[INFO] [stdout]   |
[INFO] [stdout] help: there is a crate or module with a similar name
[INFO] [stdout]   |
[INFO] [stdout] 5 - use rolldown_testing::{manual_integration_test, test_config::TestMeta};
[INFO] [stdout] 5 + use rolldown_plugin::{manual_integration_test, test_config::TestMeta};
[INFO] [stdout]   |
[INFO] [stdout] 
[INFO] [stdout] 
[INFO] [stdout] error[E0433]: cannot find module or crate `rolldown_testing` in this scope
[INFO] [stdout]  --> tests/form/ternary_operator/mod.rs:5:5
[INFO] [stdout]   |
[INFO] [stdout] 5 | use rolldown_testing::{manual_integration_test, test_config::TestMeta};
[INFO] [stdout]   |     ^^^^^^^^^^^^^^^^ use of unresolved module or unlinked crate `rolldown_testing`
[INFO] [stdout]   |
[INFO] [stdout] help: there is a crate or module with a similar name
[INFO] [stdout]   |
[INFO] [stdout] 5 - use rolldown_testing::{manual_integration_test, test_config::TestMeta};
[INFO] [stdout] 5 + use rolldown_plugin::{manual_integration_test, test_config::TestMeta};
[INFO] [stdout]   |
[INFO] [stdout] 
[INFO] [stdout] 
[INFO] [stdout] error[E0432]: unresolved import `rolldown_testing`
[INFO] [stdout]  --> tests/form/ternary_operator/mod.rs:5:5
[INFO] [stdout]   |
[INFO] [stdout] 5 | use rolldown_testing::{manual_integration_test, test_config::TestMeta};
[INFO] [stdout]   |     ^^^^^^^^^^^^^^^^ use of unresolved module or unlinked crate `rolldown_testing`
[INFO] [stdout]   |
[INFO] [stdout] help: there is a crate or module with a similar name
[INFO] [stdout]   |
[INFO] [stdout] 5 - use rolldown_testing::{manual_integration_test, test_config::TestMeta};
[INFO] [stdout] 5 + use rolldown_plugin::{manual_integration_test, test_config::TestMeta};
[INFO] [stdout]   |
[INFO] [stdout] 
[INFO] [stdout] 
[INFO] [stdout] error[E0433]: cannot find module or crate `rolldown_testing` in this scope
[INFO] [stdout]  --> tests/form/typescript_declare/mod.rs:8:5
[INFO] [stdout]   |
[INFO] [stdout] 8 | use rolldown_testing::{manual_integration_test, test_config::TestMeta};
[INFO] [stdout]   |     ^^^^^^^^^^^^^^^^ use of unresolved module or unlinked crate `rolldown_testing`
[INFO] [stdout]   |
[INFO] [stdout] help: there is a crate or module with a similar name
[INFO] [stdout]   |
[INFO] [stdout] 8 - use rolldown_testing::{manual_integration_test, test_config::TestMeta};
[INFO] [stdout] 8 + use rolldown_plugin::{manual_integration_test, test_config::TestMeta};
[INFO] [stdout]   |
[INFO] [stdout] 
[INFO] [stdout] 
[INFO] [stdout] error[E0432]: unresolved import `rolldown_testing`
[INFO] [stdout]  --> tests/form/typescript_declare/mod.rs:8:5
[INFO] [stdout]   |
[INFO] [stdout] 8 | use rolldown_testing::{manual_integration_test, test_config::TestMeta};
[INFO] [stdout]   |     ^^^^^^^^^^^^^^^^ use of unresolved module or unlinked crate `rolldown_testing`
[INFO] [stdout]   |
[INFO] [stdout] help: there is a crate or module with a similar name
[INFO] [stdout]   |
[INFO] [stdout] 8 - use rolldown_testing::{manual_integration_test, test_config::TestMeta};
[INFO] [stdout] 8 + use rolldown_plugin::{manual_integration_test, test_config::TestMeta};
[INFO] [stdout]   |
[INFO] [stdout] 
[INFO] [stdout] 
[INFO] [stdout] Some errors have detailed explanations: E0432, E0433.
[INFO] [stdout] 
[INFO] [stdout] For more information about an error, try `rustc --explain E0432`.
[INFO] [stdout] 
[INFO] [stderr] error: could not compile `rolldown_plugin_replace` (test "fixtures") due to 22 previous errors
[INFO] [stderr] warning: build failed, waiting for other jobs to finish...
[INFO] running `Command { std: "docker" "inspect" "c9abedd8ff20eb59918b4acc13f5e1957d19e2a75cef1e3949490e8a1e00431b", kill_on_drop: false }`
[INFO] running `Command { std: "docker" "rm" "-f" "c9abedd8ff20eb59918b4acc13f5e1957d19e2a75cef1e3949490e8a1e00431b", kill_on_drop: false }`
[INFO] [stdout] c9abedd8ff20eb59918b4acc13f5e1957d19e2a75cef1e3949490e8a1e00431b
