[INFO] fetching crate rofisys 0.5.0...
[INFO] testing rofisys-0.5.0 against 1.99.0-beta.8 for beta-1.100-2
[INFO] extracting crate rofisys 0.5.0 into /workspace/builds/worker-6-tc1/source
[INFO] started tweaking crates.io crate rofisys 0.5.0
[INFO] removed 0 missing examples
[INFO] finished tweaking crates.io crate rofisys 0.5.0
[INFO] tweaked toml for crates.io crate rofisys 0.5.0 written to /workspace/builds/worker-6-tc1/source/Cargo.toml
[INFO] validating manifest of crates.io crate rofisys 0.5.0 on toolchain 1.99.0-beta.8
[INFO] running `Command { std: CARGO_HOME="/workspace/cargo-home" RUSTUP_HOME="/workspace/rustup-home" "/workspace/cargo-home/bin/cargo" "+1.99.0-beta.8" "metadata" "--manifest-path" "Cargo.toml" "--no-deps", kill_on_drop: false }`
[INFO] crate crates.io crate rofisys 0.5.0 already has a lockfile, it will not be regenerated
[INFO] running `Command { std: CARGO_HOME="/workspace/cargo-home" RUSTUP_HOME="/workspace/rustup-home" "/workspace/cargo-home/bin/cargo" "+1.99.0-beta.8" "fetch" "--manifest-path" "Cargo.toml", kill_on_drop: false }`
[INFO] [stderr]     Updating crates.io index
[INFO] [stderr]  Downloading crates ...
[INFO] [stderr]   Downloaded subprocess v1.2.0
[INFO] [stderr]   Downloaded pmix-sys v0.1.0
[INFO] [stderr]   Downloaded autotools v0.2.7
[INFO] [stderr]   Downloaded keccak v0.2.0
[INFO] [stderr]   Downloaded lamellar-libfabric-sys v0.1.0
[INFO] [stderr]   Downloaded hwlocality-sys v0.7.1
[INFO] [stderr]   Downloaded libevent-sys v0.4.0
[INFO] [stderr]   Downloaded openpmix-src v0.1.0
[INFO] [stderr]   Downloaded lamellar-libfabric-src v0.1.0
[INFO] [stderr]   Downloaded openssl-src v300.6.1+3.6.3
[INFO] running `Command { std: "docker" "create" "-v" "/var/lib/crater-agent-workspace/builds/worker-6-tc1/source:/opt/rustwide/workdir:ro,Z" "-v" "/var/lib/crater-agent-workspace/builds/worker-6-tc1/target:/opt/rustwide/target:rw,Z" "-v" "/var/lib/crater-agent-workspace/cargo-home:/opt/rustwide/cargo-home:ro,Z" "-v" "/var/lib/crater-agent-workspace/rustup-home:/opt/rustwide/rustup-home:ro,Z" "-m" "1610612736" "--network" "none" "ghcr.io/rust-lang/crates-build-env/linux@sha256:3111399a4047eeb3a02b7a90e478d715f38a8c6669b5c4b49d30a17385265909" "sleep" "infinity", kill_on_drop: false }`
[INFO] [stdout] 603916a01fa22857bb51423a6d5f2ed9b930d39fb16268454849ddbba26d3b05
[INFO] running `Command { std: "docker" "start" "603916a01fa22857bb51423a6d5f2ed9b930d39fb16268454849ddbba26d3b05", kill_on_drop: false }`
[INFO] running `Command { std: "docker" "inspect" "603916a01fa22857bb51423a6d5f2ed9b930d39fb16268454849ddbba26d3b05", kill_on_drop: false }`
[INFO] running `Command { std: "docker" "exec" "-e" "SOURCE_DIR=/opt/rustwide/workdir" "-e" "CARGO_HOME=/opt/rustwide/cargo-home" "-e" "RUSTUP_HOME=/opt/rustwide/rustup-home" "-e" "CARGO_TARGET_DIR=/opt/rustwide/target" "-w" "/opt/rustwide/workdir" "--user" "0:0" "603916a01fa22857bb51423a6d5f2ed9b930d39fb16268454849ddbba26d3b05" "/opt/rustwide/cargo-home/bin/cargo" "+1.99.0-beta.8" "metadata" "--no-deps" "--format-version=1", kill_on_drop: false }`
[INFO] running `Command { std: "docker" "inspect" "603916a01fa22857bb51423a6d5f2ed9b930d39fb16268454849ddbba26d3b05", kill_on_drop: false }`
[INFO] running `Command { std: "docker" "exec" "-e" "SOURCE_DIR=/opt/rustwide/workdir" "-e" "CARGO_HOME=/opt/rustwide/cargo-home" "-e" "RUSTUP_HOME=/opt/rustwide/rustup-home" "-e" "CARGO_TARGET_DIR=/opt/rustwide/target" "-e" "CARGO_INCREMENTAL=0" "-e" "RUST_BACKTRACE=full" "-e" "RUSTFLAGS=--cap-lints=warn" "-e" "RUSTDOCFLAGS=--cap-lints=warn" "-w" "/opt/rustwide/workdir" "--user" "0:0" "603916a01fa22857bb51423a6d5f2ed9b930d39fb16268454849ddbba26d3b05" "/opt/rustwide/cargo-home/bin/cargo" "+1.99.0-beta.8" "build" "--frozen" "--message-format=json", kill_on_drop: false }`
[INFO] [stderr]    Compiling cc v1.2.67
[INFO] [stderr]    Compiling cfg-if v1.0.4
[INFO] [stderr]    Compiling bitflags v2.13.1
[INFO] [stderr]    Compiling log v0.4.33
[INFO] [stderr]    Compiling quote v1.0.46
[INFO] [stderr]    Compiling regex-syntax v0.8.11
[INFO] [stderr]    Compiling prettyplease v0.2.37
[INFO] [stderr]    Compiling bindgen v0.72.1
[INFO] [stderr]    Compiling either v1.16.0
[INFO] [stderr]    Compiling clang-sys v1.8.1
[INFO] [stderr]    Compiling aho-corasick v1.1.4
[INFO] [stderr]    Compiling nom v7.1.3
[INFO] [stderr]    Compiling rustc-hash v2.1.3
[INFO] [stderr]    Compiling zeroize v1.9.0
[INFO] [stderr]    Compiling untrusted v0.9.0
[INFO] [stderr]    Compiling typenum v1.20.1
[INFO] [stderr]    Compiling libloading v0.8.9
[INFO] [stderr]    Compiling getrandom v0.2.17
[INFO] [stderr]    Compiling rustix v1.1.4
[INFO] [stderr]    Compiling crc32fast v1.5.0
[INFO] [stderr]    Compiling httparse v1.10.1
[INFO] [stderr]    Compiling adler2 v2.0.1
[INFO] [stderr]    Compiling rustls-pki-types v1.15.0
[INFO] [stderr]    Compiling itoa v1.0.18
[INFO] [stderr]    Compiling rustls v0.23.42
[INFO] [stderr]    Compiling simd-adler32 v0.3.10
[INFO] [stderr]    Compiling linux-raw-sys v0.12.1
[INFO] [stderr]    Compiling bytes v1.12.1
[INFO] [stderr]    Compiling itertools v0.13.0
[INFO] [stderr]    Compiling base64 v0.22.1
[INFO] [stderr]    Compiling syn v2.0.119
[INFO] [stderr]    Compiling subtle v2.6.1
[INFO] [stderr]    Compiling miniz_oxide v0.8.9
[INFO] [stderr]    Compiling const-oid v0.10.2
[INFO] [stderr]    Compiling once_cell v1.21.4
[INFO] [stderr]    Compiling webpki-roots v1.0.8
[INFO] [stderr]    Compiling filetime v0.2.29
[INFO] [stderr]    Compiling keccak v0.2.0
[INFO] [stderr]    Compiling sponge-cursor v0.1.0
[INFO] [stderr]    Compiling utf8-zero v0.8.1
[INFO] [stderr]    Compiling percent-encoding v2.3.2
[INFO] [stderr]    Compiling subprocess v1.2.0
[INFO] [stderr]    Compiling flate2 v1.1.9
[INFO] [stderr]    Compiling http v1.4.2
[INFO] [stderr]    Compiling autotools v0.2.7
[INFO] [stderr]    Compiling cmake v0.1.58
[INFO] [stderr]    Compiling openssl-src v300.6.1+3.6.3
[INFO] [stderr]    Compiling hybrid-array v0.4.13
[INFO] [stderr]    Compiling ring v0.17.14
[INFO] [stderr]    Compiling openssl-sys v0.9.117
[INFO] [stderr]    Compiling ureq-proto v0.6.0
[INFO] [stderr]    Compiling crypto-common v0.2.2
[INFO] [stderr]    Compiling regex-automata v0.4.16
[INFO] [stderr]    Compiling digest v0.11.3
[INFO] [stderr]    Compiling cexpr v0.6.0
[INFO] [stderr]    Compiling sha3 v0.12.0
[INFO] [stderr]    Compiling xattr v1.6.1
[INFO] [stderr]    Compiling tar v0.4.46
[INFO] [stderr]    Compiling regex v1.13.1
[INFO] [stderr]    Compiling lamellar-libfabric-src v0.1.0
[INFO] [stderr]    Compiling rustls-webpki v0.103.13
[INFO] [stderr]    Compiling ureq v3.3.0
[INFO] [stderr]    Compiling libevent-sys v0.4.0
[INFO] [stderr]    Compiling lamellar-libfabric-sys v0.1.0
[INFO] [stderr]    Compiling rofisys v0.5.0 (/opt/rustwide/workdir)
[INFO] [stderr]    Compiling hwlocality-sys v0.7.1
[INFO] [stderr] error: failed to run custom build command for `hwlocality-sys v0.7.1`
[INFO] [stderr] note: To improve backtraces for build dependencies, set the CARGO_PROFILE_DEV_BUILD_OVERRIDE_DEBUG=true environment variable to enable debug information generation.
[INFO] [stderr] 
[INFO] [stderr] Caused by:
[INFO] [stderr]   process didn't exit successfully: `/opt/rustwide/target/debug/build/hwlocality-sys-289f44d6605d2588/build-script-build` (exit status: 101)
[INFO] [stderr]   --- stderr
[INFO] [stderr]   Downloading hwloc v2.14.0 from URL https://download.open-mpi.org/release/hwloc/v2.14/hwloc-2.14.0.tar.gz...
[INFO] [stderr] 
[INFO] [stderr]   thread 'main' (1133) panicked at /opt/rustwide/cargo-home/registry/src/index.crates.io-1949cf8c6b5b557f/hwlocality-sys-0.7.1/build.rs:185:10:
[INFO] [stderr]   failed to GET hwloc source: Io(Custom { kind: Uncategorized, error: "failed to lookup address information: Temporary failure in name resolution" })
[INFO] [stderr]   stack backtrace:
[INFO] [stderr]      0:     0x6493ed154c91 - std[70759c8f55707aa4]::backtrace_rs::backtrace::libunwind::trace
[INFO] [stderr]                                  at /rustc/dfb0accb7f508ae8be965d8629557221c889dd98/library/std/src/../../backtrace/src/backtrace/libunwind.rs:117:9
[INFO] [stderr]      1:     0x6493ed154c91 - std[70759c8f55707aa4]::backtrace_rs::backtrace::trace_unsynchronized::<std[70759c8f55707aa4]::sys::backtrace::_print_fmt::{closure#1}>
[INFO] [stderr]                                  at /rustc/dfb0accb7f508ae8be965d8629557221c889dd98/library/std/src/../../backtrace/src/backtrace/mod.rs:66:14
[INFO] [stderr]      2:     0x6493ed154c91 - std[70759c8f55707aa4]::sys::backtrace::_print_fmt
[INFO] [stderr]                                  at /rustc/dfb0accb7f508ae8be965d8629557221c889dd98/library/std/src/sys/backtrace.rs:74:9
[INFO] [stderr]      3:     0x6493ed154c91 - <<std[70759c8f55707aa4]::sys::backtrace::BacktraceLock>::print::DisplayBacktrace as core[df12db4294e9bfd3]::fmt::Display>::fmt
[INFO] [stderr]                                  at /rustc/dfb0accb7f508ae8be965d8629557221c889dd98/library/std/src/sys/backtrace.rs:44:26
[INFO] [stderr]      4:     0x6493ed16b85a - <core[df12db4294e9bfd3]::fmt::rt::Argument>::fmt
[INFO] [stderr]                                  at /rustc/dfb0accb7f508ae8be965d8629557221c889dd98/library/core/src/fmt/rt.rs:152:76
[INFO] [stderr]      5:     0x6493ed16b85a - core[df12db4294e9bfd3]::fmt::write
[INFO] [stderr]      6:     0x6493ed15b49c - core[df12db4294e9bfd3]::io::write::default_write_fmt::<std[70759c8f55707aa4]::sys::stdio::unix::Stderr>
[INFO] [stderr]                                  at /rustc/dfb0accb7f508ae8be965d8629557221c889dd98/library/core/src/io/write.rs:402:11
[INFO] [stderr]      7:     0x6493ed15b49c - <std[70759c8f55707aa4]::sys::stdio::unix::Stderr as core[df12db4294e9bfd3]::io::write::Write>::write_fmt
[INFO] [stderr]                                  at /rustc/dfb0accb7f508ae8be965d8629557221c889dd98/library/core/src/io/write.rs:335:13
[INFO] [stderr]      8:     0x6493ed130416 - <std[70759c8f55707aa4]::sys::backtrace::BacktraceLock>::print
[INFO] [stderr]                                  at /rustc/dfb0accb7f508ae8be965d8629557221c889dd98/library/std/src/sys/backtrace.rs:47:9
[INFO] [stderr]      9:     0x6493ed130416 - std[70759c8f55707aa4]::panicking::default_hook::{closure#0}
[INFO] [stderr]                                  at /rustc/dfb0accb7f508ae8be965d8629557221c889dd98/library/std/src/panicking.rs:292:27
[INFO] [stderr]     10:     0x6493ed14e5a1 - std[70759c8f55707aa4]::panicking::default_hook
[INFO] [stderr]                                  at /rustc/dfb0accb7f508ae8be965d8629557221c889dd98/library/std/src/panicking.rs:319:9
[INFO] [stderr]     11:     0x6493ed14e75b - std[70759c8f55707aa4]::panicking::panic_with_hook
[INFO] [stderr]                                  at /rustc/dfb0accb7f508ae8be965d8629557221c889dd98/library/std/src/panicking.rs:815:13
[INFO] [stderr]     12:     0x6493ed1304c2 - std[70759c8f55707aa4]::panicking::panic_handler::{closure#0}
[INFO] [stderr]                                  at /rustc/dfb0accb7f508ae8be965d8629557221c889dd98/library/std/src/panicking.rs:688:13
[INFO] [stderr]     13:     0x6493ed128de9 - std[70759c8f55707aa4]::sys::backtrace::__rust_end_short_backtrace::<std[70759c8f55707aa4]::panicking::panic_handler::{closure#0}, !>
[INFO] [stderr]                                  at /rustc/dfb0accb7f508ae8be965d8629557221c889dd98/library/std/src/sys/backtrace.rs:182:18
[INFO] [stderr]     14:     0x6493ed13120d - __rustc[8fa7c3cbc660c2b3]::rust_begin_unwind
[INFO] [stderr]                                  at /rustc/dfb0accb7f508ae8be965d8629557221c889dd98/library/std/src/panicking.rs:679:5
[INFO] [stderr]     15:     0x6493ed16c04c - core[df12db4294e9bfd3]::panicking::panic_fmt
[INFO] [stderr]                                  at /rustc/dfb0accb7f508ae8be965d8629557221c889dd98/library/core/src/panicking.rs:80:14
[INFO] [stderr]     16:     0x6493ed16bda2 - core[df12db4294e9bfd3]::result::unwrap_failed
[INFO] [stderr]                                  at /rustc/dfb0accb7f508ae8be965d8629557221c889dd98/library/core/src/result.rs:1871:5
[INFO] [stderr]     17:     0x6493ecdbc307 - <core[df12db4294e9bfd3]::result::Result<http[75bc4ba2af096220]::response::Response<ureq[785d4be5693a3514]::body::Body>, ureq[785d4be5693a3514]::error::Error>>::expect
[INFO] [stderr]     18:     0x6493ecdb05bf - build_script_build[282bd681efd336b5]::fetch_hwloc::<alloc[2182bb758b4b3781]::string::String, alloc[2182bb758b4b3781]::boxed::Box<[u8]>>
[INFO] [stderr]     19:     0x6493ecdb7be6 - build_script_build[282bd681efd336b5]::setup_vendored_hwloc
[INFO] [stderr]     20:     0x6493ecdb79a2 - build_script_build[282bd681efd336b5]::setup_hwloc
[INFO] [stderr]     21:     0x6493ecdb7e9a - build_script_build[282bd681efd336b5]::main
[INFO] [stderr]     22:     0x6493ecdb9633 - <fn() as core[df12db4294e9bfd3]::ops::function::FnOnce<()>>::call_once
[INFO] [stderr]     23:     0x6493ecdbb85e - std[70759c8f55707aa4]::sys::backtrace::__rust_begin_short_backtrace::<fn(), ()>
[INFO] [stderr]     24:     0x6493ecdbc0f9 - std[70759c8f55707aa4]::rt::lang_start::<()>::{closure#0}
[INFO] [stderr]     25:     0x6493ed14d869 - <&dyn core[df12db4294e9bfd3]::ops::function::Fn<(), Output = i32> + core[df12db4294e9bfd3]::panic::unwind_safe::RefUnwindSafe + core[df12db4294e9bfd3]::marker::Sync as core[df12db4294e9bfd3]::ops::function::FnOnce<()>>::call_once
[INFO] [stderr]                                  at /rustc/dfb0accb7f508ae8be965d8629557221c889dd98/library/core/src/ops/function.rs:287:21
[INFO] [stderr]     26:     0x6493ed14d869 - std[70759c8f55707aa4]::panicking::catch_unwind::do_call::<&dyn core[df12db4294e9bfd3]::ops::function::Fn<(), Output = i32> + core[df12db4294e9bfd3]::panic::unwind_safe::RefUnwindSafe + core[df12db4294e9bfd3]::marker::Sync, i32>
[INFO] [stderr]                                  at /rustc/dfb0accb7f508ae8be965d8629557221c889dd98/library/std/src/panicking.rs:576:43
[INFO] [stderr]     27:     0x6493ed14d869 - std[70759c8f55707aa4]::panicking::catch_unwind::<i32, &dyn core[df12db4294e9bfd3]::ops::function::Fn<(), Output = i32> + core[df12db4294e9bfd3]::panic::unwind_safe::RefUnwindSafe + core[df12db4294e9bfd3]::marker::Sync>
[INFO] [stderr]                                  at /rustc/dfb0accb7f508ae8be965d8629557221c889dd98/library/std/src/panicking.rs:544:19
[INFO] [stderr]     28:     0x6493ed14d869 - std[70759c8f55707aa4]::panic::catch_unwind::<&dyn core[df12db4294e9bfd3]::ops::function::Fn<(), Output = i32> + core[df12db4294e9bfd3]::panic::unwind_safe::RefUnwindSafe + core[df12db4294e9bfd3]::marker::Sync, i32>
[INFO] [stderr]                                  at /rustc/dfb0accb7f508ae8be965d8629557221c889dd98/library/std/src/panic.rs:359:14
[INFO] [stderr]     29:     0x6493ed14d869 - std[70759c8f55707aa4]::rt::lang_start_internal::{closure#0}
[INFO] [stderr]                                  at /rustc/dfb0accb7f508ae8be965d8629557221c889dd98/library/std/src/rt.rs:175:24
[INFO] [stderr]     30:     0x6493ed14d869 - std[70759c8f55707aa4]::panicking::catch_unwind::do_call::<std[70759c8f55707aa4]::rt::lang_start_internal::{closure#0}, isize>
[INFO] [stderr]                                  at /rustc/dfb0accb7f508ae8be965d8629557221c889dd98/library/std/src/panicking.rs:576:43
[INFO] [stderr]     31:     0x6493ed14d869 - std[70759c8f55707aa4]::panicking::catch_unwind::<isize, std[70759c8f55707aa4]::rt::lang_start_internal::{closure#0}>
[INFO] [stderr]                                  at /rustc/dfb0accb7f508ae8be965d8629557221c889dd98/library/std/src/panicking.rs:544:19
[INFO] [stderr]     32:     0x6493ed14d869 - std[70759c8f55707aa4]::panic::catch_unwind::<std[70759c8f55707aa4]::rt::lang_start_internal::{closure#0}, isize>
[INFO] [stderr]                                  at /rustc/dfb0accb7f508ae8be965d8629557221c889dd98/library/std/src/panic.rs:359:14
[INFO] [stderr]     33:     0x6493ed14d869 - std[70759c8f55707aa4]::rt::lang_start_internal
[INFO] [stderr]                                  at /rustc/dfb0accb7f508ae8be965d8629557221c889dd98/library/std/src/rt.rs:171:5
[INFO] [stderr]     34:     0x6493ecdbb851 - std[70759c8f55707aa4]::rt::lang_start::<()>
[INFO] [stderr]     35:     0x6493ecdb9845 - main
[INFO] [stderr]     36:     0x711811563601 - <unknown>
[INFO] [stderr]     37:     0x711811563718 - __libc_start_main
[INFO] [stderr]     38:     0x6493ecdaff25 - _start
[INFO] [stderr]     39:                0x0 - <unknown>
[INFO] [stderr] warning: build failed, waiting for other jobs to finish...
[INFO] [stderr] error: failed to run custom build command for `lamellar-libfabric-sys v0.1.0`
[INFO] [stderr] note: To improve backtraces for build dependencies, set the CARGO_PROFILE_DEV_BUILD_OVERRIDE_DEBUG=true environment variable to enable debug information generation.
[INFO] [stderr] 
[INFO] [stderr] Caused by:
[INFO] [stderr]   process didn't exit successfully: `/opt/rustwide/target/debug/build/lamellar-libfabric-sys-df7b0f922eb5626b/build-script-build` (exit status: 101)
[INFO] [stderr]   --- stdout
[INFO] [stderr]   running: cd "/opt/rustwide/target/debug/build/lamellar-libfabric-sys-475493f07863723b/out/src" && "sh" "-c" "exec \"$0\" \"$@\"" "autoreconf" "-ivf"
[INFO] [stderr]   libtoolize: putting auxiliary files in AC_CONFIG_AUX_DIR, 'config'.
[INFO] [stderr]   libtoolize: copying file 'config/ltmain.sh'
[INFO] [stderr]   libtoolize: putting macros in AC_CONFIG_MACRO_DIRS, 'config'.
[INFO] [stderr]   libtoolize: copying file 'config/libtool.m4'
[INFO] [stderr]   libtoolize: copying file 'config/ltoptions.m4'
[INFO] [stderr]   libtoolize: copying file 'config/ltsugar.m4'
[INFO] [stderr]   libtoolize: copying file 'config/ltversion.m4'
[INFO] [stderr]   libtoolize: copying file 'config/lt~obsolete.m4'
[INFO] [stderr]   running: cd "/opt/rustwide/target/debug/build/lamellar-libfabric-sys-475493f07863723b/out/build" && CC="cc" CFLAGS="-O0 -ffunction-sections -fdata-sections -fPIC -g -gdwarf-4 -fno-omit-frame-pointer -m64 -w  -O3" CXX="c++" CXXFLAGS="-O0 -ffunction-sections -fdata-sections -fPIC -g -gdwarf-4 -fno-omit-frame-pointer -m64 -w  -O3" LC_ALL="C" "sh" "-c" "exec \"$0\" \"$@\"" "/opt/rustwide/target/debug/build/lamellar-libfabric-sys-475493f07863723b/out/src/configure" "--prefix=/opt/rustwide/target/debug/build/lamellar-libfabric-sys-475493f07863723b/out" "--disable-shared" "--enable-static"
[INFO] [stderr]   checking for a BSD-compatible install... /usr/bin/install -c
[INFO] [stderr]   checking whether sleep supports fractional seconds... yes
[INFO] [stderr]   checking filesystem timestamp resolution... 0.01
[INFO] [stderr]   checking whether build environment is sane... yes
[INFO] [stderr]   checking for a race-free mkdir -p... /usr/bin/mkdir -p
[INFO] [stderr]   checking for gawk... no
[INFO] [stderr]   checking for mawk... mawk
[INFO] [stderr]   checking whether make sets $(MAKE)... yes
[INFO] [stderr]   checking whether make supports nested variables... yes
[INFO] [stderr]   checking xargs -n works... yes
[INFO] [stderr]   checking how to create a pax tar archive... gnutar
[INFO] [stderr]   checking build system type... x86_64-pc-linux-gnu
[INFO] [stderr]   checking host system type... x86_64-pc-linux-gnu
[INFO] [stderr]   checking whether make supports the include directive... yes (GNU style)
[INFO] [stderr]   checking for gcc... cc
[INFO] [stderr]   checking whether the C compiler works... yes
[INFO] [stderr]   checking for C compiler default output file name... a.out
[INFO] [stderr]   checking for suffix of executables... 
[INFO] [stderr]   checking whether we are cross compiling... no
[INFO] [stderr]   checking for suffix of object files... o
[INFO] [stderr]   checking whether the compiler supports GNU C... yes
[INFO] [stderr]   checking whether cc accepts -g... yes
[INFO] [stderr]   checking for cc option to enable C11 features... none needed
[INFO] [stderr]   checking whether cc understands -c and -o together... yes
[INFO] [stderr]   checking dependency style of cc... gcc3
[INFO] [stderr]   checking dependency style of cc... gcc3
[INFO] [stderr]   checking for ar... ar
[INFO] [stderr]   checking the archiver (ar) interface... ar
[INFO] [stderr]   checking for gcc... (cached) cc
[INFO] [stderr]   checking whether the compiler supports GNU C... (cached) yes
[INFO] [stderr]   checking whether cc accepts -g... (cached) yes
[INFO] [stderr]   checking for cc option to enable C11 features... (cached) none needed
[INFO] [stderr]   checking whether cc understands -c and -o together... (cached) yes
[INFO] [stderr]   checking dependency style of cc... (cached) gcc3
[INFO] [stderr]   checking for C compiler conformance level... c11
[INFO] [stderr]   checking how to run the C preprocessor... cc -E
[INFO] [stderr]   checking for typeof syntax and keyword spelling... typeof
[INFO] [stderr]   checking how to print strings... printf
[INFO] [stderr]   checking for a sed that does not truncate output... /usr/bin/sed
[INFO] [stderr]   checking for grep that handles long lines and -e... /usr/bin/grep
[INFO] [stderr]   checking for egrep... /usr/bin/grep -E
[INFO] [stderr]   checking for fgrep... /usr/bin/grep -F
[INFO] [stderr]   checking for ld used by cc... /usr/bin/x86_64-linux-gnu-ld
[INFO] [stderr]   checking if the linker (/usr/bin/x86_64-linux-gnu-ld) is GNU ld... yes
[INFO] [stderr]   checking for BSD- or MS-compatible name lister (nm)... /usr/bin/nm -B
[INFO] [stderr]   checking the name lister (/usr/bin/nm -B) interface... BSD nm
[INFO] [stderr]   checking whether ln -s works... yes
[INFO] [stderr]   checking the maximum length of command line arguments... 1572864
[INFO] [stderr]   checking how to convert x86_64-pc-linux-gnu file names to x86_64-pc-linux-gnu format... func_convert_file_noop
[INFO] [stderr]   checking how to convert x86_64-pc-linux-gnu file names to toolchain format... func_convert_file_noop
[INFO] [stderr]   checking for /usr/bin/x86_64-linux-gnu-ld option to reload object files... -r
[INFO] [stderr]   checking for file... file
[INFO] [stderr]   checking for objdump... objdump
[INFO] [stderr]   checking how to recognize dependent libraries... pass_all
[INFO] [stderr]   checking for dlltool... no
[INFO] [stderr]   checking how to associate runtime and link libraries... printf %s\n
[INFO] [stderr]   checking for ranlib... ranlib
[INFO] [stderr]   checking for archiver @FILE support... @
[INFO] [stderr]   checking for strip... strip
[INFO] [stderr]   checking command to parse /usr/bin/nm -B output from cc object... ok
[INFO] [stderr]   checking for sysroot... no
[INFO] [stderr]   checking for a working dd... /usr/bin/dd
[INFO] [stderr]   checking how to truncate binary pipes... /usr/bin/dd bs=4096 count=1
[INFO] [stderr]   checking for mt... no
[INFO] [stderr]   checking if : is a manifest tool... no
[INFO] [stderr]   checking for stdio.h... yes
[INFO] [stderr]   checking for stdlib.h... yes
[INFO] [stderr]   checking for string.h... yes
[INFO] [stderr]   checking for inttypes.h... yes
[INFO] [stderr]   checking for stdint.h... yes
[INFO] [stderr]   checking for strings.h... yes
[INFO] [stderr]   checking for sys/stat.h... yes
[INFO] [stderr]   checking for sys/types.h... yes
[INFO] [stderr]   checking for unistd.h... yes
[INFO] [stderr]   checking for elf.h... yes
[INFO] [stderr]   checking for sys/auxv.h... yes
[INFO] [stderr]   checking for dlfcn.h... yes
[INFO] [stderr]   checking for objdir... .libs
[INFO] [stderr]   checking if cc supports -fno-rtti -fno-exceptions... yes
[INFO] [stderr]   checking for cc option to produce PIC... -fPIC -DPIC
[INFO] [stderr]   checking if cc PIC flag -fPIC -DPIC works... yes
[INFO] [stderr]   checking if cc static flag -static works... yes
[INFO] [stderr]   checking if cc supports -c -o file.o... yes
[INFO] [stderr]   checking if cc supports -c -o file.o... (cached) yes
[INFO] [stderr]   checking whether the cc linker (/usr/bin/x86_64-linux-gnu-ld -m elf_x86_64) supports shared libraries... yes
[INFO] [stderr]   checking dynamic linker characteristics... GNU/Linux ld.so
[INFO] [stderr]   checking how to hardcode library paths into programs... immediate
[INFO] [stderr]   checking whether stripping libraries is possible... yes
[INFO] [stderr]   checking if libtool supports shared libraries... yes
[INFO] [stderr]   checking whether to build shared libraries... no
[INFO] [stderr]   checking whether to build static libraries... yes
[INFO] [stderr]   configure: creating ./config.lt
[INFO] [stderr]   config.lt: creating libtool
[INFO] [stderr]   checking for dlopen in -ldl... yes
[INFO] [stderr]   checking for pthread_mutex_init in -lpthread... yes
[INFO] [stderr]   checking for pthread_spin_init... yes
[INFO] [stderr]   checking for shm_open... yes
[INFO] [stderr]   checking for epoll_create... yes
[INFO] [stderr]   checking for cc options needed to detect all undeclared functions... none needed
[INFO] [stderr]   checking for linux/perf_event.h... yes
[INFO] [stderr]   checking whether __builtin_ia32_rdpmc is declared... yes
[INFO] [stderr]   checking compiler support for c11 atomics... yes
[INFO] [stderr]   checking compiler support for c11 atomic `least` types... yes
[INFO] [stderr]   checking compiler support for built-in atomics... yes
[INFO] [stderr]   checking for library containing __atomic_load_8... -latomic
[INFO] [stderr]   checking compiler support for built-in memory model aware atomics... yes
[INFO] [stderr]   checking for __int128... yes
[INFO] [stderr]   checking compiler support for built-in memory model aware 128-bit atomics... no
[INFO] [stderr]   checking compiler support for cpuid... yes
[INFO] [stderr]   checking whether ld accepts --version-script... yes
[INFO] [stderr]   checking for xpmem.h... no
[INFO] [stderr]   checking for .symver assembler support... yes
[INFO] [stderr]   checking for __alias__ attribute support... yes
[INFO] [stderr]   checking for getifaddrs... yes
[INFO] [stderr]   checking ethtool support... yes
[INFO] [stderr]   checking whether ethtool_cmd_speed is declared... yes
[INFO] [stderr]   checking whether SPEED_UNKNOWN is declared... yes
[INFO] [stderr]   checking for linux/userfaultfd.h... yes
[INFO] [stderr]   checking whether __NR_userfaultfd is declared... yes
[INFO] [stderr]   checking for userfaultfd unmap support... yes
[INFO] [stderr]   checking for library containing clock_gettime... none required
[INFO] [stderr]   checking for liburing.h... no
[INFO] [stderr]   checking for cuda_runtime.h... no
[INFO] [stderr]   checking whether cuMemGetHandleForAddressRange is declared... no
[INFO] [stderr]   checking whether CU_DEVICE_ATTRIBUTE_DMA_BUF_SUPPORTED is declared... no
[INFO] [stderr]   checking whether CU_MEM_RANGE_HANDLE_TYPE_DMA_BUF_FD is declared... no
[INFO] [stderr]   checking for level_zero/ze_api.h... no
[INFO] [stderr]   checking for nrt/nrt.h... no
[INFO] [stderr]   checking for habanalabs/synapse_api.h... no
[INFO] [stderr]   checking for __curbrk... yes
[INFO] [stderr]   checking for __clear_cache... yes
[INFO] [stderr]   checking for linux/mman.h... yes
[INFO] [stderr]   checking for sys/syscall.h... yes
[INFO] [stderr]   checking whether __syscall is declared... no
[INFO] [stderr]   checking for __syscall... no
[INFO] [stderr]   checking for hsa/hsa_ext_amd.h... yes
[INFO] [stderr]   checking for hsa_amd_pointer_info in -lhsa-runtime64... yes
[INFO] [stderr]   checking whether hsa_amd_portable_export_dmabuf is declared... yes
[INFO] [stderr]   checking whether HSA_AMD_SYSTEM_INFO_DMABUF_SUPPORTED is declared... yes
[INFO] [stderr]   checking size of void *... 8
[INFO] [stderr]   configure: *** Configuring psm2 provider
[INFO] [stderr]   checking for psm2.h... no
[INFO] [stderr]   configure: configure: recheck psm2 without psm2_info_query.
[INFO] [stderr]   checking for psm2.h... no
[INFO] [stderr]   configure: recheck psm2 without psm2_mq_ipeek_dequeue_multi.
[INFO] [stderr]   checking for psm2.h... no
[INFO] [stderr]   configure: recheck psm2 without psm2_mq_fp_msg.
[INFO] [stderr]   checking for psm2.h... no
[INFO] [stderr]   configure: recheck psm2 without psm2_am_register_handlers_2.
[INFO] [stderr]   checking for psm2.h... no
[INFO] [stderr]   configure: psm2 provider: disabled
[INFO] [stderr]   configure: *** Configuring psm3 provider
[INFO] [stderr]   checking for sys/mman.h... yes
[INFO] [stderr]   configure: looking for library without search path
[INFO] [stderr]   checking for shm_open in -lrt... yes
[INFO] [stderr]   checking for numa.h... yes
[INFO] [stderr]   configure: looking for library without search path
[INFO] [stderr]   checking for numa_node_of_cpu in -lnuma... yes
[INFO] [stderr]   checking for infiniband/verbs.h... yes
[INFO] [stderr]   configure: looking for library without search path
[INFO] [stderr]   checking for ibv_get_device_list in -libverbs... yes
[INFO] [stderr]   checking for uuid/uuid.h... yes
[INFO] [stderr]   configure: looking for library without search path
[INFO] [stderr]   checking for uuid_parse in -luuid... yes
[INFO] [stderr]   checking for -msse4.2 support... yes
[INFO] [stderr]   checking for -mavx support... yes
[INFO] [stderr]   checking for -mavx2 support... yes
[INFO] [stderr]   checking for grep that handles long lines and -e... (cached) /usr/bin/grep
[INFO] [stderr]   checking for -Wno-address-of-packed-member support... yes
[INFO] [stderr]   checking for rdma/rv_user_ioctls.h... no
[INFO] [stderr]   checking for linux/idxd.h... yes
[INFO] [stderr]   checking for full Intel DSA support... no
[INFO] [stderr]   checking for hwloc.h... yes
[INFO] [stderr]   configure: looking for library without search path
[INFO] [stderr]   checking for hwloc_topology_init in -lhwloc... yes
[INFO] [stderr]   configure: psm3 provider: include in libfabric
[INFO] [stderr]   configure: *** Configuring sockets provider
[INFO] [stderr]   checking for sys/socket.h... yes
[INFO] [stderr]   checking for shm_open... (cached) yes
[INFO] [stderr]   checking for getifaddrs... (cached) yes
[INFO] [stderr]   configure: sockets provider: include in libfabric
[INFO] [stderr]   configure: *** Configuring verbs provider
[INFO] [stderr]   checking for infiniband/verbs.h... yes
[INFO] [stderr]   configure: looking for library without search path
[INFO] [stderr]   checking for ibv_open_device in -libverbs... yes
[INFO] [stderr]   checking if libibverbs is linkable by libtool... yes
[INFO] [stderr]   checking for rdma/rdma_cma.h... yes
[INFO] [stderr]   configure: looking for library without search path
[INFO] [stderr]   checking for rdma_create_qp in -lrdmacm... yes
[INFO] [stderr]   checking for rdma/rdma_cma.h... yes
[INFO] [stderr]   configure: looking for library without search path
[INFO] [stderr]   checking for rdma_create_qp_ex in -lrdmacm... yes
[INFO] [stderr]   checking whether ibv_query_device_ex is declared... yes
[INFO] [stderr]   checking whether IBV_QPT_XRC_SEND is declared... yes
[INFO] [stderr]   checking whether rdma_establish is declared... yes
[INFO] [stderr]   checking whether ibv_reg_dmabuf_mr is declared... yes
[INFO] [stderr]   configure: verbs provider: include in libfabric
[INFO] [stderr]   configure: *** Configuring efa provider
[INFO] [stderr]   checking for infiniband/verbs.h... yes
[INFO] [stderr]   configure: looking for library without search path
[INFO] [stderr]   checking for ibv_open_device in -libverbs... yes
[INFO] [stderr]   checking if libibverbs is linkable by libtool... yes
[INFO] [stderr]   checking for GCC... yes
[INFO] [stderr]   checking for infiniband/efadv.h... yes
[INFO] [stderr]   configure: looking for library without search path
[INFO] [stderr]   checking for efadv_query_ah in -lefa... yes
[INFO] [stderr]   checking for struct efadv_device_attr.max_rdma_size... yes
[INFO] [stderr]   checking whether EFADV_DEVICE_ATTR_CAPS_RNR_RETRY is declared... yes
[INFO] [stderr]   checking whether EFADV_DEVICE_ATTR_CAPS_RDMA_WRITE is declared... yes
[INFO] [stderr]   checking whether EFADV_DEVICE_ATTR_CAPS_UNSOLICITED_WRITE_RECV is declared... yes
[INFO] [stderr]   checking whether ibv_is_fork_initialized is declared... yes
[INFO] [stderr]   checking whether IBV_QUERY_QP_DATA_IN_ORDER_ALIGNED_128_BYTES is declared... yes
[INFO] [stderr]   checking whether ibv_reg_dmabuf_mr is declared... (cached) yes
[INFO] [stderr]   checking whether efadv_create_cq is declared... yes
[INFO] [stderr]   checking whether efadv_cq_from_ibv_cq_ex is declared... yes
[INFO] [stderr]   checking whether efadv_wc_read_sgid is declared... yes
[INFO] [stderr]   checking whether efadv_query_mr is declared... yes
[INFO] [stderr]   checking for struct efadv_mr_attr.rdma_recv_ic_id... yes
[INFO] [stderr]   checking whether EFADV_MR_ATTR_VALIDITY_RDMA_READ_IC_ID is declared... yes
[INFO] [stderr]   configure: efa provider: include in libfabric
[INFO] [stderr]   configure: *** Configuring cxi provider
[INFO] [stderr]   checking for cxi_prov_hw.h... no
[INFO] [stderr]   checking for uapi/misc/cxi.h... no
[INFO] [stderr]   checking for libcxi/libcxi.h... no
[INFO] [stderr]   checking for curl/curl.h... yes
[INFO] [stderr]   configure: looking for library without search path
[INFO] [stderr]   checking for curl_global_init in -lcurl... yes
[INFO] [stderr]   checking for json-c/json.h... yes
[INFO] [stderr]   configure: looking for library without search path
[INFO] [stderr]   checking for json_object_get_type in -ljson-c... yes
[INFO] [stderr]   configure: cxi provider: disabled
[INFO] [stderr]   configure: *** Configuring usnic provider
[INFO] [stderr]   checking for infiniband/verbs.h... (cached) yes
[INFO] [stderr]   checking for infiniband/driver.h... no
[INFO] [stderr]   checking if building usnic fake verbs driver... no
[INFO] [stderr]   configure: checking for libnl3
[INFO] [stderr]   checking for libnl3 prefix... /usr
[INFO] [stderr]   checking for /usr/include/libnl3... found
[INFO] [stderr]   configure: looking for header without includes
[INFO] [stderr]   checking for netlink/version.h... yes
[INFO] [stderr]   configure: looking for library without search path
[INFO] [stderr]   checking for nl_socket_set_peer_groups in -lnl-3... yes
[INFO] [stderr]   checking for library containing nl_rtgen_request... -lnl-route-3
[INFO] [stderr]   checking to ensure these really are libnl3 headers... yes
[INFO] [stderr]   configure: usnic provider: include in libfabric
[INFO] [stderr]   configure: *** Configuring udp provider
[INFO] [stderr]   checking for sys/socket.h... (cached) yes
[INFO] [stderr]   configure: udp provider: include in libfabric
[INFO] [stderr]   configure: *** Configuring tcp provider
[INFO] [stderr]   configure: tcp provider: include in libfabric
[INFO] [stderr]   configure: *** Configuring rxm provider
[INFO] [stderr]   configure: rxm provider: include in libfabric
[INFO] [stderr]   configure: *** Configuring mrail provider
[INFO] [stderr]   configure: mrail provider: include in libfabric
[INFO] [stderr]   configure: *** Configuring rxd provider
[INFO] [stderr]   configure: rxd provider: include in libfabric
[INFO] [stderr]   configure: *** Configuring shm provider
[INFO] [stderr]   checking for shm_open... (cached) yes
[INFO] [stderr]   checking for accel-config/libaccel_config.h... no
[INFO] [stderr]   checking whether HAVE_ATOMICS is declared... yes
[INFO] [stderr]   configure: shm provider: include in libfabric
[INFO] [stderr]   configure: *** Configuring sm2 provider
[INFO] [stderr]   checking for shm_open... (cached) yes
[INFO] [stderr]   checking whether HAVE_ATOMICS is declared... (cached) yes
[INFO] [stderr]   configure: sm2 provider: include in libfabric
[INFO] [stderr]   configure: *** Configuring ucx provider
[INFO] [stderr]   configure: ucx provider: disabled
[INFO] [stderr]   configure: *** Configuring perf provider
[INFO] [stderr]   configure: perf provider: include in libfabric
[INFO] [stderr]   configure: *** Configuring trace provider
[INFO] [stderr]   configure: trace provider: include in libfabric
[INFO] [stderr]   configure: *** Configuring profile provider
[INFO] [stderr]   configure: profile provider: disabled
[INFO] [stderr]   configure: *** Configuring hook_debug provider
[INFO] [stderr]   configure: hook_debug provider: include in libfabric
[INFO] [stderr]   configure: *** Configuring hook_hmem provider
[INFO] [stderr]   configure: hook_hmem provider: include in libfabric
[INFO] [stderr]   configure: *** Configuring dmabuf_peer_mem provider
[INFO] [stderr]   configure: dmabuf_peer_mem provider: include in libfabric
[INFO] [stderr]   configure: *** Configuring opx provider
[INFO] [stderr]   checking for opx provider... checking for uuid/uuid.h... yes
[INFO] [stderr]   configure: looking for library without search path
[INFO] [stderr]   checking for uuid_parse in -luuid... yes
[INFO] [stderr]   checking for numa.h... yes
[INFO] [stderr]   configure: looking for library without search path
[INFO] [stderr]   checking for numa_node_of_cpu in -lnuma... yes
[INFO] [stderr]   checking for rdma/hfi/hfi1_user.h... yes
[INFO] [stderr]   checking whether HAVE_ATOMICS is declared... (cached) yes
[INFO] [stderr]   configure: hfi1_user.h HFI1_CAP_TID_RDMA defined... yes
[INFO] [stderr]   configure: opx provider: include in libfabric
[INFO] [stderr]   checking that generated files are newer than configure... done
[INFO] [stderr]   configure: creating ./config.status
[INFO] [stderr]   config.status: creating prov/psm3/psm3/psm2_hal_inlines_i.h
[INFO] [stderr]   config.status: creating prov/psm3/psm3/psm2_hal_inlines_d.h
[INFO] [stderr]   config.status: creating prov/psm3/src/psm3_revision.c
[INFO] [stderr]   config.status: creating libfabric.pc
[INFO] [stderr]   config.status: creating Makefile
[INFO] [stderr]   config.status: creating libfabric.spec
[INFO] [stderr]   config.status: creating libfabric.map
[INFO] [stderr]   config.status: creating config.h
[INFO] [stderr]   config.status: executing depfiles commands
[INFO] [stderr]   config.status: executing libtool commands
[INFO] [stderr]   ***
[INFO] [stderr]   *** Built-in providers:	opx dmabuf_peer_mem hook_hmem hook_debug trace perf sm2 shm rxd mrail rxm tcp udp usnic efa verbs sockets psm3 
[INFO] [stderr]   *** DSO providers:	
[INFO] [stderr]   ***
[INFO] [stderr]   running: cd "/opt/rustwide/target/debug/build/lamellar-libfabric-sys-475493f07863723b/out/build" && MAKEFLAGS="-j --jobserver-fds=4,5 --jobserver-auth=4,5" "sh" "-c" "exec \"$0\" \"$@\"" "make" "install" "-j16"
[INFO] [stderr]     GEN      prov/psm3/src/psm3_src_chksum.h
[INFO] [stderr]   make  install-am
[INFO] [stderr]   make[1]: Entering directory '/opt/rustwide/target/debug/build/lamellar-libfabric-sys-475493f07863723b/out/build'
[INFO] [stderr]     CC       util/strerror.o
[INFO] [stderr]     CC       util/pingpong.o
[INFO] [stderr]     CC       util/info.o
[INFO] [stderr]     CC       src/libfabric_la-fabric.lo
[INFO] [stderr]     CC       src/libfabric_la-fi_tostr.lo
[INFO] [stderr]     CC       src/libfabric_la-var.lo
[INFO] [stderr]     CC       src/libfabric_la-log.lo
[INFO] [stderr]     CC       src/libfabric_la-perf.lo
[INFO] [stderr]     CC       prov/hook/src/src_libfabric_la-hook.lo
[INFO] [stderr]     CC       src/libfabric_la-abi_1_0.lo
[INFO] [stderr]     CC       prov/hook/src/src_libfabric_la-hook_cm.lo
[INFO] [stderr]     CC       prov/hook/src/src_libfabric_la-hook_cntr.lo
[INFO] [stderr]     CC       prov/hook/src/src_libfabric_la-hook_av.lo
[INFO] [stderr]     CC       prov/hook/src/src_libfabric_la-hook_domain.lo
[INFO] [stderr]     CC       prov/hook/src/src_libfabric_la-hook_cq.lo
[INFO] [stderr]     CC       prov/hook/src/src_libfabric_la-hook_eq.lo
[INFO] [stderr]     CC       prov/hook/src/src_libfabric_la-hook_ep.lo
[INFO] [stderr]     CC       prov/hook/src/src_libfabric_la-hook_wait.lo
[INFO] [stderr]     CC       prov/hook/src/src_libfabric_la-hook_xfer.lo
[INFO] [stderr]     CC       src/libfabric_la-hmem.lo
[INFO] [stderr]     CC       src/libfabric_la-hmem_rocr.lo
[INFO] [stderr]     CC       src/libfabric_la-hmem_cuda.lo
[INFO] [stderr]     CC       src/libfabric_la-hmem_cuda_gdrcopy.lo
[INFO] [stderr]     CC       src/libfabric_la-hmem_ze.lo
[INFO] [stderr]     CC       src/libfabric_la-hmem_neuron.lo
[INFO] [stderr]     CC       src/libfabric_la-hmem_synapseai.lo
[INFO] [stderr]     CC       src/libfabric_la-hmem_ipc_cache.lo
[INFO] [stderr]     CC       src/libfabric_la-xpmem.lo
[INFO] [stderr]     CC       src/libfabric_la-xpmem_cache.lo
[INFO] [stderr]     CC       src/libfabric_la-common.lo
[INFO] [stderr]     CC       src/libfabric_la-enosys.lo
[INFO] [stderr]     CC       src/libfabric_la-rbtree.lo
[INFO] [stderr]     CC       src/libfabric_la-tree.lo
[INFO] [stderr]     CC       src/libfabric_la-fasthash.lo
[INFO] [stderr]     CC       src/libfabric_la-indexer.lo
[INFO] [stderr]     CC       src/libfabric_la-mem.lo
[INFO] [stderr]     CC       src/libfabric_la-iov.lo
[INFO] [stderr]     CC       src/libfabric_la-ofi_str.lo
[INFO] [stderr]     CC       prov/util/src/src_libfabric_la-util_atomic.lo
[INFO] [stderr]     CC       prov/util/src/src_libfabric_la-util_attr.lo
[INFO] [stderr]     CC       prov/util/src/src_libfabric_la-util_av.lo
[INFO] [stderr]     CC       prov/util/src/src_libfabric_la-rxm_av.lo
[INFO] [stderr]     CC       prov/util/src/src_libfabric_la-util_cq.lo
[INFO] [stderr]     CC       prov/util/src/src_libfabric_la-util_cntr.lo
[INFO] [stderr]     CC       prov/util/src/src_libfabric_la-util_domain.lo
[INFO] [stderr]     CC       prov/util/src/src_libfabric_la-util_ep.lo
[INFO] [stderr]     CC       prov/util/src/src_libfabric_la-util_pep.lo
[INFO] [stderr]     CC       prov/util/src/src_libfabric_la-util_eq.lo
[INFO] [stderr]     CC       prov/util/src/src_libfabric_la-util_fabric.lo
[INFO] [stderr]     CC       prov/util/src/src_libfabric_la-util_main.lo
[INFO] [stderr]     CC       prov/util/src/src_libfabric_la-util_poll.lo
[INFO] [stderr]     CC       prov/util/src/src_libfabric_la-util_wait.lo
[INFO] [stderr]     CC       prov/util/src/src_libfabric_la-util_buf.lo
[INFO] [stderr]     CC       prov/util/src/src_libfabric_la-util_mr_map.lo
[INFO] [stderr]     CC       prov/util/src/src_libfabric_la-util_mem_monitor.lo
[INFO] [stderr]     CC       prov/util/src/src_libfabric_la-util_ns.lo
[INFO] [stderr]     CC       prov/util/src/src_libfabric_la-util_srx.lo
[INFO] [stderr]     CC       prov/util/src/src_libfabric_la-util_mem_hooks.lo
[INFO] [stderr]     CC       prov/util/src/src_libfabric_la-cuda_mem_monitor.lo
[INFO] [stderr]     CC       prov/util/src/src_libfabric_la-util_mr_cache.lo
[INFO] [stderr]     CC       prov/util/src/src_libfabric_la-rocr_mem_monitor.lo
[INFO] [stderr]     CC       prov/util/src/src_libfabric_la-ze_mem_monitor.lo
[INFO] [stderr]     CC       prov/util/src/src_libfabric_la-cuda_ipc_monitor.lo
[INFO] [stderr]     CC       prov/util/src/src_libfabric_la-rocr_ipc_monitor.lo
[INFO] [stderr]     CC       prov/util/src/src_libfabric_la-xpmem_monitor.lo
[INFO] [stderr]     CC       prov/util/src/src_libfabric_la-util_profile.lo
[INFO] [stderr]     CC       prov/coll/src/src_libfabric_la-coll_attr.lo
[INFO] [stderr]     CC       prov/coll/src/src_libfabric_la-coll_av.lo
[INFO] [stderr]     CC       prov/coll/src/src_libfabric_la-coll_av_set.lo
[INFO] [stderr]     CC       prov/coll/src/src_libfabric_la-coll_coll.lo
[INFO] [stderr]     CC       prov/coll/src/src_libfabric_la-coll_cq.lo
[INFO] [stderr]     CC       prov/coll/src/src_libfabric_la-coll_domain.lo
[INFO] [stderr]     CC       prov/coll/src/src_libfabric_la-coll_ep.lo
[INFO] [stderr]     CC       prov/coll/src/src_libfabric_la-coll_eq.lo
[INFO] [stderr]     CC       prov/coll/src/src_libfabric_la-coll_fabric.lo
[INFO] [stderr]     CC       prov/coll/src/src_libfabric_la-coll_init.lo
[INFO] [stderr]     CC       src/unix/libfabric_la-osd.lo
[INFO] [stderr]     CC       src/linux/libfabric_la-osd.lo
[INFO] [stderr]     CC       src/linux/libfabric_la-rdpmc.lo
[INFO] [stderr]     CC       prov/sockets/src/src_libfabric_la-sock_attr.lo
[INFO] [stderr]     CC       prov/sockets/src/src_libfabric_la-sock_av.lo
[INFO] [stderr]     CC       prov/sockets/src/src_libfabric_la-sock_dom.lo
[INFO] [stderr]     CC       prov/sockets/src/src_libfabric_la-sock_mr.lo
[INFO] [stderr]     CC       prov/sockets/src/src_libfabric_la-sock_eq.lo
[INFO] [stderr]     CC       prov/sockets/src/src_libfabric_la-sock_cq.lo
[INFO] [stderr]     CC       prov/sockets/src/src_libfabric_la-sock_cntr.lo
[INFO] [stderr]     CC       prov/sockets/src/src_libfabric_la-sock_poll.lo
[INFO] [stderr]     CC       prov/sockets/src/src_libfabric_la-sock_wait.lo
[INFO] [stderr]     CC       prov/sockets/src/src_libfabric_la-sock_ep_rdm.lo
[INFO] [stderr]     CC       prov/sockets/src/src_libfabric_la-sock_ep_dgram.lo
[INFO] [stderr]     CC       prov/sockets/src/src_libfabric_la-sock_ep_msg.lo
[INFO] [stderr]     CC       prov/sockets/src/src_libfabric_la-sock_fabric.lo
[INFO] [stderr]     CC       prov/sockets/src/src_libfabric_la-sock_ep.lo
[INFO] [stderr]     CC       prov/sockets/src/src_libfabric_la-sock_ctx.lo
[INFO] [stderr]     CC       prov/sockets/src/src_libfabric_la-sock_rx_entry.lo
[INFO] [stderr]     CC       prov/sockets/src/src_libfabric_la-sock_progress.lo
[INFO] [stderr]     CC       prov/sockets/src/src_libfabric_la-sock_comm.lo
[INFO] [stderr]     CC       prov/sockets/src/src_libfabric_la-sock_conn.lo
[INFO] [stderr]     CC       prov/sockets/src/src_libfabric_la-sock_msg.lo
[INFO] [stderr]     CC       prov/sockets/src/src_libfabric_la-sock_rma.lo
[INFO] [stderr]     CC       prov/sockets/src/src_libfabric_la-sock_atomic.lo
[INFO] [stderr]     CC       prov/sockets/src/src_libfabric_la-sock_trigger.lo
[INFO] [stderr]     CC       prov/udp/src/src_libfabric_la-udpx_attr.lo
[INFO] [stderr]     CC       prov/udp/src/src_libfabric_la-udpx_cq.lo
[INFO] [stderr]     CC       prov/udp/src/src_libfabric_la-udpx_domain.lo
[INFO] [stderr]     CC       prov/udp/src/src_libfabric_la-udpx_ep.lo
[INFO] [stderr]     CC       prov/udp/src/src_libfabric_la-udpx_fabric.lo
[INFO] [stderr]     CC       prov/udp/src/src_libfabric_la-udpx_init.lo
[INFO] [stderr]     CC       prov/verbs/src/src_libfabric_la-verbs_init.lo
[INFO] [stderr]     CC       prov/verbs/src/src_libfabric_la-verbs_cm.lo
[INFO] [stderr]     CC       prov/verbs/src/src_libfabric_la-verbs_cm_xrc.lo
[INFO] [stderr]     CC       prov/verbs/src/src_libfabric_la-verbs_cq.lo
[INFO] [stderr]     CC       prov/verbs/src/src_libfabric_la-verbs_domain.lo
[INFO] [stderr]     CC       prov/verbs/src/src_libfabric_la-verbs_mr.lo
[INFO] [stderr]     CC       prov/verbs/src/src_libfabric_la-verbs_domain_xrc.lo
[INFO] [stderr]     CC       prov/verbs/src/src_libfabric_la-verbs_eq.lo
[INFO] [stderr]     CC       prov/verbs/src/src_libfabric_la-verbs_info.lo
[INFO] [stderr]     CC       prov/verbs/src/src_libfabric_la-verbs_ep.lo
[INFO] [stderr]     CC       prov/verbs/src/src_libfabric_la-verbs_msg.lo
[INFO] [stderr]     CC       prov/verbs/src/src_libfabric_la-verbs_rma.lo
[INFO] [stderr]     CC       prov/verbs/src/src_libfabric_la-verbs_dgram_ep_msg.lo
[INFO] [stderr]     CC       prov/verbs/src/src_libfabric_la-verbs_dgram_av.lo
[INFO] [stderr]     CC       prov/verbs/src/src_libfabric_la-verbs_profile.lo
[INFO] [stderr]     CC       prov/efa/src/src_libfabric_la-efa_device.lo
[INFO] [stderr]     CC       prov/efa/src/src_libfabric_la-efa_hmem.lo
[INFO] [stderr]     CC       prov/efa/src/src_libfabric_la-efa_shm.lo
[INFO] [stderr]     CC       prov/efa/src/src_libfabric_la-efa_av.lo
[INFO] [stderr]     CC       prov/efa/src/src_libfabric_la-efa_domain.lo
[INFO] [stderr]     CC       prov/efa/src/src_libfabric_la-efa_fabric.lo
[INFO] [stderr]     CC       prov/efa/src/src_libfabric_la-efa_mr.lo
[INFO] [stderr]     CC       prov/efa/src/src_libfabric_la-efa_strerror.lo
[INFO] [stderr]     CC       prov/efa/src/src_libfabric_la-efa_user_info.lo
[INFO] [stderr]     CC       prov/efa/src/src_libfabric_la-efa_prov_info.lo
[INFO] [stderr]     CC       prov/efa/src/src_libfabric_la-efa_fork_support.lo
[INFO] [stderr]     CC       prov/efa/src/src_libfabric_la-efa_tp_def.lo
[INFO] [stderr]     CC       prov/efa/src/src_libfabric_la-efa_base_ep.lo
[INFO] [stderr]     CC       prov/efa/src/src_libfabric_la-efa_prov.lo
[INFO] [stderr]     CC       prov/efa/src/src_libfabric_la-efa_env.lo
[INFO] [stderr]     CC       prov/efa/src/src_libfabric_la-efa_cntr.lo
[INFO] [stderr]     CC       prov/efa/src/dgram/src_libfabric_la-efa_dgram_ep.lo
[INFO] [stderr]     CC       prov/efa/src/dgram/src_libfabric_la-efa_dgram_cq.lo
[INFO] [stderr]     CC       prov/efa/src/dgram/src_libfabric_la-efa_dgram_msg.lo
[INFO] [stderr]     CC       prov/efa/src/dgram/src_libfabric_la-efa_dgram_rma.lo
[INFO] [stderr]     CC       prov/efa/src/rdm/src_libfabric_la-efa_rdm_cq.lo
[INFO] [stderr]     CC       prov/efa/src/rdm/src_libfabric_la-efa_rdm_peer.lo
[INFO] [stderr]     CC       prov/efa/src/rdm/src_libfabric_la-efa_rdm_ep_utils.lo
[INFO] [stderr]     CC       prov/efa/src/rdm/src_libfabric_la-efa_rdm_ep_fiops.lo
[INFO] [stderr]     CC       prov/efa/src/rdm/src_libfabric_la-efa_rdm_rma.lo
[INFO] [stderr]     CC       prov/efa/src/rdm/src_libfabric_la-efa_rdm_msg.lo
[INFO] [stderr]     CC       prov/efa/src/rdm/src_libfabric_la-efa_rdm_pke.lo
[INFO] [stderr]     CC       prov/efa/src/rdm/src_libfabric_la-efa_rdm_pke_utils.lo
[INFO] [stderr]     CC       prov/efa/src/rdm/src_libfabric_la-efa_rdm_pke_rtm.lo
[INFO] [stderr]     CC       prov/efa/src/rdm/src_libfabric_la-efa_rdm_pke_rtr.lo
[INFO] [stderr]     CC       prov/efa/src/rdm/src_libfabric_la-efa_rdm_pke_rtw.lo
[INFO] [stderr]     CC       prov/efa/src/rdm/src_libfabric_la-efa_rdm_pke_rta.lo
[INFO] [stderr]     CC       prov/efa/src/rdm/src_libfabric_la-efa_rdm_pke_req.lo
[INFO] [stderr]     CC       prov/efa/src/rdm/src_libfabric_la-efa_rdm_pke_nonreq.lo
[INFO] [stderr]     CC       prov/efa/src/rdm/src_libfabric_la-efa_rdm_pke_cmd.lo
[INFO] [stderr]     CC       prov/efa/src/rdm/src_libfabric_la-efa_rdm_pkt_type.lo
[INFO] [stderr]     CC       prov/efa/src/rdm/src_libfabric_la-efa_rdm_ope.lo
[INFO] [stderr]     CC       prov/efa/src/rdm/src_libfabric_la-efa_rdm_rxe_map.lo
[INFO] [stderr]     CC       prov/efa/src/rdm/src_libfabric_la-efa_rdm_atomic.lo
[INFO] [stderr]     CC       prov/efa/src/rdm/src_libfabric_la-efa_rdm_tracepoint_def.lo
[INFO] [stderr]     CC       prov/efa/src/rdm/src_libfabric_la-efa_rdm_srx.lo
[INFO] [stderr]     CC       prov/efa/src/rdm/src_libfabric_la-efa_rdm_util.lo
[INFO] [stderr]     CC       prov/usnic/src/usnic_direct/src_libfabric_la-libnl_utils_common.lo
[INFO] [stderr]     CC       prov/usnic/src/usnic_direct/src_libfabric_la-usd_caps.lo
[INFO] [stderr]     CC       prov/usnic/src/usnic_direct/src_libfabric_la-usd_dest.lo
[INFO] [stderr]     CC       prov/usnic/src/usnic_direct/src_libfabric_la-usd_device.lo
[INFO] [stderr]     CC       prov/usnic/src/usnic_direct/src_libfabric_la-usd_enum.lo
[INFO] [stderr]     CC       prov/usnic/src/usnic_direct/src_libfabric_la-usd_event.lo
[INFO] [stderr]     CC       prov/usnic/src/usnic_direct/src_libfabric_la-usd_ib_cmd.lo
[INFO] [stderr]     CC       prov/usnic/src/usnic_direct/src_libfabric_la-usd_mem.lo
[INFO] [stderr]     CC       prov/usnic/src/usnic_direct/src_libfabric_la-usd_ib_sysfs.lo
[INFO] [stderr]     CC       prov/usnic/src/usnic_direct/src_libfabric_la-usd_poll.lo
[INFO] [stderr]     CC       prov/usnic/src/usnic_direct/src_libfabric_la-usd_post.lo
[INFO] [stderr]     CC       prov/usnic/src/usnic_direct/src_libfabric_la-usd_post_ud_raw.lo
[INFO] [stderr]     CC       prov/usnic/src/usnic_direct/src_libfabric_la-usd_post_ud_udp.lo
[INFO] [stderr]     CC       prov/usnic/src/usnic_direct/src_libfabric_la-usd_queues.lo
[INFO] [stderr]     CC       prov/usnic/src/usnic_direct/src_libfabric_la-usd_post_ud_pio_udp.lo
[INFO] [stderr]     CC       prov/usnic/src/usnic_direct/src_libfabric_la-usd_socket.lo
[INFO] [stderr]     CC       prov/usnic/src/usnic_direct/src_libfabric_la-usd_vnic.lo
[INFO] [stderr]     CC       prov/usnic/src/usnic_direct/src_libfabric_la-usnic_ip_utils.lo
[INFO] [stderr]     CC       prov/usnic/src/usnic_direct/src_libfabric_la-vnic_cq.lo
[INFO] [stderr]     CC       prov/usnic/src/usnic_direct/src_libfabric_la-vnic_dev.lo
[INFO] [stderr]     CC       prov/usnic/src/usnic_direct/src_libfabric_la-vnic_rq.lo
[INFO] [stderr]     CC       prov/usnic/src/usnic_direct/src_libfabric_la-vnic_wq.lo
[INFO] [stderr]     CC       prov/usnic/src/usnic_direct/src_libfabric_la-vnic_intr.lo
[INFO] [stderr]     CC       prov/usnic/src/src_libfabric_la-usdf_av.lo
[INFO] [stderr]     CC       prov/usnic/src/src_libfabric_la-usdf_cm.lo
[INFO] [stderr]     CC       prov/usnic/src/src_libfabric_la-usdf_cq.lo
[INFO] [stderr]     CC       prov/usnic/src/src_libfabric_la-usdf_dgram.lo
[INFO] [stderr]     CC       prov/usnic/src/src_libfabric_la-usdf_domain.lo
[INFO] [stderr]     CC       prov/usnic/src/src_libfabric_la-usdf_endpoint.lo
[INFO] [stderr]     CC       prov/usnic/src/src_libfabric_la-usdf_ep_dgram.lo
[INFO] [stderr]     CC       prov/usnic/src/src_libfabric_la-usdf_eq.lo
[INFO] [stderr]     CC       prov/usnic/src/src_libfabric_la-usdf_fabric.lo
[INFO] [stderr]     CC       prov/usnic/src/src_libfabric_la-usdf_mem.lo
[INFO] [stderr]     CC       prov/usnic/src/src_libfabric_la-usdf_pep.lo
[INFO] [stderr]     CC       prov/usnic/src/src_libfabric_la-usdf_progress.lo
[INFO] [stderr]     CC       prov/usnic/src/src_libfabric_la-usdf_timer.lo
[INFO] [stderr]     CC       prov/usnic/src/src_libfabric_la-usdf_poll.lo
[INFO] [stderr]     CC       prov/usnic/src/src_libfabric_la-usdf_ext.lo
[INFO] [stderr]     CC       prov/usnic/src/src_libfabric_la-usdf_wait.lo
[INFO] [stderr]     CC       prov/rxm/src/src_libfabric_la-rxm_attr.lo
[INFO] [stderr]     CC       prov/rxm/src/src_libfabric_la-rxm_init.lo
[INFO] [stderr]     CC       prov/rxm/src/src_libfabric_la-rxm_fabric.lo
[INFO] [stderr]     CC       prov/rxm/src/src_libfabric_la-rxm_domain.lo
[INFO] [stderr]     CC       prov/rxm/src/src_libfabric_la-rxm_ep.lo
[INFO] [stderr]     CC       prov/rxm/src/src_libfabric_la-rxm_conn.lo
[INFO] [stderr]     CC       prov/rxm/src/src_libfabric_la-rxm_msg.lo
[INFO] [stderr]     CC       prov/rxm/src/src_libfabric_la-rxm_tagged.lo
[INFO] [stderr]     CC       prov/rxm/src/src_libfabric_la-rxm_cq.lo
[INFO] [stderr]     CC       prov/rxm/src/src_libfabric_la-rxm_atomic.lo
[INFO] [stderr]     CC       prov/rxm/src/src_libfabric_la-rxm_rma.lo
[INFO] [stderr]     CC       prov/rxm/src/src_libfabric_la-rxm_eq.lo
[INFO] [stderr]     CC       prov/rxm/src/src_libfabric_la-rxm_hmem.lo
[INFO] [stderr]     CC       prov/mrail/src/src_libfabric_la-mrail_init.lo
[INFO] [stderr]     CC       prov/mrail/src/src_libfabric_la-mrail_attr.lo
[INFO] [stderr]     CC       prov/mrail/src/src_libfabric_la-mrail_fabric.lo
[INFO] [stderr]     CC       prov/mrail/src/src_libfabric_la-mrail_domain.lo
[INFO] [stderr]     CC       prov/mrail/src/src_libfabric_la-mrail_cq.lo
[INFO] [stderr]     CC       prov/mrail/src/src_libfabric_la-mrail_ep.lo
[INFO] [stderr]     CC       prov/mrail/src/src_libfabric_la-mrail_rma.lo
[INFO] [stderr]     CC       prov/mrail/src/src_libfabric_la-mrail_av.lo
[INFO] [stderr]     CC       prov/rxd/src/src_libfabric_la-rxd_attr.lo
[INFO] [stderr]     CC       prov/rxd/src/src_libfabric_la-rxd_init.lo
[INFO] [stderr]     CC       prov/rxd/src/src_libfabric_la-rxd_fabric.lo
[INFO] [stderr]     CC       prov/rxd/src/src_libfabric_la-rxd_domain.lo
[INFO] [stderr]     CC       prov/rxd/src/src_libfabric_la-rxd_av.lo
[INFO] [stderr]     CC       prov/rxd/src/src_libfabric_la-rxd_cq.lo
[INFO] [stderr]     CC       prov/rxd/src/src_libfabric_la-rxd_cntr.lo
[INFO] [stderr]     CC       prov/rxd/src/src_libfabric_la-rxd_ep.lo
[INFO] [stderr]     CC       prov/rxd/src/src_libfabric_la-rxd_msg.lo
[INFO] [stderr]     CC       prov/rxd/src/src_libfabric_la-rxd_tagged.lo
[INFO] [stderr]     CC       prov/rxd/src/src_libfabric_la-rxd_rma.lo
[INFO] [stderr]     CC       prov/rxd/src/src_libfabric_la-rxd_atomic.lo
[INFO] [stderr]     CC       prov/opx/src/src_libfabric_la-fi_opx_cm.lo
[INFO] [stderr]     CC       prov/opx/src/src_libfabric_la-fi_opx_av.lo
[INFO] [stderr]     CC       prov/opx/src/src_libfabric_la-fi_opx_atomic.lo
[INFO] [stderr]     CC       prov/opx/src/src_libfabric_la-fi_opx_cntr.lo
[INFO] [stderr]     CC       prov/opx/src/src_libfabric_la-fi_opx_cq.lo
[INFO] [stderr]     CC       prov/opx/src/src_libfabric_la-fi_opx_cq_ops_table_locking.lo
[INFO] [stderr]     CC       prov/opx/src/src_libfabric_la-fi_opx_cq_ops_table_locking_8192.lo
[INFO] [stderr]     CC       prov/opx/src/src_libfabric_la-fi_opx_cq_ops_table_locking_runtime.lo
[INFO] [stderr]   make[1]: Leaving directory '/opt/rustwide/target/debug/build/lamellar-libfabric-sys-475493f07863723b/out/build'
[INFO] [stderr] 
[INFO] [stderr]   --- stderr
[INFO] [stderr]   autoreconf: export WARNINGS=
[INFO] [stderr]   autoreconf: Entering directory '.'
[INFO] [stderr]   autoreconf: configure.ac: not using Gettext
[INFO] [stderr]   autoreconf: running: aclocal --force -I config
[INFO] [stderr]   autoreconf: configure.ac: tracing
[INFO] [stderr]   autoreconf: running: libtoolize --copy --force
[INFO] [stderr]   autoreconf: configure.ac: not using Intltool
[INFO] [stderr]   autoreconf: configure.ac: not using Gtkdoc
[INFO] [stderr]   autoreconf: running: aclocal --force -I config
[INFO] [stderr]   autoreconf: running: /usr/bin/autoconf --force
[INFO] [stderr]   configure.ac:562: warning: The macro 'AC_HELP_STRING' is obsolete.
[INFO] [stderr]   configure.ac:562: You should run autoupdate.
[INFO] [stderr]   ./lib/autoconf/general.m4:204: AC_HELP_STRING is expanded from...
[INFO] [stderr]   ./lib/autoconf/general.m4:1534: AC_ARG_ENABLE is expanded from...
[INFO] [stderr]   configure.ac:562: the top level
[INFO] [stderr]   autoreconf: running: /usr/bin/autoheader --force
[INFO] [stderr]   autoreconf: running: automake --add-missing --copy --force-missing
[INFO] [stderr]   configure.ac:70: installing 'config/ar-lib'
[INFO] [stderr]   configure.ac:66: installing 'config/compile'
[INFO] [stderr]   configure.ac:22: installing 'config/config.guess'
[INFO] [stderr]   configure.ac:22: installing 'config/config.sub'
[INFO] [stderr]   configure.ac:17: installing 'config/install-sh'
[INFO] [stderr]   configure.ac:17: installing 'config/missing'
[INFO] [stderr]   Makefile.am: installing 'config/depcomp'
[INFO] [stderr]   parallel-tests: installing 'config/test-driver'
[INFO] [stderr]   autoreconf: Leaving directory '.'
[INFO] [stderr]   make: warning: -j16 forced in submake: resetting jobserver mode.
[INFO] [stderr]   In file included from /opt/rustwide/target/debug/build/lamellar-libfabric-sys-475493f07863723b/out/src/prov/opx/include/rdma/opx/fi_opx_reliability.h:36,
[INFO] [stderr]                    from /opt/rustwide/target/debug/build/lamellar-libfabric-sys-475493f07863723b/out/src/prov/opx/include/rdma/opx/fi_opx_domain.h:44,
[INFO] [stderr]                    from /opt/rustwide/target/debug/build/lamellar-libfabric-sys-475493f07863723b/out/src/prov/opx/src/fi_opx_cntr.c:35:
[INFO] [stderr]   /opt/rustwide/target/debug/build/lamellar-libfabric-sys-475493f07863723b/out/src/prov/opx/include/rdma/opx/fi_opx.h:277:44: error: expected identifier or '(' before 'if'
[INFO] [stderr]     277 | #define OPX_COMPILE_TIME_ASSERT(cond, msg) if(0){switch(0){case 0:case cond:;}}
[INFO] [stderr]         |                                            ^~
[INFO] [stderr]   /opt/rustwide/target/debug/build/lamellar-libfabric-sys-475493f07863723b/out/src/prov/opx/include/rdma/opx/fi_opx_reliability.h:279:1: note: in expansion of macro 'OPX_COMPILE_TIME_ASSERT'
[INFO] [stderr]     279 | OPX_COMPILE_TIME_ASSERT(offsetof(struct fi_opx_reliability_tx_replay, sdma_we) == FI_OPX_CACHE_LINE_SIZE,
[INFO] [stderr]         | ^~~~~~~~~~~~~~~~~~~~~~~
[INFO] [stderr]   /opt/rustwide/target/debug/build/lamellar-libfabric-sys-475493f07863723b/out/src/prov/opx/include/rdma/opx/fi_opx.h:277:44: error: expected identifier or '(' before 'if'
[INFO] [stderr]     277 | #define OPX_COMPILE_TIME_ASSERT(cond, msg) if(0){switch(0){case 0:case cond:;}}
[INFO] [stderr]         |                                            ^~
[INFO] [stderr]   /opt/rustwide/target/debug/build/lamellar-libfabric-sys-475493f07863723b/out/src/prov/opx/include/rdma/opx/fi_opx_reliability.h:281:1: note: in expansion of macro 'OPX_COMPILE_TIME_ASSERT'
[INFO] [stderr]     281 | OPX_COMPILE_TIME_ASSERT((offsetof(struct fi_opx_reliability_tx_replay, scb) & (FI_OPX_CACHE_LINE_SIZE - 1)) == 0,
[INFO] [stderr]         | ^~~~~~~~~~~~~~~~~~~~~~~
[INFO] [stderr]   In file included from /opt/rustwide/target/debug/build/lamellar-libfabric-sys-475493f07863723b/out/src/prov/opx/include/rdma/opx/fi_opx_atomic.h:36,
[INFO] [stderr]                    from /opt/rustwide/target/debug/build/lamellar-libfabric-sys-475493f07863723b/out/src/prov/opx/src/fi_opx_atomic.c:34:
[INFO] [stderr]   /opt/rustwide/target/debug/build/lamellar-libfabric-sys-475493f07863723b/out/src/prov/opx/include/rdma/opx/fi_opx.h:277:44: error: expected identifier or '(' before 'if'
[INFO] [stderr]     277 | #define OPX_COMPILE_TIME_ASSERT(cond, msg) if(0){switch(0){case 0:case cond:;}}
[INFO] [stderr]         |                                            ^~
[INFO] [stderr]   /opt/rustwide/target/debug/build/lamellar-libfabric-sys-475493f07863723b/out/src/prov/opx/include/rdma/opx/fi_opx_reliability.h:279:1: note: in expansion of macro 'OPX_COMPILE_TIME_ASSERT'
[INFO] [stderr]     279 | OPX_COMPILE_TIME_ASSERT(offsetof(struct fi_opx_reliability_tx_replay, sdma_we) == FI_OPX_CACHE_LINE_SIZE,
[INFO] [stderr]         | ^~~~~~~~~~~~~~~~~~~~~~~
[INFO] [stderr]   /opt/rustwide/target/debug/build/lamellar-libfabric-sys-475493f07863723b/out/src/prov/opx/include/rdma/opx/fi_opx.h:277:44: error: expected identifier or '(' before 'if'
[INFO] [stderr]     277 | #define OPX_COMPILE_TIME_ASSERT(cond, msg) if(0){switch(0){case 0:case cond:;}}
[INFO] [stderr]         |                                            ^~
[INFO] [stderr]   /opt/rustwide/target/debug/build/lamellar-libfabric-sys-475493f07863723b/out/src/prov/opx/include/rdma/opx/fi_opx_reliability.h:281:1: note: in expansion of macro 'OPX_COMPILE_TIME_ASSERT'
[INFO] [stderr]     281 | OPX_COMPILE_TIME_ASSERT((offsetof(struct fi_opx_reliability_tx_replay, scb) & (FI_OPX_CACHE_LINE_SIZE - 1)) == 0,
[INFO] [stderr]         | ^~~~~~~~~~~~~~~~~~~~~~~
[INFO] [stderr]   /opt/rustwide/target/debug/build/lamellar-libfabric-sys-475493f07863723b/out/src/prov/opx/include/rdma/opx/fi_opx.h:277:44: error: expected identifier or '(' before 'if'
[INFO] [stderr]     277 | #define OPX_COMPILE_TIME_ASSERT(cond, msg) if(0){switch(0){case 0:case cond:;}}
[INFO] [stderr]         |                                            ^~
[INFO] [stderr]   /opt/rustwide/target/debug/build/lamellar-libfabric-sys-475493f07863723b/out/src/prov/opx/include/rdma/opx/fi_opx_match.h:62:1: note: in expansion of macro 'OPX_COMPILE_TIME_ASSERT'
[INFO] [stderr]      62 | OPX_COMPILE_TIME_ASSERT((FI_OPX_MATCH_UE_HT_SIZE & FI_OPX_MATCH_UE_HT_MASK) == 0,
[INFO] [stderr]         | ^~~~~~~~~~~~~~~~~~~~~~~
[INFO] [stderr]   /opt/rustwide/target/debug/build/lamellar-libfabric-sys-475493f07863723b/out/src/prov/opx/include/rdma/opx/fi_opx.h:277:44: error: expected identifier or '(' before 'if'
[INFO] [stderr]     277 | #define OPX_COMPILE_TIME_ASSERT(cond, msg) if(0){switch(0){case 0:case cond:;}}
[INFO] [stderr]         |                                            ^~
[INFO] [stderr]   /opt/rustwide/target/debug/build/lamellar-libfabric-sys-475493f07863723b/out/src/prov/opx/include/rdma/opx/fi_opx_endpoint.h:201:1: note: in expansion of macro 'OPX_COMPILE_TIME_ASSERT'
[INFO] [stderr]     201 | OPX_COMPILE_TIME_ASSERT(OPX_WORK_TYPE_SDMA == 0,
[INFO] [stderr]         | ^~~~~~~~~~~~~~~~~~~~~~~
[INFO] [stderr]   /opt/rustwide/target/debug/build/lamellar-libfabric-sys-475493f07863723b/out/src/prov/opx/include/rdma/opx/fi_opx.h:277:44: error: expected identifier or '(' before 'if'
[INFO] [stderr]     277 | #define OPX_COMPILE_TIME_ASSERT(cond, msg) if(0){switch(0){case 0:case cond:;}}
[INFO] [stderr]         |                                            ^~
[INFO] [stderr]   /opt/rustwide/target/debug/build/lamellar-libfabric-sys-475493f07863723b/out/src/prov/opx/include/rdma/opx/fi_opx_endpoint.h:323:1: note: in expansion of macro 'OPX_COMPILE_TIME_ASSERT'
[INFO] [stderr]     323 | OPX_COMPILE_TIME_ASSERT(offsetof(struct fi_opx_ep_tx, send) == (FI_OPX_CACHE_LINE_SIZE * 2),
[INFO] [stderr]         | ^~~~~~~~~~~~~~~~~~~~~~~
[INFO] [stderr]   /opt/rustwide/target/debug/build/lamellar-libfabric-sys-475493f07863723b/out/src/prov/opx/include/rdma/opx/fi_opx.h:277:44: error: expected identifier or '(' before 'if'
[INFO] [stderr]     277 | #define OPX_COMPILE_TIME_ASSERT(cond, msg) if(0){switch(0){case 0:case cond:;}}
[INFO] [stderr]         |                                            ^~
[INFO] [stderr]   /opt/rustwide/target/debug/build/lamellar-libfabric-sys-475493f07863723b/out/src/prov/opx/include/rdma/opx/fi_opx_endpoint.h:325:1: note: in expansion of macro 'OPX_COMPILE_TIME_ASSERT'
[INFO] [stderr]     325 | OPX_COMPILE_TIME_ASSERT(offsetof(struct fi_opx_ep_tx, rzv) == (FI_OPX_CACHE_LINE_SIZE * 3),
[INFO] [stderr]         | ^~~~~~~~~~~~~~~~~~~~~~~
[INFO] [stderr]   /opt/rustwide/target/debug/build/lamellar-libfabric-sys-475493f07863723b/out/src/prov/opx/include/rdma/opx/fi_opx.h:277:44: error: expected identifier or '(' before 'if'
[INFO] [stderr]     277 | #define OPX_COMPILE_TIME_ASSERT(cond, msg) if(0){switch(0){case 0:case cond:;}}
[INFO] [stderr]         |                                            ^~
[INFO] [stderr]   /opt/rustwide/target/debug/build/lamellar-libfabric-sys-475493f07863723b/out/src/prov/opx/include/rdma/opx/fi_opx_endpoint.h:327:1: note: in expansion of macro 'OPX_COMPILE_TIME_ASSERT'
[INFO] [stderr]     327 | OPX_COMPILE_TIME_ASSERT(offsetof(struct fi_opx_ep_tx, av_addr) == (FI_OPX_CACHE_LINE_SIZE * 4),
[INFO] [stderr]         | ^~~~~~~~~~~~~~~~~~~~~~~
[INFO] [stderr]   /opt/rustwide/target/debug/build/lamellar-libfabric-sys-475493f07863723b/out/src/prov/opx/include/rdma/opx/fi_opx.h:277:44: error: expected identifier or '(' before 'if'
[INFO] [stderr]     277 | #define OPX_COMPILE_TIME_ASSERT(cond, msg) if(0){switch(0){case 0:case cond:;}}
[INFO] [stderr]         |                                            ^~
[INFO] [stderr]   /opt/rustwide/target/debug/build/lamellar-libfabric-sys-475493f07863723b/out/src/prov/opx/include/rdma/opx/fi_opx_endpoint.h:329:1: note: in expansion of macro 'OPX_COMPILE_TIME_ASSERT'
[INFO] [stderr]     329 | OPX_COMPILE_TIME_ASSERT(offsetof(struct fi_opx_ep_tx, work_pending) == (FI_OPX_CACHE_LINE_SIZE * 5),
[INFO] [stderr]         | ^~~~~~~~~~~~~~~~~~~~~~~
[INFO] [stderr]   /opt/rustwide/target/debug/build/lamellar-libfabric-sys-475493f07863723b/out/src/prov/opx/include/rdma/opx/fi_opx.h:277:44: error: expected identifier or '(' before 'if'
[INFO] [stderr]     277 | #define OPX_COMPILE_TIME_ASSERT(cond, msg) if(0){switch(0){case 0:case cond:;}}
[INFO] [stderr]         |                                            ^~
[INFO] [stderr]   /opt/rustwide/target/debug/build/lamellar-libfabric-sys-475493f07863723b/out/src/prov/opx/include/rdma/opx/fi_opx_endpoint.h:331:1: note: in expansion of macro 'OPX_COMPILE_TIME_ASSERT'
[INFO] [stderr]     331 | OPX_COMPILE_TIME_ASSERT(offsetof(struct fi_opx_ep_tx, work_pending_completion) == (FI_OPX_CACHE_LINE_SIZE * 6),
[INFO] [stderr]         | ^~~~~~~~~~~~~~~~~~~~~~~
[INFO] [stderr]   /opt/rustwide/target/debug/build/lamellar-libfabric-sys-475493f07863723b/out/src/prov/opx/include/rdma/opx/fi_opx.h:277:44: error: expected identifier or '(' before 'if'
[INFO] [stderr]     277 | #define OPX_COMPILE_TIME_ASSERT(cond, msg) if(0){switch(0){case 0:case cond:;}}
[INFO] [stderr]         |                                            ^~
[INFO] [stderr]   /opt/rustwide/target/debug/build/lamellar-libfabric-sys-475493f07863723b/out/src/prov/opx/include/rdma/opx/fi_opx_endpoint.h:333:1: note: in expansion of macro 'OPX_COMPILE_TIME_ASSERT'
[INFO] [stderr]     333 | OPX_COMPILE_TIME_ASSERT(offsetof(struct fi_opx_ep_tx, sdma_request_queue) == (FI_OPX_CACHE_LINE_SIZE * 7),
[INFO] [stderr]         | ^~~~~~~~~~~~~~~~~~~~~~~
[INFO] [stderr]   /opt/rustwide/target/debug/build/lamellar-libfabric-sys-475493f07863723b/out/src/prov/opx/include/rdma/opx/fi_opx.h:277:44: error: expected identifier or '(' before 'if'
[INFO] [stderr]     277 | #define OPX_COMPILE_TIME_ASSERT(cond, msg) if(0){switch(0){case 0:case cond:;}}
[INFO] [stderr]         |                                            ^~
[INFO] [stderr]   /opt/rustwide/target/debug/build/lamellar-libfabric-sys-475493f07863723b/out/src/prov/opx/include/rdma/opx/fi_opx_endpoint.h:335:1: note: in expansion of macro 'OPX_COMPILE_TIME_ASSERT'
[INFO] [stderr]     335 | OPX_COMPILE_TIME_ASSERT(offsetof(struct fi_opx_ep_tx, ref_cnt) == (FI_OPX_CACHE_LINE_SIZE * 8),
[INFO] [stderr]         | ^~~~~~~~~~~~~~~~~~~~~~~
[INFO] [stderr]   /opt/rustwide/target/debug/build/lamellar-libfabric-sys-475493f07863723b/out/src/prov/opx/include/rdma/opx/fi_opx.h:277:44: error: expected identifier or '(' before 'if'
[INFO] [stderr]     277 | #define OPX_COMPILE_TIME_ASSERT(cond, msg) if(0){switch(0){case 0:case cond:;}}
[INFO] [stderr]         |                                            ^~
[INFO] [stderr]   /opt/rustwide/target/debug/build/lamellar-libfabric-sys-475493f07863723b/out/src/prov/opx/include/rdma/opx/fi_opx_endpoint.h:436:1: note: in expansion of macro 'OPX_COMPILE_TIME_ASSERT'
[INFO] [stderr]     436 | OPX_COMPILE_TIME_ASSERT(offsetof(struct fi_opx_ep_rx, queue) == FI_OPX_CACHE_LINE_SIZE,
[INFO] [stderr]         | ^~~~~~~~~~~~~~~~~~~~~~~
[INFO] [stderr]   /opt/rustwide/target/debug/build/lamellar-libfabric-sys-475493f07863723b/out/src/prov/opx/include/rdma/opx/fi_opx.h:277:44: error: expected identifier or '(' before 'if'
[INFO] [stderr]     277 | #define OPX_COMPILE_TIME_ASSERT(cond, msg) if(0){switch(0){case 0:case cond:;}}
[INFO] [stderr]         |                                            ^~
[INFO] [stderr]   /opt/rustwide/target/debug/build/lamellar-libfabric-sys-475493f07863723b/out/src/prov/opx/include/rdma/opx/fi_opx_endpoint.h:438:1: note: in expansion of macro 'OPX_COMPILE_TIME_ASSERT'
[INFO] [stderr]     438 | OPX_COMPILE_TIME_ASSERT(offsetof(struct fi_opx_ep_rx, cq_pending_ptr) == (FI_OPX_CACHE_LINE_SIZE * 3),
[INFO] [stderr]         | ^~~~~~~~~~~~~~~~~~~~~~~
[INFO] [stderr]   /opt/rustwide/target/debug/build/lamellar-libfabric-sys-475493f07863723b/out/src/prov/opx/include/rdma/opx/fi_opx.h:277:44: error: expected identifier or '(' before 'if'
[INFO] [stderr]     277 | #define OPX_COMPILE_TIME_ASSERT(cond, msg) if(0){switch(0){case 0:case cond:;}}
[INFO] [stderr]         |                                            ^~
[INFO] [stderr]   /opt/rustwide/target/debug/build/lamellar-libfabric-sys-475493f07863723b/out/src/prov/opx/include/rdma/opx/fi_opx_endpoint.h:440:1: note: in expansion of macro 'OPX_COMPILE_TIME_ASSERT'
[INFO] [stderr]     440 | OPX_COMPILE_TIME_ASSERT(offsetof(struct fi_opx_ep_rx, state) == (FI_OPX_CACHE_LINE_SIZE * 4),
[INFO] [stderr]         | ^~~~~~~~~~~~~~~~~~~~~~~
[INFO] [stderr]   /opt/rustwide/target/debug/build/lamellar-libfabric-sys-475493f07863723b/out/src/prov/opx/include/rdma/opx/fi_opx.h:277:44: error: expected identifier or '(' before 'if'
[INFO] [stderr]     277 | #define OPX_COMPILE_TIME_ASSERT(cond, msg) if(0){switch(0){case 0:case cond:;}}
[INFO] [stderr]         |                                            ^~
[INFO] [stderr]   /opt/rustwide/target/debug/build/lamellar-libfabric-sys-475493f07863723b/out/src/prov/opx/include/rdma/opx/fi_opx_endpoint.h:442:1: note: in expansion of macro 'OPX_COMPILE_TIME_ASSERT'
[INFO] [stderr]     442 | OPX_COMPILE_TIME_ASSERT(offsetof(struct fi_opx_ep_rx, tx) == (FI_OPX_CACHE_LINE_SIZE * 5),
[INFO] [stderr]         | ^~~~~~~~~~~~~~~~~~~~~~~
[INFO] [stderr]   /opt/rustwide/target/debug/build/lamellar-libfabric-sys-475493f07863723b/out/src/prov/opx/include/rdma/opx/fi_opx.h:277:44: error: expected identifier or '(' before 'if'
[INFO] [stderr]     277 | #define OPX_COMPILE_TIME_ASSERT(cond, msg) if(0){switch(0){case 0:case cond:;}}
[INFO] [stderr]         |                                            ^~
[INFO] [stderr]   /opt/rustwide/target/debug/build/lamellar-libfabric-sys-475493f07863723b/out/src/prov/opx/include/rdma/opx/fi_opx_endpoint.h:561:1: note: in expansion of macro 'OPX_COMPILE_TIME_ASSERT'
[INFO] [stderr]     561 | OPX_COMPILE_TIME_ASSERT(offsetof(struct fi_opx_ep, recv_cntr) == (FI_OPX_CACHE_LINE_SIZE * 2),
[INFO] [stderr]         | ^~~~~~~~~~~~~~~~~~~~~~~
[INFO] [stderr]   /opt/rustwide/target/debug/build/lamellar-libfabric-sys-475493f07863723b/out/src/prov/opx/include/rdma/opx/fi_opx.h:277:44: error: expected identifier or '(' before 'if'
[INFO] [stderr]     277 | #define OPX_COMPILE_TIME_ASSERT(cond, msg) if(0){switch(0){case 0:case cond:;}}
[INFO] [stderr]         |                                            ^~
[INFO] [stderr]   /opt/rustwide/target/debug/build/lamellar-libfabric-sys-475493f07863723b/out/src/prov/opx/include/rdma/opx/fi_opx_endpoint.h:563:1: note: in expansion of macro 'OPX_COMPILE_TIME_ASSERT'
[INFO] [stderr]     563 | OPX_COMPILE_TIME_ASSERT(offsetof(struct fi_opx_ep, hfi) == (FI_OPX_CACHE_LINE_SIZE * 3),
[INFO] [stderr]         | ^~~~~~~~~~~~~~~~~~~~~~~
[INFO] [stderr]   /opt/rustwide/target/debug/build/lamellar-libfabric-sys-475493f07863723b/out/src/prov/opx/include/rdma/opx/fi_opx.h:277:44: error: expected identifier or '(' before 'if'
[INFO] [stderr]     277 | #define OPX_COMPILE_TIME_ASSERT(cond, msg) if(0){switch(0){case 0:case cond:;}}
[INFO] [stderr]         |                                            ^~
[INFO] [stderr]   /opt/rustwide/target/debug/build/lamellar-libfabric-sys-475493f07863723b/out/src/prov/opx/include/rdma/opx/fi_opx_endpoint.h:565:1: note: in expansion of macro 'OPX_COMPILE_TIME_ASSERT'
[INFO] [stderr]     565 | OPX_COMPILE_TIME_ASSERT(offsetof(struct fi_opx_ep, common_info) == (FI_OPX_CACHE_LINE_SIZE * 4),
[INFO] [stderr]         | ^~~~~~~~~~~~~~~~~~~~~~~
[INFO] [stderr]   /opt/rustwide/target/debug/build/lamellar-libfabric-sys-475493f07863723b/out/src/prov/opx/include/rdma/opx/fi_opx.h:277:44: error: expected identifier or '(' before 'if'
[INFO] [stderr]     277 | #define OPX_COMPILE_TIME_ASSERT(cond, msg) if(0){switch(0){case 0:case cond:;}}
[INFO] [stderr]         |                                            ^~
[INFO] [stderr]   /opt/rustwide/target/debug/build/lamellar-libfabric-sys-475493f07863723b/out/src/prov/opx/include/rdma/opx/fi_opx_endpoint.h:567:1: note: in expansion of macro 'OPX_COMPILE_TIME_ASSERT'
[INFO] [stderr]     567 | OPX_COMPILE_TIME_ASSERT(offsetof(struct fi_opx_ep, init_send_cntr) == (FI_OPX_CACHE_LINE_SIZE * 5),
[INFO] [stderr]         | ^~~~~~~~~~~~~~~~~~~~~~~
[INFO] [stderr]   /opt/rustwide/target/debug/build/lamellar-libfabric-sys-475493f07863723b/out/src/prov/opx/include/rdma/opx/fi_opx.h:277:44: error: expected identifier or '(' before 'if'
[INFO] [stderr]     277 | #define OPX_COMPILE_TIME_ASSERT(cond, msg) if(0){switch(0){case 0:case cond:;}}
[INFO] [stderr]         |                                            ^~
[INFO] [stderr]   /opt/rustwide/target/debug/build/lamellar-libfabric-sys-475493f07863723b/out/src/prov/opx/include/rdma/opx/fi_opx_endpoint.h:569:1: note: in expansion of macro 'OPX_COMPILE_TIME_ASSERT'
[INFO] [stderr]     569 | OPX_COMPILE_TIME_ASSERT(offsetof(struct fi_opx_ep, lock) == ((FI_OPX_CACHE_LINE_SIZE * 5)+52),
[INFO] [stderr]         | ^~~~~~~~~~~~~~~~~~~~~~~
[INFO] [stderr]   /opt/rustwide/target/debug/build/lamellar-libfabric-sys-475493f07863723b/out/src/prov/opx/include/rdma/opx/fi_opx.h:277:44: error: expected identifier or '(' before 'if'
[INFO] [stderr]     277 | #define OPX_COMPILE_TIME_ASSERT(cond, msg) if(0){switch(0){case 0:case cond:;}}
[INFO] [stderr]         |                                            ^~
[INFO] [stderr]   /opt/rustwide/target/debug/build/lamellar-libfabric-sys-475493f07863723b/out/src/prov/opx/include/rdma/opx/fi_opx_hmem.h:60:1: note: in expansion of macro 'OPX_COMPILE_TIME_ASSERT'
[INFO] [stderr]      60 | OPX_COMPILE_TIME_ASSERT((sizeof(struct fi_opx_hmem_info) & 0x7) == 0,
[INFO] [stderr]         | ^~~~~~~~~~~~~~~~~~~~~~~
[INFO] [stderr]   /opt/rustwide/target/debug/build/lamellar-libfabric-sys-475493f07863723b/out/src/prov/opx/include/rdma/opx/fi_opx.h:277:44: error: expected identifier or '(' before 'if'
[INFO] [stderr]     277 | #define OPX_COMPILE_TIME_ASSERT(cond, msg) if(0){switch(0){case 0:case cond:;}}
[INFO] [stderr]         |                                            ^~
[INFO] [stderr]   /opt/rustwide/target/debug/build/lamellar-libfabric-sys-475493f07863723b/out/src/prov/opx/include/rdma/opx/fi_opx_match.h:62:1: note: in expansion of macro 'OPX_COMPILE_TIME_ASSERT'
[INFO] [stderr]      62 | OPX_COMPILE_TIME_ASSERT((FI_OPX_MATCH_UE_HT_SIZE & FI_OPX_MATCH_UE_HT_MASK) == 0,
[INFO] [stderr]         | ^~~~~~~~~~~~~~~~~~~~~~~
[INFO] [stderr]   /opt/rustwide/target/debug/build/lamellar-libfabric-sys-475493f07863723b/out/src/prov/opx/include/rdma/opx/fi_opx.h:277:44: error: expected identifier or '(' before 'if'
[INFO] [stderr]     277 | #define OPX_COMPILE_TIME_ASSERT(cond, msg) if(0){switch(0){case 0:case cond:;}}
[INFO] [stderr]         |                                            ^~
[INFO] [stderr]   /opt/rustwide/target/debug/build/lamellar-libfabric-sys-475493f07863723b/out/src/prov/opx/include/rdma/opx/fi_opx_hfi1_transport.h:441:1: note: in expansion of macro 'OPX_COMPILE_TIME_ASSERT'
[INFO] [stderr]     441 | OPX_COMPILE_TIME_ASSERT((offsetof(struct fi_opx_hfi1_dput_params, compare_iov) & 7) == 0, "compare_iov not 8-byte aligned!");
[INFO] [stderr]         | ^~~~~~~~~~~~~~~~~~~~~~~
[INFO] [stderr]   /opt/rustwide/target/debug/build/lamellar-libfabric-sys-475493f07863723b/out/src/prov/opx/include/rdma/opx/fi_opx.h:277:44: error: expected identifier or '(' before 'if'
[INFO] [stderr]     277 | #define OPX_COMPILE_TIME_ASSERT(cond, msg) if(0){switch(0){case 0:case cond:;}}
[INFO] [stderr]         |                                            ^~
[INFO] [stderr]   /opt/rustwide/target/debug/build/lamellar-libfabric-sys-475493f07863723b/out/src/prov/opx/include/rdma/opx/fi_opx_hfi1_transport.h:490:1: note: in expansion of macro 'OPX_COMPILE_TIME_ASSERT'
[INFO] [stderr]     490 | OPX_COMPILE_TIME_ASSERT(offsetof(struct fi_opx_hfi1_rx_rzv_rts_params, tid_info)
[INFO] [stderr]         | ^~~~~~~~~~~~~~~~~~~~~~~
[INFO] [stderr]   /opt/rustwide/target/debug/build/lamellar-libfabric-sys-475493f07863723b/out/src/prov/opx/include/rdma/opx/fi_opx.h:277:44: error: expected identifier or '(' before 'if'
[INFO] [stderr]     277 | #define OPX_COMPILE_TIME_ASSERT(cond, msg) if(0){switch(0){case 0:case cond:;}}
[INFO] [stderr]         |                                            ^~
[INFO] [stderr]   /opt/rustwide/target/debug/build/lamellar-libfabric-sys-475493f07863723b/out/src/prov/opx/include/rdma/opx/fi_opx_hfi1_transport.h:494:1: note: in expansion of macro 'OPX_COMPILE_TIME_ASSERT'
[INFO] [stderr]     494 | OPX_COMPILE_TIME_ASSERT(sizeof(((struct fi_opx_hfi1_rx_rzv_rts_params *)0)->dput_iov)
[INFO] [stderr]         | ^~~~~~~~~~~~~~~~~~~~~~~
[INFO] [stderr]   /opt/rustwide/target/debug/build/lamellar-libfabric-sys-475493f07863723b/out/src/prov/opx/include/rdma/opx/fi_opx.h:277:44: error: expected identifier or '(' before 'if'
[INFO] [stderr]     277 | #define OPX_COMPILE_TIME_ASSERT(cond, msg) if(0){switch(0){case 0:case cond:;}}
[INFO] [stderr]         |                                            ^~
[INFO] [stderr]   /opt/rustwide/target/debug/build/lamellar-libfabric-sys-475493f07863723b/out/src/prov/opx/include/rdma/opx/fi_opx_hfi1_transport.h:497:1: note: in expansion of macro 'OPX_COMPILE_TIME_ASSERT'
[INFO] [stderr]     497 | OPX_COMPILE_TIME_ASSERT(sizeof(((struct fi_opx_hfi1_rx_rzv_rts_params *)0)->tidpairs)
[INFO] [stderr]         | ^~~~~~~~~~~~~~~~~~~~~~~
[INFO] [stderr]   /opt/rustwide/target/debug/build/lamellar-libfabric-sys-475493f07863723b/out/src/prov/opx/include/rdma/opx/fi_opx.h:277:44: error: expected identifier or '(' before 'if'
[INFO] [stderr]     277 | #define OPX_COMPILE_TIME_ASSERT(cond, msg) if(0){switch(0){case 0:case cond:;}}
[INFO] [stderr]         |                                            ^~
[INFO] [stderr]   /opt/rustwide/target/debug/build/lamellar-libfabric-sys-475493f07863723b/out/src/prov/opx/include/rdma/opx/fi_opx_endpoint.h:201:1: note: in expansion of macro 'OPX_COMPILE_TIME_ASSERT'
[INFO] [stderr]     201 | OPX_COMPILE_TIME_ASSERT(OPX_WORK_TYPE_SDMA == 0,
[INFO] [stderr]         | ^~~~~~~~~~~~~~~~~~~~~~~
[INFO] [stderr]   /opt/rustwide/target/debug/build/lamellar-libfabric-sys-475493f07863723b/out/src/prov/opx/include/rdma/opx/fi_opx.h:277:44: error: expected identifier or '(' before 'if'
[INFO] [stderr]     277 | #define OPX_COMPILE_TIME_ASSERT(cond, msg) if(0){switch(0){case 0:case cond:;}}
[INFO] [stderr]         |                                            ^~
[INFO] [stderr]   /opt/rustwide/target/debug/build/lamellar-libfabric-sys-475493f07863723b/out/src/prov/opx/include/rdma/opx/fi_opx_endpoint.h:323:1: note: in expansion of macro 'OPX_COMPILE_TIME_ASSERT'
[INFO] [stderr]     323 | OPX_COMPILE_TIME_ASSERT(offsetof(struct fi_opx_ep_tx, send) == (FI_OPX_CACHE_LINE_SIZE * 2),
[INFO] [stderr]         | ^~~~~~~~~~~~~~~~~~~~~~~
[INFO] [stderr]   /opt/rustwide/target/debug/build/lamellar-libfabric-sys-475493f07863723b/out/src/prov/opx/include/rdma/opx/fi_opx.h:277:44: error: expected identifier or '(' before 'if'
[INFO] [stderr]     277 | #define OPX_COMPILE_TIME_ASSERT(cond, msg) if(0){switch(0){case 0:case cond:;}}
[INFO] [stderr]         |                                            ^~
[INFO] [stderr]   /opt/rustwide/target/debug/build/lamellar-libfabric-sys-475493f07863723b/out/src/prov/opx/include/rdma/opx/fi_opx_endpoint.h:325:1: note: in expansion of macro 'OPX_COMPILE_TIME_ASSERT'
[INFO] [stderr]     325 | OPX_COMPILE_TIME_ASSERT(offsetof(struct fi_opx_ep_tx, rzv) == (FI_OPX_CACHE_LINE_SIZE * 3),
[INFO] [stderr]         | ^~~~~~~~~~~~~~~~~~~~~~~
[INFO] [stderr]   /opt/rustwide/target/debug/build/lamellar-libfabric-sys-475493f07863723b/out/src/prov/opx/include/rdma/opx/fi_opx.h:277:44: error: expected identifier or '(' before 'if'
[INFO] [stderr]     277 | #define OPX_COMPILE_TIME_ASSERT(cond, msg) if(0){switch(0){case 0:case cond:;}}
[INFO] [stderr]         |                                            ^~
[INFO] [stderr]   /opt/rustwide/target/debug/build/lamellar-libfabric-sys-475493f07863723b/out/src/prov/opx/include/rdma/opx/fi_opx_endpoint.h:327:1: note: in expansion of macro 'OPX_COMPILE_TIME_ASSERT'
[INFO] [stderr]     327 | OPX_COMPILE_TIME_ASSERT(offsetof(struct fi_opx_ep_tx, av_addr) == (FI_OPX_CACHE_LINE_SIZE * 4),
[INFO] [stderr]         | ^~~~~~~~~~~~~~~~~~~~~~~
[INFO] [stderr]   /opt/rustwide/target/debug/build/lamellar-libfabric-sys-475493f07863723b/out/src/prov/opx/include/rdma/opx/fi_opx.h:277:44: error: expected identifier or '(' before 'if'
[INFO] [stderr]     277 | #define OPX_COMPILE_TIME_ASSERT(cond, msg) if(0){switch(0){case 0:case cond:;}}
[INFO] [stderr]         |                                            ^~
[INFO] [stderr]   /opt/rustwide/target/debug/build/lamellar-libfabric-sys-475493f07863723b/out/src/prov/opx/include/rdma/opx/fi_opx_endpoint.h:329:1: note: in expansion of macro 'OPX_COMPILE_TIME_ASSERT'
[INFO] [stderr]     329 | OPX_COMPILE_TIME_ASSERT(offsetof(struct fi_opx_ep_tx, work_pending) == (FI_OPX_CACHE_LINE_SIZE * 5),
[INFO] [stderr]         | ^~~~~~~~~~~~~~~~~~~~~~~
[INFO] [stderr]   /opt/rustwide/target/debug/build/lamellar-libfabric-sys-475493f07863723b/out/src/prov/opx/include/rdma/opx/fi_opx.h:277:44: error: expected identifier or '(' before 'if'
[INFO] [stderr]     277 | #define OPX_COMPILE_TIME_ASSERT(cond, msg) if(0){switch(0){case 0:case cond:;}}
[INFO] [stderr]         |                                            ^~
[INFO] [stderr]   /opt/rustwide/target/debug/build/lamellar-libfabric-sys-475493f07863723b/out/src/prov/opx/include/rdma/opx/fi_opx_endpoint.h:331:1: note: in expansion of macro 'OPX_COMPILE_TIME_ASSERT'
[INFO] [stderr]     331 | OPX_COMPILE_TIME_ASSERT(offsetof(struct fi_opx_ep_tx, work_pending_completion) == (FI_OPX_CACHE_LINE_SIZE * 6),
[INFO] [stderr]         | ^~~~~~~~~~~~~~~~~~~~~~~
[INFO] [stderr]   /opt/rustwide/target/debug/build/lamellar-libfabric-sys-475493f07863723b/out/src/prov/opx/include/rdma/opx/fi_opx.h:277:44: error: expected identifier or '(' before 'if'
[INFO] [stderr]     277 | #define OPX_COMPILE_TIME_ASSERT(cond, msg) if(0){switch(0){case 0:case cond:;}}
[INFO] [stderr]         |                                            ^~
[INFO] [stderr]   /opt/rustwide/target/debug/build/lamellar-libfabric-sys-475493f07863723b/out/src/prov/opx/include/rdma/opx/fi_opx_endpoint.h:333:1: note: in expansion of macro 'OPX_COMPILE_TIME_ASSERT'
[INFO] [stderr]     333 | OPX_COMPILE_TIME_ASSERT(offsetof(struct fi_opx_ep_tx, sdma_request_queue) == (FI_OPX_CACHE_LINE_SIZE * 7),
[INFO] [stderr]         | ^~~~~~~~~~~~~~~~~~~~~~~
[INFO] [stderr]   /opt/rustwide/target/debug/build/lamellar-libfabric-sys-475493f07863723b/out/src/prov/opx/include/rdma/opx/fi_opx.h:277:44: error: expected identifier or '(' before 'if'
[INFO] [stderr]     277 | #define OPX_COMPILE_TIME_ASSERT(cond, msg) if(0){switch(0){case 0:case cond:;}}
[INFO] [stderr]         |                                            ^~
[INFO] [stderr]   /opt/rustwide/target/debug/build/lamellar-libfabric-sys-475493f07863723b/out/src/prov/opx/include/rdma/opx/fi_opx_endpoint.h:335:1: note: in expansion of macro 'OPX_COMPILE_TIME_ASSERT'
[INFO] [stderr]     335 | OPX_COMPILE_TIME_ASSERT(offsetof(struct fi_opx_ep_tx, ref_cnt) == (FI_OPX_CACHE_LINE_SIZE * 8),
[INFO] [stderr]         | ^~~~~~~~~~~~~~~~~~~~~~~
[INFO] [stderr]   /opt/rustwide/target/debug/build/lamellar-libfabric-sys-475493f07863723b/out/src/prov/opx/include/rdma/opx/fi_opx.h:277:44: error: expected identifier or '(' before 'if'
[INFO] [stderr]     277 | #define OPX_COMPILE_TIME_ASSERT(cond, msg) if(0){switch(0){case 0:case cond:;}}
[INFO] [stderr]         |                                            ^~
[INFO] [stderr]   /opt/rustwide/target/debug/build/lamellar-libfabric-sys-475493f07863723b/out/src/prov/opx/include/rdma/opx/fi_opx_endpoint.h:436:1: note: in expansion of macro 'OPX_COMPILE_TIME_ASSERT'
[INFO] [stderr]     436 | OPX_COMPILE_TIME_ASSERT(offsetof(struct fi_opx_ep_rx, queue) == FI_OPX_CACHE_LINE_SIZE,
[INFO] [stderr]         | ^~~~~~~~~~~~~~~~~~~~~~~
[INFO] [stderr]   /opt/rustwide/target/debug/build/lamellar-libfabric-sys-475493f07863723b/out/src/prov/opx/include/rdma/opx/fi_opx.h:277:44: error: expected identifier or '(' before 'if'
[INFO] [stderr]     277 | #define OPX_COMPILE_TIME_ASSERT(cond, msg) if(0){switch(0){case 0:case cond:;}}
[INFO] [stderr]         |                                            ^~
[INFO] [stderr]   /opt/rustwide/target/debug/build/lamellar-libfabric-sys-475493f07863723b/out/src/prov/opx/include/rdma/opx/fi_opx_endpoint.h:438:1: note: in expansion of macro 'OPX_COMPILE_TIME_ASSERT'
[INFO] [stderr]     438 | OPX_COMPILE_TIME_ASSERT(offsetof(struct fi_opx_ep_rx, cq_pending_ptr) == (FI_OPX_CACHE_LINE_SIZE * 3),
[INFO] [stderr]         | ^~~~~~~~~~~~~~~~~~~~~~~
[INFO] [stderr]   /opt/rustwide/target/debug/build/lamellar-libfabric-sys-475493f07863723b/out/src/prov/opx/include/rdma/opx/fi_opx.h:277:44: error: expected identifier or '(' before 'if'
[INFO] [stderr]     277 | #define OPX_COMPILE_TIME_ASSERT(cond, msg) if(0){switch(0){case 0:case cond:;}}
[INFO] [stderr]         |                                            ^~
[INFO] [stderr]   /opt/rustwide/target/debug/build/lamellar-libfabric-sys-475493f07863723b/out/src/prov/opx/include/rdma/opx/fi_opx_endpoint.h:440:1: note: in expansion of macro 'OPX_COMPILE_TIME_ASSERT'
[INFO] [stderr]     440 | OPX_COMPILE_TIME_ASSERT(offsetof(struct fi_opx_ep_rx, state) == (FI_OPX_CACHE_LINE_SIZE * 4),
[INFO] [stderr]         | ^~~~~~~~~~~~~~~~~~~~~~~
[INFO] [stderr]   /opt/rustwide/target/debug/build/lamellar-libfabric-sys-475493f07863723b/out/src/prov/opx/include/rdma/opx/fi_opx.h:277:44: error: expected identifier or '(' before 'if'
[INFO] [stderr]     277 | #define OPX_COMPILE_TIME_ASSERT(cond, msg) if(0){switch(0){case 0:case cond:;}}
[INFO] [stderr]         |                                            ^~
[INFO] [stderr]   /opt/rustwide/target/debug/build/lamellar-libfabric-sys-475493f07863723b/out/src/prov/opx/include/rdma/opx/fi_opx_endpoint.h:442:1: note: in expansion of macro 'OPX_COMPILE_TIME_ASSERT'
[INFO] [stderr]     442 | OPX_COMPILE_TIME_ASSERT(offsetof(struct fi_opx_ep_rx, tx) == (FI_OPX_CACHE_LINE_SIZE * 5),
[INFO] [stderr]         | ^~~~~~~~~~~~~~~~~~~~~~~
[INFO] [stderr]   /opt/rustwide/target/debug/build/lamellar-libfabric-sys-475493f07863723b/out/src/prov/opx/include/rdma/opx/fi_opx.h:277:44: error: expected identifier or '(' before 'if'
[INFO] [stderr]     277 | #define OPX_COMPILE_TIME_ASSERT(cond, msg) if(0){switch(0){case 0:case cond:;}}
[INFO] [stderr]         |                                            ^~
[INFO] [stderr]   /opt/rustwide/target/debug/build/lamellar-libfabric-sys-475493f07863723b/out/src/prov/opx/include/rdma/opx/fi_opx_endpoint.h:561:1: note: in expansion of macro 'OPX_COMPILE_TIME_ASSERT'
[INFO] [stderr]     561 | OPX_COMPILE_TIME_ASSERT(offsetof(struct fi_opx_ep, recv_cntr) == (FI_OPX_CACHE_LINE_SIZE * 2),
[INFO] [stderr]         | ^~~~~~~~~~~~~~~~~~~~~~~
[INFO] [stderr]   /opt/rustwide/target/debug/build/lamellar-libfabric-sys-475493f07863723b/out/src/prov/opx/include/rdma/opx/fi_opx.h:277:44: error: expected identifier or '(' before 'if'
[INFO] [stderr]     277 | #define OPX_COMPILE_TIME_ASSERT(cond, msg) if(0){switch(0){case 0:case cond:;}}
[INFO] [stderr]         |                                            ^~
[INFO] [stderr]   /opt/rustwide/target/debug/build/lamellar-libfabric-sys-475493f07863723b/out/src/prov/opx/include/rdma/opx/fi_opx_endpoint.h:563:1: note: in expansion of macro 'OPX_COMPILE_TIME_ASSERT'
[INFO] [stderr]     563 | OPX_COMPILE_TIME_ASSERT(offsetof(struct fi_opx_ep, hfi) == (FI_OPX_CACHE_LINE_SIZE * 3),
[INFO] [stderr]         | ^~~~~~~~~~~~~~~~~~~~~~~
[INFO] [stderr]   /opt/rustwide/target/debug/build/lamellar-libfabric-sys-475493f07863723b/out/src/prov/opx/include/rdma/opx/fi_opx.h:277:44: error: expected identifier or '(' before 'if'
[INFO] [stderr]     277 | #define OPX_COMPILE_TIME_ASSERT(cond, msg) if(0){switch(0){case 0:case cond:;}}
[INFO] [stderr]         |                                            ^~
[INFO] [stderr]   /opt/rustwide/target/debug/build/lamellar-libfabric-sys-475493f07863723b/out/src/prov/opx/include/rdma/opx/fi_opx_endpoint.h:565:1: note: in expansion of macro 'OPX_COMPILE_TIME_ASSERT'
[INFO] [stderr]     565 | OPX_COMPILE_TIME_ASSERT(offsetof(struct fi_opx_ep, common_info) == (FI_OPX_CACHE_LINE_SIZE * 4),
[INFO] [stderr]         | ^~~~~~~~~~~~~~~~~~~~~~~
[INFO] [stderr]   /opt/rustwide/target/debug/build/lamellar-libfabric-sys-475493f07863723b/out/src/prov/opx/include/rdma/opx/fi_opx.h:277:44: error: expected identifier or '(' before 'if'
[INFO] [stderr]     277 | #define OPX_COMPILE_TIME_ASSERT(cond, msg) if(0){switch(0){case 0:case cond:;}}
[INFO] [stderr]         |                                            ^~
[INFO] [stderr]   /opt/rustwide/target/debug/build/lamellar-libfabric-sys-475493f07863723b/out/src/prov/opx/include/rdma/opx/fi_opx_endpoint.h:567:1: note: in expansion of macro 'OPX_COMPILE_TIME_ASSERT'
[INFO] [stderr]     567 | OPX_COMPILE_TIME_ASSERT(offsetof(struct fi_opx_ep, init_send_cntr) == (FI_OPX_CACHE_LINE_SIZE * 5),
[INFO] [stderr]         | ^~~~~~~~~~~~~~~~~~~~~~~
[INFO] [stderr]   /opt/rustwide/target/debug/build/lamellar-libfabric-sys-475493f07863723b/out/src/prov/opx/include/rdma/opx/fi_opx.h:277:44: error: expected identifier or '(' before 'if'
[INFO] [stderr]     277 | #define OPX_COMPILE_TIME_ASSERT(cond, msg) if(0){switch(0){case 0:case cond:;}}
[INFO] [stderr]         |                                            ^~
[INFO] [stderr]   /opt/rustwide/target/debug/build/lamellar-libfabric-sys-475493f07863723b/out/src/prov/opx/include/rdma/opx/fi_opx_endpoint.h:569:1: note: in expansion of macro 'OPX_COMPILE_TIME_ASSERT'
[INFO] [stderr]     569 | OPX_COMPILE_TIME_ASSERT(offsetof(struct fi_opx_ep, lock) == ((FI_OPX_CACHE_LINE_SIZE * 5)+52),
[INFO] [stderr]         | ^~~~~~~~~~~~~~~~~~~~~~~
[INFO] [stderr]   /opt/rustwide/target/debug/build/lamellar-libfabric-sys-475493f07863723b/out/src/prov/opx/include/rdma/opx/fi_opx.h:277:44: error: expected identifier or '(' before 'if'
[INFO] [stderr]     277 | #define OPX_COMPILE_TIME_ASSERT(cond, msg) if(0){switch(0){case 0:case cond:;}}
[INFO] [stderr]         |                                            ^~
[INFO] [stderr]   /opt/rustwide/target/debug/build/lamellar-libfabric-sys-475493f07863723b/out/src/prov/opx/include/rdma/opx/fi_opx_hmem.h:60:1: note: in expansion of macro 'OPX_COMPILE_TIME_ASSERT'
[INFO] [stderr]      60 | OPX_COMPILE_TIME_ASSERT((sizeof(struct fi_opx_hmem_info) & 0x7) == 0,
[INFO] [stderr]         | ^~~~~~~~~~~~~~~~~~~~~~~
[INFO] [stderr]   /opt/rustwide/target/debug/build/lamellar-libfabric-sys-475493f07863723b/out/src/prov/opx/include/rdma/opx/fi_opx.h:277:44: error: expected identifier or '(' before 'if'
[INFO] [stderr]     277 | #define OPX_COMPILE_TIME_ASSERT(cond, msg) if(0){switch(0){case 0:case cond:;}}
[INFO] [stderr]         |                                            ^~
[INFO] [stderr]   /opt/rustwide/target/debug/build/lamellar-libfabric-sys-475493f07863723b/out/src/prov/opx/include/rdma/opx/fi_opx_hfi1_transport.h:441:1: note: in expansion of macro 'OPX_COMPILE_TIME_ASSERT'
[INFO] [stderr]     441 | OPX_COMPILE_TIME_ASSERT((offsetof(struct fi_opx_hfi1_dput_params, compare_iov) & 7) == 0, "compare_iov not 8-byte aligned!");
[INFO] [stderr]         | ^~~~~~~~~~~~~~~~~~~~~~~
[INFO] [stderr]   /opt/rustwide/target/debug/build/lamellar-libfabric-sys-475493f07863723b/out/src/prov/opx/include/rdma/opx/fi_opx.h:277:44: error: expected identifier or '(' before 'if'
[INFO] [stderr]     277 | #define OPX_COMPILE_TIME_ASSERT(cond, msg) if(0){switch(0){case 0:case cond:;}}
[INFO] [stderr]         |                                            ^~
[INFO] [stderr]   /opt/rustwide/target/debug/build/lamellar-libfabric-sys-475493f07863723b/out/src/prov/opx/include/rdma/opx/fi_opx_hfi1_transport.h:490:1: note: in expansion of macro 'OPX_COMPILE_TIME_ASSERT'
[INFO] [stderr]     490 | OPX_COMPILE_TIME_ASSERT(offsetof(struct fi_opx_hfi1_rx_rzv_rts_params, tid_info)
[INFO] [stderr]         | ^~~~~~~~~~~~~~~~~~~~~~~
[INFO] [stderr]   /opt/rustwide/target/debug/build/lamellar-libfabric-sys-475493f07863723b/out/src/prov/opx/include/rdma/opx/fi_opx.h:277:44: error: expected identifier or '(' before 'if'
[INFO] [stderr]     277 | #define OPX_COMPILE_TIME_ASSERT(cond, msg) if(0){switch(0){case 0:case cond:;}}
[INFO] [stderr]         |                                            ^~
[INFO] [stderr]   /opt/rustwide/target/debug/build/lamellar-libfabric-sys-475493f07863723b/out/src/prov/opx/include/rdma/opx/fi_opx_hfi1_transport.h:494:1: note: in expansion of macro 'OPX_COMPILE_TIME_ASSERT'
[INFO] [stderr]     494 | OPX_COMPILE_TIME_ASSERT(sizeof(((struct fi_opx_hfi1_rx_rzv_rts_params *)0)->dput_iov)
[INFO] [stderr]         | ^~~~~~~~~~~~~~~~~~~~~~~
[INFO] [stderr]   /opt/rustwide/target/debug/build/lamellar-libfabric-sys-475493f07863723b/out/src/prov/opx/include/rdma/opx/fi_opx.h:277:44: error: expected identifier or '(' before 'if'
[INFO] [stderr]     277 | #define OPX_COMPILE_TIME_ASSERT(cond, msg) if(0){switch(0){case 0:case cond:;}}
[INFO] [stderr]         |                                            ^~
[INFO] [stderr]   /opt/rustwide/target/debug/build/lamellar-libfabric-sys-475493f07863723b/out/src/prov/opx/include/rdma/opx/fi_opx_hfi1_transport.h:497:1: note: in expansion of macro 'OPX_COMPILE_TIME_ASSERT'
[INFO] [stderr]     497 | OPX_COMPILE_TIME_ASSERT(sizeof(((struct fi_opx_hfi1_rx_rzv_rts_params *)0)->tidpairs)
[INFO] [stderr]         | ^~~~~~~~~~~~~~~~~~~~~~~
[INFO] [stderr]   /opt/rustwide/target/debug/build/lamellar-libfabric-sys-475493f07863723b/out/src/prov/opx/include/rdma/opx/fi_opx.h:277:44: error: expected identifier or '(' before 'if'
[INFO] [stderr]     277 | #define OPX_COMPILE_TIME_ASSERT(cond, msg) if(0){switch(0){case 0:case cond:;}}
[INFO] [stderr]         |                                            ^~
[INFO] [stderr]   /opt/rustwide/target/debug/build/lamellar-libfabric-sys-475493f07863723b/out/src/prov/opx/include/rdma/opx/fi_opx_hfi1_progress.h:80:1: note: in expansion of macro 'OPX_COMPILE_TIME_ASSERT'
[INFO] [stderr]      80 | OPX_COMPILE_TIME_ASSERT((FI_OPX_HFI1_HDRQ_UPDATE_MASK == FI_OPX_HFI1_HDRQ_UPDATE_MASK_32) ||
[INFO] [stderr]         | ^~~~~~~~~~~~~~~~~~~~~~~
[INFO] [stderr]   /opt/rustwide/target/debug/build/lamellar-libfabric-sys-475493f07863723b/out/src/prov/opx/include/rdma/opx/fi_opx.h:277:44: error: expected identifier or '(' before 'if'
[INFO] [stderr]     277 | #define OPX_COMPILE_TIME_ASSERT(cond, msg) if(0){switch(0){case 0:case cond:;}}
[INFO] [stderr]         |                                            ^~
[INFO] [stderr]   /opt/rustwide/target/debug/build/lamellar-libfabric-sys-475493f07863723b/out/src/prov/opx/include/rdma/opx/fi_opx_hfi1_progress.h:80:1: note: in expansion of macro 'OPX_COMPILE_TIME_ASSERT'
[INFO] [stderr]      80 | OPX_COMPILE_TIME_ASSERT((FI_OPX_HFI1_HDRQ_UPDATE_MASK == FI_OPX_HFI1_HDRQ_UPDATE_MASK_32) ||
[INFO] [stderr]         | ^~~~~~~~~~~~~~~~~~~~~~~
[INFO] [stderr]   /opt/rustwide/target/debug/build/lamellar-libfabric-sys-475493f07863723b/out/src/prov/opx/include/rdma/opx/fi_opx.h:277:44: error: expected identifier or '(' before 'if'
[INFO] [stderr]     277 | #define OPX_COMPILE_TIME_ASSERT(cond, msg) if(0){switch(0){case 0:case cond:;}}
[INFO] [stderr]         |                                            ^~
[INFO] [stderr]   /opt/rustwide/target/debug/build/lamellar-libfabric-sys-475493f07863723b/out/src/prov/opx/include/rdma/opx/fi_opx_hfi1_sdma.h:51:1: note: in expansion of macro 'OPX_COMPILE_TIME_ASSERT'
[INFO] [stderr]      51 | OPX_COMPILE_TIME_ASSERT((OPX_SDMA_HFI_MAX_IOVS_PER_WRITE + 1) == OPX_DEBUG_COUNTERS_WRITEV_MAX,
[INFO] [stderr]         | ^~~~~~~~~~~~~~~~~~~~~~~
[INFO] [stderr]   /opt/rustwide/target/debug/build/lamellar-libfabric-sys-475493f07863723b/out/src/prov/opx/include/rdma/opx/fi_opx.h:277:44: error: expected identifier or '(' before 'if'
[INFO] [stderr]     277 | #define OPX_COMPILE_TIME_ASSERT(cond, msg) if(0){switch(0){case 0:case cond:;}}
[INFO] [stderr]         |                                            ^~
[INFO] [stderr]   /opt/rustwide/target/debug/build/lamellar-libfabric-sys-475493f07863723b/out/src/prov/opx/include/rdma/opx/fi_opx_hfi1_sdma.h:63:1: note: in expansion of macro 'OPX_COMPILE_TIME_ASSERT'
[INFO] [stderr]      63 | OPX_COMPILE_TIME_ASSERT((OPX_SDMA_MEMINFO_SIZE & 0x7) == 0, "OPX_SDMA_MEMINFO_SIZE must be a multiple of 8!");
[INFO] [stderr]         | ^~~~~~~~~~~~~~~~~~~~~~~
[INFO] [stderr]   /opt/rustwide/target/debug/build/lamellar-libfabric-sys-475493f07863723b/out/src/prov/opx/include/rdma/opx/fi_opx.h:277:44: error: expected identifier or '(' before 'if'
[INFO] [stderr]     277 | #define OPX_COMPILE_TIME_ASSERT(cond, msg) if(0){switch(0){case 0:case cond:;}}
[INFO] [stderr]         |                                            ^~
[INFO] [stderr]   /opt/rustwide/target/debug/build/lamellar-libfabric-sys-475493f07863723b/out/src/prov/opx/include/rdma/opx/fi_opx_hfi1_sdma.h:135:1: note: in expansion of macro 'OPX_COMPILE_TIME_ASSERT'
[INFO] [stderr]     135 | OPX_COMPILE_TIME_ASSERT(offsetof(struct opx_sdma_request, iovecs) == FI_OPX_CACHE_LINE_SIZE,
[INFO] [stderr]         | ^~~~~~~~~~~~~~~~~~~~~~~
[INFO] [stderr]   /opt/rustwide/target/debug/build/lamellar-libfabric-sys-475493f07863723b/out/src/prov/opx/include/rdma/opx/fi_opx.h:277:44: error: expected identifier or '(' before 'if'
[INFO] [stderr]     277 | #define OPX_COMPILE_TIME_ASSERT(cond, msg) if(0){switch(0){case 0:case cond:;}}
[INFO] [stderr]         |                                            ^~
[INFO] [stderr]   /opt/rustwide/target/debug/build/lamellar-libfabric-sys-475493f07863723b/out/src/prov/opx/include/rdma/opx/fi_opx_hfi1_sdma.h:178:1: note: in expansion of macro 'OPX_COMPILE_TIME_ASSERT'
[INFO] [stderr]     178 | OPX_COMPILE_TIME_ASSERT(offsetof(struct fi_opx_hfi1_sdma_work_entry, packets) == FI_OPX_CACHE_LINE_SIZE,
[INFO] [stderr]         | ^~~~~~~~~~~~~~~~~~~~~~~
[INFO] [stderr]   /opt/rustwide/target/debug/build/lamellar-libfabric-sys-475493f07863723b/out/src/prov/opx/include/rdma/opx/fi_opx.h:277:44: error: expected identifier or '(' before 'if'
[INFO] [stderr]     277 | #define OPX_COMPILE_TIME_ASSERT(cond, msg) if(0){switch(0){case 0:case cond:;}}
[INFO] [stderr]         |                                            ^~
[INFO] [stderr]   /opt/rustwide/target/debug/build/lamellar-libfabric-sys-475493f07863723b/out/src/prov/opx/include/rdma/opx/fi_opx_hfi1_sdma.h:187:1: note: in expansion of macro 'OPX_COMPILE_TIME_ASSERT'
[INFO] [stderr]     187 | OPX_COMPILE_TIME_ASSERT(!(sizeof(struct fi_opx_hfi1_sdma_replay_work_entry) & 7),
[INFO] [stderr]         | ^~~~~~~~~~~~~~~~~~~~~~~
[INFO] [stderr]   In file included from /opt/rustwide/target/debug/build/lamellar-libfabric-sys-475493f07863723b/out/src/prov/opx/include/rdma/opx/fi_opx_reliability.h:36,
[INFO] [stderr]                    from /opt/rustwide/target/debug/build/lamellar-libfabric-sys-475493f07863723b/out/src/prov/opx/include/rdma/opx/fi_opx_domain.h:44,
[INFO] [stderr]                    from /opt/rustwide/target/debug/build/lamellar-libfabric-sys-475493f07863723b/out/src/prov/opx/include/rdma/opx/fi_opx_endpoint.h:40,
[INFO] [stderr]                    from /opt/rustwide/target/debug/build/lamellar-libfabric-sys-475493f07863723b/out/src/prov/opx/include/rdma/opx/fi_opx_eq.h:41,
[INFO] [stderr]                    from /opt/rustwide/target/debug/build/lamellar-libfabric-sys-475493f07863723b/out/src/prov/opx/include/rdma/opx/fi_opx_cq_ops_table.h:38,
[INFO] [stderr]                    from /opt/rustwide/target/debug/build/lamellar-libfabric-sys-475493f07863723b/out/src/prov/opx/src/fi_opx_cq_ops_table_locking_8192.c:33:
[INFO] [stderr]   /opt/rustwide/target/debug/build/lamellar-libfabric-sys-475493f07863723b/out/src/prov/opx/include/rdma/opx/fi_opx.h:277:44: error: expected identifier or '(' before 'if'
[INFO] [stderr]     277 | #define OPX_COMPILE_TIME_ASSERT(cond, msg) if(0){switch(0){case 0:case cond:;}}
[INFO] [stderr]         |                                            ^~
[INFO] [stderr]   /opt/rustwide/target/debug/build/lamellar-libfabric-sys-475493f07863723b/out/src/prov/opx/include/rdma/opx/fi_opx_reliability.h:279:1: note: in expansion of macro 'OPX_COMPILE_TIME_ASSERT'
[INFO] [stderr]     279 | OPX_COMPILE_TIME_ASSERT(offsetof(struct fi_opx_reliability_tx_replay, sdma_we) == FI_OPX_CACHE_LINE_SIZE,
[INFO] [stderr]         | ^~~~~~~~~~~~~~~~~~~~~~~
[INFO] [stderr]   /opt/rustwide/target/debug/build/lamellar-libfabric-sys-475493f07863723b/out/src/prov/opx/include/rdma/opx/fi_opx.h:277:44: error: expected identifier or '(' before 'if'
[INFO] [stderr]     277 | #define OPX_COMPILE_TIME_ASSERT(cond, msg) if(0){switch(0){case 0:case cond:;}}
[INFO] [stderr]         |                                            ^~
[INFO] [stderr]   /opt/rustwide/target/debug/build/lamellar-libfabric-sys-475493f07863723b/out/src/prov/opx/include/rdma/opx/fi_opx_reliability.h:281:1: note: in expansion of macro 'OPX_COMPILE_TIME_ASSERT'
[INFO] [stderr]     281 | OPX_COMPILE_TIME_ASSERT((offsetof(struct fi_opx_reliability_tx_replay, scb) & (FI_OPX_CACHE_LINE_SIZE - 1)) == 0,
[INFO] [stderr]         | ^~~~~~~~~~~~~~~~~~~~~~~
[INFO] [stderr]   make[1]: *** [Makefile:28604: prov/opx/src/src_libfabric_la-fi_opx_cntr.lo] Error 1
[INFO] [stderr]   make[1]: *** Waiting for unfinished jobs....
[INFO] [stderr]   In file included from /opt/rustwide/target/debug/build/lamellar-libfabric-sys-475493f07863723b/out/src/prov/opx/include/rdma/opx/fi_opx_reliability.h:36,
[INFO] [stderr]                    from /opt/rustwide/target/debug/build/lamellar-libfabric-sys-475493f07863723b/out/src/prov/opx/include/rdma/opx/fi_opx_domain.h:44,
[INFO] [stderr]                    from /opt/rustwide/target/debug/build/lamellar-libfabric-sys-475493f07863723b/out/src/prov/opx/include/rdma/opx/fi_opx_endpoint.h:40,
[INFO] [stderr]                    from /opt/rustwide/target/debug/build/lamellar-libfabric-sys-475493f07863723b/out/src/prov/opx/include/rdma/opx/fi_opx_eq.h:41,
[INFO] [stderr]                    from /opt/rustwide/target/debug/build/lamellar-libfabric-sys-475493f07863723b/out/src/prov/opx/src/fi_opx_cq.c:35:
[INFO] [stderr]   /opt/rustwide/target/debug/build/lamellar-libfabric-sys-475493f07863723b/out/src/prov/opx/include/rdma/opx/fi_opx.h:277:44: error: expected identifier or '(' before 'if'
[INFO] [stderr]     277 | #define OPX_COMPILE_TIME_ASSERT(cond, msg) if(0){switch(0){case 0:case cond:;}}
[INFO] [stderr]         |                                            ^~
[INFO] [stderr]   /opt/rustwide/target/debug/build/lamellar-libfabric-sys-475493f07863723b/out/src/prov/opx/include/rdma/opx/fi_opx_reliability.h:279:1: note: in expansion of macro 'OPX_COMPILE_TIME_ASSERT'
[INFO] [stderr]     279 | OPX_COMPILE_TIME_ASSERT(offsetof(struct fi_opx_reliability_tx_replay, sdma_we) == FI_OPX_CACHE_LINE_SIZE,
[INFO] [stderr]         | ^~~~~~~~~~~~~~~~~~~~~~~
[INFO] [stderr]   /opt/rustwide/target/debug/build/lamellar-libfabric-sys-475493f07863723b/out/src/prov/opx/include/rdma/opx/fi_opx.h:277:44: error: expected identifier or '(' before 'if'
[INFO] [stderr]     277 | #define OPX_COMPILE_TIME_ASSERT(cond, msg) if(0){switch(0){case 0:case cond:;}}
[INFO] [stderr]         |                                            ^~
[INFO] [stderr]   /opt/rustwide/target/debug/build/lamellar-libfabric-sys-475493f07863723b/out/src/prov/opx/include/rdma/opx/fi_opx_reliability.h:281:1: note: in expansion of macro 'OPX_COMPILE_TIME_ASSERT'
[INFO] [stderr]     281 | OPX_COMPILE_TIME_ASSERT((offsetof(struct fi_opx_reliability_tx_replay, scb) & (FI_OPX_CACHE_LINE_SIZE - 1)) == 0,
[INFO] [stderr]         | ^~~~~~~~~~~~~~~~~~~~~~~
[INFO] [stderr]   make[1]: *** [Makefile:28583: prov/opx/src/src_libfabric_la-fi_opx_atomic.lo] Error 1
[INFO] [stderr]   /opt/rustwide/target/debug/build/lamellar-libfabric-sys-475493f07863723b/out/src/prov/opx/include/rdma/opx/fi_opx.h:277:44: error: expected identifier or '(' before 'if'
[INFO] [stderr]     277 | #define OPX_COMPILE_TIME_ASSERT(cond, msg) if(0){switch(0){case 0:case cond:;}}
[INFO] [stderr]         |                                            ^~
[INFO] [stderr]   /opt/rustwide/target/debug/build/lamellar-libfabric-sys-475493f07863723b/out/src/prov/opx/include/rdma/opx/fi_opx_match.h:62:1: note: in expansion of macro 'OPX_COMPILE_TIME_ASSERT'
[INFO] [stderr]      62 | OPX_COMPILE_TIME_ASSERT((FI_OPX_MATCH_UE_HT_SIZE & FI_OPX_MATCH_UE_HT_MASK) == 0,
[INFO] [stderr]         | ^~~~~~~~~~~~~~~~~~~~~~~
[INFO] [stderr]   /opt/rustwide/target/debug/build/lamellar-libfabric-sys-475493f07863723b/out/src/prov/opx/include/rdma/opx/fi_opx.h:277:44: error: expected identifier or '(' before 'if'
[INFO] [stderr]     277 | #define OPX_COMPILE_TIME_ASSERT(cond, msg) if(0){switch(0){case 0:case cond:;}}
[INFO] [stderr]         |                                            ^~
[INFO] [stderr]   /opt/rustwide/target/debug/build/lamellar-libfabric-sys-475493f07863723b/out/src/prov/opx/include/rdma/opx/fi_opx_endpoint.h:201:1: note: in expansion of macro 'OPX_COMPILE_TIME_ASSERT'
[INFO] [stderr]     201 | OPX_COMPILE_TIME_ASSERT(OPX_WORK_TYPE_SDMA == 0,
[INFO] [stderr]         | ^~~~~~~~~~~~~~~~~~~~~~~
[INFO] [stderr]   /opt/rustwide/target/debug/build/lamellar-libfabric-sys-475493f07863723b/out/src/prov/opx/include/rdma/opx/fi_opx.h:277:44: error: expected identifier or '(' before 'if'
[INFO] [stderr]     277 | #define OPX_COMPILE_TIME_ASSERT(cond, msg) if(0){switch(0){case 0:case cond:;}}
[INFO] [stderr]         |                                            ^~
[INFO] [stderr]   /opt/rustwide/target/debug/build/lamellar-libfabric-sys-475493f07863723b/out/src/prov/opx/include/rdma/opx/fi_opx_endpoint.h:323:1: note: in expansion of macro 'OPX_COMPILE_TIME_ASSERT'
[INFO] [stderr]     323 | OPX_COMPILE_TIME_ASSERT(offsetof(struct fi_opx_ep_tx, send) == (FI_OPX_CACHE_LINE_SIZE * 2),
[INFO] [stderr]         | ^~~~~~~~~~~~~~~~~~~~~~~
[INFO] [stderr]   /opt/rustwide/target/debug/build/lamellar-libfabric-sys-475493f07863723b/out/src/prov/opx/include/rdma/opx/fi_opx.h:277:44: error: expected identifier or '(' before 'if'
[INFO] [stderr]     277 | #define OPX_COMPILE_TIME_ASSERT(cond, msg) if(0){switch(0){case 0:case cond:;}}
[INFO] [stderr]         |                                            ^~
[INFO] [stderr]   /opt/rustwide/target/debug/build/lamellar-libfabric-sys-475493f07863723b/out/src/prov/opx/include/rdma/opx/fi_opx_endpoint.h:325:1: note: in expansion of macro 'OPX_COMPILE_TIME_ASSERT'
[INFO] [stderr]     325 | OPX_COMPILE_TIME_ASSERT(offsetof(struct fi_opx_ep_tx, rzv) == (FI_OPX_CACHE_LINE_SIZE * 3),
[INFO] [stderr]         | ^~~~~~~~~~~~~~~~~~~~~~~
[INFO] [stderr]   /opt/rustwide/target/debug/build/lamellar-libfabric-sys-475493f07863723b/out/src/prov/opx/include/rdma/opx/fi_opx.h:277:44: error: expected identifier or '(' before 'if'
[INFO] [stderr]     277 | #define OPX_COMPILE_TIME_ASSERT(cond, msg) if(0){switch(0){case 0:case cond:;}}
[INFO] [stderr]         |                                            ^~
[INFO] [stderr]   /opt/rustwide/target/debug/build/lamellar-libfabric-sys-475493f07863723b/out/src/prov/opx/include/rdma/opx/fi_opx_endpoint.h:327:1: note: in expansion of macro 'OPX_COMPILE_TIME_ASSERT'
[INFO] [stderr]     327 | OPX_COMPILE_TIME_ASSERT(offsetof(struct fi_opx_ep_tx, av_addr) == (FI_OPX_CACHE_LINE_SIZE * 4),
[INFO] [stderr]         | ^~~~~~~~~~~~~~~~~~~~~~~
[INFO] [stderr]   /opt/rustwide/target/debug/build/lamellar-libfabric-sys-475493f07863723b/out/src/prov/opx/include/rdma/opx/fi_opx.h:277:44: error: expected identifier or '(' before 'if'
[INFO] [stderr]     277 | #define OPX_COMPILE_TIME_ASSERT(cond, msg) if(0){switch(0){case 0:case cond:;}}
[INFO] [stderr]         |                                            ^~
[INFO] [stderr]   /opt/rustwide/target/debug/build/lamellar-libfabric-sys-475493f07863723b/out/src/prov/opx/include/rdma/opx/fi_opx_endpoint.h:329:1: note: in expansion of macro 'OPX_COMPILE_TIME_ASSERT'
[INFO] [stderr]     329 | OPX_COMPILE_TIME_ASSERT(offsetof(struct fi_opx_ep_tx, work_pending) == (FI_OPX_CACHE_LINE_SIZE * 5),
[INFO] [stderr]         | ^~~~~~~~~~~~~~~~~~~~~~~
[INFO] [stderr]   /opt/rustwide/target/debug/build/lamellar-libfabric-sys-475493f07863723b/out/src/prov/opx/include/rdma/opx/fi_opx.h:277:44: error: expected identifier or '(' before 'if'
[INFO] [stderr]     277 | #define OPX_COMPILE_TIME_ASSERT(cond, msg) if(0){switch(0){case 0:case cond:;}}
[INFO] [stderr]         |                                            ^~
[INFO] [stderr]   /opt/rustwide/target/debug/build/lamellar-libfabric-sys-475493f07863723b/out/src/prov/opx/include/rdma/opx/fi_opx_endpoint.h:331:1: note: in expansion of macro 'OPX_COMPILE_TIME_ASSERT'
[INFO] [stderr]     331 | OPX_COMPILE_TIME_ASSERT(offsetof(struct fi_opx_ep_tx, work_pending_completion) == (FI_OPX_CACHE_LINE_SIZE * 6),
[INFO] [stderr]         | ^~~~~~~~~~~~~~~~~~~~~~~
[INFO] [stderr]   /opt/rustwide/target/debug/build/lamellar-libfabric-sys-475493f07863723b/out/src/prov/opx/include/rdma/opx/fi_opx.h:277:44: error: expected identifier or '(' before 'if'
[INFO] [stderr]     277 | #define OPX_COMPILE_TIME_ASSERT(cond, msg) if(0){switch(0){case 0:case cond:;}}
[INFO] [stderr]         |                                            ^~
[INFO] [stderr]   /opt/rustwide/target/debug/build/lamellar-libfabric-sys-475493f07863723b/out/src/prov/opx/include/rdma/opx/fi_opx_endpoint.h:333:1: note: in expansion of macro 'OPX_COMPILE_TIME_ASSERT'
[INFO] [stderr]     333 | OPX_COMPILE_TIME_ASSERT(offsetof(struct fi_opx_ep_tx, sdma_request_queue) == (FI_OPX_CACHE_LINE_SIZE * 7),
[INFO] [stderr]         | ^~~~~~~~~~~~~~~~~~~~~~~
[INFO] [stderr]   /opt/rustwide/target/debug/build/lamellar-libfabric-sys-475493f07863723b/out/src/prov/opx/include/rdma/opx/fi_opx.h:277:44: error: expected identifier or '(' before 'if'
[INFO] [stderr]     277 | #define OPX_COMPILE_TIME_ASSERT(cond, msg) if(0){switch(0){case 0:case cond:;}}
[INFO] [stderr]         |                                            ^~
[INFO] [stderr]   /opt/rustwide/target/debug/build/lamellar-libfabric-sys-475493f07863723b/out/src/prov/opx/include/rdma/opx/fi_opx_endpoint.h:335:1: note: in expansion of macro 'OPX_COMPILE_TIME_ASSERT'
[INFO] [stderr]     335 | OPX_COMPILE_TIME_ASSERT(offsetof(struct fi_opx_ep_tx, ref_cnt) == (FI_OPX_CACHE_LINE_SIZE * 8),
[INFO] [stderr]         | ^~~~~~~~~~~~~~~~~~~~~~~
[INFO] [stderr]   /opt/rustwide/target/debug/build/lamellar-libfabric-sys-475493f07863723b/out/src/prov/opx/include/rdma/opx/fi_opx.h:277:44: error: expected identifier or '(' before 'if'
[INFO] [stderr]     277 | #define OPX_COMPILE_TIME_ASSERT(cond, msg) if(0){switch(0){case 0:case cond:;}}
[INFO] [stderr]         |                                            ^~
[INFO] [stderr]   /opt/rustwide/target/debug/build/lamellar-libfabric-sys-475493f07863723b/out/src/prov/opx/include/rdma/opx/fi_opx_endpoint.h:436:1: note: in expansion of macro 'OPX_COMPILE_TIME_ASSERT'
[INFO] [stderr]     436 | OPX_COMPILE_TIME_ASSERT(offsetof(struct fi_opx_ep_rx, queue) == FI_OPX_CACHE_LINE_SIZE,
[INFO] [stderr]         | ^~~~~~~~~~~~~~~~~~~~~~~
[INFO] [stderr]   /opt/rustwide/target/debug/build/lamellar-libfabric-sys-475493f07863723b/out/src/prov/opx/include/rdma/opx/fi_opx.h:277:44: error: expected identifier or '(' before 'if'
[INFO] [stderr]     277 | #define OPX_COMPILE_TIME_ASSERT(cond, msg) if(0){switch(0){case 0:case cond:;}}
[INFO] [stderr]         |                                            ^~
[INFO] [stderr]   /opt/rustwide/target/debug/build/lamellar-libfabric-sys-475493f07863723b/out/src/prov/opx/include/rdma/opx/fi_opx_endpoint.h:438:1: note: in expansion of macro 'OPX_COMPILE_TIME_ASSERT'
[INFO] [stderr]     438 | OPX_COMPILE_TIME_ASSERT(offsetof(struct fi_opx_ep_rx, cq_pending_ptr) == (FI_OPX_CACHE_LINE_SIZE * 3),
[INFO] [stderr]         | ^~~~~~~~~~~~~~~~~~~~~~~
[INFO] [stderr]   /opt/rustwide/target/debug/build/lamellar-libfabric-sys-475493f07863723b/out/src/prov/opx/include/rdma/opx/fi_opx.h:277:44: error: expected identifier or '(' before 'if'
[INFO] [stderr]     277 | #define OPX_COMPILE_TIME_ASSERT(cond, msg) if(0){switch(0){case 0:case cond:;}}
[INFO] [stderr]         |                                            ^~
[INFO] [stderr]   /opt/rustwide/target/debug/build/lamellar-libfabric-sys-475493f07863723b/out/src/prov/opx/include/rdma/opx/fi_opx_endpoint.h:440:1: note: in expansion of macro 'OPX_COMPILE_TIME_ASSERT'
[INFO] [stderr]     440 | OPX_COMPILE_TIME_ASSERT(offsetof(struct fi_opx_ep_rx, state) == (FI_OPX_CACHE_LINE_SIZE * 4),
[INFO] [stderr]         | ^~~~~~~~~~~~~~~~~~~~~~~
[INFO] [stderr]   /opt/rustwide/target/debug/build/lamellar-libfabric-sys-475493f07863723b/out/src/prov/opx/include/rdma/opx/fi_opx.h:277:44: error: expected identifier or '(' before 'if'
[INFO] [stderr]     277 | #define OPX_COMPILE_TIME_ASSERT(cond, msg) if(0){switch(0){case 0:case cond:;}}
[INFO] [stderr]         |                                            ^~
[INFO] [stderr]   /opt/rustwide/target/debug/build/lamellar-libfabric-sys-475493f07863723b/out/src/prov/opx/include/rdma/opx/fi_opx_endpoint.h:442:1: note: in expansion of macro 'OPX_COMPILE_TIME_ASSERT'
[INFO] [stderr]     442 | OPX_COMPILE_TIME_ASSERT(offsetof(struct fi_opx_ep_rx, tx) == (FI_OPX_CACHE_LINE_SIZE * 5),
[INFO] [stderr]         | ^~~~~~~~~~~~~~~~~~~~~~~
[INFO] [stderr]   /opt/rustwide/target/debug/build/lamellar-libfabric-sys-475493f07863723b/out/src/prov/opx/include/rdma/opx/fi_opx.h:277:44: error: expected identifier or '(' before 'if'
[INFO] [stderr]     277 | #define OPX_COMPILE_TIME_ASSERT(cond, msg) if(0){switch(0){case 0:case cond:;}}
[INFO] [stderr]         |                                            ^~
[INFO] [stderr]   /opt/rustwide/target/debug/build/lamellar-libfabric-sys-475493f07863723b/out/src/prov/opx/include/rdma/opx/fi_opx_endpoint.h:561:1: note: in expansion of macro 'OPX_COMPILE_TIME_ASSERT'
[INFO] [stderr]     561 | OPX_COMPILE_TIME_ASSERT(offsetof(struct fi_opx_ep, recv_cntr) == (FI_OPX_CACHE_LINE_SIZE * 2),
[INFO] [stderr]         | ^~~~~~~~~~~~~~~~~~~~~~~
[INFO] [stderr]   /opt/rustwide/target/debug/build/lamellar-libfabric-sys-475493f07863723b/out/src/prov/opx/include/rdma/opx/fi_opx.h:277:44: error: expected identifier or '(' before 'if'
[INFO] [stderr]     277 | #define OPX_COMPILE_TIME_ASSERT(cond, msg) if(0){switch(0){case 0:case cond:;}}
[INFO] [stderr]         |                                            ^~
[INFO] [stderr]   /opt/rustwide/target/debug/build/lamellar-libfabric-sys-475493f07863723b/out/src/prov/opx/include/rdma/opx/fi_opx_endpoint.h:563:1: note: in expansion of macro 'OPX_COMPILE_TIME_ASSERT'
[INFO] [stderr]     563 | OPX_COMPILE_TIME_ASSERT(offsetof(struct fi_opx_ep, hfi) == (FI_OPX_CACHE_LINE_SIZE * 3),
[INFO] [stderr]         | ^~~~~~~~~~~~~~~~~~~~~~~
[INFO] [stderr]   /opt/rustwide/target/debug/build/lamellar-libfabric-sys-475493f07863723b/out/src/prov/opx/include/rdma/opx/fi_opx.h:277:44: error: expected identifier or '(' before 'if'
[INFO] [stderr]     277 | #define OPX_COMPILE_TIME_ASSERT(cond, msg) if(0){switch(0){case 0:case cond:;}}
[INFO] [stderr]         |                                            ^~
[INFO] [stderr]   /opt/rustwide/target/debug/build/lamellar-libfabric-sys-475493f07863723b/out/src/prov/opx/include/rdma/opx/fi_opx_endpoint.h:565:1: note: in expansion of macro 'OPX_COMPILE_TIME_ASSERT'
[INFO] [stderr]     565 | OPX_COMPILE_TIME_ASSERT(offsetof(struct fi_opx_ep, common_info) == (FI_OPX_CACHE_LINE_SIZE * 4),
[INFO] [stderr]         | ^~~~~~~~~~~~~~~~~~~~~~~
[INFO] [stderr]   /opt/rustwide/target/debug/build/lamellar-libfabric-sys-475493f07863723b/out/src/prov/opx/include/rdma/opx/fi_opx.h:277:44: error: expected identifier or '(' before 'if'
[INFO] [stderr]     277 | #define OPX_COMPILE_TIME_ASSERT(cond, msg) if(0){switch(0){case 0:case cond:;}}
[INFO] [stderr]         |                                            ^~
[INFO] [stderr]   /opt/rustwide/target/debug/build/lamellar-libfabric-sys-475493f07863723b/out/src/prov/opx/include/rdma/opx/fi_opx_endpoint.h:567:1: note: in expansion of macro 'OPX_COMPILE_TIME_ASSERT'
[INFO] [stderr]     567 | OPX_COMPILE_TIME_ASSERT(offsetof(struct fi_opx_ep, init_send_cntr) == (FI_OPX_CACHE_LINE_SIZE * 5),
[INFO] [stderr]         | ^~~~~~~~~~~~~~~~~~~~~~~
[INFO] [stderr]   /opt/rustwide/target/debug/build/lamellar-libfabric-sys-475493f07863723b/out/src/prov/opx/include/rdma/opx/fi_opx.h:277:44: error: expected identifier or '(' before 'if'
[INFO] [stderr]     277 | #define OPX_COMPILE_TIME_ASSERT(cond, msg) if(0){switch(0){case 0:case cond:;}}
[INFO] [stderr]         |                                            ^~
[INFO] [stderr]   /opt/rustwide/target/debug/build/lamellar-libfabric-sys-475493f07863723b/out/src/prov/opx/include/rdma/opx/fi_opx_endpoint.h:569:1: note: in expansion of macro 'OPX_COMPILE_TIME_ASSERT'
[INFO] [stderr]     569 | OPX_COMPILE_TIME_ASSERT(offsetof(struct fi_opx_ep, lock) == ((FI_OPX_CACHE_LINE_SIZE * 5)+52),
[INFO] [stderr]         | ^~~~~~~~~~~~~~~~~~~~~~~
[INFO] [stderr]   In file included from /opt/rustwide/target/debug/build/lamellar-libfabric-sys-475493f07863723b/out/src/prov/opx/include/rdma/opx/fi_opx_reliability.h:36,
[INFO] [stderr]                    from /opt/rustwide/target/debug/build/lamellar-libfabric-sys-475493f07863723b/out/src/prov/opx/include/rdma/opx/fi_opx_domain.h:44,
[INFO] [stderr]                    from /opt/rustwide/target/debug/build/lamellar-libfabric-sys-475493f07863723b/out/src/prov/opx/include/rdma/opx/fi_opx_endpoint.h:40,
[INFO] [stderr]                    from /opt/rustwide/target/debug/build/lamellar-libfabric-sys-475493f07863723b/out/src/prov/opx/include/rdma/opx/fi_opx_eq.h:41,
[INFO] [stderr]                    from /opt/rustwide/target/debug/build/lamellar-libfabric-sys-475493f07863723b/out/src/prov/opx/include/rdma/opx/fi_opx_cq_ops_table.h:38,
[INFO] [stderr]                    from /opt/rustwide/target/debug/build/lamellar-libfabric-sys-475493f07863723b/out/src/prov/opx/src/fi_opx_cq_ops_table_locking_runtime.c:33:
[INFO] [stderr]   /opt/rustwide/target/debug/build/lamellar-libfabric-sys-475493f07863723b/out/src/prov/opx/include/rdma/opx/fi_opx.h:277:44: error: expected identifier or '(' before 'if'
[INFO] [stderr]     277 | #define OPX_COMPILE_TIME_ASSERT(cond, msg) if(0){switch(0){case 0:case cond:;}}
[INFO] [stderr]         |                                            ^~
[INFO] [stderr]   /opt/rustwide/target/debug/build/lamellar-libfabric-sys-475493f07863723b/out/src/prov/opx/include/rdma/opx/fi_opx_reliability.h:279:1: note: in expansion of macro 'OPX_COMPILE_TIME_ASSERT'
[INFO] [stderr]     279 | OPX_COMPILE_TIME_ASSERT(offsetof(struct fi_opx_reliability_tx_replay, sdma_we) == FI_OPX_CACHE_LINE_SIZE,
[INFO] [stderr]         | ^~~~~~~~~~~~~~~~~~~~~~~
[INFO] [stderr]   /opt/rustwide/target/debug/build/lamellar-libfabric-sys-475493f07863723b/out/src/prov/opx/include/rdma/opx/fi_opx.h:277:44: error: expected identifier or '(' before 'if'
[INFO] [stderr]     277 | #define OPX_COMPILE_TIME_ASSERT(cond, msg) if(0){switch(0){case 0:case cond:;}}
[INFO] [stderr]         |                                            ^~
[INFO] [stderr]   /opt/rustwide/target/debug/build/lamellar-libfabric-sys-475493f07863723b/out/src/prov/opx/include/rdma/opx/fi_opx_reliability.h:281:1: note: in expansion of macro 'OPX_COMPILE_TIME_ASSERT'
[INFO] [stderr]     281 | OPX_COMPILE_TIME_ASSERT((offsetof(struct fi_opx_reliability_tx_replay, scb) & (FI_OPX_CACHE_LINE_SIZE - 1)) == 0,
[INFO] [stderr]         | ^~~~~~~~~~~~~~~~~~~~~~~
[INFO] [stderr]   /opt/rustwide/target/debug/build/lamellar-libfabric-sys-475493f07863723b/out/src/prov/opx/include/rdma/opx/fi_opx.h:277:44: error: expected identifier or '(' before 'if'
[INFO] [stderr]     277 | #define OPX_COMPILE_TIME_ASSERT(cond, msg) if(0){switch(0){case 0:case cond:;}}
[INFO] [stderr]         |                                            ^~
[INFO] [stderr]   /opt/rustwide/target/debug/build/lamellar-libfabric-sys-475493f07863723b/out/src/prov/opx/include/rdma/opx/fi_opx_hmem.h:60:1: note: in expansion of macro 'OPX_COMPILE_TIME_ASSERT'
[INFO] [stderr]      60 | OPX_COMPILE_TIME_ASSERT((sizeof(struct fi_opx_hmem_info) & 0x7) == 0,
[INFO] [stderr]         | ^~~~~~~~~~~~~~~~~~~~~~~
[INFO] [stderr]   /opt/rustwide/target/debug/build/lamellar-libfabric-sys-475493f07863723b/out/src/prov/opx/include/rdma/opx/fi_opx.h:277:44: error: expected identifier or '(' before 'if'
[INFO] [stderr]     277 | #define OPX_COMPILE_TIME_ASSERT(cond, msg) if(0){switch(0){case 0:case cond:;}}
[INFO] [stderr]         |                                            ^~
[INFO] [stderr]   /opt/rustwide/target/debug/build/lamellar-libfabric-sys-475493f07863723b/out/src/prov/opx/include/rdma/opx/fi_opx_hfi1_transport.h:441:1: note: in expansion of macro 'OPX_COMPILE_TIME_ASSERT'
[INFO] [stderr]     441 | OPX_COMPILE_TIME_ASSERT((offsetof(struct fi_opx_hfi1_dput_params, compare_iov) & 7) == 0, "compare_iov not 8-byte aligned!");
[INFO] [stderr]         | ^~~~~~~~~~~~~~~~~~~~~~~
[INFO] [stderr]   /opt/rustwide/target/debug/build/lamellar-libfabric-sys-475493f07863723b/out/src/prov/opx/include/rdma/opx/fi_opx.h:277:44: error: expected identifier or '(' before 'if'
[INFO] [stderr]     277 | #define OPX_COMPILE_TIME_ASSERT(cond, msg) if(0){switch(0){case 0:case cond:;}}
[INFO] [stderr]         |                                            ^~
[INFO] [stderr]   /opt/rustwide/target/debug/build/lamellar-libfabric-sys-475493f07863723b/out/src/prov/opx/include/rdma/opx/fi_opx_hfi1_transport.h:490:1: note: in expansion of macro 'OPX_COMPILE_TIME_ASSERT'
[INFO] [stderr]     490 | OPX_COMPILE_TIME_ASSERT(offsetof(struct fi_opx_hfi1_rx_rzv_rts_params, tid_info)
[INFO] [stderr]         | ^~~~~~~~~~~~~~~~~~~~~~~
[INFO] [stderr]   /opt/rustwide/target/debug/build/lamellar-libfabric-sys-475493f07863723b/out/src/prov/opx/include/rdma/opx/fi_opx.h:277:44: error: expected identifier or '(' before 'if'
[INFO] [stderr]     277 | #define OPX_COMPILE_TIME_ASSERT(cond, msg) if(0){switch(0){case 0:case cond:;}}
[INFO] [stderr]         |                                            ^~
[INFO] [stderr]   /opt/rustwide/target/debug/build/lamellar-libfabric-sys-475493f07863723b/out/src/prov/opx/include/rdma/opx/fi_opx_hfi1_transport.h:494:1: note: in expansion of macro 'OPX_COMPILE_TIME_ASSERT'
[INFO] [stderr]     494 | OPX_COMPILE_TIME_ASSERT(sizeof(((struct fi_opx_hfi1_rx_rzv_rts_params *)0)->dput_iov)
[INFO] [stderr]         | ^~~~~~~~~~~~~~~~~~~~~~~
[INFO] [stderr]   /opt/rustwide/target/debug/build/lamellar-libfabric-sys-475493f07863723b/out/src/prov/opx/include/rdma/opx/fi_opx.h:277:44: error: expected identifier or '(' before 'if'
[INFO] [stderr]     277 | #define OPX_COMPILE_TIME_ASSERT(cond, msg) if(0){switch(0){case 0:case cond:;}}
[INFO] [stderr]         |                                            ^~
[INFO] [stderr]   /opt/rustwide/target/debug/build/lamellar-libfabric-sys-475493f07863723b/out/src/prov/opx/include/rdma/opx/fi_opx_hfi1_transport.h:497:1: note: in expansion of macro 'OPX_COMPILE_TIME_ASSERT'
[INFO] [stderr]     497 | OPX_COMPILE_TIME_ASSERT(sizeof(((struct fi_opx_hfi1_rx_rzv_rts_params *)0)->tidpairs)
[INFO] [stderr]         | ^~~~~~~~~~~~~~~~~~~~~~~
[INFO] [stderr]   In file included from /opt/rustwide/target/debug/build/lamellar-libfabric-sys-475493f07863723b/out/src/prov/opx/include/rdma/opx/fi_opx_reliability.h:36,
[INFO] [stderr]                    from /opt/rustwide/target/debug/build/lamellar-libfabric-sys-475493f07863723b/out/src/prov/opx/include/rdma/opx/fi_opx_domain.h:44,
[INFO] [stderr]                    from /opt/rustwide/target/debug/build/lamellar-libfabric-sys-475493f07863723b/out/src/prov/opx/include/rdma/opx/fi_opx_endpoint.h:40,
[INFO] [stderr]                    from /opt/rustwide/target/debug/build/lamellar-libfabric-sys-475493f07863723b/out/src/prov/opx/include/rdma/opx/fi_opx_eq.h:41,
[INFO] [stderr]                    from /opt/rustwide/target/debug/build/lamellar-libfabric-sys-475493f07863723b/out/src/prov/opx/include/rdma/opx/fi_opx_cq_ops_table.h:38,
[INFO] [stderr]                    from /opt/rustwide/target/debug/build/lamellar-libfabric-sys-475493f07863723b/out/src/prov/opx/src/fi_opx_cq_ops_table_locking.c:33:
[INFO] [stderr]   /opt/rustwide/target/debug/build/lamellar-libfabric-sys-475493f07863723b/out/src/prov/opx/include/rdma/opx/fi_opx.h:277:44: error: expected identifier or '(' before 'if'
[INFO] [stderr]     277 | #define OPX_COMPILE_TIME_ASSERT(cond, msg) if(0){switch(0){case 0:case cond:;}}
[INFO] [stderr]         |                                            ^~
[INFO] [stderr]   /opt/rustwide/target/debug/build/lamellar-libfabric-sys-475493f07863723b/out/src/prov/opx/include/rdma/opx/fi_opx_reliability.h:279:1: note: in expansion of macro 'OPX_COMPILE_TIME_ASSERT'
[INFO] [stderr]     279 | OPX_COMPILE_TIME_ASSERT(offsetof(struct fi_opx_reliability_tx_replay, sdma_we) == FI_OPX_CACHE_LINE_SIZE,
[INFO] [stderr]         | ^~~~~~~~~~~~~~~~~~~~~~~
[INFO] [stderr]   /opt/rustwide/target/debug/build/lamellar-libfabric-sys-475493f07863723b/out/src/prov/opx/include/rdma/opx/fi_opx.h:277:44: error: expected identifier or '(' before 'if'
[INFO] [stderr]     277 | #define OPX_COMPILE_TIME_ASSERT(cond, msg) if(0){switch(0){case 0:case cond:;}}
[INFO] [stderr]         |                                            ^~
[INFO] [stderr]   /opt/rustwide/target/debug/build/lamellar-libfabric-sys-475493f07863723b/out/src/prov/opx/include/rdma/opx/fi_opx_reliability.h:281:1: note: in expansion of macro 'OPX_COMPILE_TIME_ASSERT'
[INFO] [stderr]     281 | OPX_COMPILE_TIME_ASSERT((offsetof(struct fi_opx_reliability_tx_replay, scb) & (FI_OPX_CACHE_LINE_SIZE - 1)) == 0,
[INFO] [stderr]         | ^~~~~~~~~~~~~~~~~~~~~~~
[INFO] [stderr]   In file included from /opt/rustwide/target/debug/build/lamellar-libfabric-sys-475493f07863723b/out/src/prov/opx/include/rdma/opx/fi_opx_reliability.h:36,
[INFO] [stderr]                    from /opt/rustwide/target/debug/build/lamellar-libfabric-sys-475493f07863723b/out/src/prov/opx/include/rdma/opx/fi_opx_domain.h:44,
[INFO] [stderr]                    from /opt/rustwide/target/debug/build/lamellar-libfabric-sys-475493f07863723b/out/src/prov/opx/src/fi_opx_cm.c:35:
[INFO] [stderr]   /opt/rustwide/target/debug/build/lamellar-libfabric-sys-475493f07863723b/out/src/prov/opx/include/rdma/opx/fi_opx.h:277:44: error: expected identifier or '(' before 'if'
[INFO] [stderr]     277 | #define OPX_COMPILE_TIME_ASSERT(cond, msg) if(0){switch(0){case 0:case cond:;}}
[INFO] [stderr]         |                                            ^~
[INFO] [stderr]   /opt/rustwide/target/debug/build/lamellar-libfabric-sys-475493f07863723b/out/src/prov/opx/include/rdma/opx/fi_opx_reliability.h:279:1: note: in expansion of macro 'OPX_COMPILE_TIME_ASSERT'
[INFO] [stderr]     279 | OPX_COMPILE_TIME_ASSERT(offsetof(struct fi_opx_reliability_tx_replay, sdma_we) == FI_OPX_CACHE_LINE_SIZE,
[INFO] [stderr]         | ^~~~~~~~~~~~~~~~~~~~~~~
[INFO] [stderr]   /opt/rustwide/target/debug/build/lamellar-libfabric-sys-475493f07863723b/out/src/prov/opx/include/rdma/opx/fi_opx.h:277:44: error: expected identifier or '(' before 'if'
[INFO] [stderr]     277 | #define OPX_COMPILE_TIME_ASSERT(cond, msg) if(0){switch(0){case 0:case cond:;}}
[INFO] [stderr]         |                                            ^~
[INFO] [stderr]   /opt/rustwide/target/debug/build/lamellar-libfabric-sys-475493f07863723b/out/src/prov/opx/include/rdma/opx/fi_opx_reliability.h:281:1: note: in expansion of macro 'OPX_COMPILE_TIME_ASSERT'
[INFO] [stderr]     281 | OPX_COMPILE_TIME_ASSERT((offsetof(struct fi_opx_reliability_tx_replay, scb) & (FI_OPX_CACHE_LINE_SIZE - 1)) == 0,
[INFO] [stderr]         | ^~~~~~~~~~~~~~~~~~~~~~~
[INFO] [stderr]   In file included from /opt/rustwide/target/debug/build/lamellar-libfabric-sys-475493f07863723b/out/src/prov/opx/include/rdma/opx/fi_opx_reliability.h:36,
[INFO] [stderr]                    from /opt/rustwide/target/debug/build/lamellar-libfabric-sys-475493f07863723b/out/src/prov/opx/include/rdma/opx/fi_opx_domain.h:44,
[INFO] [stderr]                    from /opt/rustwide/target/debug/build/lamellar-libfabric-sys-475493f07863723b/out/src/prov/opx/src/fi_opx_av.c:35:
[INFO] [stderr]   /opt/rustwide/target/debug/build/lamellar-libfabric-sys-475493f07863723b/out/src/prov/opx/include/rdma/opx/fi_opx.h:277:44: error: expected identifier or '(' before 'if'
[INFO] [stderr]     277 | #define OPX_COMPILE_TIME_ASSERT(cond, msg) if(0){switch(0){case 0:case cond:;}}
[INFO] [stderr]         |                                            ^~
[INFO] [stderr]   /opt/rustwide/target/debug/build/lamellar-libfabric-sys-475493f07863723b/out/src/prov/opx/include/rdma/opx/fi_opx_reliability.h:279:1: note: in expansion of macro 'OPX_COMPILE_TIME_ASSERT'
[INFO] [stderr]     279 | OPX_COMPILE_TIME_ASSERT(offsetof(struct fi_opx_reliability_tx_replay, sdma_we) == FI_OPX_CACHE_LINE_SIZE,
[INFO] [stderr]         | ^~~~~~~~~~~~~~~~~~~~~~~
[INFO] [stderr]   /opt/rustwide/target/debug/build/lamellar-libfabric-sys-475493f07863723b/out/src/prov/opx/include/rdma/opx/fi_opx.h:277:44: error: expected identifier or '(' before 'if'
[INFO] [stderr]     277 | #define OPX_COMPILE_TIME_ASSERT(cond, msg) if(0){switch(0){case 0:case cond:;}}
[INFO] [stderr]         |                                            ^~
[INFO] [stderr]   /opt/rustwide/target/debug/build/lamellar-libfabric-sys-475493f07863723b/out/src/prov/opx/include/rdma/opx/fi_opx_match.h:62:1: note: in expansion of macro 'OPX_COMPILE_TIME_ASSERT'
[INFO] [stderr]      62 | OPX_COMPILE_TIME_ASSERT((FI_OPX_MATCH_UE_HT_SIZE & FI_OPX_MATCH_UE_HT_MASK) == 0,
[INFO] [stderr]         | ^~~~~~~~~~~~~~~~~~~~~~~
[INFO] [stderr]   /opt/rustwide/target/debug/build/lamellar-libfabric-sys-475493f07863723b/out/src/prov/opx/include/rdma/opx/fi_opx.h:277:44: error: expected identifier or '(' before 'if'
[INFO] [stderr]     277 | #define OPX_COMPILE_TIME_ASSERT(cond, msg) if(0){switch(0){case 0:case cond:;}}
[INFO] [stderr]         |                                            ^~
[INFO] [stderr]   /opt/rustwide/target/debug/build/lamellar-libfabric-sys-475493f07863723b/out/src/prov/opx/include/rdma/opx/fi_opx_reliability.h:281:1: note: in expansion of macro 'OPX_COMPILE_TIME_ASSERT'
[INFO] [stderr]     281 | OPX_COMPILE_TIME_ASSERT((offsetof(struct fi_opx_reliability_tx_replay, scb) & (FI_OPX_CACHE_LINE_SIZE - 1)) == 0,
[INFO] [stderr]         | ^~~~~~~~~~~~~~~~~~~~~~~
[INFO] [stderr]   /opt/rustwide/target/debug/build/lamellar-libfabric-sys-475493f07863723b/out/src/prov/opx/include/rdma/opx/fi_opx.h:277:44: error: expected identifier or '(' before 'if'
[INFO] [stderr]     277 | #define OPX_COMPILE_TIME_ASSERT(cond, msg) if(0){switch(0){case 0:case cond:;}}
[INFO] [stderr]         |                                            ^~
[INFO] [stderr]   /opt/rustwide/target/debug/build/lamellar-libfabric-sys-475493f07863723b/out/src/prov/opx/include/rdma/opx/fi_opx_endpoint.h:201:1: note: in expansion of macro 'OPX_COMPILE_TIME_ASSERT'
[INFO] [stderr]     201 | OPX_COMPILE_TIME_ASSERT(OPX_WORK_TYPE_SDMA == 0,
[INFO] [stderr]         | ^~~~~~~~~~~~~~~~~~~~~~~
[INFO] [stderr]   /opt/rustwide/target/debug/build/lamellar-libfabric-sys-475493f07863723b/out/src/prov/opx/include/rdma/opx/fi_opx.h:277:44: error: expected identifier or '(' before 'if'
[INFO] [stderr]     277 | #define OPX_COMPILE_TIME_ASSERT(cond, msg) if(0){switch(0){case 0:case cond:;}}
[INFO] [stderr]         |                                            ^~
[INFO] [stderr]   /opt/rustwide/target/debug/build/lamellar-libfabric-sys-475493f07863723b/out/src/prov/opx/include/rdma/opx/fi_opx_endpoint.h:323:1: note: in expansion of macro 'OPX_COMPILE_TIME_ASSERT'
[INFO] [stderr]     323 | OPX_COMPILE_TIME_ASSERT(offsetof(struct fi_opx_ep_tx, send) == (FI_OPX_CACHE_LINE_SIZE * 2),
[INFO] [stderr]         | ^~~~~~~~~~~~~~~~~~~~~~~
[INFO] [stderr]   /opt/rustwide/target/debug/build/lamellar-libfabric-sys-475493f07863723b/out/src/prov/opx/include/rdma/opx/fi_opx.h:277:44: error: expected identifier or '(' before 'if'
[INFO] [stderr]     277 | #define OPX_COMPILE_TIME_ASSERT(cond, msg) if(0){switch(0){case 0:case cond:;}}
[INFO] [stderr]         |                                            ^~
[INFO] [stderr]   /opt/rustwide/target/debug/build/lamellar-libfabric-sys-475493f07863723b/out/src/prov/opx/include/rdma/opx/fi_opx_endpoint.h:325:1: note: in expansion of macro 'OPX_COMPILE_TIME_ASSERT'
[INFO] [stderr]     325 | OPX_COMPILE_TIME_ASSERT(offsetof(struct fi_opx_ep_tx, rzv) == (FI_OPX_CACHE_LINE_SIZE * 3),
[INFO] [stderr]         | ^~~~~~~~~~~~~~~~~~~~~~~
[INFO] [stderr]   /opt/rustwide/target/debug/build/lamellar-libfabric-sys-475493f07863723b/out/src/prov/opx/include/rdma/opx/fi_opx.h:277:44: error: expected identifier or '(' before 'if'
[INFO] [stderr]     277 | #define OPX_COMPILE_TIME_ASSERT(cond, msg) if(0){switch(0){case 0:case cond:;}}
[INFO] [stderr]         |                                            ^~
[INFO] [stderr]   /opt/rustwide/target/debug/build/lamellar-libfabric-sys-475493f07863723b/out/src/prov/opx/include/rdma/opx/fi_opx_endpoint.h:327:1: note: in expansion of macro 'OPX_COMPILE_TIME_ASSERT'
[INFO] [stderr]     327 | OPX_COMPILE_TIME_ASSERT(offsetof(struct fi_opx_ep_tx, av_addr) == (FI_OPX_CACHE_LINE_SIZE * 4),
[INFO] [stderr]         | ^~~~~~~~~~~~~~~~~~~~~~~
[INFO] [stderr]   /opt/rustwide/target/debug/build/lamellar-libfabric-sys-475493f07863723b/out/src/prov/opx/include/rdma/opx/fi_opx.h:277:44: error: expected identifier or '(' before 'if'
[INFO] [stderr]     277 | #define OPX_COMPILE_TIME_ASSERT(cond, msg) if(0){switch(0){case 0:case cond:;}}
[INFO] [stderr]         |                                            ^~
[INFO] [stderr]   /opt/rustwide/target/debug/build/lamellar-libfabric-sys-475493f07863723b/out/src/prov/opx/include/rdma/opx/fi_opx_endpoint.h:329:1: note: in expansion of macro 'OPX_COMPILE_TIME_ASSERT'
[INFO] [stderr]     329 | OPX_COMPILE_TIME_ASSERT(offsetof(struct fi_opx_ep_tx, work_pending) == (FI_OPX_CACHE_LINE_SIZE * 5),
[INFO] [stderr]         | ^~~~~~~~~~~~~~~~~~~~~~~
[INFO] [stderr]   /opt/rustwide/target/debug/build/lamellar-libfabric-sys-475493f07863723b/out/src/prov/opx/include/rdma/opx/fi_opx.h:277:44: error: expected identifier or '(' before 'if'
[INFO] [stderr]     277 | #define OPX_COMPILE_TIME_ASSERT(cond, msg) if(0){switch(0){case 0:case cond:;}}
[INFO] [stderr]         |                                            ^~
[INFO] [stderr]   /opt/rustwide/target/debug/build/lamellar-libfabric-sys-475493f07863723b/out/src/prov/opx/include/rdma/opx/fi_opx_endpoint.h:331:1: note: in expansion of macro 'OPX_COMPILE_TIME_ASSERT'
[INFO] [stderr]     331 | OPX_COMPILE_TIME_ASSERT(offsetof(struct fi_opx_ep_tx, work_pending_completion) == (FI_OPX_CACHE_LINE_SIZE * 6),
[INFO] [stderr]         | ^~~~~~~~~~~~~~~~~~~~~~~
[INFO] [stderr]   /opt/rustwide/target/debug/build/lamellar-libfabric-sys-475493f07863723b/out/src/prov/opx/include/rdma/opx/fi_opx.h:277:44: error: expected identifier or '(' before 'if'
[INFO] [stderr]     277 | #define OPX_COMPILE_TIME_ASSERT(cond, msg) if(0){switch(0){case 0:case cond:;}}
[INFO] [stderr]         |                                            ^~
[INFO] [stderr]   /opt/rustwide/target/debug/build/lamellar-libfabric-sys-475493f07863723b/out/src/prov/opx/include/rdma/opx/fi_opx_endpoint.h:333:1: note: in expansion of macro 'OPX_COMPILE_TIME_ASSERT'
[INFO] [stderr]     333 | OPX_COMPILE_TIME_ASSERT(offsetof(struct fi_opx_ep_tx, sdma_request_queue) == (FI_OPX_CACHE_LINE_SIZE * 7),
[INFO] [stderr]         | ^~~~~~~~~~~~~~~~~~~~~~~
[INFO] [stderr]   /opt/rustwide/target/debug/build/lamellar-libfabric-sys-475493f07863723b/out/src/prov/opx/include/rdma/opx/fi_opx.h:277:44: error: expected identifier or '(' before 'if'
[INFO] [stderr]     277 | #define OPX_COMPILE_TIME_ASSERT(cond, msg) if(0){switch(0){case 0:case cond:;}}
[INFO] [stderr]         |                                            ^~
[INFO] [stderr]   /opt/rustwide/target/debug/build/lamellar-libfabric-sys-475493f07863723b/out/src/prov/opx/include/rdma/opx/fi_opx_endpoint.h:335:1: note: in expansion of macro 'OPX_COMPILE_TIME_ASSERT'
[INFO] [stderr]     335 | OPX_COMPILE_TIME_ASSERT(offsetof(struct fi_opx_ep_tx, ref_cnt) == (FI_OPX_CACHE_LINE_SIZE * 8),
[INFO] [stderr]         | ^~~~~~~~~~~~~~~~~~~~~~~
[INFO] [stderr]   /opt/rustwide/target/debug/build/lamellar-libfabric-sys-475493f07863723b/out/src/prov/opx/include/rdma/opx/fi_opx.h:277:44: error: expected identifier or '(' before 'if'
[INFO] [stderr]     277 | #define OPX_COMPILE_TIME_ASSERT(cond, msg) if(0){switch(0){case 0:case cond:;}}
[INFO] [stderr]         |                                            ^~
[INFO] [stderr]   /opt/rustwide/target/debug/build/lamellar-libfabric-sys-475493f07863723b/out/src/prov/opx/include/rdma/opx/fi_opx_endpoint.h:436:1: note: in expansion of macro 'OPX_COMPILE_TIME_ASSERT'
[INFO] [stderr]     436 | OPX_COMPILE_TIME_ASSERT(offsetof(struct fi_opx_ep_rx, queue) == FI_OPX_CACHE_LINE_SIZE,
[INFO] [stderr]         | ^~~~~~~~~~~~~~~~~~~~~~~
[INFO] [stderr]   /opt/rustwide/target/debug/build/lamellar-libfabric-sys-475493f07863723b/out/src/prov/opx/include/rdma/opx/fi_opx.h:277:44: error: expected identifier or '(' before 'if'
[INFO] [stderr]     277 | #define OPX_COMPILE_TIME_ASSERT(cond, msg) if(0){switch(0){case 0:case cond:;}}
[INFO] [stderr]         |                                            ^~
[INFO] [stderr]   /opt/rustwide/target/debug/build/lamellar-libfabric-sys-475493f07863723b/out/src/prov/opx/include/rdma/opx/fi_opx_endpoint.h:438:1: note: in expansion of macro 'OPX_COMPILE_TIME_ASSERT'
[INFO] [stderr]     438 | OPX_COMPILE_TIME_ASSERT(offsetof(struct fi_opx_ep_rx, cq_pending_ptr) == (FI_OPX_CACHE_LINE_SIZE * 3),
[INFO] [stderr]         | ^~~~~~~~~~~~~~~~~~~~~~~
[INFO] [stderr]   /opt/rustwide/target/debug/build/lamellar-libfabric-sys-475493f07863723b/out/src/prov/opx/include/rdma/opx/fi_opx.h:277:44: error: expected identifier or '(' before 'if'
[INFO] [stderr]     277 | #define OPX_COMPILE_TIME_ASSERT(cond, msg) if(0){switch(0){case 0:case cond:;}}
[INFO] [stderr]         |                                            ^~
[INFO] [stderr]   /opt/rustwide/target/debug/build/lamellar-libfabric-sys-475493f07863723b/out/src/prov/opx/include/rdma/opx/fi_opx_endpoint.h:440:1: note: in expansion of macro 'OPX_COMPILE_TIME_ASSERT'
[INFO] [stderr]     440 | OPX_COMPILE_TIME_ASSERT(offsetof(struct fi_opx_ep_rx, state) == (FI_OPX_CACHE_LINE_SIZE * 4),
[INFO] [stderr]         | ^~~~~~~~~~~~~~~~~~~~~~~
[INFO] [stderr]   /opt/rustwide/target/debug/build/lamellar-libfabric-sys-475493f07863723b/out/src/prov/opx/include/rdma/opx/fi_opx.h:277:44: error: expected identifier or '(' before 'if'
[INFO] [stderr]     277 | #define OPX_COMPILE_TIME_ASSERT(cond, msg) if(0){switch(0){case 0:case cond:;}}
[INFO] [stderr]         |                                            ^~
[INFO] [stderr]   /opt/rustwide/target/debug/build/lamellar-libfabric-sys-475493f07863723b/out/src/prov/opx/include/rdma/opx/fi_opx_endpoint.h:442:1: note: in expansion of macro 'OPX_COMPILE_TIME_ASSERT'
[INFO] [stderr]     442 | OPX_COMPILE_TIME_ASSERT(offsetof(struct fi_opx_ep_rx, tx) == (FI_OPX_CACHE_LINE_SIZE * 5),
[INFO] [stderr]         | ^~~~~~~~~~~~~~~~~~~~~~~
[INFO] [stderr]   /opt/rustwide/target/debug/build/lamellar-libfabric-sys-475493f07863723b/out/src/prov/opx/include/rdma/opx/fi_opx.h:277:44: error: expected identifier or '(' before 'if'
[INFO] [stderr]     277 | #define OPX_COMPILE_TIME_ASSERT(cond, msg) if(0){switch(0){case 0:case cond:;}}
[INFO] [stderr]         |                                            ^~
[INFO] [stderr]   /opt/rustwide/target/debug/build/lamellar-libfabric-sys-475493f07863723b/out/src/prov/opx/include/rdma/opx/fi_opx_endpoint.h:561:1: note: in expansion of macro 'OPX_COMPILE_TIME_ASSERT'
[INFO] [stderr]     561 | OPX_COMPILE_TIME_ASSERT(offsetof(struct fi_opx_ep, recv_cntr) == (FI_OPX_CACHE_LINE_SIZE * 2),
[INFO] [stderr]         | ^~~~~~~~~~~~~~~~~~~~~~~
[INFO] [stderr]   /opt/rustwide/target/debug/build/lamellar-libfabric-sys-475493f07863723b/out/src/prov/opx/include/rdma/opx/fi_opx.h:277:44: error: expected identifier or '(' before 'if'
[INFO] [stderr]     277 | #define OPX_COMPILE_TIME_ASSERT(cond, msg) if(0){switch(0){case 0:case cond:;}}
[INFO] [stderr]         |                                            ^~
[INFO] [stderr]   /opt/rustwide/target/debug/build/lamellar-libfabric-sys-475493f07863723b/out/src/prov/opx/include/rdma/opx/fi_opx_endpoint.h:563:1: note: in expansion of macro 'OPX_COMPILE_TIME_ASSERT'
[INFO] [stderr]     563 | OPX_COMPILE_TIME_ASSERT(offsetof(struct fi_opx_ep, hfi) == (FI_OPX_CACHE_LINE_SIZE * 3),
[INFO] [stderr]         | ^~~~~~~~~~~~~~~~~~~~~~~
[INFO] [stderr]   /opt/rustwide/target/debug/build/lamellar-libfabric-sys-475493f07863723b/out/src/prov/opx/include/rdma/opx/fi_opx.h:277:44: error: expected identifier or '(' before 'if'
[INFO] [stderr]     277 | #define OPX_COMPILE_TIME_ASSERT(cond, msg) if(0){switch(0){case 0:case cond:;}}
[INFO] [stderr]         |                                            ^~
[INFO] [stderr]   /opt/rustwide/target/debug/build/lamellar-libfabric-sys-475493f07863723b/out/src/prov/opx/include/rdma/opx/fi_opx_endpoint.h:565:1: note: in expansion of macro 'OPX_COMPILE_TIME_ASSERT'
[INFO] [stderr]     565 | OPX_COMPILE_TIME_ASSERT(offsetof(struct fi_opx_ep, common_info) == (FI_OPX_CACHE_LINE_SIZE * 4),
[INFO] [stderr]         | ^~~~~~~~~~~~~~~~~~~~~~~
[INFO] [stderr]   /opt/rustwide/target/debug/build/lamellar-libfabric-sys-475493f07863723b/out/src/prov/opx/include/rdma/opx/fi_opx.h:277:44: error: expected identifier or '(' before 'if'
[INFO] [stderr]     277 | #define OPX_COMPILE_TIME_ASSERT(cond, msg) if(0){switch(0){case 0:case cond:;}}
[INFO] [stderr]         |                                            ^~
[INFO] [stderr]   /opt/rustwide/target/debug/build/lamellar-libfabric-sys-475493f07863723b/out/src/prov/opx/include/rdma/opx/fi_opx_endpoint.h:567:1: note: in expansion of macro 'OPX_COMPILE_TIME_ASSERT'
[INFO] [stderr]     567 | OPX_COMPILE_TIME_ASSERT(offsetof(struct fi_opx_ep, init_send_cntr) == (FI_OPX_CACHE_LINE_SIZE * 5),
[INFO] [stderr]         | ^~~~~~~~~~~~~~~~~~~~~~~
[INFO] [stderr]   /opt/rustwide/target/debug/build/lamellar-libfabric-sys-475493f07863723b/out/src/prov/opx/include/rdma/opx/fi_opx.h:277:44: error: expected identifier or '(' before 'if'
[INFO] [stderr]     277 | #define OPX_COMPILE_TIME_ASSERT(cond, msg) if(0){switch(0){case 0:case cond:;}}
[INFO] [stderr]         |                                            ^~
[INFO] [stderr]   /opt/rustwide/target/debug/build/lamellar-libfabric-sys-475493f07863723b/out/src/prov/opx/include/rdma/opx/fi_opx_endpoint.h:569:1: note: in expansion of macro 'OPX_COMPILE_TIME_ASSERT'
[INFO] [stderr]     569 | OPX_COMPILE_TIME_ASSERT(offsetof(struct fi_opx_ep, lock) == ((FI_OPX_CACHE_LINE_SIZE * 5)+52),
[INFO] [stderr]         | ^~~~~~~~~~~~~~~~~~~~~~~
[INFO] [stderr]   /opt/rustwide/target/debug/build/lamellar-libfabric-sys-475493f07863723b/out/src/prov/opx/include/rdma/opx/fi_opx.h:277:44: error: expected identifier or '(' before 'if'
[INFO] [stderr]     277 | #define OPX_COMPILE_TIME_ASSERT(cond, msg) if(0){switch(0){case 0:case cond:;}}
[INFO] [stderr]         |                                            ^~
[INFO] [stderr]   /opt/rustwide/target/debug/build/lamellar-libfabric-sys-475493f07863723b/out/src/prov/opx/include/rdma/opx/fi_opx_hfi1_progress.h:80:1: note: in expansion of macro 'OPX_COMPILE_TIME_ASSERT'
[INFO] [stderr]      80 | OPX_COMPILE_TIME_ASSERT((FI_OPX_HFI1_HDRQ_UPDATE_MASK == FI_OPX_HFI1_HDRQ_UPDATE_MASK_32) ||
[INFO] [stderr]         | ^~~~~~~~~~~~~~~~~~~~~~~
[INFO] [stderr]   /opt/rustwide/target/debug/build/lamellar-libfabric-sys-475493f07863723b/out/src/prov/opx/include/rdma/opx/fi_opx.h:277:44: error: expected identifier or '(' before 'if'
[INFO] [stderr]     277 | #define OPX_COMPILE_TIME_ASSERT(cond, msg) if(0){switch(0){case 0:case cond:;}}
[INFO] [stderr]         |                                            ^~
[INFO] [stderr]   /opt/rustwide/target/debug/build/lamellar-libfabric-sys-475493f07863723b/out/src/prov/opx/include/rdma/opx/fi_opx_hmem.h:60:1: note: in expansion of macro 'OPX_COMPILE_TIME_ASSERT'
[INFO] [stderr]      60 | OPX_COMPILE_TIME_ASSERT((sizeof(struct fi_opx_hmem_info) & 0x7) == 0,
[INFO] [stderr]         | ^~~~~~~~~~~~~~~~~~~~~~~
[INFO] [stderr]   /opt/rustwide/target/debug/build/lamellar-libfabric-sys-475493f07863723b/out/src/prov/opx/include/rdma/opx/fi_opx.h:277:44: error: expected identifier or '(' before 'if'
[INFO] [stderr]     277 | #define OPX_COMPILE_TIME_ASSERT(cond, msg) if(0){switch(0){case 0:case cond:;}}
[INFO] [stderr]         |                                            ^~
[INFO] [stderr]   /opt/rustwide/target/debug/build/lamellar-libfabric-sys-475493f07863723b/out/src/prov/opx/include/rdma/opx/fi_opx_hfi1_transport.h:441:1: note: in expansion of macro 'OPX_COMPILE_TIME_ASSERT'
[INFO] [stderr]     441 | OPX_COMPILE_TIME_ASSERT((offsetof(struct fi_opx_hfi1_dput_params, compare_iov) & 7) == 0, "compare_iov not 8-byte aligned!");
[INFO] [stderr]         | ^~~~~~~~~~~~~~~~~~~~~~~
[INFO] [stderr]   /opt/rustwide/target/debug/build/lamellar-libfabric-sys-475493f07863723b/out/src/prov/opx/include/rdma/opx/fi_opx.h:277:44: error: expected identifier or '(' before 'if'
[INFO] [stderr]     277 | #define OPX_COMPILE_TIME_ASSERT(cond, msg) if(0){switch(0){case 0:case cond:;}}
[INFO] [stderr]         |                                            ^~
[INFO] [stderr]   /opt/rustwide/target/debug/build/lamellar-libfabric-sys-475493f07863723b/out/src/prov/opx/include/rdma/opx/fi_opx_hfi1_transport.h:490:1: note: in expansion of macro 'OPX_COMPILE_TIME_ASSERT'
[INFO] [stderr]     490 | OPX_COMPILE_TIME_ASSERT(offsetof(struct fi_opx_hfi1_rx_rzv_rts_params, tid_info)
[INFO] [stderr]         | ^~~~~~~~~~~~~~~~~~~~~~~
[INFO] [stderr]   /opt/rustwide/target/debug/build/lamellar-libfabric-sys-475493f07863723b/out/src/prov/opx/include/rdma/opx/fi_opx.h:277:44: error: expected identifier or '(' before 'if'
[INFO] [stderr]     277 | #define OPX_COMPILE_TIME_ASSERT(cond, msg) if(0){switch(0){case 0:case cond:;}}
[INFO] [stderr]         |                                            ^~
[INFO] [stderr]   /opt/rustwide/target/debug/build/lamellar-libfabric-sys-475493f07863723b/out/src/prov/opx/include/rdma/opx/fi_opx_hfi1_transport.h:494:1: note: in expansion of macro 'OPX_COMPILE_TIME_ASSERT'
[INFO] [stderr]     494 | OPX_COMPILE_TIME_ASSERT(sizeof(((struct fi_opx_hfi1_rx_rzv_rts_params *)0)->dput_iov)
[INFO] [stderr]         | ^~~~~~~~~~~~~~~~~~~~~~~
[INFO] [stderr]   /opt/rustwide/target/debug/build/lamellar-libfabric-sys-475493f07863723b/out/src/prov/opx/include/rdma/opx/fi_opx.h:277:44: error: expected identifier or '(' before 'if'
[INFO] [stderr]     277 | #define OPX_COMPILE_TIME_ASSERT(cond, msg) if(0){switch(0){case 0:case cond:;}}
[INFO] [stderr]         |                                            ^~
[INFO] [stderr]   /opt/rustwide/target/debug/build/lamellar-libfabric-sys-475493f07863723b/out/src/prov/opx/include/rdma/opx/fi_opx_hfi1_transport.h:497:1: note: in expansion of macro 'OPX_COMPILE_TIME_ASSERT'
[INFO] [stderr]     497 | OPX_COMPILE_TIME_ASSERT(sizeof(((struct fi_opx_hfi1_rx_rzv_rts_params *)0)->tidpairs)
[INFO] [stderr]         | ^~~~~~~~~~~~~~~~~~~~~~~
[INFO] [stderr]   /opt/rustwide/target/debug/build/lamellar-libfabric-sys-475493f07863723b/out/src/prov/opx/include/rdma/opx/fi_opx.h:277:44: error: expected identifier or '(' before 'if'
[INFO] [stderr]     277 | #define OPX_COMPILE_TIME_ASSERT(cond, msg) if(0){switch(0){case 0:case cond:;}}
[INFO] [stderr]         |                                            ^~
[INFO] [stderr]   /opt/rustwide/target/debug/build/lamellar-libfabric-sys-475493f07863723b/out/src/prov/opx/include/rdma/opx/fi_opx_match.h:62:1: note: in expansion of macro 'OPX_COMPILE_TIME_ASSERT'
[INFO] [stderr]      62 | OPX_COMPILE_TIME_ASSERT((FI_OPX_MATCH_UE_HT_SIZE & FI_OPX_MATCH_UE_HT_MASK) == 0,
[INFO] [stderr]         | ^~~~~~~~~~~~~~~~~~~~~~~
[INFO] [stderr]   /opt/rustwide/target/debug/build/lamellar-libfabric-sys-475493f07863723b/out/src/prov/opx/include/rdma/opx/fi_opx.h:277:44: error: expected identifier or '(' before 'if'
[INFO] [stderr]     277 | #define OPX_COMPILE_TIME_ASSERT(cond, msg) if(0){switch(0){case 0:case cond:;}}
[INFO] [stderr]         |                                            ^~
[INFO] [stderr]   /opt/rustwide/target/debug/build/lamellar-libfabric-sys-475493f07863723b/out/src/prov/opx/include/rdma/opx/fi_opx_match.h:62:1: note: in expansion of macro 'OPX_COMPILE_TIME_ASSERT'
[INFO] [stderr]      62 | OPX_COMPILE_TIME_ASSERT((FI_OPX_MATCH_UE_HT_SIZE & FI_OPX_MATCH_UE_HT_MASK) == 0,
[INFO] [stderr]         | ^~~~~~~~~~~~~~~~~~~~~~~
[INFO] [stderr]   /opt/rustwide/target/debug/build/lamellar-libfabric-sys-475493f07863723b/out/src/prov/opx/include/rdma/opx/fi_opx.h:277:44: error: expected identifier or '(' before 'if'
[INFO] [stderr]     277 | #define OPX_COMPILE_TIME_ASSERT(cond, msg) if(0){switch(0){case 0:case cond:;}}
[INFO] [stderr]         |                                            ^~
[INFO] [stderr]   /opt/rustwide/target/debug/build/lamellar-libfabric-sys-475493f07863723b/out/src/prov/opx/include/rdma/opx/fi_opx_endpoint.h:201:1: note: in expansion of macro 'OPX_COMPILE_TIME_ASSERT'
[INFO] [stderr]     201 | OPX_COMPILE_TIME_ASSERT(OPX_WORK_TYPE_SDMA == 0,
[INFO] [stderr]         | ^~~~~~~~~~~~~~~~~~~~~~~
[INFO] [stderr]   /opt/rustwide/target/debug/build/lamellar-libfabric-sys-475493f07863723b/out/src/prov/opx/include/rdma/opx/fi_opx.h:277:44: error: expected identifier or '(' before 'if'
[INFO] [stderr]     277 | #define OPX_COMPILE_TIME_ASSERT(cond, msg) if(0){switch(0){case 0:case cond:;}}
[INFO] [stderr]         |                                            ^~
[INFO] [stderr]   /opt/rustwide/target/debug/build/lamellar-libfabric-sys-475493f07863723b/out/src/prov/opx/include/rdma/opx/fi_opx_endpoint.h:323:1: note: in expansion of macro 'OPX_COMPILE_TIME_ASSERT'
[INFO] [stderr]     323 | OPX_COMPILE_TIME_ASSERT(offsetof(struct fi_opx_ep_tx, send) == (FI_OPX_CACHE_LINE_SIZE * 2),
[INFO] [stderr]         | ^~~~~~~~~~~~~~~~~~~~~~~
[INFO] [stderr]   /opt/rustwide/target/debug/build/lamellar-libfabric-sys-475493f07863723b/out/src/prov/opx/include/rdma/opx/fi_opx.h:277:44: error: expected identifier or '(' before 'if'
[INFO] [stderr]     277 | #define OPX_COMPILE_TIME_ASSERT(cond, msg) if(0){switch(0){case 0:case cond:;}}
[INFO] [stderr]         |                                            ^~
[INFO] [stderr]   /opt/rustwide/target/debug/build/lamellar-libfabric-sys-475493f07863723b/out/src/prov/opx/include/rdma/opx/fi_opx_endpoint.h:325:1: note: in expansion of macro 'OPX_COMPILE_TIME_ASSERT'
[INFO] [stderr]     325 | OPX_COMPILE_TIME_ASSERT(offsetof(struct fi_opx_ep_tx, rzv) == (FI_OPX_CACHE_LINE_SIZE * 3),
[INFO] [stderr]         | ^~~~~~~~~~~~~~~~~~~~~~~
[INFO] [stderr]   /opt/rustwide/target/debug/build/lamellar-libfabric-sys-475493f07863723b/out/src/prov/opx/include/rdma/opx/fi_opx.h:277:44: error: expected identifier or '(' before 'if'
[INFO] [stderr]     277 | #define OPX_COMPILE_TIME_ASSERT(cond, msg) if(0){switch(0){case 0:case cond:;}}
[INFO] [stderr]         |                                            ^~
[INFO] [stderr]   /opt/rustwide/target/debug/build/lamellar-libfabric-sys-475493f07863723b/out/src/prov/opx/include/rdma/opx/fi_opx_endpoint.h:327:1: note: in expansion of macro 'OPX_COMPILE_TIME_ASSERT'
[INFO] [stderr]     327 | OPX_COMPILE_TIME_ASSERT(offsetof(struct fi_opx_ep_tx, av_addr) == (FI_OPX_CACHE_LINE_SIZE * 4),
[INFO] [stderr]         | ^~~~~~~~~~~~~~~~~~~~~~~
[INFO] [stderr]   /opt/rustwide/target/debug/build/lamellar-libfabric-sys-475493f07863723b/out/src/prov/opx/include/rdma/opx/fi_opx.h:277:44: error: expected identifier or '(' before 'if'
[INFO] [stderr]     277 | #define OPX_COMPILE_TIME_ASSERT(cond, msg) if(0){switch(0){case 0:case cond:;}}
[INFO] [stderr]         |                                            ^~
[INFO] [stderr]   /opt/rustwide/target/debug/build/lamellar-libfabric-sys-475493f07863723b/out/src/prov/opx/include/rdma/opx/fi_opx_endpoint.h:329:1: note: in expansion of macro 'OPX_COMPILE_TIME_ASSERT'
[INFO] [stderr]     329 | OPX_COMPILE_TIME_ASSERT(offsetof(struct fi_opx_ep_tx, work_pending) == (FI_OPX_CACHE_LINE_SIZE * 5),
[INFO] [stderr]         | ^~~~~~~~~~~~~~~~~~~~~~~
[INFO] [stderr]   /opt/rustwide/target/debug/build/lamellar-libfabric-sys-475493f07863723b/out/src/prov/opx/include/rdma/opx/fi_opx.h:277:44: error: expected identifier or '(' before 'if'
[INFO] [stderr]     277 | #define OPX_COMPILE_TIME_ASSERT(cond, msg) if(0){switch(0){case 0:case cond:;}}
[INFO] [stderr]         |                                            ^~
[INFO] [stderr]   /opt/rustwide/target/debug/build/lamellar-libfabric-sys-475493f07863723b/out/src/prov/opx/include/rdma/opx/fi_opx_endpoint.h:331:1: note: in expansion of macro 'OPX_COMPILE_TIME_ASSERT'
[INFO] [stderr]     331 | OPX_COMPILE_TIME_ASSERT(offsetof(struct fi_opx_ep_tx, work_pending_completion) == (FI_OPX_CACHE_LINE_SIZE * 6),
[INFO] [stderr]         | ^~~~~~~~~~~~~~~~~~~~~~~
[INFO] [stderr]   /opt/rustwide/target/debug/build/lamellar-libfabric-sys-475493f07863723b/out/src/prov/opx/include/rdma/opx/fi_opx.h:277:44: error: expected identifier or '(' before 'if'
[INFO] [stderr]     277 | #define OPX_COMPILE_TIME_ASSERT(cond, msg) if(0){switch(0){case 0:case cond:;}}
[INFO] [stderr]         |                                            ^~
[INFO] [stderr]   /opt/rustwide/target/debug/build/lamellar-libfabric-sys-475493f07863723b/out/src/prov/opx/include/rdma/opx/fi_opx_endpoint.h:333:1: note: in expansion of macro 'OPX_COMPILE_TIME_ASSERT'
[INFO] [stderr]     333 | OPX_COMPILE_TIME_ASSERT(offsetof(struct fi_opx_ep_tx, sdma_request_queue) == (FI_OPX_CACHE_LINE_SIZE * 7),
[INFO] [stderr]         | ^~~~~~~~~~~~~~~~~~~~~~~
[INFO] [stderr]   /opt/rustwide/target/debug/build/lamellar-libfabric-sys-475493f07863723b/out/src/prov/opx/include/rdma/opx/fi_opx.h:277:44: error: expected identifier or '(' before 'if'
[INFO] [stderr]     277 | #define OPX_COMPILE_TIME_ASSERT(cond, msg) if(0){switch(0){case 0:case cond:;}}
[INFO] [stderr]         |                                            ^~
[INFO] [stderr]   /opt/rustwide/target/debug/build/lamellar-libfabric-sys-475493f07863723b/out/src/prov/opx/include/rdma/opx/fi_opx_endpoint.h:335:1: note: in expansion of macro 'OPX_COMPILE_TIME_ASSERT'
[INFO] [stderr]     335 | OPX_COMPILE_TIME_ASSERT(offsetof(struct fi_opx_ep_tx, ref_cnt) == (FI_OPX_CACHE_LINE_SIZE * 8),
[INFO] [stderr]         | ^~~~~~~~~~~~~~~~~~~~~~~
[INFO] [stderr]   /opt/rustwide/target/debug/build/lamellar-libfabric-sys-475493f07863723b/out/src/prov/opx/include/rdma/opx/fi_opx.h:277:44: error: expected identifier or '(' before 'if'
[INFO] [stderr]     277 | #define OPX_COMPILE_TIME_ASSERT(cond, msg) if(0){switch(0){case 0:case cond:;}}
[INFO] [stderr]         |                                            ^~
[INFO] [stderr]   /opt/rustwide/target/debug/build/lamellar-libfabric-sys-475493f07863723b/out/src/prov/opx/include/rdma/opx/fi_opx_endpoint.h:436:1: note: in expansion of macro 'OPX_COMPILE_TIME_ASSERT'
[INFO] [stderr]     436 | OPX_COMPILE_TIME_ASSERT(offsetof(struct fi_opx_ep_rx, queue) == FI_OPX_CACHE_LINE_SIZE,
[INFO] [stderr]         | ^~~~~~~~~~~~~~~~~~~~~~~
[INFO] [stderr]   /opt/rustwide/target/debug/build/lamellar-libfabric-sys-475493f07863723b/out/src/prov/opx/include/rdma/opx/fi_opx.h:277:44: error: expected identifier or '(' before 'if'
[INFO] [stderr]     277 | #define OPX_COMPILE_TIME_ASSERT(cond, msg) if(0){switch(0){case 0:case cond:;}}
[INFO] [stderr]         |                                            ^~
[INFO] [stderr]   /opt/rustwide/target/debug/build/lamellar-libfabric-sys-475493f07863723b/out/src/prov/opx/include/rdma/opx/fi_opx_endpoint.h:438:1: note: in expansion of macro 'OPX_COMPILE_TIME_ASSERT'
[INFO] [stderr]     438 | OPX_COMPILE_TIME_ASSERT(offsetof(struct fi_opx_ep_rx, cq_pending_ptr) == (FI_OPX_CACHE_LINE_SIZE * 3),
[INFO] [stderr]         | ^~~~~~~~~~~~~~~~~~~~~~~
[INFO] [stderr]   /opt/rustwide/target/debug/build/lamellar-libfabric-sys-475493f07863723b/out/src/prov/opx/include/rdma/opx/fi_opx.h:277:44: error: expected identifier or '(' before 'if'
[INFO] [stderr]     277 | #define OPX_COMPILE_TIME_ASSERT(cond, msg) if(0){switch(0){case 0:case cond:;}}
[INFO] [stderr]         |                                            ^~
[INFO] [stderr]   /opt/rustwide/target/debug/build/lamellar-libfabric-sys-475493f07863723b/out/src/prov/opx/include/rdma/opx/fi_opx_endpoint.h:440:1: note: in expansion of macro 'OPX_COMPILE_TIME_ASSERT'
[INFO] [stderr]     440 | OPX_COMPILE_TIME_ASSERT(offsetof(struct fi_opx_ep_rx, state) == (FI_OPX_CACHE_LINE_SIZE * 4),
[INFO] [stderr]         | ^~~~~~~~~~~~~~~~~~~~~~~
[INFO] [stderr]   /opt/rustwide/target/debug/build/lamellar-libfabric-sys-475493f07863723b/out/src/prov/opx/include/rdma/opx/fi_opx.h:277:44: error: expected identifier or '(' before 'if'
[INFO] [stderr]     277 | #define OPX_COMPILE_TIME_ASSERT(cond, msg) if(0){switch(0){case 0:case cond:;}}
[INFO] [stderr]         |                                            ^~
[INFO] [stderr]   /opt/rustwide/target/debug/build/lamellar-libfabric-sys-475493f07863723b/out/src/prov/opx/include/rdma/opx/fi_opx_endpoint.h:442:1: note: in expansion of macro 'OPX_COMPILE_TIME_ASSERT'
[INFO] [stderr]     442 | OPX_COMPILE_TIME_ASSERT(offsetof(struct fi_opx_ep_rx, tx) == (FI_OPX_CACHE_LINE_SIZE * 5),
[INFO] [stderr]         | ^~~~~~~~~~~~~~~~~~~~~~~
[INFO] [stderr]   /opt/rustwide/target/debug/build/lamellar-libfabric-sys-475493f07863723b/out/src/prov/opx/include/rdma/opx/fi_opx.h:277:44: error: expected identifier or '(' before 'if'
[INFO] [stderr]     277 | #define OPX_COMPILE_TIME_ASSERT(cond, msg) if(0){switch(0){case 0:case cond:;}}
[INFO] [stderr]         |                                            ^~
[INFO] [stderr]   /opt/rustwide/target/debug/build/lamellar-libfabric-sys-475493f07863723b/out/src/prov/opx/include/rdma/opx/fi_opx_endpoint.h:561:1: note: in expansion of macro 'OPX_COMPILE_TIME_ASSERT'
[INFO] [stderr]     561 | OPX_COMPILE_TIME_ASSERT(offsetof(struct fi_opx_ep, recv_cntr) == (FI_OPX_CACHE_LINE_SIZE * 2),
[INFO] [stderr]         | ^~~~~~~~~~~~~~~~~~~~~~~
[INFO] [stderr]   /opt/rustwide/target/debug/build/lamellar-libfabric-sys-475493f07863723b/out/src/prov/opx/include/rdma/opx/fi_opx.h:277:44: error: expected identifier or '(' before 'if'
[INFO] [stderr]     277 | #define OPX_COMPILE_TIME_ASSERT(cond, msg) if(0){switch(0){case 0:case cond:;}}
[INFO] [stderr]         |                                            ^~
[INFO] [stderr]   /opt/rustwide/target/debug/build/lamellar-libfabric-sys-475493f07863723b/out/src/prov/opx/include/rdma/opx/fi_opx_endpoint.h:563:1: note: in expansion of macro 'OPX_COMPILE_TIME_ASSERT'
[INFO] [stderr]     563 | OPX_COMPILE_TIME_ASSERT(offsetof(struct fi_opx_ep, hfi) == (FI_OPX_CACHE_LINE_SIZE * 3),
[INFO] [stderr]         | ^~~~~~~~~~~~~~~~~~~~~~~
[INFO] [stderr]   /opt/rustwide/target/debug/build/lamellar-libfabric-sys-475493f07863723b/out/src/prov/opx/include/rdma/opx/fi_opx.h:277:44: error: expected identifier or '(' before 'if'
[INFO] [stderr]     277 | #define OPX_COMPILE_TIME_ASSERT(cond, msg) if(0){switch(0){case 0:case cond:;}}
[INFO] [stderr]         |                                            ^~
[INFO] [stderr]   /opt/rustwide/target/debug/build/lamellar-libfabric-sys-475493f07863723b/out/src/prov/opx/include/rdma/opx/fi_opx_endpoint.h:565:1: note: in expansion of macro 'OPX_COMPILE_TIME_ASSERT'
[INFO] [stderr]     565 | OPX_COMPILE_TIME_ASSERT(offsetof(struct fi_opx_ep, common_info) == (FI_OPX_CACHE_LINE_SIZE * 4),
[INFO] [stderr]         | ^~~~~~~~~~~~~~~~~~~~~~~
[INFO] [stderr]   /opt/rustwide/target/debug/build/lamellar-libfabric-sys-475493f07863723b/out/src/prov/opx/include/rdma/opx/fi_opx.h:277:44: error: expected identifier or '(' before 'if'
[INFO] [stderr]     277 | #define OPX_COMPILE_TIME_ASSERT(cond, msg) if(0){switch(0){case 0:case cond:;}}
[INFO] [stderr]         |                                            ^~
[INFO] [stderr]   /opt/rustwide/target/debug/build/lamellar-libfabric-sys-475493f07863723b/out/src/prov/opx/include/rdma/opx/fi_opx_endpoint.h:567:1: note: in expansion of macro 'OPX_COMPILE_TIME_ASSERT'
[INFO] [stderr]     567 | OPX_COMPILE_TIME_ASSERT(offsetof(struct fi_opx_ep, init_send_cntr) == (FI_OPX_CACHE_LINE_SIZE * 5),
[INFO] [stderr]         | ^~~~~~~~~~~~~~~~~~~~~~~
[INFO] [stderr]   /opt/rustwide/target/debug/build/lamellar-libfabric-sys-475493f07863723b/out/src/prov/opx/include/rdma/opx/fi_opx.h:277:44: error: expected identifier or '(' before 'if'
[INFO] [stderr]     277 | #define OPX_COMPILE_TIME_ASSERT(cond, msg) if(0){switch(0){case 0:case cond:;}}
[INFO] [stderr]         |                                            ^~
[INFO] [stderr]   /opt/rustwide/target/debug/build/lamellar-libfabric-sys-475493f07863723b/out/src/prov/opx/include/rdma/opx/fi_opx_endpoint.h:569:1: note: in expansion of macro 'OPX_COMPILE_TIME_ASSERT'
[INFO] [stderr]     569 | OPX_COMPILE_TIME_ASSERT(offsetof(struct fi_opx_ep, lock) == ((FI_OPX_CACHE_LINE_SIZE * 5)+52),
[INFO] [stderr]         | ^~~~~~~~~~~~~~~~~~~~~~~
[INFO] [stderr]   /opt/rustwide/target/debug/build/lamellar-libfabric-sys-475493f07863723b/out/src/prov/opx/include/rdma/opx/fi_opx.h:277:44: error: expected identifier or '(' before 'if'
[INFO] [stderr]     277 | #define OPX_COMPILE_TIME_ASSERT(cond, msg) if(0){switch(0){case 0:case cond:;}}
[INFO] [stderr]         |                                            ^~
[INFO] [stderr]   /opt/rustwide/target/debug/build/lamellar-libfabric-sys-475493f07863723b/out/src/prov/opx/include/rdma/opx/fi_opx_endpoint.h:201:1: note: in expansion of macro 'OPX_COMPILE_TIME_ASSERT'
[INFO] [stderr]     201 | OPX_COMPILE_TIME_ASSERT(OPX_WORK_TYPE_SDMA == 0,
[INFO] [stderr]         | ^~~~~~~~~~~~~~~~~~~~~~~
[INFO] [stderr]   /opt/rustwide/target/debug/build/lamellar-libfabric-sys-475493f07863723b/out/src/prov/opx/include/rdma/opx/fi_opx.h:277:44: error: expected identifier or '(' before 'if'
[INFO] [stderr]     277 | #define OPX_COMPILE_TIME_ASSERT(cond, msg) if(0){switch(0){case 0:case cond:;}}
[INFO] [stderr]         |                                            ^~
[INFO] [stderr]   /opt/rustwide/target/debug/build/lamellar-libfabric-sys-475493f07863723b/out/src/prov/opx/include/rdma/opx/fi_opx_endpoint.h:323:1: note: in expansion of macro 'OPX_COMPILE_TIME_ASSERT'
[INFO] [stderr]     323 | OPX_COMPILE_TIME_ASSERT(offsetof(struct fi_opx_ep_tx, send) == (FI_OPX_CACHE_LINE_SIZE * 2),
[INFO] [stderr]         | ^~~~~~~~~~~~~~~~~~~~~~~
[INFO] [stderr]   /opt/rustwide/target/debug/build/lamellar-libfabric-sys-475493f07863723b/out/src/prov/opx/include/rdma/opx/fi_opx.h:277:44: error: expected identifier or '(' before 'if'
[INFO] [stderr]     277 | #define OPX_COMPILE_TIME_ASSERT(cond, msg) if(0){switch(0){case 0:case cond:;}}
[INFO] [stderr]         |                                            ^~
[INFO] [stderr]   /opt/rustwide/target/debug/build/lamellar-libfabric-sys-475493f07863723b/out/src/prov/opx/include/rdma/opx/fi_opx_endpoint.h:325:1: note: in expansion of macro 'OPX_COMPILE_TIME_ASSERT'
[INFO] [stderr]     325 | OPX_COMPILE_TIME_ASSERT(offsetof(struct fi_opx_ep_tx, rzv) == (FI_OPX_CACHE_LINE_SIZE * 3),
[INFO] [stderr]         | ^~~~~~~~~~~~~~~~~~~~~~~
[INFO] [stderr]   /opt/rustwide/target/debug/build/lamellar-libfabric-sys-475493f07863723b/out/src/prov/opx/include/rdma/opx/fi_opx.h:277:44: error: expected identifier or '(' before 'if'
[INFO] [stderr]     277 | #define OPX_COMPILE_TIME_ASSERT(cond, msg) if(0){switch(0){case 0:case cond:;}}
[INFO] [stderr]         |                                            ^~
[INFO] [stderr]   /opt/rustwide/target/debug/build/lamellar-libfabric-sys-475493f07863723b/out/src/prov/opx/include/rdma/opx/fi_opx_endpoint.h:327:1: note: in expansion of macro 'OPX_COMPILE_TIME_ASSERT'
[INFO] [stderr]     327 | OPX_COMPILE_TIME_ASSERT(offsetof(struct fi_opx_ep_tx, av_addr) == (FI_OPX_CACHE_LINE_SIZE * 4),
[INFO] [stderr]         | ^~~~~~~~~~~~~~~~~~~~~~~
[INFO] [stderr]   /opt/rustwide/target/debug/build/lamellar-libfabric-sys-475493f07863723b/out/src/prov/opx/include/rdma/opx/fi_opx.h:277:44: error: expected identifier or '(' before 'if'
[INFO] [stderr]     277 | #define OPX_COMPILE_TIME_ASSERT(cond, msg) if(0){switch(0){case 0:case cond:;}}
[INFO] [stderr]         |                                            ^~
[INFO] [stderr]   /opt/rustwide/target/debug/build/lamellar-libfabric-sys-475493f07863723b/out/src/prov/opx/include/rdma/opx/fi_opx_endpoint.h:329:1: note: in expansion of macro 'OPX_COMPILE_TIME_ASSERT'
[INFO] [stderr]     329 | OPX_COMPILE_TIME_ASSERT(offsetof(struct fi_opx_ep_tx, work_pending) == (FI_OPX_CACHE_LINE_SIZE * 5),
[INFO] [stderr]         | ^~~~~~~~~~~~~~~~~~~~~~~
[INFO] [stderr]   /opt/rustwide/target/debug/build/lamellar-libfabric-sys-475493f07863723b/out/src/prov/opx/include/rdma/opx/fi_opx.h:277:44: error: expected identifier or '(' before 'if'
[INFO] [stderr]     277 | #define OPX_COMPILE_TIME_ASSERT(cond, msg) if(0){switch(0){case 0:case cond:;}}
[INFO] [stderr]         |                                            ^~
[INFO] [stderr]   /opt/rustwide/target/debug/build/lamellar-libfabric-sys-475493f07863723b/out/src/prov/opx/include/rdma/opx/fi_opx_endpoint.h:331:1: note: in expansion of macro 'OPX_COMPILE_TIME_ASSERT'
[INFO] [stderr]     331 | OPX_COMPILE_TIME_ASSERT(offsetof(struct fi_opx_ep_tx, work_pending_completion) == (FI_OPX_CACHE_LINE_SIZE * 6),
[INFO] [stderr]         | ^~~~~~~~~~~~~~~~~~~~~~~
[INFO] [stderr]   /opt/rustwide/target/debug/build/lamellar-libfabric-sys-475493f07863723b/out/src/prov/opx/include/rdma/opx/fi_opx.h:277:44: error: expected identifier or '(' before 'if'
[INFO] [stderr]     277 | #define OPX_COMPILE_TIME_ASSERT(cond, msg) if(0){switch(0){case 0:case cond:;}}
[INFO] [stderr]         |                                            ^~
[INFO] [stderr]   /opt/rustwide/target/debug/build/lamellar-libfabric-sys-475493f07863723b/out/src/prov/opx/include/rdma/opx/fi_opx_endpoint.h:333:1: note: in expansion of macro 'OPX_COMPILE_TIME_ASSERT'
[INFO] [stderr]     333 | OPX_COMPILE_TIME_ASSERT(offsetof(struct fi_opx_ep_tx, sdma_request_queue) == (FI_OPX_CACHE_LINE_SIZE * 7),
[INFO] [stderr]         | ^~~~~~~~~~~~~~~~~~~~~~~
[INFO] [stderr]   /opt/rustwide/target/debug/build/lamellar-libfabric-sys-475493f07863723b/out/src/prov/opx/include/rdma/opx/fi_opx.h:277:44: error: expected identifier or '(' before 'if'
[INFO] [stderr]     277 | #define OPX_COMPILE_TIME_ASSERT(cond, msg) if(0){switch(0){case 0:case cond:;}}
[INFO] [stderr]         |                                            ^~
[INFO] [stderr]   /opt/rustwide/target/debug/build/lamellar-libfabric-sys-475493f07863723b/out/src/prov/opx/include/rdma/opx/fi_opx_endpoint.h:335:1: note: in expansion of macro 'OPX_COMPILE_TIME_ASSERT'
[INFO] [stderr]     335 | OPX_COMPILE_TIME_ASSERT(offsetof(struct fi_opx_ep_tx, ref_cnt) == (FI_OPX_CACHE_LINE_SIZE * 8),
[INFO] [stderr]         | ^~~~~~~~~~~~~~~~~~~~~~~
[INFO] [stderr]   /opt/rustwide/target/debug/build/lamellar-libfabric-sys-475493f07863723b/out/src/prov/opx/include/rdma/opx/fi_opx.h:277:44: error: expected identifier or '(' before 'if'
[INFO] [stderr]     277 | #define OPX_COMPILE_TIME_ASSERT(cond, msg) if(0){switch(0){case 0:case cond:;}}
[INFO] [stderr]         |                                            ^~
[INFO] [stderr]   /opt/rustwide/target/debug/build/lamellar-libfabric-sys-475493f07863723b/out/src/prov/opx/include/rdma/opx/fi_opx_endpoint.h:436:1: note: in expansion of macro 'OPX_COMPILE_TIME_ASSERT'
[INFO] [stderr]     436 | OPX_COMPILE_TIME_ASSERT(offsetof(struct fi_opx_ep_rx, queue) == FI_OPX_CACHE_LINE_SIZE,
[INFO] [stderr]         | ^~~~~~~~~~~~~~~~~~~~~~~
[INFO] [stderr]   /opt/rustwide/target/debug/build/lamellar-libfabric-sys-475493f07863723b/out/src/prov/opx/include/rdma/opx/fi_opx.h:277:44: error: expected identifier or '(' before 'if'
[INFO] [stderr]     277 | #define OPX_COMPILE_TIME_ASSERT(cond, msg) if(0){switch(0){case 0:case cond:;}}
[INFO] [stderr]         |                                            ^~
[INFO] [stderr]   /opt/rustwide/target/debug/build/lamellar-libfabric-sys-475493f07863723b/out/src/prov/opx/include/rdma/opx/fi_opx_endpoint.h:438:1: note: in expansion of macro 'OPX_COMPILE_TIME_ASSERT'
[INFO] [stderr]     438 | OPX_COMPILE_TIME_ASSERT(offsetof(struct fi_opx_ep_rx, cq_pending_ptr) == (FI_OPX_CACHE_LINE_SIZE * 3),
[INFO] [stderr]         | ^~~~~~~~~~~~~~~~~~~~~~~
[INFO] [stderr]   /opt/rustwide/target/debug/build/lamellar-libfabric-sys-475493f07863723b/out/src/prov/opx/include/rdma/opx/fi_opx.h:277:44: error: expected identifier or '(' before 'if'
[INFO] [stderr]     277 | #define OPX_COMPILE_TIME_ASSERT(cond, msg) if(0){switch(0){case 0:case cond:;}}
[INFO] [stderr]         |                                            ^~
[INFO] [stderr]   /opt/rustwide/target/debug/build/lamellar-libfabric-sys-475493f07863723b/out/src/prov/opx/include/rdma/opx/fi_opx_endpoint.h:440:1: note: in expansion of macro 'OPX_COMPILE_TIME_ASSERT'
[INFO] [stderr]     440 | OPX_COMPILE_TIME_ASSERT(offsetof(struct fi_opx_ep_rx, state) == (FI_OPX_CACHE_LINE_SIZE * 4),
[INFO] [stderr]         | ^~~~~~~~~~~~~~~~~~~~~~~
[INFO] [stderr]   /opt/rustwide/target/debug/build/lamellar-libfabric-sys-475493f07863723b/out/src/prov/opx/include/rdma/opx/fi_opx.h:277:44: error: expected identifier or '(' before 'if'
[INFO] [stderr]     277 | #define OPX_COMPILE_TIME_ASSERT(cond, msg) if(0){switch(0){case 0:case cond:;}}
[INFO] [stderr]         |                                            ^~
[INFO] [stderr]   /opt/rustwide/target/debug/build/lamellar-libfabric-sys-475493f07863723b/out/src/prov/opx/include/rdma/opx/fi_opx_endpoint.h:442:1: note: in expansion of macro 'OPX_COMPILE_TIME_ASSERT'
[INFO] [stderr]     442 | OPX_COMPILE_TIME_ASSERT(offsetof(struct fi_opx_ep_rx, tx) == (FI_OPX_CACHE_LINE_SIZE * 5),
[INFO] [stderr]         | ^~~~~~~~~~~~~~~~~~~~~~~
[INFO] [stderr]   /opt/rustwide/target/debug/build/lamellar-libfabric-sys-475493f07863723b/out/src/prov/opx/include/rdma/opx/fi_opx.h:277:44: error: expected identifier or '(' before 'if'
[INFO] [stderr]     277 | #define OPX_COMPILE_TIME_ASSERT(cond, msg) if(0){switch(0){case 0:case cond:;}}
[INFO] [stderr]         |                                            ^~
[INFO] [stderr]   /opt/rustwide/target/debug/build/lamellar-libfabric-sys-475493f07863723b/out/src/prov/opx/include/rdma/opx/fi_opx_endpoint.h:561:1: note: in expansion of macro 'OPX_COMPILE_TIME_ASSERT'
[INFO] [stderr]     561 | OPX_COMPILE_TIME_ASSERT(offsetof(struct fi_opx_ep, recv_cntr) == (FI_OPX_CACHE_LINE_SIZE * 2),
[INFO] [stderr]         | ^~~~~~~~~~~~~~~~~~~~~~~
[INFO] [stderr]   /opt/rustwide/target/debug/build/lamellar-libfabric-sys-475493f07863723b/out/src/prov/opx/include/rdma/opx/fi_opx.h:277:44: error: expected identifier or '(' before 'if'
[INFO] [stderr]     277 | #define OPX_COMPILE_TIME_ASSERT(cond, msg) if(0){switch(0){case 0:case cond:;}}
[INFO] [stderr]         |                                            ^~
[INFO] [stderr]   /opt/rustwide/target/debug/build/lamellar-libfabric-sys-475493f07863723b/out/src/prov/opx/include/rdma/opx/fi_opx_endpoint.h:563:1: note: in expansion of macro 'OPX_COMPILE_TIME_ASSERT'
[INFO] [stderr]     563 | OPX_COMPILE_TIME_ASSERT(offsetof(struct fi_opx_ep, hfi) == (FI_OPX_CACHE_LINE_SIZE * 3),
[INFO] [stderr]         | ^~~~~~~~~~~~~~~~~~~~~~~
[INFO] [stderr]   /opt/rustwide/target/debug/build/lamellar-libfabric-sys-475493f07863723b/out/src/prov/opx/include/rdma/opx/fi_opx.h:277:44: error: expected identifier or '(' before 'if'
[INFO] [stderr]     277 | #define OPX_COMPILE_TIME_ASSERT(cond, msg) if(0){switch(0){case 0:case cond:;}}
[INFO] [stderr]         |                                            ^~
[INFO] [stderr]   /opt/rustwide/target/debug/build/lamellar-libfabric-sys-475493f07863723b/out/src/prov/opx/include/rdma/opx/fi_opx_endpoint.h:565:1: note: in expansion of macro 'OPX_COMPILE_TIME_ASSERT'
[INFO] [stderr]     565 | OPX_COMPILE_TIME_ASSERT(offsetof(struct fi_opx_ep, common_info) == (FI_OPX_CACHE_LINE_SIZE * 4),
[INFO] [stderr]         | ^~~~~~~~~~~~~~~~~~~~~~~
[INFO] [stderr]   /opt/rustwide/target/debug/build/lamellar-libfabric-sys-475493f07863723b/out/src/prov/opx/include/rdma/opx/fi_opx.h:277:44: error: expected identifier or '(' before 'if'
[INFO] [stderr]     277 | #define OPX_COMPILE_TIME_ASSERT(cond, msg) if(0){switch(0){case 0:case cond:;}}
[INFO] [stderr]         |                                            ^~
[INFO] [stderr]   /opt/rustwide/target/debug/build/lamellar-libfabric-sys-475493f07863723b/out/src/prov/opx/include/rdma/opx/fi_opx_endpoint.h:567:1: note: in expansion of macro 'OPX_COMPILE_TIME_ASSERT'
[INFO] [stderr]     567 | OPX_COMPILE_TIME_ASSERT(offsetof(struct fi_opx_ep, init_send_cntr) == (FI_OPX_CACHE_LINE_SIZE * 5),
[INFO] [stderr]         | ^~~~~~~~~~~~~~~~~~~~~~~
[INFO] [stderr]   /opt/rustwide/target/debug/build/lamellar-libfabric-sys-475493f07863723b/out/src/prov/opx/include/rdma/opx/fi_opx.h:277:44: error: expected identifier or '(' before 'if'
[INFO] [stderr]     277 | #define OPX_COMPILE_TIME_ASSERT(cond, msg) if(0){switch(0){case 0:case cond:;}}
[INFO] [stderr]         |                                            ^~
[INFO] [stderr]   /opt/rustwide/target/debug/build/lamellar-libfabric-sys-475493f07863723b/out/src/prov/opx/include/rdma/opx/fi_opx_endpoint.h:569:1: note: in expansion of macro 'OPX_COMPILE_TIME_ASSERT'
[INFO] [stderr]     569 | OPX_COMPILE_TIME_ASSERT(offsetof(struct fi_opx_ep, lock) == ((FI_OPX_CACHE_LINE_SIZE * 5)+52),
[INFO] [stderr]         | ^~~~~~~~~~~~~~~~~~~~~~~
[INFO] [stderr]   /opt/rustwide/target/debug/build/lamellar-libfabric-sys-475493f07863723b/out/src/prov/opx/include/rdma/opx/fi_opx.h:277:44: error: expected identifier or '(' before 'if'
[INFO] [stderr]     277 | #define OPX_COMPILE_TIME_ASSERT(cond, msg) if(0){switch(0){case 0:case cond:;}}
[INFO] [stderr]         |                                            ^~
[INFO] [stderr]   /opt/rustwide/target/debug/build/lamellar-libfabric-sys-475493f07863723b/out/src/prov/opx/include/rdma/opx/fi_opx_hmem.h:60:1: note: in expansion of macro 'OPX_COMPILE_TIME_ASSERT'
[INFO] [stderr]      60 | OPX_COMPILE_TIME_ASSERT((sizeof(struct fi_opx_hmem_info) & 0x7) == 0,
[INFO] [stderr]         | ^~~~~~~~~~~~~~~~~~~~~~~
[INFO] [stderr]   /opt/rustwide/target/debug/build/lamellar-libfabric-sys-475493f07863723b/out/src/prov/opx/include/rdma/opx/fi_opx.h:277:44: error: expected identifier or '(' before 'if'
[INFO] [stderr]     277 | #define OPX_COMPILE_TIME_ASSERT(cond, msg) if(0){switch(0){case 0:case cond:;}}
[INFO] [stderr]         |                                            ^~
[INFO] [stderr]   /opt/rustwide/target/debug/build/lamellar-libfabric-sys-475493f07863723b/out/src/prov/opx/include/rdma/opx/fi_opx_hfi1_transport.h:441:1: note: in expansion of macro 'OPX_COMPILE_TIME_ASSERT'
[INFO] [stderr]     441 | OPX_COMPILE_TIME_ASSERT((offsetof(struct fi_opx_hfi1_dput_params, compare_iov) & 7) == 0, "compare_iov not 8-byte aligned!");
[INFO] [stderr]         | ^~~~~~~~~~~~~~~~~~~~~~~
[INFO] [stderr]   /opt/rustwide/target/debug/build/lamellar-libfabric-sys-475493f07863723b/out/src/prov/opx/include/rdma/opx/fi_opx.h:277:44: error: expected identifier or '(' before 'if'
[INFO] [stderr]     277 | #define OPX_COMPILE_TIME_ASSERT(cond, msg) if(0){switch(0){case 0:case cond:;}}
[INFO] [stderr]         |                                            ^~
[INFO] [stderr]   /opt/rustwide/target/debug/build/lamellar-libfabric-sys-475493f07863723b/out/src/prov/opx/include/rdma/opx/fi_opx_hfi1_transport.h:490:1: note: in expansion of macro 'OPX_COMPILE_TIME_ASSERT'
[INFO] [stderr]     490 | OPX_COMPILE_TIME_ASSERT(offsetof(struct fi_opx_hfi1_rx_rzv_rts_params, tid_info)
[INFO] [stderr]         | ^~~~~~~~~~~~~~~~~~~~~~~
[INFO] [stderr]   /opt/rustwide/target/debug/build/lamellar-libfabric-sys-475493f07863723b/out/src/prov/opx/include/rdma/opx/fi_opx.h:277:44: error: expected identifier or '(' before 'if'
[INFO] [stderr]     277 | #define OPX_COMPILE_TIME_ASSERT(cond, msg) if(0){switch(0){case 0:case cond:;}}
[INFO] [stderr]         |                                            ^~
[INFO] [stderr]   /opt/rustwide/target/debug/build/lamellar-libfabric-sys-475493f07863723b/out/src/prov/opx/include/rdma/opx/fi_opx_hfi1_transport.h:494:1: note: in expansion of macro 'OPX_COMPILE_TIME_ASSERT'
[INFO] [stderr]     494 | OPX_COMPILE_TIME_ASSERT(sizeof(((struct fi_opx_hfi1_rx_rzv_rts_params *)0)->dput_iov)
[INFO] [stderr]         | ^~~~~~~~~~~~~~~~~~~~~~~
[INFO] [stderr]   /opt/rustwide/target/debug/build/lamellar-libfabric-sys-475493f07863723b/out/src/prov/opx/include/rdma/opx/fi_opx.h:277:44: error: expected identifier or '(' before 'if'
[INFO] [stderr]     277 | #define OPX_COMPILE_TIME_ASSERT(cond, msg) if(0){switch(0){case 0:case cond:;}}
[INFO] [stderr]         |                                            ^~
[INFO] [stderr]   /opt/rustwide/target/debug/build/lamellar-libfabric-sys-475493f07863723b/out/src/prov/opx/include/rdma/opx/fi_opx_hfi1_transport.h:497:1: note: in expansion of macro 'OPX_COMPILE_TIME_ASSERT'
[INFO] [stderr]     497 | OPX_COMPILE_TIME_ASSERT(sizeof(((struct fi_opx_hfi1_rx_rzv_rts_params *)0)->tidpairs)
[INFO] [stderr]         | ^~~~~~~~~~~~~~~~~~~~~~~
[INFO] [stderr]   /opt/rustwide/target/debug/build/lamellar-libfabric-sys-475493f07863723b/out/src/prov/opx/include/rdma/opx/fi_opx.h:277:44: error: expected identifier or '(' before 'if'
[INFO] [stderr]     277 | #define OPX_COMPILE_TIME_ASSERT(cond, msg) if(0){switch(0){case 0:case cond:;}}
[INFO] [stderr]         |                                            ^~
[INFO] [stderr]   /opt/rustwide/target/debug/build/lamellar-libfabric-sys-475493f07863723b/out/src/prov/opx/include/rdma/opx/fi_opx_hmem.h:60:1: note: in expansion of macro 'OPX_COMPILE_TIME_ASSERT'
[INFO] [stderr]      60 | OPX_COMPILE_TIME_ASSERT((sizeof(struct fi_opx_hmem_info) & 0x7) == 0,
[INFO] [stderr]         | ^~~~~~~~~~~~~~~~~~~~~~~
[INFO] [stderr]   /opt/rustwide/target/debug/build/lamellar-libfabric-sys-475493f07863723b/out/src/prov/opx/include/rdma/opx/fi_opx.h:277:44: error: expected identifier or '(' before 'if'
[INFO] [stderr]     277 | #define OPX_COMPILE_TIME_ASSERT(cond, msg) if(0){switch(0){case 0:case cond:;}}
[INFO] [stderr]         |                                            ^~
[INFO] [stderr]   /opt/rustwide/target/debug/build/lamellar-libfabric-sys-475493f07863723b/out/src/prov/opx/include/rdma/opx/fi_opx_hfi1_transport.h:441:1: note: in expansion of macro 'OPX_COMPILE_TIME_ASSERT'
[INFO] [stderr]     441 | OPX_COMPILE_TIME_ASSERT((offsetof(struct fi_opx_hfi1_dput_params, compare_iov) & 7) == 0, "compare_iov not 8-byte aligned!");
[INFO] [stderr]         | ^~~~~~~~~~~~~~~~~~~~~~~
[INFO] [stderr]   /opt/rustwide/target/debug/build/lamellar-libfabric-sys-475493f07863723b/out/src/prov/opx/include/rdma/opx/fi_opx.h:277:44: error: expected identifier or '(' before 'if'
[INFO] [stderr]     277 | #define OPX_COMPILE_TIME_ASSERT(cond, msg) if(0){switch(0){case 0:case cond:;}}
[INFO] [stderr]         |                                            ^~
[INFO] [stderr]   /opt/rustwide/target/debug/build/lamellar-libfabric-sys-475493f07863723b/out/src/prov/opx/include/rdma/opx/fi_opx_hfi1_transport.h:490:1: note: in expansion of macro 'OPX_COMPILE_TIME_ASSERT'
[INFO] [stderr]     490 | OPX_COMPILE_TIME_ASSERT(offsetof(struct fi_opx_hfi1_rx_rzv_rts_params, tid_info)
[INFO] [stderr]         | ^~~~~~~~~~~~~~~~~~~~~~~
[INFO] [stderr]   /opt/rustwide/target/debug/build/lamellar-libfabric-sys-475493f07863723b/out/src/prov/opx/include/rdma/opx/fi_opx.h:277:44: error: expected identifier or '(' before 'if'
[INFO] [stderr]     277 | #define OPX_COMPILE_TIME_ASSERT(cond, msg) if(0){switch(0){case 0:case cond:;}}
[INFO] [stderr]         |                                            ^~
[INFO] [stderr]   /opt/rustwide/target/debug/build/lamellar-libfabric-sys-475493f07863723b/out/src/prov/opx/include/rdma/opx/fi_opx_hfi1_transport.h:494:1: note: in expansion of macro 'OPX_COMPILE_TIME_ASSERT'
[INFO] [stderr]     494 | OPX_COMPILE_TIME_ASSERT(sizeof(((struct fi_opx_hfi1_rx_rzv_rts_params *)0)->dput_iov)
[INFO] [stderr]         | ^~~~~~~~~~~~~~~~~~~~~~~
[INFO] [stderr]   /opt/rustwide/target/debug/build/lamellar-libfabric-sys-475493f07863723b/out/src/prov/opx/include/rdma/opx/fi_opx.h:277:44: error: expected identifier or '(' before 'if'
[INFO] [stderr]     277 | #define OPX_COMPILE_TIME_ASSERT(cond, msg) if(0){switch(0){case 0:case cond:;}}
[INFO] [stderr]         |                                            ^~
[INFO] [stderr]   /opt/rustwide/target/debug/build/lamellar-libfabric-sys-475493f07863723b/out/src/prov/opx/include/rdma/opx/fi_opx_hfi1_transport.h:497:1: note: in expansion of macro 'OPX_COMPILE_TIME_ASSERT'
[INFO] [stderr]     497 | OPX_COMPILE_TIME_ASSERT(sizeof(((struct fi_opx_hfi1_rx_rzv_rts_params *)0)->tidpairs)
[INFO] [stderr]         | ^~~~~~~~~~~~~~~~~~~~~~~
[INFO] [stderr]   /opt/rustwide/target/debug/build/lamellar-libfabric-sys-475493f07863723b/out/src/prov/opx/include/rdma/opx/fi_opx.h:277:44: error: expected identifier or '(' before 'if'
[INFO] [stderr]     277 | #define OPX_COMPILE_TIME_ASSERT(cond, msg) if(0){switch(0){case 0:case cond:;}}
[INFO] [stderr]         |                                            ^~
[INFO] [stderr]   /opt/rustwide/target/debug/build/lamellar-libfabric-sys-475493f07863723b/out/src/prov/opx/include/rdma/opx/fi_opx_match.h:62:1: note: in expansion of macro 'OPX_COMPILE_TIME_ASSERT'
[INFO] [stderr]      62 | OPX_COMPILE_TIME_ASSERT((FI_OPX_MATCH_UE_HT_SIZE & FI_OPX_MATCH_UE_HT_MASK) == 0,
[INFO] [stderr]         | ^~~~~~~~~~~~~~~~~~~~~~~
[INFO] [stderr]   /opt/rustwide/target/debug/build/lamellar-libfabric-sys-475493f07863723b/out/src/prov/opx/include/rdma/opx/fi_opx.h:277:44: error: expected identifier or '(' before 'if'
[INFO] [stderr]     277 | #define OPX_COMPILE_TIME_ASSERT(cond, msg) if(0){switch(0){case 0:case cond:;}}
[INFO] [stderr]         |                                            ^~
[INFO] [stderr]   /opt/rustwide/target/debug/build/lamellar-libfabric-sys-475493f07863723b/out/src/prov/opx/include/rdma/opx/fi_opx_hfi1_progress.h:80:1: note: in expansion of macro 'OPX_COMPILE_TIME_ASSERT'
[INFO] [stderr]      80 | OPX_COMPILE_TIME_ASSERT((FI_OPX_HFI1_HDRQ_UPDATE_MASK == FI_OPX_HFI1_HDRQ_UPDATE_MASK_32) ||
[INFO] [stderr]         | ^~~~~~~~~~~~~~~~~~~~~~~
[INFO] [stderr]   /opt/rustwide/target/debug/build/lamellar-libfabric-sys-475493f07863723b/out/src/prov/opx/include/rdma/opx/fi_opx.h:277:44: error: expected identifier or '(' before 'if'
[INFO] [stderr]     277 | #define OPX_COMPILE_TIME_ASSERT(cond, msg) if(0){switch(0){case 0:case cond:;}}
[INFO] [stderr]         |                                            ^~
[INFO] [stderr]   /opt/rustwide/target/debug/build/lamellar-libfabric-sys-475493f07863723b/out/src/prov/opx/include/rdma/opx/fi_opx_hfi1_progress.h:80:1: note: in expansion of macro 'OPX_COMPILE_TIME_ASSERT'
[INFO] [stderr]      80 | OPX_COMPILE_TIME_ASSERT((FI_OPX_HFI1_HDRQ_UPDATE_MASK == FI_OPX_HFI1_HDRQ_UPDATE_MASK_32) ||
[INFO] [stderr]         | ^~~~~~~~~~~~~~~~~~~~~~~
[INFO] [stderr]   /opt/rustwide/target/debug/build/lamellar-libfabric-sys-475493f07863723b/out/src/prov/opx/include/rdma/opx/fi_opx.h:277:44: error: expected identifier or '(' before 'if'
[INFO] [stderr]     277 | #define OPX_COMPILE_TIME_ASSERT(cond, msg) if(0){switch(0){case 0:case cond:;}}
[INFO] [stderr]         |                                            ^~
[INFO] [stderr]   /opt/rustwide/target/debug/build/lamellar-libfabric-sys-475493f07863723b/out/src/prov/opx/include/rdma/opx/fi_opx_endpoint.h:201:1: note: in expansion of macro 'OPX_COMPILE_TIME_ASSERT'
[INFO] [stderr]     201 | OPX_COMPILE_TIME_ASSERT(OPX_WORK_TYPE_SDMA == 0,
[INFO] [stderr]         | ^~~~~~~~~~~~~~~~~~~~~~~
[INFO] [stderr]   /opt/rustwide/target/debug/build/lamellar-libfabric-sys-475493f07863723b/out/src/prov/opx/include/rdma/opx/fi_opx.h:277:44: error: expected identifier or '(' before 'if'
[INFO] [stderr]     277 | #define OPX_COMPILE_TIME_ASSERT(cond, msg) if(0){switch(0){case 0:case cond:;}}
[INFO] [stderr]         |                                            ^~
[INFO] [stderr]   /opt/rustwide/target/debug/build/lamellar-libfabric-sys-475493f07863723b/out/src/prov/opx/include/rdma/opx/fi_opx_endpoint.h:323:1: note: in expansion of macro 'OPX_COMPILE_TIME_ASSERT'
[INFO] [stderr]     323 | OPX_COMPILE_TIME_ASSERT(offsetof(struct fi_opx_ep_tx, send) == (FI_OPX_CACHE_LINE_SIZE * 2),
[INFO] [stderr]         | ^~~~~~~~~~~~~~~~~~~~~~~
[INFO] [stderr]   /opt/rustwide/target/debug/build/lamellar-libfabric-sys-475493f07863723b/out/src/prov/opx/include/rdma/opx/fi_opx.h:277:44: error: expected identifier or '(' before 'if'
[INFO] [stderr]     277 | #define OPX_COMPILE_TIME_ASSERT(cond, msg) if(0){switch(0){case 0:case cond:;}}
[INFO] [stderr]         |                                            ^~
[INFO] [stderr]   /opt/rustwide/target/debug/build/lamellar-libfabric-sys-475493f07863723b/out/src/prov/opx/include/rdma/opx/fi_opx_endpoint.h:325:1: note: in expansion of macro 'OPX_COMPILE_TIME_ASSERT'
[INFO] [stderr]     325 | OPX_COMPILE_TIME_ASSERT(offsetof(struct fi_opx_ep_tx, rzv) == (FI_OPX_CACHE_LINE_SIZE * 3),
[INFO] [stderr]         | ^~~~~~~~~~~~~~~~~~~~~~~
[INFO] [stderr]   /opt/rustwide/target/debug/build/lamellar-libfabric-sys-475493f07863723b/out/src/prov/opx/include/rdma/opx/fi_opx.h:277:44: error: expected identifier or '(' before 'if'
[INFO] [stderr]     277 | #define OPX_COMPILE_TIME_ASSERT(cond, msg) if(0){switch(0){case 0:case cond:;}}
[INFO] [stderr]         |                                            ^~
[INFO] [stderr]   /opt/rustwide/target/debug/build/lamellar-libfabric-sys-475493f07863723b/out/src/prov/opx/include/rdma/opx/fi_opx_endpoint.h:327:1: note: in expansion of macro 'OPX_COMPILE_TIME_ASSERT'
[INFO] [stderr]     327 | OPX_COMPILE_TIME_ASSERT(offsetof(struct fi_opx_ep_tx, av_addr) == (FI_OPX_CACHE_LINE_SIZE * 4),
[INFO] [stderr]         | ^~~~~~~~~~~~~~~~~~~~~~~
[INFO] [stderr]   /opt/rustwide/target/debug/build/lamellar-libfabric-sys-475493f07863723b/out/src/prov/opx/include/rdma/opx/fi_opx.h:277:44: error: expected identifier or '(' before 'if'
[INFO] [stderr]     277 | #define OPX_COMPILE_TIME_ASSERT(cond, msg) if(0){switch(0){case 0:case cond:;}}
[INFO] [stderr]         |                                            ^~
[INFO] [stderr]   /opt/rustwide/target/debug/build/lamellar-libfabric-sys-475493f07863723b/out/src/prov/opx/include/rdma/opx/fi_opx_endpoint.h:329:1: note: in expansion of macro 'OPX_COMPILE_TIME_ASSERT'
[INFO] [stderr]     329 | OPX_COMPILE_TIME_ASSERT(offsetof(struct fi_opx_ep_tx, work_pending) == (FI_OPX_CACHE_LINE_SIZE * 5),
[INFO] [stderr]         | ^~~~~~~~~~~~~~~~~~~~~~~
[INFO] [stderr]   /opt/rustwide/target/debug/build/lamellar-libfabric-sys-475493f07863723b/out/src/prov/opx/include/rdma/opx/fi_opx.h:277:44: error: expected identifier or '(' before 'if'
[INFO] [stderr]     277 | #define OPX_COMPILE_TIME_ASSERT(cond, msg) if(0){switch(0){case 0:case cond:;}}
[INFO] [stderr]         |                                            ^~
[INFO] [stderr]   /opt/rustwide/target/debug/build/lamellar-libfabric-sys-475493f07863723b/out/src/prov/opx/include/rdma/opx/fi_opx_endpoint.h:331:1: note: in expansion of macro 'OPX_COMPILE_TIME_ASSERT'
[INFO] [stderr]     331 | OPX_COMPILE_TIME_ASSERT(offsetof(struct fi_opx_ep_tx, work_pending_completion) == (FI_OPX_CACHE_LINE_SIZE * 6),
[INFO] [stderr]         | ^~~~~~~~~~~~~~~~~~~~~~~
[INFO] [stderr]   /opt/rustwide/target/debug/build/lamellar-libfabric-sys-475493f07863723b/out/src/prov/opx/include/rdma/opx/fi_opx.h:277:44: error: expected identifier or '(' before 'if'
[INFO] [stderr]     277 | #define OPX_COMPILE_TIME_ASSERT(cond, msg) if(0){switch(0){case 0:case cond:;}}
[INFO] [stderr]         |                                            ^~
[INFO] [stderr]   /opt/rustwide/target/debug/build/lamellar-libfabric-sys-475493f07863723b/out/src/prov/opx/include/rdma/opx/fi_opx_endpoint.h:333:1: note: in expansion of macro 'OPX_COMPILE_TIME_ASSERT'
[INFO] [stderr]     333 | OPX_COMPILE_TIME_ASSERT(offsetof(struct fi_opx_ep_tx, sdma_request_queue) == (FI_OPX_CACHE_LINE_SIZE * 7),
[INFO] [stderr]         | ^~~~~~~~~~~~~~~~~~~~~~~
[INFO] [stderr]   /opt/rustwide/target/debug/build/lamellar-libfabric-sys-475493f07863723b/out/src/prov/opx/include/rdma/opx/fi_opx.h:277:44: error: expected identifier or '(' before 'if'
[INFO] [stderr]     277 | #define OPX_COMPILE_TIME_ASSERT(cond, msg) if(0){switch(0){case 0:case cond:;}}
[INFO] [stderr]         |                                            ^~
[INFO] [stderr]   /opt/rustwide/target/debug/build/lamellar-libfabric-sys-475493f07863723b/out/src/prov/opx/include/rdma/opx/fi_opx_endpoint.h:335:1: note: in expansion of macro 'OPX_COMPILE_TIME_ASSERT'
[INFO] [stderr]     335 | OPX_COMPILE_TIME_ASSERT(offsetof(struct fi_opx_ep_tx, ref_cnt) == (FI_OPX_CACHE_LINE_SIZE * 8),
[INFO] [stderr]         | ^~~~~~~~~~~~~~~~~~~~~~~
[INFO] [stderr]   /opt/rustwide/target/debug/build/lamellar-libfabric-sys-475493f07863723b/out/src/prov/opx/include/rdma/opx/fi_opx.h:277:44: error: expected identifier or '(' before 'if'
[INFO] [stderr]     277 | #define OPX_COMPILE_TIME_ASSERT(cond, msg) if(0){switch(0){case 0:case cond:;}}
[INFO] [stderr]         |                                            ^~
[INFO] [stderr]   /opt/rustwide/target/debug/build/lamellar-libfabric-sys-475493f07863723b/out/src/prov/opx/include/rdma/opx/fi_opx_endpoint.h:436:1: note: in expansion of macro 'OPX_COMPILE_TIME_ASSERT'
[INFO] [stderr]     436 | OPX_COMPILE_TIME_ASSERT(offsetof(struct fi_opx_ep_rx, queue) == FI_OPX_CACHE_LINE_SIZE,
[INFO] [stderr]         | ^~~~~~~~~~~~~~~~~~~~~~~
[INFO] [stderr]   /opt/rustwide/target/debug/build/lamellar-libfabric-sys-475493f07863723b/out/src/prov/opx/include/rdma/opx/fi_opx.h:277:44: error: expected identifier or '(' before 'if'
[INFO] [stderr]     277 | #define OPX_COMPILE_TIME_ASSERT(cond, msg) if(0){switch(0){case 0:case cond:;}}
[INFO] [stderr]         |                                            ^~
[INFO] [stderr]   /opt/rustwide/target/debug/build/lamellar-libfabric-sys-475493f07863723b/out/src/prov/opx/include/rdma/opx/fi_opx_endpoint.h:438:1: note: in expansion of macro 'OPX_COMPILE_TIME_ASSERT'
[INFO] [stderr]     438 | OPX_COMPILE_TIME_ASSERT(offsetof(struct fi_opx_ep_rx, cq_pending_ptr) == (FI_OPX_CACHE_LINE_SIZE * 3),
[INFO] [stderr]         | ^~~~~~~~~~~~~~~~~~~~~~~
[INFO] [stderr]   /opt/rustwide/target/debug/build/lamellar-libfabric-sys-475493f07863723b/out/src/prov/opx/include/rdma/opx/fi_opx.h:277:44: error: expected identifier or '(' before 'if'
[INFO] [stderr]     277 | #define OPX_COMPILE_TIME_ASSERT(cond, msg) if(0){switch(0){case 0:case cond:;}}
[INFO] [stderr]         |                                            ^~
[INFO] [stderr]   /opt/rustwide/target/debug/build/lamellar-libfabric-sys-475493f07863723b/out/src/prov/opx/include/rdma/opx/fi_opx_endpoint.h:440:1: note: in expansion of macro 'OPX_COMPILE_TIME_ASSERT'
[INFO] [stderr]     440 | OPX_COMPILE_TIME_ASSERT(offsetof(struct fi_opx_ep_rx, state) == (FI_OPX_CACHE_LINE_SIZE * 4),
[INFO] [stderr]         | ^~~~~~~~~~~~~~~~~~~~~~~
[INFO] [stderr]   /opt/rustwide/target/debug/build/lamellar-libfabric-sys-475493f07863723b/out/src/prov/opx/include/rdma/opx/fi_opx.h:277:44: error: expected identifier or '(' before 'if'
[INFO] [stderr]     277 | #define OPX_COMPILE_TIME_ASSERT(cond, msg) if(0){switch(0){case 0:case cond:;}}
[INFO] [stderr]         |                                            ^~
[INFO] [stderr]   /opt/rustwide/target/debug/build/lamellar-libfabric-sys-475493f07863723b/out/src/prov/opx/include/rdma/opx/fi_opx_endpoint.h:442:1: note: in expansion of macro 'OPX_COMPILE_TIME_ASSERT'
[INFO] [stderr]     442 | OPX_COMPILE_TIME_ASSERT(offsetof(struct fi_opx_ep_rx, tx) == (FI_OPX_CACHE_LINE_SIZE * 5),
[INFO] [stderr]         | ^~~~~~~~~~~~~~~~~~~~~~~
[INFO] [stderr]   /opt/rustwide/target/debug/build/lamellar-libfabric-sys-475493f07863723b/out/src/prov/opx/include/rdma/opx/fi_opx.h:277:44: error: expected identifier or '(' before 'if'
[INFO] [stderr]     277 | #define OPX_COMPILE_TIME_ASSERT(cond, msg) if(0){switch(0){case 0:case cond:;}}
[INFO] [stderr]         |                                            ^~
[INFO] [stderr]   /opt/rustwide/target/debug/build/lamellar-libfabric-sys-475493f07863723b/out/src/prov/opx/include/rdma/opx/fi_opx_endpoint.h:561:1: note: in expansion of macro 'OPX_COMPILE_TIME_ASSERT'
[INFO] [stderr]     561 | OPX_COMPILE_TIME_ASSERT(offsetof(struct fi_opx_ep, recv_cntr) == (FI_OPX_CACHE_LINE_SIZE * 2),
[INFO] [stderr]         | ^~~~~~~~~~~~~~~~~~~~~~~
[INFO] [stderr]   /opt/rustwide/target/debug/build/lamellar-libfabric-sys-475493f07863723b/out/src/prov/opx/include/rdma/opx/fi_opx.h:277:44: error: expected identifier or '(' before 'if'
[INFO] [stderr]     277 | #define OPX_COMPILE_TIME_ASSERT(cond, msg) if(0){switch(0){case 0:case cond:;}}
[INFO] [stderr]         |                                            ^~
[INFO] [stderr]   /opt/rustwide/target/debug/build/lamellar-libfabric-sys-475493f07863723b/out/src/prov/opx/include/rdma/opx/fi_opx_endpoint.h:563:1: note: in expansion of macro 'OPX_COMPILE_TIME_ASSERT'
[INFO] [stderr]     563 | OPX_COMPILE_TIME_ASSERT(offsetof(struct fi_opx_ep, hfi) == (FI_OPX_CACHE_LINE_SIZE * 3),
[INFO] [stderr]         | ^~~~~~~~~~~~~~~~~~~~~~~
[INFO] [stderr]   /opt/rustwide/target/debug/build/lamellar-libfabric-sys-475493f07863723b/out/src/prov/opx/include/rdma/opx/fi_opx.h:277:44: error: expected identifier or '(' before 'if'
[INFO] [stderr]     277 | #define OPX_COMPILE_TIME_ASSERT(cond, msg) if(0){switch(0){case 0:case cond:;}}
[INFO] [stderr]         |                                            ^~
[INFO] [stderr]   /opt/rustwide/target/debug/build/lamellar-libfabric-sys-475493f07863723b/out/src/prov/opx/include/rdma/opx/fi_opx_endpoint.h:565:1: note: in expansion of macro 'OPX_COMPILE_TIME_ASSERT'
[INFO] [stderr]     565 | OPX_COMPILE_TIME_ASSERT(offsetof(struct fi_opx_ep, common_info) == (FI_OPX_CACHE_LINE_SIZE * 4),
[INFO] [stderr]         | ^~~~~~~~~~~~~~~~~~~~~~~
[INFO] [stderr]   /opt/rustwide/target/debug/build/lamellar-libfabric-sys-475493f07863723b/out/src/prov/opx/include/rdma/opx/fi_opx.h:277:44: error: expected identifier or '(' before 'if'
[INFO] [stderr]     277 | #define OPX_COMPILE_TIME_ASSERT(cond, msg) if(0){switch(0){case 0:case cond:;}}
[INFO] [stderr]         |                                            ^~
[INFO] [stderr]   /opt/rustwide/target/debug/build/lamellar-libfabric-sys-475493f07863723b/out/src/prov/opx/include/rdma/opx/fi_opx_endpoint.h:567:1: note: in expansion of macro 'OPX_COMPILE_TIME_ASSERT'
[INFO] [stderr]     567 | OPX_COMPILE_TIME_ASSERT(offsetof(struct fi_opx_ep, init_send_cntr) == (FI_OPX_CACHE_LINE_SIZE * 5),
[INFO] [stderr]         | ^~~~~~~~~~~~~~~~~~~~~~~
[INFO] [stderr]   /opt/rustwide/target/debug/build/lamellar-libfabric-sys-475493f07863723b/out/src/prov/opx/include/rdma/opx/fi_opx.h:277:44: error: expected identifier or '(' before 'if'
[INFO] [stderr]     277 | #define OPX_COMPILE_TIME_ASSERT(cond, msg) if(0){switch(0){case 0:case cond:;}}
[INFO] [stderr]         |                                            ^~
[INFO] [stderr]   /opt/rustwide/target/debug/build/lamellar-libfabric-sys-475493f07863723b/out/src/prov/opx/include/rdma/opx/fi_opx_endpoint.h:569:1: note: in expansion of macro 'OPX_COMPILE_TIME_ASSERT'
[INFO] [stderr]     569 | OPX_COMPILE_TIME_ASSERT(offsetof(struct fi_opx_ep, lock) == ((FI_OPX_CACHE_LINE_SIZE * 5)+52),
[INFO] [stderr]         | ^~~~~~~~~~~~~~~~~~~~~~~
[INFO] [stderr]   /opt/rustwide/target/debug/build/lamellar-libfabric-sys-475493f07863723b/out/src/prov/opx/include/rdma/opx/fi_opx.h:277:44: error: expected identifier or '(' before 'if'
[INFO] [stderr]     277 | #define OPX_COMPILE_TIME_ASSERT(cond, msg) if(0){switch(0){case 0:case cond:;}}
[INFO] [stderr]         |                                            ^~
[INFO] [stderr]   /opt/rustwide/target/debug/build/lamellar-libfabric-sys-475493f07863723b/out/src/prov/opx/include/rdma/opx/fi_opx_hfi1_progress.h:80:1: note: in expansion of macro 'OPX_COMPILE_TIME_ASSERT'
[INFO] [stderr]      80 | OPX_COMPILE_TIME_ASSERT((FI_OPX_HFI1_HDRQ_UPDATE_MASK == FI_OPX_HFI1_HDRQ_UPDATE_MASK_32) ||
[INFO] [stderr]         | ^~~~~~~~~~~~~~~~~~~~~~~
[INFO] [stderr]   /opt/rustwide/target/debug/build/lamellar-libfabric-sys-475493f07863723b/out/src/prov/opx/include/rdma/opx/fi_opx.h:277:44: error: expected identifier or '(' before 'if'
[INFO] [stderr]     277 | #define OPX_COMPILE_TIME_ASSERT(cond, msg) if(0){switch(0){case 0:case cond:;}}
[INFO] [stderr]         |                                            ^~
[INFO] [stderr]   /opt/rustwide/target/debug/build/lamellar-libfabric-sys-475493f07863723b/out/src/prov/opx/include/rdma/opx/fi_opx_hmem.h:60:1: note: in expansion of macro 'OPX_COMPILE_TIME_ASSERT'
[INFO] [stderr]      60 | OPX_COMPILE_TIME_ASSERT((sizeof(struct fi_opx_hmem_info) & 0x7) == 0,
[INFO] [stderr]         | ^~~~~~~~~~~~~~~~~~~~~~~
[INFO] [stderr]   /opt/rustwide/target/debug/build/lamellar-libfabric-sys-475493f07863723b/out/src/prov/opx/include/rdma/opx/fi_opx.h:277:44: error: expected identifier or '(' before 'if'
[INFO] [stderr]     277 | #define OPX_COMPILE_TIME_ASSERT(cond, msg) if(0){switch(0){case 0:case cond:;}}
[INFO] [stderr]         |                                            ^~
[INFO] [stderr]   /opt/rustwide/target/debug/build/lamellar-libfabric-sys-475493f07863723b/out/src/prov/opx/include/rdma/opx/fi_opx_hfi1_transport.h:441:1: note: in expansion of macro 'OPX_COMPILE_TIME_ASSERT'
[INFO] [stderr]     441 | OPX_COMPILE_TIME_ASSERT((offsetof(struct fi_opx_hfi1_dput_params, compare_iov) & 7) == 0, "compare_iov not 8-byte aligned!");
[INFO] [stderr]         | ^~~~~~~~~~~~~~~~~~~~~~~
[INFO] [stderr]   /opt/rustwide/target/debug/build/lamellar-libfabric-sys-475493f07863723b/out/src/prov/opx/include/rdma/opx/fi_opx.h:277:44: error: expected identifier or '(' before 'if'
[INFO] [stderr]     277 | #define OPX_COMPILE_TIME_ASSERT(cond, msg) if(0){switch(0){case 0:case cond:;}}
[INFO] [stderr]         |                                            ^~
[INFO] [stderr]   /opt/rustwide/target/debug/build/lamellar-libfabric-sys-475493f07863723b/out/src/prov/opx/include/rdma/opx/fi_opx_hfi1_transport.h:490:1: note: in expansion of macro 'OPX_COMPILE_TIME_ASSERT'
[INFO] [stderr]     490 | OPX_COMPILE_TIME_ASSERT(offsetof(struct fi_opx_hfi1_rx_rzv_rts_params, tid_info)
[INFO] [stderr]         | ^~~~~~~~~~~~~~~~~~~~~~~
[INFO] [stderr]   /opt/rustwide/target/debug/build/lamellar-libfabric-sys-475493f07863723b/out/src/prov/opx/include/rdma/opx/fi_opx.h:277:44: error: expected identifier or '(' before 'if'
[INFO] [stderr]     277 | #define OPX_COMPILE_TIME_ASSERT(cond, msg) if(0){switch(0){case 0:case cond:;}}
[INFO] [stderr]         |                                            ^~
[INFO] [stderr]   /opt/rustwide/target/debug/build/lamellar-libfabric-sys-475493f07863723b/out/src/prov/opx/include/rdma/opx/fi_opx_hfi1_transport.h:494:1: note: in expansion of macro 'OPX_COMPILE_TIME_ASSERT'
[INFO] [stderr]     494 | OPX_COMPILE_TIME_ASSERT(sizeof(((struct fi_opx_hfi1_rx_rzv_rts_params *)0)->dput_iov)
[INFO] [stderr]         | ^~~~~~~~~~~~~~~~~~~~~~~
[INFO] [stderr]   /opt/rustwide/target/debug/build/lamellar-libfabric-sys-475493f07863723b/out/src/prov/opx/include/rdma/opx/fi_opx.h:277:44: error: expected identifier or '(' before 'if'
[INFO] [stderr]     277 | #define OPX_COMPILE_TIME_ASSERT(cond, msg) if(0){switch(0){case 0:case cond:;}}
[INFO] [stderr]         |                                            ^~
[INFO] [stderr]   /opt/rustwide/target/debug/build/lamellar-libfabric-sys-475493f07863723b/out/src/prov/opx/include/rdma/opx/fi_opx_hfi1_transport.h:497:1: note: in expansion of macro 'OPX_COMPILE_TIME_ASSERT'
[INFO] [stderr]     497 | OPX_COMPILE_TIME_ASSERT(sizeof(((struct fi_opx_hfi1_rx_rzv_rts_params *)0)->tidpairs)
[INFO] [stderr]         | ^~~~~~~~~~~~~~~~~~~~~~~
[INFO] [stderr]   /opt/rustwide/target/debug/build/lamellar-libfabric-sys-475493f07863723b/out/src/prov/opx/include/rdma/opx/fi_opx.h:277:44: error: expected identifier or '(' before 'if'
[INFO] [stderr]     277 | #define OPX_COMPILE_TIME_ASSERT(cond, msg) if(0){switch(0){case 0:case cond:;}}
[INFO] [stderr]         |                                            ^~
[INFO] [stderr]   /opt/rustwide/target/debug/build/lamellar-libfabric-sys-475493f07863723b/out/src/prov/opx/include/rdma/opx/fi_opx_match.h:62:1: note: in expansion of macro 'OPX_COMPILE_TIME_ASSERT'
[INFO] [stderr]      62 | OPX_COMPILE_TIME_ASSERT((FI_OPX_MATCH_UE_HT_SIZE & FI_OPX_MATCH_UE_HT_MASK) == 0,
[INFO] [stderr]         | ^~~~~~~~~~~~~~~~~~~~~~~
[INFO] [stderr]   /opt/rustwide/target/debug/build/lamellar-libfabric-sys-475493f07863723b/out/src/prov/opx/include/rdma/opx/fi_opx.h:277:44: error: expected identifier or '(' before 'if'
[INFO] [stderr]     277 | #define OPX_COMPILE_TIME_ASSERT(cond, msg) if(0){switch(0){case 0:case cond:;}}
[INFO] [stderr]         |                                            ^~
[INFO] [stderr]   /opt/rustwide/target/debug/build/lamellar-libfabric-sys-475493f07863723b/out/src/prov/opx/include/rdma/opx/fi_opx_endpoint.h:201:1: note: in expansion of macro 'OPX_COMPILE_TIME_ASSERT'
[INFO] [stderr]     201 | OPX_COMPILE_TIME_ASSERT(OPX_WORK_TYPE_SDMA == 0,
[INFO] [stderr]         | ^~~~~~~~~~~~~~~~~~~~~~~
[INFO] [stderr]   /opt/rustwide/target/debug/build/lamellar-libfabric-sys-475493f07863723b/out/src/prov/opx/include/rdma/opx/fi_opx.h:277:44: error: expected identifier or '(' before 'if'
[INFO] [stderr]     277 | #define OPX_COMPILE_TIME_ASSERT(cond, msg) if(0){switch(0){case 0:case cond:;}}
[INFO] [stderr]         |                                            ^~
[INFO] [stderr]   /opt/rustwide/target/debug/build/lamellar-libfabric-sys-475493f07863723b/out/src/prov/opx/include/rdma/opx/fi_opx_endpoint.h:323:1: note: in expansion of macro 'OPX_COMPILE_TIME_ASSERT'
[INFO] [stderr]     323 | OPX_COMPILE_TIME_ASSERT(offsetof(struct fi_opx_ep_tx, send) == (FI_OPX_CACHE_LINE_SIZE * 2),
[INFO] [stderr]         | ^~~~~~~~~~~~~~~~~~~~~~~
[INFO] [stderr]   /opt/rustwide/target/debug/build/lamellar-libfabric-sys-475493f07863723b/out/src/prov/opx/include/rdma/opx/fi_opx.h:277:44: error: expected identifier or '(' before 'if'
[INFO] [stderr]     277 | #define OPX_COMPILE_TIME_ASSERT(cond, msg) if(0){switch(0){case 0:case cond:;}}
[INFO] [stderr]         |                                            ^~
[INFO] [stderr]   /opt/rustwide/target/debug/build/lamellar-libfabric-sys-475493f07863723b/out/src/prov/opx/include/rdma/opx/fi_opx_endpoint.h:325:1: note: in expansion of macro 'OPX_COMPILE_TIME_ASSERT'
[INFO] [stderr]     325 | OPX_COMPILE_TIME_ASSERT(offsetof(struct fi_opx_ep_tx, rzv) == (FI_OPX_CACHE_LINE_SIZE * 3),
[INFO] [stderr]         | ^~~~~~~~~~~~~~~~~~~~~~~
[INFO] [stderr]   /opt/rustwide/target/debug/build/lamellar-libfabric-sys-475493f07863723b/out/src/prov/opx/include/rdma/opx/fi_opx.h:277:44: error: expected identifier or '(' before 'if'
[INFO] [stderr]     277 | #define OPX_COMPILE_TIME_ASSERT(cond, msg) if(0){switch(0){case 0:case cond:;}}
[INFO] [stderr]         |                                            ^~
[INFO] [stderr]   /opt/rustwide/target/debug/build/lamellar-libfabric-sys-475493f07863723b/out/src/prov/opx/include/rdma/opx/fi_opx_endpoint.h:327:1: note: in expansion of macro 'OPX_COMPILE_TIME_ASSERT'
[INFO] [stderr]     327 | OPX_COMPILE_TIME_ASSERT(offsetof(struct fi_opx_ep_tx, av_addr) == (FI_OPX_CACHE_LINE_SIZE * 4),
[INFO] [stderr]         | ^~~~~~~~~~~~~~~~~~~~~~~
[INFO] [stderr]   /opt/rustwide/target/debug/build/lamellar-libfabric-sys-475493f07863723b/out/src/prov/opx/include/rdma/opx/fi_opx.h:277:44: error: expected identifier or '(' before 'if'
[INFO] [stderr]     277 | #define OPX_COMPILE_TIME_ASSERT(cond, msg) if(0){switch(0){case 0:case cond:;}}
[INFO] [stderr]         |                                            ^~
[INFO] [stderr]   /opt/rustwide/target/debug/build/lamellar-libfabric-sys-475493f07863723b/out/src/prov/opx/include/rdma/opx/fi_opx_endpoint.h:329:1: note: in expansion of macro 'OPX_COMPILE_TIME_ASSERT'
[INFO] [stderr]     329 | OPX_COMPILE_TIME_ASSERT(offsetof(struct fi_opx_ep_tx, work_pending) == (FI_OPX_CACHE_LINE_SIZE * 5),
[INFO] [stderr]         | ^~~~~~~~~~~~~~~~~~~~~~~
[INFO] [stderr]   /opt/rustwide/target/debug/build/lamellar-libfabric-sys-475493f07863723b/out/src/prov/opx/include/rdma/opx/fi_opx.h:277:44: error: expected identifier or '(' before 'if'
[INFO] [stderr]     277 | #define OPX_COMPILE_TIME_ASSERT(cond, msg) if(0){switch(0){case 0:case cond:;}}
[INFO] [stderr]         |                                            ^~
[INFO] [stderr]   /opt/rustwide/target/debug/build/lamellar-libfabric-sys-475493f07863723b/out/src/prov/opx/include/rdma/opx/fi_opx_endpoint.h:331:1: note: in expansion of macro 'OPX_COMPILE_TIME_ASSERT'
[INFO] [stderr]     331 | OPX_COMPILE_TIME_ASSERT(offsetof(struct fi_opx_ep_tx, work_pending_completion) == (FI_OPX_CACHE_LINE_SIZE * 6),
[INFO] [stderr]         | ^~~~~~~~~~~~~~~~~~~~~~~
[INFO] [stderr]   /opt/rustwide/target/debug/build/lamellar-libfabric-sys-475493f07863723b/out/src/prov/opx/include/rdma/opx/fi_opx.h:277:44: error: expected identifier or '(' before 'if'
[INFO] [stderr]     277 | #define OPX_COMPILE_TIME_ASSERT(cond, msg) if(0){switch(0){case 0:case cond:;}}
[INFO] [stderr]         |                                            ^~
[INFO] [stderr]   /opt/rustwide/target/debug/build/lamellar-libfabric-sys-475493f07863723b/out/src/prov/opx/include/rdma/opx/fi_opx_endpoint.h:333:1: note: in expansion of macro 'OPX_COMPILE_TIME_ASSERT'
[INFO] [stderr]     333 | OPX_COMPILE_TIME_ASSERT(offsetof(struct fi_opx_ep_tx, sdma_request_queue) == (FI_OPX_CACHE_LINE_SIZE * 7),
[INFO] [stderr]         | ^~~~~~~~~~~~~~~~~~~~~~~
[INFO] [stderr]   /opt/rustwide/target/debug/build/lamellar-libfabric-sys-475493f07863723b/out/src/prov/opx/include/rdma/opx/fi_opx.h:277:44: error: expected identifier or '(' before 'if'
[INFO] [stderr]     277 | #define OPX_COMPILE_TIME_ASSERT(cond, msg) if(0){switch(0){case 0:case cond:;}}
[INFO] [stderr]         |                                            ^~
[INFO] [stderr]   /opt/rustwide/target/debug/build/lamellar-libfabric-sys-475493f07863723b/out/src/prov/opx/include/rdma/opx/fi_opx_endpoint.h:335:1: note: in expansion of macro 'OPX_COMPILE_TIME_ASSERT'
[INFO] [stderr]     335 | OPX_COMPILE_TIME_ASSERT(offsetof(struct fi_opx_ep_tx, ref_cnt) == (FI_OPX_CACHE_LINE_SIZE * 8),
[INFO] [stderr]         | ^~~~~~~~~~~~~~~~~~~~~~~
[INFO] [stderr]   /opt/rustwide/target/debug/build/lamellar-libfabric-sys-475493f07863723b/out/src/prov/opx/include/rdma/opx/fi_opx.h:277:44: error: expected identifier or '(' before 'if'
[INFO] [stderr]     277 | #define OPX_COMPILE_TIME_ASSERT(cond, msg) if(0){switch(0){case 0:case cond:;}}
[INFO] [stderr]         |                                            ^~
[INFO] [stderr]   /opt/rustwide/target/debug/build/lamellar-libfabric-sys-475493f07863723b/out/src/prov/opx/include/rdma/opx/fi_opx_endpoint.h:436:1: note: in expansion of macro 'OPX_COMPILE_TIME_ASSERT'
[INFO] [stderr]     436 | OPX_COMPILE_TIME_ASSERT(offsetof(struct fi_opx_ep_rx, queue) == FI_OPX_CACHE_LINE_SIZE,
[INFO] [stderr]         | ^~~~~~~~~~~~~~~~~~~~~~~
[INFO] [stderr]   /opt/rustwide/target/debug/build/lamellar-libfabric-sys-475493f07863723b/out/src/prov/opx/include/rdma/opx/fi_opx.h:277:44: error: expected identifier or '(' before 'if'
[INFO] [stderr]     277 | #define OPX_COMPILE_TIME_ASSERT(cond, msg) if(0){switch(0){case 0:case cond:;}}
[INFO] [stderr]         |                                            ^~
[INFO] [stderr]   /opt/rustwide/target/debug/build/lamellar-libfabric-sys-475493f07863723b/out/src/prov/opx/include/rdma/opx/fi_opx_endpoint.h:438:1: note: in expansion of macro 'OPX_COMPILE_TIME_ASSERT'
[INFO] [stderr]     438 | OPX_COMPILE_TIME_ASSERT(offsetof(struct fi_opx_ep_rx, cq_pending_ptr) == (FI_OPX_CACHE_LINE_SIZE * 3),
[INFO] [stderr]         | ^~~~~~~~~~~~~~~~~~~~~~~
[INFO] [stderr]   /opt/rustwide/target/debug/build/lamellar-libfabric-sys-475493f07863723b/out/src/prov/opx/include/rdma/opx/fi_opx.h:277:44: error: expected identifier or '(' before 'if'
[INFO] [stderr]     277 | #define OPX_COMPILE_TIME_ASSERT(cond, msg) if(0){switch(0){case 0:case cond:;}}
[INFO] [stderr]         |                                            ^~
[INFO] [stderr]   /opt/rustwide/target/debug/build/lamellar-libfabric-sys-475493f07863723b/out/src/prov/opx/include/rdma/opx/fi_opx_endpoint.h:440:1: note: in expansion of macro 'OPX_COMPILE_TIME_ASSERT'
[INFO] [stderr]     440 | OPX_COMPILE_TIME_ASSERT(offsetof(struct fi_opx_ep_rx, state) == (FI_OPX_CACHE_LINE_SIZE * 4),
[INFO] [stderr]         | ^~~~~~~~~~~~~~~~~~~~~~~
[INFO] [stderr]   /opt/rustwide/target/debug/build/lamellar-libfabric-sys-475493f07863723b/out/src/prov/opx/include/rdma/opx/fi_opx.h:277:44: error: expected identifier or '(' before 'if'
[INFO] [stderr]     277 | #define OPX_COMPILE_TIME_ASSERT(cond, msg) if(0){switch(0){case 0:case cond:;}}
[INFO] [stderr]         |                                            ^~
[INFO] [stderr]   /opt/rustwide/target/debug/build/lamellar-libfabric-sys-475493f07863723b/out/src/prov/opx/include/rdma/opx/fi_opx_endpoint.h:442:1: note: in expansion of macro 'OPX_COMPILE_TIME_ASSERT'
[INFO] [stderr]     442 | OPX_COMPILE_TIME_ASSERT(offsetof(struct fi_opx_ep_rx, tx) == (FI_OPX_CACHE_LINE_SIZE * 5),
[INFO] [stderr]         | ^~~~~~~~~~~~~~~~~~~~~~~
[INFO] [stderr]   /opt/rustwide/target/debug/build/lamellar-libfabric-sys-475493f07863723b/out/src/prov/opx/include/rdma/opx/fi_opx.h:277:44: error: expected identifier or '(' before 'if'
[INFO] [stderr]     277 | #define OPX_COMPILE_TIME_ASSERT(cond, msg) if(0){switch(0){case 0:case cond:;}}
[INFO] [stderr]         |                                            ^~
[INFO] [stderr]   /opt/rustwide/target/debug/build/lamellar-libfabric-sys-475493f07863723b/out/src/prov/opx/include/rdma/opx/fi_opx_endpoint.h:561:1: note: in expansion of macro 'OPX_COMPILE_TIME_ASSERT'
[INFO] [stderr]     561 | OPX_COMPILE_TIME_ASSERT(offsetof(struct fi_opx_ep, recv_cntr) == (FI_OPX_CACHE_LINE_SIZE * 2),
[INFO] [stderr]         | ^~~~~~~~~~~~~~~~~~~~~~~
[INFO] [stderr]   /opt/rustwide/target/debug/build/lamellar-libfabric-sys-475493f07863723b/out/src/prov/opx/include/rdma/opx/fi_opx.h:277:44: error: expected identifier or '(' before 'if'
[INFO] [stderr]     277 | #define OPX_COMPILE_TIME_ASSERT(cond, msg) if(0){switch(0){case 0:case cond:;}}
[INFO] [stderr]         |                                            ^~
[INFO] [stderr]   /opt/rustwide/target/debug/build/lamellar-libfabric-sys-475493f07863723b/out/src/prov/opx/include/rdma/opx/fi_opx_endpoint.h:563:1: note: in expansion of macro 'OPX_COMPILE_TIME_ASSERT'
[INFO] [stderr]     563 | OPX_COMPILE_TIME_ASSERT(offsetof(struct fi_opx_ep, hfi) == (FI_OPX_CACHE_LINE_SIZE * 3),
[INFO] [stderr]         | ^~~~~~~~~~~~~~~~~~~~~~~
[INFO] [stderr]   /opt/rustwide/target/debug/build/lamellar-libfabric-sys-475493f07863723b/out/src/prov/opx/include/rdma/opx/fi_opx.h:277:44: error: expected identifier or '(' before 'if'
[INFO] [stderr]     277 | #define OPX_COMPILE_TIME_ASSERT(cond, msg) if(0){switch(0){case 0:case cond:;}}
[INFO] [stderr]         |                                            ^~
[INFO] [stderr]   /opt/rustwide/target/debug/build/lamellar-libfabric-sys-475493f07863723b/out/src/prov/opx/include/rdma/opx/fi_opx_endpoint.h:565:1: note: in expansion of macro 'OPX_COMPILE_TIME_ASSERT'
[INFO] [stderr]     565 | OPX_COMPILE_TIME_ASSERT(offsetof(struct fi_opx_ep, common_info) == (FI_OPX_CACHE_LINE_SIZE * 4),
[INFO] [stderr]         | ^~~~~~~~~~~~~~~~~~~~~~~
[INFO] [stderr]   /opt/rustwide/target/debug/build/lamellar-libfabric-sys-475493f07863723b/out/src/prov/opx/include/rdma/opx/fi_opx.h:277:44: error: expected identifier or '(' before 'if'
[INFO] [stderr]     277 | #define OPX_COMPILE_TIME_ASSERT(cond, msg) if(0){switch(0){case 0:case cond:;}}
[INFO] [stderr]         |                                            ^~
[INFO] [stderr]   /opt/rustwide/target/debug/build/lamellar-libfabric-sys-475493f07863723b/out/src/prov/opx/include/rdma/opx/fi_opx_endpoint.h:567:1: note: in expansion of macro 'OPX_COMPILE_TIME_ASSERT'
[INFO] [stderr]     567 | OPX_COMPILE_TIME_ASSERT(offsetof(struct fi_opx_ep, init_send_cntr) == (FI_OPX_CACHE_LINE_SIZE * 5),
[INFO] [stderr]         | ^~~~~~~~~~~~~~~~~~~~~~~
[INFO] [stderr]   /opt/rustwide/target/debug/build/lamellar-libfabric-sys-475493f07863723b/out/src/prov/opx/include/rdma/opx/fi_opx.h:277:44: error: expected identifier or '(' before 'if'
[INFO] [stderr]     277 | #define OPX_COMPILE_TIME_ASSERT(cond, msg) if(0){switch(0){case 0:case cond:;}}
[INFO] [stderr]         |                                            ^~
[INFO] [stderr]   /opt/rustwide/target/debug/build/lamellar-libfabric-sys-475493f07863723b/out/src/prov/opx/include/rdma/opx/fi_opx_endpoint.h:569:1: note: in expansion of macro 'OPX_COMPILE_TIME_ASSERT'
[INFO] [stderr]     569 | OPX_COMPILE_TIME_ASSERT(offsetof(struct fi_opx_ep, lock) == ((FI_OPX_CACHE_LINE_SIZE * 5)+52),
[INFO] [stderr]         | ^~~~~~~~~~~~~~~~~~~~~~~
[INFO] [stderr]   make[1]: *** [Makefile:28611: prov/opx/src/src_libfabric_la-fi_opx_cq.lo] Error 1
[INFO] [stderr]   /opt/rustwide/target/debug/build/lamellar-libfabric-sys-475493f07863723b/out/src/prov/opx/include/rdma/opx/fi_opx.h:277:44: error: expected identifier or '(' before 'if'
[INFO] [stderr]     277 | #define OPX_COMPILE_TIME_ASSERT(cond, msg) if(0){switch(0){case 0:case cond:;}}
[INFO] [stderr]         |                                            ^~
[INFO] [stderr]   /opt/rustwide/target/debug/build/lamellar-libfabric-sys-475493f07863723b/out/src/prov/opx/include/rdma/opx/fi_opx_hmem.h:60:1: note: in expansion of macro 'OPX_COMPILE_TIME_ASSERT'
[INFO] [stderr]      60 | OPX_COMPILE_TIME_ASSERT((sizeof(struct fi_opx_hmem_info) & 0x7) == 0,
[INFO] [stderr]         | ^~~~~~~~~~~~~~~~~~~~~~~
[INFO] [stderr]   /opt/rustwide/target/debug/build/lamellar-libfabric-sys-475493f07863723b/out/src/prov/opx/include/rdma/opx/fi_opx.h:277:44: error: expected identifier or '(' before 'if'
[INFO] [stderr]     277 | #define OPX_COMPILE_TIME_ASSERT(cond, msg) if(0){switch(0){case 0:case cond:;}}
[INFO] [stderr]         |                                            ^~
[INFO] [stderr]   /opt/rustwide/target/debug/build/lamellar-libfabric-sys-475493f07863723b/out/src/prov/opx/include/rdma/opx/fi_opx_hfi1_transport.h:441:1: note: in expansion of macro 'OPX_COMPILE_TIME_ASSERT'
[INFO] [stderr]     441 | OPX_COMPILE_TIME_ASSERT((offsetof(struct fi_opx_hfi1_dput_params, compare_iov) & 7) == 0, "compare_iov not 8-byte aligned!");
[INFO] [stderr]         | ^~~~~~~~~~~~~~~~~~~~~~~
[INFO] [stderr]   /opt/rustwide/target/debug/build/lamellar-libfabric-sys-475493f07863723b/out/src/prov/opx/include/rdma/opx/fi_opx.h:277:44: error: expected identifier or '(' before 'if'
[INFO] [stderr]     277 | #define OPX_COMPILE_TIME_ASSERT(cond, msg) if(0){switch(0){case 0:case cond:;}}
[INFO] [stderr]         |                                            ^~
[INFO] [stderr]   /opt/rustwide/target/debug/build/lamellar-libfabric-sys-475493f07863723b/out/src/prov/opx/include/rdma/opx/fi_opx_hfi1_transport.h:490:1: note: in expansion of macro 'OPX_COMPILE_TIME_ASSERT'
[INFO] [stderr]     490 | OPX_COMPILE_TIME_ASSERT(offsetof(struct fi_opx_hfi1_rx_rzv_rts_params, tid_info)
[INFO] [stderr]         | ^~~~~~~~~~~~~~~~~~~~~~~
[INFO] [stderr]   /opt/rustwide/target/debug/build/lamellar-libfabric-sys-475493f07863723b/out/src/prov/opx/include/rdma/opx/fi_opx.h:277:44: error: expected identifier or '(' before 'if'
[INFO] [stderr]     277 | #define OPX_COMPILE_TIME_ASSERT(cond, msg) if(0){switch(0){case 0:case cond:;}}
[INFO] [stderr]         |                                            ^~
[INFO] [stderr]   /opt/rustwide/target/debug/build/lamellar-libfabric-sys-475493f07863723b/out/src/prov/opx/include/rdma/opx/fi_opx_hfi1_transport.h:494:1: note: in expansion of macro 'OPX_COMPILE_TIME_ASSERT'
[INFO] [stderr]     494 | OPX_COMPILE_TIME_ASSERT(sizeof(((struct fi_opx_hfi1_rx_rzv_rts_params *)0)->dput_iov)
[INFO] [stderr]         | ^~~~~~~~~~~~~~~~~~~~~~~
[INFO] [stderr]   /opt/rustwide/target/debug/build/lamellar-libfabric-sys-475493f07863723b/out/src/prov/opx/include/rdma/opx/fi_opx.h:277:44: error: expected identifier or '(' before 'if'
[INFO] [stderr]     277 | #define OPX_COMPILE_TIME_ASSERT(cond, msg) if(0){switch(0){case 0:case cond:;}}
[INFO] [stderr]         |                                            ^~
[INFO] [stderr]   /opt/rustwide/target/debug/build/lamellar-libfabric-sys-475493f07863723b/out/src/prov/opx/include/rdma/opx/fi_opx_hfi1_transport.h:497:1: note: in expansion of macro 'OPX_COMPILE_TIME_ASSERT'
[INFO] [stderr]     497 | OPX_COMPILE_TIME_ASSERT(sizeof(((struct fi_opx_hfi1_rx_rzv_rts_params *)0)->tidpairs)
[INFO] [stderr]         | ^~~~~~~~~~~~~~~~~~~~~~~
[INFO] [stderr]   /opt/rustwide/target/debug/build/lamellar-libfabric-sys-475493f07863723b/out/src/prov/opx/include/rdma/opx/fi_opx.h:277:44: error: expected identifier or '(' before 'if'
[INFO] [stderr]     277 | #define OPX_COMPILE_TIME_ASSERT(cond, msg) if(0){switch(0){case 0:case cond:;}}
[INFO] [stderr]         |                                            ^~
[INFO] [stderr]   /opt/rustwide/target/debug/build/lamellar-libfabric-sys-475493f07863723b/out/src/prov/opx/include/rdma/opx/fi_opx_hfi1_progress.h:80:1: note: in expansion of macro 'OPX_COMPILE_TIME_ASSERT'
[INFO] [stderr]      80 | OPX_COMPILE_TIME_ASSERT((FI_OPX_HFI1_HDRQ_UPDATE_MASK == FI_OPX_HFI1_HDRQ_UPDATE_MASK_32) ||
[INFO] [stderr]         | ^~~~~~~~~~~~~~~~~~~~~~~
[INFO] [stderr]   make[1]: *** [Makefile:28632: prov/opx/src/src_libfabric_la-fi_opx_cq_ops_table_locking_runtime.lo] Error 1
[INFO] [stderr]   make[1]: *** [Makefile:28625: prov/opx/src/src_libfabric_la-fi_opx_cq_ops_table_locking_8192.lo] Error 1
[INFO] [stderr]   make[1]: *** [Makefile:28597: prov/opx/src/src_libfabric_la-fi_opx_cm.lo] Error 1
[INFO] [stderr]   /opt/rustwide/target/debug/build/lamellar-libfabric-sys-475493f07863723b/out/src/prov/opx/include/rdma/opx/fi_opx.h:277:44: error: expected identifier or '(' before 'if'
[INFO] [stderr]     277 | #define OPX_COMPILE_TIME_ASSERT(cond, msg) if(0){switch(0){case 0:case cond:;}}
[INFO] [stderr]         |                                            ^~
[INFO] [stderr]   /opt/rustwide/target/debug/build/lamellar-libfabric-sys-475493f07863723b/out/src/prov/opx/include/rdma/opx/fi_opx_hfi1_progress.h:80:1: note: in expansion of macro 'OPX_COMPILE_TIME_ASSERT'
[INFO] [stderr]      80 | OPX_COMPILE_TIME_ASSERT((FI_OPX_HFI1_HDRQ_UPDATE_MASK == FI_OPX_HFI1_HDRQ_UPDATE_MASK_32) ||
[INFO] [stderr]         | ^~~~~~~~~~~~~~~~~~~~~~~
[INFO] [stderr]   make[1]: *** [Makefile:28590: prov/opx/src/src_libfabric_la-fi_opx_av.lo] Error 1
[INFO] [stderr]   make[1]: *** [Makefile:28618: prov/opx/src/src_libfabric_la-fi_opx_cq_ops_table_locking.lo] Error 1
[INFO] [stderr]   make: *** [Makefile:30871: install] Error 2
[INFO] [stderr] 
[INFO] [stderr]   thread 'main' (1061) panicked at /opt/rustwide/cargo-home/registry/src/index.crates.io-1949cf8c6b5b557f/autotools-0.2.7/src/lib.rs:790:5:
[INFO] [stderr] 
[INFO] [stderr]   command did not execute successfully, got: exit status: 2
[INFO] [stderr] 
[INFO] [stderr]   build script failed, must exit now
[INFO] [stderr]   stack backtrace:
[INFO] [stderr]      0:     0x59bfde658cf1 - std[70759c8f55707aa4]::backtrace_rs::backtrace::libunwind::trace
[INFO] [stderr]                                  at /rustc/dfb0accb7f508ae8be965d8629557221c889dd98/library/std/src/../../backtrace/src/backtrace/libunwind.rs:117:9
[INFO] [stderr]      1:     0x59bfde658cf1 - std[70759c8f55707aa4]::backtrace_rs::backtrace::trace_unsynchronized::<std[70759c8f55707aa4]::sys::backtrace::_print_fmt::{closure#1}>
[INFO] [stderr]                                  at /rustc/dfb0accb7f508ae8be965d8629557221c889dd98/library/std/src/../../backtrace/src/backtrace/mod.rs:66:14
[INFO] [stderr]      2:     0x59bfde658cf1 - std[70759c8f55707aa4]::sys::backtrace::_print_fmt
[INFO] [stderr]                                  at /rustc/dfb0accb7f508ae8be965d8629557221c889dd98/library/std/src/sys/backtrace.rs:74:9
[INFO] [stderr]      3:     0x59bfde658cf1 - <<std[70759c8f55707aa4]::sys::backtrace::BacktraceLock>::print::DisplayBacktrace as core[df12db4294e9bfd3]::fmt::Display>::fmt
[INFO] [stderr]                                  at /rustc/dfb0accb7f508ae8be965d8629557221c889dd98/library/std/src/sys/backtrace.rs:44:26
[INFO] [stderr]      4:     0x59bfde67122a - <core[df12db4294e9bfd3]::fmt::rt::Argument>::fmt
[INFO] [stderr]                                  at /rustc/dfb0accb7f508ae8be965d8629557221c889dd98/library/core/src/fmt/rt.rs:152:76
[INFO] [stderr]      5:     0x59bfde67122a - core[df12db4294e9bfd3]::fmt::write
[INFO] [stderr]      6:     0x59bfde65f18c - core[df12db4294e9bfd3]::io::write::default_write_fmt::<std[70759c8f55707aa4]::sys::stdio::unix::Stderr>
[INFO] [stderr]                                  at /rustc/dfb0accb7f508ae8be965d8629557221c889dd98/library/core/src/io/write.rs:402:11
[INFO] [stderr]      7:     0x59bfde65f18c - <std[70759c8f55707aa4]::sys::stdio::unix::Stderr as core[df12db4294e9bfd3]::io::write::Write>::write_fmt
[INFO] [stderr]                                  at /rustc/dfb0accb7f508ae8be965d8629557221c889dd98/library/core/src/io/write.rs:335:13
[INFO] [stderr]      8:     0x59bfde634eb6 - <std[70759c8f55707aa4]::sys::backtrace::BacktraceLock>::print
[INFO] [stderr]                                  at /rustc/dfb0accb7f508ae8be965d8629557221c889dd98/library/std/src/sys/backtrace.rs:47:9
[INFO] [stderr]      9:     0x59bfde634eb6 - std[70759c8f55707aa4]::panicking::default_hook::{closure#0}
[INFO] [stderr]                                  at /rustc/dfb0accb7f508ae8be965d8629557221c889dd98/library/std/src/panicking.rs:292:27
[INFO] [stderr]     10:     0x59bfde6522c1 - std[70759c8f55707aa4]::panicking::default_hook
[INFO] [stderr]                                  at /rustc/dfb0accb7f508ae8be965d8629557221c889dd98/library/std/src/panicking.rs:319:9
[INFO] [stderr]     11:     0x59bfde6525eb - std[70759c8f55707aa4]::panicking::panic_with_hook
[INFO] [stderr]                                  at /rustc/dfb0accb7f508ae8be965d8629557221c889dd98/library/std/src/panicking.rs:815:13
[INFO] [stderr]     12:     0x59bfde634f62 - std[70759c8f55707aa4]::panicking::panic_handler::{closure#0}
[INFO] [stderr]                                  at /rustc/dfb0accb7f508ae8be965d8629557221c889dd98/library/std/src/panicking.rs:688:13
[INFO] [stderr]     13:     0x59bfde62da89 - std[70759c8f55707aa4]::sys::backtrace::__rust_end_short_backtrace::<std[70759c8f55707aa4]::panicking::panic_handler::{closure#0}, !>
[INFO] [stderr]                                  at /rustc/dfb0accb7f508ae8be965d8629557221c889dd98/library/std/src/sys/backtrace.rs:182:18
[INFO] [stderr]     14:     0x59bfde63592d - __rustc[8fa7c3cbc660c2b3]::rust_begin_unwind
[INFO] [stderr]                                  at /rustc/dfb0accb7f508ae8be965d8629557221c889dd98/library/std/src/panicking.rs:679:5
[INFO] [stderr]     15:     0x59bfde671acc - core[df12db4294e9bfd3]::panicking::panic_fmt
[INFO] [stderr]                                  at /rustc/dfb0accb7f508ae8be965d8629557221c889dd98/library/core/src/panicking.rs:80:14
[INFO] [stderr]     16:     0x59bfde3ab5f7 - autotools[24e252d42249d6d9]::fail
[INFO] [stderr]     17:     0x59bfde3aede8 - <autotools[24e252d42249d6d9]::Config>::build
[INFO] [stderr]     18:     0x59bfde39e009 - <libfabric_src[ac88273c3a09843f]::Build>::build_ofi
[INFO] [stderr]     19:     0x59bfde39bd5d - <libfabric_src[ac88273c3a09843f]::Build>::build
[INFO] [stderr]     20:     0x59bfddf5aedd - build_script_build[ae595a4a943dc81e]::main
[INFO] [stderr]     21:     0x59bfddf5c9e3 - <fn() as core[df12db4294e9bfd3]::ops::function::FnOnce<()>>::call_once
[INFO] [stderr]     22:     0x59bfddf5ad0e - std[70759c8f55707aa4]::sys::backtrace::__rust_begin_short_backtrace::<fn(), ()>
[INFO] [stderr]     23:     0x59bfddf5ad19 - std[70759c8f55707aa4]::rt::lang_start::<()>::{closure#0}
[INFO] [stderr]     24:     0x59bfde651579 - <&dyn core[df12db4294e9bfd3]::ops::function::Fn<(), Output = i32> + core[df12db4294e9bfd3]::panic::unwind_safe::RefUnwindSafe + core[df12db4294e9bfd3]::marker::Sync as core[df12db4294e9bfd3]::ops::function::FnOnce<()>>::call_once
[INFO] [stderr]                                  at /rustc/dfb0accb7f508ae8be965d8629557221c889dd98/library/core/src/ops/function.rs:287:21
[INFO] [stderr]     25:     0x59bfde651579 - std[70759c8f55707aa4]::panicking::catch_unwind::do_call::<&dyn core[df12db4294e9bfd3]::ops::function::Fn<(), Output = i32> + core[df12db4294e9bfd3]::panic::unwind_safe::RefUnwindSafe + core[df12db4294e9bfd3]::marker::Sync, i32>
[INFO] [stderr]                                  at /rustc/dfb0accb7f508ae8be965d8629557221c889dd98/library/std/src/panicking.rs:576:43
[INFO] [stderr]     26:     0x59bfde651579 - std[70759c8f55707aa4]::panicking::catch_unwind::<i32, &dyn core[df12db4294e9bfd3]::ops::function::Fn<(), Output = i32> + core[df12db4294e9bfd3]::panic::unwind_safe::RefUnwindSafe + core[df12db4294e9bfd3]::marker::Sync>
[INFO] [stderr]                                  at /rustc/dfb0accb7f508ae8be965d8629557221c889dd98/library/std/src/panicking.rs:544:19
[INFO] [stderr]     27:     0x59bfde651579 - std[70759c8f55707aa4]::panic::catch_unwind::<&dyn core[df12db4294e9bfd3]::ops::function::Fn<(), Output = i32> + core[df12db4294e9bfd3]::panic::unwind_safe::RefUnwindSafe + core[df12db4294e9bfd3]::marker::Sync, i32>
[INFO] [stderr]                                  at /rustc/dfb0accb7f508ae8be965d8629557221c889dd98/library/std/src/panic.rs:359:14
[INFO] [stderr]     28:     0x59bfde651579 - std[70759c8f55707aa4]::rt::lang_start_internal::{closure#0}
[INFO] [stderr]                                  at /rustc/dfb0accb7f508ae8be965d8629557221c889dd98/library/std/src/rt.rs:175:24
[INFO] [stderr]     29:     0x59bfde651579 - std[70759c8f55707aa4]::panicking::catch_unwind::do_call::<std[70759c8f55707aa4]::rt::lang_start_internal::{closure#0}, isize>
[INFO] [stderr]                                  at /rustc/dfb0accb7f508ae8be965d8629557221c889dd98/library/std/src/panicking.rs:576:43
[INFO] [stderr]     30:     0x59bfde651579 - std[70759c8f55707aa4]::panicking::catch_unwind::<isize, std[70759c8f55707aa4]::rt::lang_start_internal::{closure#0}>
[INFO] [stderr]                                  at /rustc/dfb0accb7f508ae8be965d8629557221c889dd98/library/std/src/panicking.rs:544:19
[INFO] [stderr]     31:     0x59bfde651579 - std[70759c8f55707aa4]::panic::catch_unwind::<std[70759c8f55707aa4]::rt::lang_start_internal::{closure#0}, isize>
[INFO] [stderr]                                  at /rustc/dfb0accb7f508ae8be965d8629557221c889dd98/library/std/src/panic.rs:359:14
[INFO] [stderr]     32:     0x59bfde651579 - std[70759c8f55707aa4]::rt::lang_start_internal
[INFO] [stderr]                                  at /rustc/dfb0accb7f508ae8be965d8629557221c889dd98/library/std/src/rt.rs:171:5
[INFO] [stderr]     33:     0x59bfddf5a9d1 - std[70759c8f55707aa4]::rt::lang_start::<()>
[INFO] [stderr]     34:     0x59bfddf5cb45 - main
[INFO] [stderr]     35:     0x70115dc25601 - <unknown>
[INFO] [stderr]     36:     0x70115dc25718 - __libc_start_main
[INFO] [stderr]     37:     0x59bfddf5a1d5 - _start
[INFO] [stderr]     38:                0x0 - <unknown>
[INFO] running `Command { std: "docker" "inspect" "603916a01fa22857bb51423a6d5f2ed9b930d39fb16268454849ddbba26d3b05", kill_on_drop: false }`
[INFO] running `Command { std: "docker" "rm" "-f" "603916a01fa22857bb51423a6d5f2ed9b930d39fb16268454849ddbba26d3b05", kill_on_drop: false }`
[INFO] [stdout] 603916a01fa22857bb51423a6d5f2ed9b930d39fb16268454849ddbba26d3b05
