[INFO] fetching crate rocket-webhook 0.1.0-alpha.2...
[INFO] testing rocket-webhook-0.1.0-alpha.2 against 1.99.0-beta.8 for beta-1.100-2
[INFO] extracting crate rocket-webhook 0.1.0-alpha.2 into /workspace/builds/worker-0-tc1/source
[INFO] started tweaking crates.io crate rocket-webhook 0.1.0-alpha.2
[INFO] removed 0 missing examples
[INFO] removed 0 missing tests
[INFO] finished tweaking crates.io crate rocket-webhook 0.1.0-alpha.2
[INFO] tweaked toml for crates.io crate rocket-webhook 0.1.0-alpha.2 written to /workspace/builds/worker-0-tc1/source/Cargo.toml
[INFO] validating manifest of crates.io crate rocket-webhook 0.1.0-alpha.2 on toolchain 1.99.0-beta.8
[INFO] running `Command { std: CARGO_HOME="/workspace/cargo-home" RUSTUP_HOME="/workspace/rustup-home" "/workspace/cargo-home/bin/cargo" "+1.99.0-beta.8" "metadata" "--manifest-path" "Cargo.toml" "--no-deps", kill_on_drop: false }`
[INFO] crate crates.io crate rocket-webhook 0.1.0-alpha.2 already has a lockfile, it will not be regenerated
[INFO] running `Command { std: CARGO_HOME="/workspace/cargo-home" RUSTUP_HOME="/workspace/rustup-home" "/workspace/cargo-home/bin/cargo" "+1.99.0-beta.8" "fetch" "--manifest-path" "Cargo.toml", kill_on_drop: false }`
[INFO] [stderr]     Updating crates.io index
[INFO] [stderr]  Downloading crates ...
[INFO] [stderr]   Downloaded unicode-ident v1.0.19
[INFO] [stderr]   Downloaded devise_codegen v0.4.2
[INFO] [stderr]   Downloaded atomic v0.6.1
[INFO] [stderr]   Downloaded binascii v0.1.4
[INFO] [stderr]   Downloaded atomic v0.5.3
[INFO] [stderr]   Downloaded tokio-util v0.7.16
[INFO] [stderr]   Downloaded socket2 v0.6.0
[INFO] [stderr]   Downloaded cfg-if v1.0.3
[INFO] [stderr]   Downloaded is-terminal v0.4.16
[INFO] [stderr]   Downloaded ubyte v0.10.4
[INFO] [stderr]   Downloaded time-core v0.1.6
[INFO] [stderr]   Downloaded devise v0.4.2
[INFO] [stderr]   Downloaded state v0.6.0
[INFO] [stderr]   Downloaded find-msvc-tools v0.1.3
[INFO] [stderr]   Downloaded stable-pattern v0.1.0
[INFO] [stderr]   Downloaded devise_core v0.4.2
[INFO] [stderr]   Downloaded multer v3.1.0
[INFO] [stderr]   Downloaded deranged v0.5.4
[INFO] [stderr]   Downloaded generator v0.7.5
[INFO] [stderr]   Downloaded time-macros v0.2.24
[INFO] [stderr]   Downloaded potential_utf v0.1.3
[INFO] [stderr]   Downloaded rustc-demangle v0.1.26
[INFO] [stderr]   Downloaded wasm-bindgen-shared v0.2.104
[INFO] [stderr]   Downloaded wasm-bindgen-futures v0.4.54
[INFO] [stderr]   Downloaded wasm-bindgen v0.2.104
[INFO] [stderr]   Downloaded wasm-bindgen-macro v0.2.104
[INFO] [stderr]   Downloaded wasm-bindgen-backend v0.2.104
[INFO] [stderr]   Downloaded signal-hook-registry v1.4.6
[INFO] [stderr]   Downloaded bitflags v2.9.4
[INFO] [stderr]   Downloaded loom v0.5.6
[INFO] [stderr]   Downloaded wasm-bindgen-macro-support v0.2.104
[INFO] [stderr]   Downloaded cc v1.2.40
[INFO] [stderr]   Downloaded js-sys v0.3.81
[INFO] [stderr]   Downloaded rocket_http v0.5.1
[INFO] [stderr]   Downloaded indexmap v2.11.4
[INFO] [stderr]   Downloaded hyper-util v0.1.17
[INFO] [stderr]   Downloaded io-uring v0.7.10
[INFO] [stderr]   Downloaded rocket_codegen v0.5.1
[INFO] [stderr]   Downloaded time v0.3.44
[INFO] [stderr]   Downloaded winnow v0.7.13
[INFO] [stderr]   Downloaded reqwest v0.12.23
[INFO] [stderr]   Downloaded rustls-webpki v0.103.7
[INFO] [stderr]   Downloaded bon v3.8.0
[INFO] [stderr]   Downloaded bon-macros v3.8.0
[INFO] [stderr]   Downloaded tracing-subscriber v0.3.20
[INFO] [stderr]   Downloaded h2 v0.4.12
[INFO] [stderr]   Downloaded rocket v0.5.1
[INFO] [stderr]   Downloaded hyper v1.7.0
[INFO] [stderr]   Downloaded regex-syntax v0.8.6
[INFO] [stderr]   Downloaded rustls v0.23.32
[INFO] [stderr]   Downloaded web-sys v0.3.81
[INFO] [stderr]   Downloaded regex-automata v0.4.11
[INFO] [stderr]   Downloaded libc v0.2.176
[INFO] [stderr]   Downloaded tokio v1.47.1
[INFO] [stderr]   Downloaded windows v0.48.0
[INFO] running `Command { std: "docker" "create" "-v" "/var/lib/crater-agent-workspace/builds/worker-0-tc1/source:/opt/rustwide/workdir:ro,Z" "-v" "/var/lib/crater-agent-workspace/builds/worker-0-tc1/target:/opt/rustwide/target:rw,Z" "-v" "/var/lib/crater-agent-workspace/cargo-home:/opt/rustwide/cargo-home:ro,Z" "-v" "/var/lib/crater-agent-workspace/rustup-home:/opt/rustwide/rustup-home:ro,Z" "-m" "1610612736" "--network" "none" "ghcr.io/rust-lang/crates-build-env/linux@sha256:3111399a4047eeb3a02b7a90e478d715f38a8c6669b5c4b49d30a17385265909" "sleep" "infinity", kill_on_drop: false }`
[INFO] [stdout] e068488c28678a8b5af0ea167e39b8522f60dcea52d84d78066fc0ad64daf135
[INFO] running `Command { std: "docker" "start" "e068488c28678a8b5af0ea167e39b8522f60dcea52d84d78066fc0ad64daf135", kill_on_drop: false }`
[INFO] running `Command { std: "docker" "inspect" "e068488c28678a8b5af0ea167e39b8522f60dcea52d84d78066fc0ad64daf135", kill_on_drop: false }`
[INFO] running `Command { std: "docker" "exec" "-e" "SOURCE_DIR=/opt/rustwide/workdir" "-e" "CARGO_HOME=/opt/rustwide/cargo-home" "-e" "RUSTUP_HOME=/opt/rustwide/rustup-home" "-e" "CARGO_TARGET_DIR=/opt/rustwide/target" "-w" "/opt/rustwide/workdir" "--user" "0:0" "e068488c28678a8b5af0ea167e39b8522f60dcea52d84d78066fc0ad64daf135" "/opt/rustwide/cargo-home/bin/cargo" "+1.99.0-beta.8" "metadata" "--no-deps" "--format-version=1", kill_on_drop: false }`
[INFO] running `Command { std: "docker" "inspect" "e068488c28678a8b5af0ea167e39b8522f60dcea52d84d78066fc0ad64daf135", kill_on_drop: false }`
[INFO] running `Command { std: "docker" "exec" "-e" "SOURCE_DIR=/opt/rustwide/workdir" "-e" "CARGO_HOME=/opt/rustwide/cargo-home" "-e" "RUSTUP_HOME=/opt/rustwide/rustup-home" "-e" "CARGO_TARGET_DIR=/opt/rustwide/target" "-e" "CARGO_INCREMENTAL=0" "-e" "RUST_BACKTRACE=full" "-e" "RUSTFLAGS=--cap-lints=warn" "-e" "RUSTDOCFLAGS=--cap-lints=warn" "-w" "/opt/rustwide/workdir" "--user" "0:0" "e068488c28678a8b5af0ea167e39b8522f60dcea52d84d78066fc0ad64daf135" "/opt/rustwide/cargo-home/bin/cargo" "+1.99.0-beta.8" "build" "--frozen" "--message-format=json", kill_on_drop: false }`
[INFO] [stderr]    Compiling proc-macro2 v1.0.101
[INFO] [stderr]    Compiling unicode-ident v1.0.19
[INFO] [stderr]    Compiling quote v1.0.41
[INFO] [stderr]    Compiling libc v0.2.176
[INFO] [stderr]    Compiling serde_core v1.0.228
[INFO] [stderr]    Compiling yansi v1.0.1
[INFO] [stderr]    Compiling serde v1.0.228
[INFO] [stderr]    Compiling memchr v2.7.6
[INFO] [stderr]    Compiling cfg-if v1.0.3
[INFO] [stderr]    Compiling hashbrown v0.16.0
[INFO] [stderr]    Compiling http v0.2.12
[INFO] [stderr]    Compiling tracing-core v0.1.34
[INFO] [stderr]    Compiling futures-core v0.3.31
[INFO] [stderr]    Compiling time-core v0.1.6
[INFO] [stderr]    Compiling futures-sink v0.3.31
[INFO] [stderr]    Compiling slab v0.4.11
[INFO] [stderr]    Compiling try-lock v0.2.5
[INFO] [stderr]    Compiling want v0.3.1
[INFO] [stderr]    Compiling deranged v0.5.4
[INFO] [stderr]    Compiling cookie v0.18.1
[INFO] [stderr]    Compiling ref-cast v1.0.25
[INFO] [stderr]    Compiling futures-task v0.3.31
[INFO] [stderr]    Compiling time-macros v0.2.24
[INFO] [stderr]    Compiling smallvec v1.15.1
[INFO] [stderr]    Compiling zerocopy v0.8.27
[INFO] [stderr]    Compiling tower-service v0.3.3
[INFO] [stderr]    Compiling httpdate v1.0.3
[INFO] [stderr]    Compiling futures-util v0.3.31
[INFO] [stderr]    Compiling futures-channel v0.3.31
[INFO] [stderr]    Compiling uncased v0.9.10
[INFO] [stderr]    Compiling bitflags v2.9.4
[INFO] [stderr]    Compiling stable-pattern v0.1.0
[INFO] [stderr]    Compiling state v0.6.0
[INFO] [stderr]    Compiling tracing v0.1.41
[INFO] [stderr]    Compiling winnow v0.7.13
[INFO] [stderr]    Compiling toml_write v0.1.2
[INFO] [stderr]    Compiling prettyplease v0.2.37
[INFO] [stderr]    Compiling parking_lot_core v0.9.12
[INFO] [stderr]    Compiling rustix v1.1.2
[INFO] [stderr]    Compiling futures-io v0.3.31
[INFO] [stderr]    Compiling rustversion v1.0.22
[INFO] [stderr]    Compiling getrandom v0.3.3
[INFO] [stderr]    Compiling either v1.15.0
[INFO] [stderr]    Compiling http-body v0.4.6
[INFO] [stderr]    Compiling indexmap v2.11.4
[INFO] [stderr]    Compiling syn v2.0.106
[INFO] [stderr]    Compiling figment v0.10.19
[INFO] [stderr]    Compiling multer v3.1.0
[INFO] [stderr]    Compiling log v0.4.28
[INFO] [stderr]    Compiling serde_json v1.0.145
[INFO] [stderr]    Compiling linux-raw-sys v0.11.0
[INFO] [stderr]    Compiling lock_api v0.4.14
[INFO] [stderr]    Compiling encoding_rs v0.8.35
[INFO] [stderr]    Compiling rocket v0.5.1
[INFO] [stderr]    Compiling fastrand v2.3.0
[INFO] [stderr]    Compiling mime v0.3.17
[INFO] [stderr]    Compiling mio v1.0.4
[INFO] [stderr]    Compiling socket2 v0.6.0
[INFO] [stderr]    Compiling signal-hook-registry v1.4.6
[INFO] [stderr]    Compiling socket2 v0.5.10
[INFO] [stderr]    Compiling is-terminal v0.4.16
[INFO] [stderr]    Compiling time v0.3.44
[INFO] [stderr]    Compiling getrandom v0.2.16
[INFO] [stderr]    Compiling tokio v1.47.1
[INFO] [stderr]    Compiling rand_core v0.6.4
[INFO] [stderr]    Compiling spin v0.9.8
[INFO] [stderr]    Compiling glob v0.3.3
[INFO] [stderr]    Compiling parking_lot v0.12.5
[INFO] [stderr]    Compiling num_cpus v1.17.0
[INFO] [stderr]    Compiling atomic v0.5.3
[INFO] [stderr]    Compiling binascii v0.1.4
[INFO] [stderr]    Compiling subtle v2.6.1
[INFO] [stderr]    Compiling futures v0.3.31
[INFO] [stderr]    Compiling ppv-lite86 v0.2.21
[INFO] [stderr]    Compiling rand_chacha v0.3.1
[INFO] [stderr]    Compiling tempfile v3.23.0
[INFO] [stderr]    Compiling rand v0.8.5
[INFO] [stderr]    Compiling hyper v0.14.32
[INFO] [stderr]    Compiling proc-macro2-diagnostics v0.10.1
[INFO] [stderr]    Compiling darling_core v0.21.3
[INFO] [stderr]    Compiling devise_core v0.4.2
[INFO] [stderr]    Compiling serde_derive v1.0.228
[INFO] [stderr]    Compiling tokio-macros v2.5.0
[INFO] [stderr]    Compiling pear_codegen v0.2.9
[INFO] [stderr]    Compiling ref-cast-impl v1.0.25
[INFO] [stderr]    Compiling async-stream-impl v0.3.6
[INFO] [stderr]    Compiling async-trait v0.1.89
[INFO] [stderr]    Compiling async-stream v0.3.6
[INFO] [stderr]    Compiling devise_codegen v0.4.2
[INFO] [stderr]    Compiling pear v0.2.9
[INFO] [stderr]    Compiling devise v0.4.2
[INFO] [stderr]    Compiling rocket_http v0.5.1
[INFO] [stderr]    Compiling darling_macro v0.21.3
[INFO] [stderr]    Compiling darling v0.21.3
[INFO] [stderr]    Compiling bon-macros v3.8.0
[INFO] [stderr]    Compiling rocket_codegen v0.5.1
[INFO] [stderr]    Compiling serde_spanned v0.6.9
[INFO] [stderr]    Compiling toml_datetime v0.6.11
[INFO] [stderr]    Compiling ubyte v0.10.4
[INFO] [stderr]    Compiling toml_edit v0.22.27
[INFO] [stderr]    Compiling bon v3.8.0
[INFO] [stderr]    Compiling tokio-util v0.7.16
[INFO] [stderr]    Compiling tokio-stream v0.1.17
[INFO] [stderr]    Compiling h2 v0.3.27
[INFO] [stderr]    Compiling toml v0.8.23
[INFO] [stderr]    Compiling rocket-webhook v0.1.0-alpha.2 (/opt/rustwide/workdir)
[INFO] [stdout] warning: unused variable: `marker`
[INFO] [stdout]    --> src/state.rs:101:27
[INFO] [stdout]     |
[INFO] [stdout] 101 |         #[builder(with = |marker: M| PhantomData)]
[INFO] [stdout]     |                           ^^^^^^ help: if this is intentional, prefix it with an underscore: `_marker`
[INFO] [stdout]     |
[INFO] [stdout]     = note: `#[warn(unused_variables)]` (part of `#[warn(unused)]`) on by default
[INFO] [stdout] 
[INFO] [stdout] 
[INFO] [stdout] warning: function `body_size` is never used
[INFO] [stdout]  --> src/webhooks/utils.rs:4:8
[INFO] [stdout]   |
[INFO] [stdout] 4 | pub fn body_size(headers: &rocket::http::HeaderMap) -> Option<usize> {
[INFO] [stdout]   |        ^^^^^^^^^
[INFO] [stdout]   |
[INFO] [stdout]   = note: `#[warn(dead_code)]` (part of `#[warn(unused)]`) on by default
[INFO] [stdout] 
[INFO] [stdout] 
[INFO] [stderr]     Finished `dev` profile [unoptimized + debuginfo] target(s) in 1m 09s
[INFO] running `Command { std: "docker" "inspect" "e068488c28678a8b5af0ea167e39b8522f60dcea52d84d78066fc0ad64daf135", kill_on_drop: false }`
[INFO] running `Command { std: "docker" "exec" "-e" "SOURCE_DIR=/opt/rustwide/workdir" "-e" "CARGO_HOME=/opt/rustwide/cargo-home" "-e" "RUSTUP_HOME=/opt/rustwide/rustup-home" "-e" "CARGO_TARGET_DIR=/opt/rustwide/target" "-e" "CARGO_INCREMENTAL=0" "-e" "RUST_BACKTRACE=full" "-e" "RUSTFLAGS=--cap-lints=warn" "-e" "RUSTDOCFLAGS=--cap-lints=warn" "-w" "/opt/rustwide/workdir" "--user" "0:0" "e068488c28678a8b5af0ea167e39b8522f60dcea52d84d78066fc0ad64daf135" "/opt/rustwide/cargo-home/bin/cargo" "+1.99.0-beta.8" "test" "--frozen" "--no-run" "--message-format=json", kill_on_drop: false }`
[INFO] [stderr]    Compiling syn v2.0.106
[INFO] [stderr]    Compiling find-msvc-tools v0.1.3
[INFO] [stderr]    Compiling shlex v1.3.0
[INFO] [stderr]    Compiling pkg-config v0.3.32
[INFO] [stderr]    Compiling http-body v1.0.1
[INFO] [stderr]    Compiling openssl v0.10.73
[INFO] [stderr]    Compiling foreign-types-shared v0.1.1
[INFO] [stderr]    Compiling atomic-waker v1.1.2
[INFO] [stderr]    Compiling native-tls v0.2.14
[INFO] [stderr]    Compiling form_urlencoded v1.2.2
[INFO] [stderr]    Compiling sync_wrapper v1.0.2
[INFO] [stderr]    Compiling ipnet v2.11.0
[INFO] [stderr]    Compiling tower-layer v0.3.3
[INFO] [stderr]    Compiling iri-string v0.7.8
[INFO] [stderr]    Compiling zeroize v1.8.2
[INFO] [stderr]    Compiling foreign-types v0.3.2
[INFO] [stderr]    Compiling http-body-util v0.1.3
[INFO] [stderr]    Compiling rustls-pki-types v1.12.0
[INFO] [stderr]    Compiling cc v1.2.40
[INFO] [stderr]    Compiling openssl-sys v0.9.109
[INFO] [stderr]    Compiling synstructure v0.13.2
[INFO] [stderr]    Compiling proc-macro2-diagnostics v0.10.1
[INFO] [stderr]    Compiling darling_core v0.21.3
[INFO] [stderr]    Compiling prettyplease v0.2.37
[INFO] [stderr]    Compiling devise_core v0.4.2
[INFO] [stderr]    Compiling tokio-macros v2.5.0
[INFO] [stderr]    Compiling zerofrom-derive v0.1.6
[INFO] [stderr]    Compiling yoke-derive v0.8.0
[INFO] [stderr]    Compiling serde_derive v1.0.228
[INFO] [stderr]    Compiling zerovec-derive v0.11.1
[INFO] [stderr]    Compiling displaydoc v0.2.5
[INFO] [stderr]    Compiling pear_codegen v0.2.9
[INFO] [stderr]    Compiling ref-cast-impl v1.0.25
[INFO] [stderr]    Compiling openssl-macros v0.1.1
[INFO] [stderr]    Compiling async-stream-impl v0.3.6
[INFO] [stderr]    Compiling async-trait v0.1.89
[INFO] [stderr]    Compiling async-stream v0.3.6
[INFO] [stderr]    Compiling ref-cast v1.0.25
[INFO] [stderr]    Compiling tokio v1.47.1
[INFO] [stderr]    Compiling devise_codegen v0.4.2
[INFO] [stderr]    Compiling pear v0.2.9
[INFO] [stderr]    Compiling devise v0.4.2
[INFO] [stderr]    Compiling zerofrom v0.1.6
[INFO] [stderr]    Compiling yoke v0.8.0
[INFO] [stderr]    Compiling zerovec v0.11.4
[INFO] [stderr]    Compiling zerotrie v0.2.2
[INFO] [stderr]    Compiling rocket_http v0.5.1
[INFO] [stderr]    Compiling tinystr v0.8.1
[INFO] [stderr]    Compiling potential_utf v0.1.3
[INFO] [stderr]    Compiling darling_macro v0.21.3
[INFO] [stderr]    Compiling icu_locale_core v2.0.0
[INFO] [stderr]    Compiling icu_collections v2.0.0
[INFO] [stderr]    Compiling darling v0.21.3
[INFO] [stderr]    Compiling bon-macros v3.8.0
[INFO] [stderr]    Compiling rocket_codegen v0.5.1
[INFO] [stderr]    Compiling icu_provider v2.0.0
[INFO] [stderr]    Compiling serde v1.0.228
[INFO] [stderr]    Compiling icu_normalizer v2.0.0
[INFO] [stderr]    Compiling icu_properties v2.0.1
[INFO] [stderr]    Compiling toml_datetime v0.6.11
[INFO] [stderr]    Compiling serde_spanned v0.6.9
[INFO] [stderr]    Compiling uncased v0.9.10
[INFO] [stderr]    Compiling ubyte v0.10.4
[INFO] [stderr]    Compiling serde_urlencoded v0.7.1
[INFO] [stderr]    Compiling toml_edit v0.22.27
[INFO] [stderr]    Compiling idna_adapter v1.2.1
[INFO] [stderr]    Compiling idna v1.1.0
[INFO] [stderr]    Compiling url v2.5.7
[INFO] [stderr]    Compiling bon v3.8.0
[INFO] [stderr]    Compiling toml v0.8.23
[INFO] [stderr]    Compiling figment v0.10.19
[INFO] [stderr]    Compiling tokio-util v0.7.16
[INFO] [stderr]    Compiling tower v0.5.2
[INFO] [stderr]    Compiling tokio-stream v0.1.17
[INFO] [stderr]    Compiling tokio-native-tls v0.3.1
[INFO] [stderr]    Compiling h2 v0.3.27
[INFO] [stderr]    Compiling h2 v0.4.12
[INFO] [stderr]    Compiling multer v3.1.0
[INFO] [stderr]    Compiling tower-http v0.6.6
[INFO] [stderr]    Compiling hyper v1.7.0
[INFO] [stderr]    Compiling hyper v0.14.32
[INFO] [stderr]    Compiling hyper-util v0.1.17
[INFO] [stderr]    Compiling hyper-tls v0.6.0
[INFO] [stderr]    Compiling reqwest v0.12.23
[INFO] [stderr]    Compiling rocket v0.5.1
[INFO] [stderr]    Compiling rocket-webhook v0.1.0-alpha.2 (/opt/rustwide/workdir)
[INFO] [stdout] warning: unused variable: `marker`
[INFO] [stdout]    --> src/state.rs:101:27
[INFO] [stdout]     |
[INFO] [stdout] 101 |         #[builder(with = |marker: M| PhantomData)]
[INFO] [stdout]     |                           ^^^^^^ help: if this is intentional, prefix it with an underscore: `_marker`
[INFO] [stdout]     |
[INFO] [stdout]     = note: `#[warn(unused_variables)]` (part of `#[warn(unused)]`) on by default
[INFO] [stdout] 
[INFO] [stdout] 
[INFO] [stdout] warning: function `body_size` is never used
[INFO] [stdout]  --> src/webhooks/utils.rs:4:8
[INFO] [stdout]   |
[INFO] [stdout] 4 | pub fn body_size(headers: &rocket::http::HeaderMap) -> Option<usize> {
[INFO] [stdout]   |        ^^^^^^^^^
[INFO] [stdout]   |
[INFO] [stdout]   = note: `#[warn(dead_code)]` (part of `#[warn(unused)]`) on by default
[INFO] [stdout] 
[INFO] [stdout] 
[INFO] [stdout] error[E0432]: unresolved import `rocket_webhook::webhooks::built_in::GitHubWebhook`
[INFO] [stdout]   --> examples/github.rs:15:53
[INFO] [stdout]    |
[INFO] [stdout] 15 | use rocket_webhook::{RocketWebhook, WebhookPayload, webhooks::built_in::GitHubWebhook};
[INFO] [stdout]    |                                                     ^^^^^^^^^^^^^^^^^^^^-------------
[INFO] [stdout]    |                                                                         |
[INFO] [stdout]    |                                                                         no `GitHubWebhook` in `webhooks::built_in`
[INFO] [stdout]    |
[INFO] [stdout] note: found an item that was configured out
[INFO] [stdout]   --> src/webhooks/built_in.rs:11:17
[INFO] [stdout]    |
[INFO] [stdout] 10 | #[cfg(feature = "github")]
[INFO] [stdout]    |       ------------------ the item is gated behind the `github` feature
[INFO] [stdout] 11 | pub use github::GitHubWebhook;
[INFO] [stdout]    |                 ^^^^^^^^^^^^^
[INFO] [stdout] 
[INFO] [stdout] 
[INFO] [stdout] error[E0432]: unresolved import `rocket_webhook::webhooks::built_in::SlackWebhook`
[INFO] [stdout]   --> tests/multiple.rs:4:56
[INFO] [stdout]    |
[INFO] [stdout]  4 | use rocket_webhook::{RocketWebhook, WebhookPayloadRaw, webhooks::built_in::SlackWebhook};
[INFO] [stdout]    |                                                        ^^^^^^^^^^^^^^^^^^^^------------
[INFO] [stdout]    |                                                                            |
[INFO] [stdout]    |                                                                            no `SlackWebhook` in `webhooks::built_in`
[INFO] [stdout]    |
[INFO] [stdout] note: found an item that was configured out
[INFO] [stdout]   --> src/webhooks/built_in.rs:26:16
[INFO] [stdout]    |
[INFO] [stdout] 25 | #[cfg(feature = "slack")]
[INFO] [stdout]    |       ----------------- the item is gated behind the `slack` feature
[INFO] [stdout] 26 | pub use slack::SlackWebhook;
[INFO] [stdout]    |                ^^^^^^^^^^^^
[INFO] [stdout] 
[INFO] [stdout] 
[INFO] [stdout] error[E0432]: unresolved import `rocket_webhook::webhooks::generic::Hmac256Webhook`
[INFO] [stdout]  --> tests/generic.rs:9:53
[INFO] [stdout]   |
[INFO] [stdout] 9 |     RocketWebhook, WebhookError, WebhookPayloadRaw, webhooks::generic::Hmac256Webhook,
[INFO] [stdout]   |                                                     ^^^^^^^^^^^^^^^^^^^--------------
[INFO] [stdout]   |                                                                        |
[INFO] [stdout]   |                                                                        no `Hmac256Webhook` in `webhooks::generic`
[INFO] [stdout]   |
[INFO] [stdout] note: found an item that was configured out
[INFO] [stdout]  --> src/webhooks/generic.rs:6:15
[INFO] [stdout]   |
[INFO] [stdout] 5 | #[cfg(feature = "hmac")]
[INFO] [stdout]   |       ---------------- the item is gated behind the `hmac` feature
[INFO] [stdout] 6 | pub use hmac::Hmac256Webhook;
[INFO] [stdout]   |               ^^^^^^^^^^^^^^
[INFO] [stdout] 
[INFO] [stdout] 
[INFO] [stdout] error[E0432]: unresolved import `rocket_webhook::webhooks::built_in::StripeWebhook`
[INFO] [stdout]   --> examples/stripe.rs:11:53
[INFO] [stdout]    |
[INFO] [stdout] 11 | use rocket_webhook::{RocketWebhook, WebhookPayload, webhooks::built_in::StripeWebhook};
[INFO] [stdout]    |                                                     ^^^^^^^^^^^^^^^^^^^^-------------
[INFO] [stdout]    |                                                                         |
[INFO] [stdout]    |                                                                         no `StripeWebhook` in `webhooks::built_in`
[INFO] [stdout]    |
[INFO] [stdout] note: found an item that was configured out
[INFO] [stdout]   --> src/webhooks/built_in.rs:31:17
[INFO] [stdout]    |
[INFO] [stdout] 30 | #[cfg(feature = "stripe")]
[INFO] [stdout]    |       ------------------ the item is gated behind the `stripe` feature
[INFO] [stdout] 31 | pub use stripe::StripeWebhook;
[INFO] [stdout]    |                 ^^^^^^^^^^^^^
[INFO] [stdout] 
[INFO] [stdout] 
[INFO] [stdout] error[E0432]: unresolved imports `rocket_webhook::webhooks::built_in::DiscordWebhook`, `rocket_webhook::webhooks::built_in::GitHubWebhook`, `rocket_webhook::webhooks::built_in::SendGridWebhook`, `rocket_webhook::webhooks::built_in::ShopifyWebhook`, `rocket_webhook::webhooks::built_in::SlackWebhook`, `rocket_webhook::webhooks::built_in::StandardWebhook`, `rocket_webhook::webhooks::built_in::StripeWebhook`
[INFO] [stdout]   --> tests/built_in.rs:13:9
[INFO] [stdout]    |
[INFO] [stdout] 13 |         DiscordWebhook, GitHubWebhook, SendGridWebhook, ShopifyWebhook, SlackWebhook,
[INFO] [stdout]    |         ^^^^^^^^^^^^^^  ^^^^^^^^^^^^^  ^^^^^^^^^^^^^^^  ^^^^^^^^^^^^^^  ^^^^^^^^^^^^ no `SlackWebhook` in `webhooks::built_in`
[INFO] [stdout]    |         |               |              |                |
[INFO] [stdout]    |         |               |              |                no `ShopifyWebhook` in `webhooks::built_in`
[INFO] [stdout]    |         |               |              no `SendGridWebhook` in `webhooks::built_in`
[INFO] [stdout]    |         |               no `GitHubWebhook` in `webhooks::built_in`
[INFO] [stdout]    |         no `DiscordWebhook` in `webhooks::built_in`
[INFO] [stdout] 14 |         StandardWebhook, StripeWebhook,
[INFO] [stdout]    |         ^^^^^^^^^^^^^^^  ^^^^^^^^^^^^^ no `StripeWebhook` in `webhooks::built_in`
[INFO] [stdout]    |         |
[INFO] [stdout]    |         no `StandardWebhook` in `webhooks::built_in`
[INFO] [stdout]    |
[INFO] [stdout] note: found an item that was configured out
[INFO] [stdout]   --> src/webhooks/built_in.rs:6:18
[INFO] [stdout]    |
[INFO] [stdout]  5 | #[cfg(feature = "discord")]
[INFO] [stdout]    |       ------------------- the item is gated behind the `discord` feature
[INFO] [stdout]  6 | pub use discord::DiscordWebhook;
[INFO] [stdout]    |                  ^^^^^^^^^^^^^^
[INFO] [stdout] note: found an item that was configured out
[INFO] [stdout]   --> src/webhooks/built_in.rs:11:17
[INFO] [stdout]    |
[INFO] [stdout] 10 | #[cfg(feature = "github")]
[INFO] [stdout]    |       ------------------ the item is gated behind the `github` feature
[INFO] [stdout] 11 | pub use github::GitHubWebhook;
[INFO] [stdout]    |                 ^^^^^^^^^^^^^
[INFO] [stdout] note: found an item that was configured out
[INFO] [stdout]   --> src/webhooks/built_in.rs:16:19
[INFO] [stdout]    |
[INFO] [stdout] 15 | #[cfg(feature = "sendgrid")]
[INFO] [stdout]    |       -------------------- the item is gated behind the `sendgrid` feature
[INFO] [stdout] 16 | pub use sendgrid::SendGridWebhook;
[INFO] [stdout]    |                   ^^^^^^^^^^^^^^^
[INFO] [stdout] note: found an item that was configured out
[INFO] [stdout]   --> src/webhooks/built_in.rs:21:18
[INFO] [stdout]    |
[INFO] [stdout] 20 | #[cfg(feature = "shopify")]
[INFO] [stdout]    |       ------------------- the item is gated behind the `shopify` feature
[INFO] [stdout] 21 | pub use shopify::ShopifyWebhook;
[INFO] [stdout]    |                  ^^^^^^^^^^^^^^
[INFO] [stdout] note: found an item that was configured out
[INFO] [stdout]   --> src/webhooks/built_in.rs:26:16
[INFO] [stdout]    |
[INFO] [stdout] 25 | #[cfg(feature = "slack")]
[INFO] [stdout]    |       ----------------- the item is gated behind the `slack` feature
[INFO] [stdout] 26 | pub use slack::SlackWebhook;
[INFO] [stdout]    |                ^^^^^^^^^^^^
[INFO] [stdout] note: found an item that was configured out
[INFO] [stdout]   --> src/webhooks/built_in.rs:36:19
[INFO] [stdout]    |
[INFO] [stdout] 35 | #[cfg(feature = "standard")]
[INFO] [stdout]    |       -------------------- the item is gated behind the `standard` feature
[INFO] [stdout] 36 | pub use standard::StandardWebhook;
[INFO] [stdout]    |                   ^^^^^^^^^^^^^^^
[INFO] [stdout] note: found an item that was configured out
[INFO] [stdout]   --> src/webhooks/built_in.rs:31:17
[INFO] [stdout]    |
[INFO] [stdout] 30 | #[cfg(feature = "stripe")]
[INFO] [stdout]    |       ------------------ the item is gated behind the `stripe` feature
[INFO] [stdout] 31 | pub use stripe::StripeWebhook;
[INFO] [stdout]    |                 ^^^^^^^^^^^^^
[INFO] [stdout] 
[INFO] [stdout] 
[INFO] [stdout] For more information about this error, try `rustc --explain E0432`.
[INFO] [stdout] 
[INFO] [stderr] error: could not compile `rocket-webhook` (test "generic") due to 1 previous error
[INFO] [stderr] warning: build failed, waiting for other jobs to finish...
[INFO] [stdout] For more information about this error, try `rustc --explain E0432`.
[INFO] [stdout] 
[INFO] [stderr] error: could not compile `rocket-webhook` (example "stripe") due to 1 previous error
[INFO] [stderr] error: could not compile `rocket-webhook` (test "multiple") due to 1 previous error
[INFO] [stdout] For more information about this error, try `rustc --explain E0432`.
[INFO] [stdout] 
[INFO] [stdout] For more information about this error, try `rustc --explain E0432`.
[INFO] [stdout] 
[INFO] [stderr] error: could not compile `rocket-webhook` (example "github") due to 1 previous error
[INFO] [stdout] warning: unused variable: `marker`
[INFO] [stdout]    --> src/state.rs:101:27
[INFO] [stdout]     |
[INFO] [stdout] 101 |         #[builder(with = |marker: M| PhantomData)]
[INFO] [stdout]     |                           ^^^^^^ help: if this is intentional, prefix it with an underscore: `_marker`
[INFO] [stdout]     |
[INFO] [stdout]     = note: `#[warn(unused_variables)]` (part of `#[warn(unused)]`) on by default
[INFO] [stdout] 
[INFO] [stdout] 
[INFO] [stdout] warning: function `body_size` is never used
[INFO] [stdout]  --> src/webhooks/utils.rs:4:8
[INFO] [stdout]   |
[INFO] [stdout] 4 | pub fn body_size(headers: &rocket::http::HeaderMap) -> Option<usize> {
[INFO] [stdout]   |        ^^^^^^^^^
[INFO] [stdout]   |
[INFO] [stdout]   = note: `#[warn(dead_code)]` (part of `#[warn(unused)]`) on by default
[INFO] [stdout] 
[INFO] [stdout] 
[INFO] [stdout] For more information about this error, try `rustc --explain E0432`.
[INFO] [stdout] 
[INFO] [stderr] error: could not compile `rocket-webhook` (test "built_in") due to 1 previous error
[INFO] running `Command { std: "docker" "inspect" "e068488c28678a8b5af0ea167e39b8522f60dcea52d84d78066fc0ad64daf135", kill_on_drop: false }`
[INFO] running `Command { std: "docker" "rm" "-f" "e068488c28678a8b5af0ea167e39b8522f60dcea52d84d78066fc0ad64daf135", kill_on_drop: false }`
[INFO] [stdout] e068488c28678a8b5af0ea167e39b8522f60dcea52d84d78066fc0ad64daf135
