[INFO] fetching crate rmqtt-http-api 0.24.0...
[INFO] testing rmqtt-http-api-0.24.0 against 1.100.0-beta.1 for beta-1.100-2
[INFO] extracting crate rmqtt-http-api 0.24.0 into /workspace/builds/worker-3-tc2/source
[INFO] started tweaking crates.io crate rmqtt-http-api 0.24.0
[INFO] finished tweaking crates.io crate rmqtt-http-api 0.24.0
[INFO] tweaked toml for crates.io crate rmqtt-http-api 0.24.0 written to /workspace/builds/worker-3-tc2/source/Cargo.toml
[INFO] validating manifest of crates.io crate rmqtt-http-api 0.24.0 on toolchain 1.100.0-beta.1
[INFO] running `Command { std: CARGO_HOME="/workspace/cargo-home" RUSTUP_HOME="/workspace/rustup-home" "/workspace/cargo-home/bin/cargo" "+1.100.0-beta.1" "metadata" "--manifest-path" "Cargo.toml" "--no-deps", kill_on_drop: false }`
[INFO] crate crates.io crate rmqtt-http-api 0.24.0 already has a lockfile, it will not be regenerated
[INFO] running `Command { std: CARGO_HOME="/workspace/cargo-home" RUSTUP_HOME="/workspace/rustup-home" "/workspace/cargo-home/bin/cargo" "+1.100.0-beta.1" "fetch" "--manifest-path" "Cargo.toml", kill_on_drop: false }`
[INFO] running `Command { std: "docker" "create" "-v" "/var/lib/crater-agent-workspace/builds/worker-3-tc2/source:/opt/rustwide/workdir:ro,Z" "-v" "/var/lib/crater-agent-workspace/builds/worker-3-tc2/target:/opt/rustwide/target:rw,Z" "-v" "/var/lib/crater-agent-workspace/cargo-home:/opt/rustwide/cargo-home:ro,Z" "-v" "/var/lib/crater-agent-workspace/rustup-home:/opt/rustwide/rustup-home:ro,Z" "-m" "1610612736" "--network" "none" "ghcr.io/rust-lang/crates-build-env/linux@sha256:3111399a4047eeb3a02b7a90e478d715f38a8c6669b5c4b49d30a17385265909" "sleep" "infinity", kill_on_drop: false }`
[INFO] [stdout] 86bb35629a0217e9e3d215152bb3424f8666a21fbea6244245931f262747b692
[INFO] running `Command { std: "docker" "start" "86bb35629a0217e9e3d215152bb3424f8666a21fbea6244245931f262747b692", kill_on_drop: false }`
[INFO] running `Command { std: "docker" "inspect" "86bb35629a0217e9e3d215152bb3424f8666a21fbea6244245931f262747b692", kill_on_drop: false }`
[INFO] running `Command { std: "docker" "exec" "-e" "SOURCE_DIR=/opt/rustwide/workdir" "-e" "CARGO_HOME=/opt/rustwide/cargo-home" "-e" "RUSTUP_HOME=/opt/rustwide/rustup-home" "-e" "CARGO_TARGET_DIR=/opt/rustwide/target" "-w" "/opt/rustwide/workdir" "--user" "0:0" "86bb35629a0217e9e3d215152bb3424f8666a21fbea6244245931f262747b692" "/opt/rustwide/cargo-home/bin/cargo" "+1.100.0-beta.1" "metadata" "--no-deps" "--format-version=1", kill_on_drop: false }`
[INFO] running `Command { std: "docker" "inspect" "86bb35629a0217e9e3d215152bb3424f8666a21fbea6244245931f262747b692", kill_on_drop: false }`
[INFO] running `Command { std: "docker" "exec" "-e" "SOURCE_DIR=/opt/rustwide/workdir" "-e" "CARGO_HOME=/opt/rustwide/cargo-home" "-e" "RUSTUP_HOME=/opt/rustwide/rustup-home" "-e" "CARGO_TARGET_DIR=/opt/rustwide/target" "-e" "CARGO_INCREMENTAL=0" "-e" "RUST_BACKTRACE=full" "-e" "RUSTFLAGS=--cap-lints=warn" "-e" "RUSTDOCFLAGS=--cap-lints=warn" "-w" "/opt/rustwide/workdir" "--user" "0:0" "86bb35629a0217e9e3d215152bb3424f8666a21fbea6244245931f262747b692" "/opt/rustwide/cargo-home/bin/cargo" "+1.100.0-beta.1" "build" "--frozen" "--message-format=json", kill_on_drop: false }`
[INFO] [stderr]    Compiling futures-core v0.3.33
[INFO] [stderr]    Compiling futures-sink v0.3.33
[INFO] [stderr]    Compiling futures-io v0.3.33
[INFO] [stderr]    Compiling futures-task v0.3.33
[INFO] [stderr]    Compiling subtle v2.6.1
[INFO] [stderr]    Compiling zerocopy v0.8.56
[INFO] [stderr]    Compiling scopeguard v1.2.0
[INFO] [stderr]    Compiling syn v3.0.3
[INFO] [stderr]    Compiling getrandom v0.2.17
[INFO] [stderr]    Compiling jobserver v0.1.35
[INFO] [stderr]    Compiling futures-channel v0.3.33
[INFO] [stderr]    Compiling futures-macro v0.3.33
[INFO] [stderr]    Compiling lock_api v0.4.14
[INFO] [stderr]    Compiling getrandom v0.3.4
[INFO] [stderr]    Compiling tracing v0.1.44
[INFO] [stderr]    Compiling hashbrown v0.17.1
[INFO] [stderr]    Compiling fs_extra v1.3.0
[INFO] [stderr]    Compiling dunce v1.0.5
[INFO] [stderr]    Compiling parking_lot_core v0.9.12
[INFO] [stderr]    Compiling zerovec-derive v0.11.3
[INFO] [stderr]    Compiling memchr v2.8.3
[INFO] [stderr]    Compiling aws-lc-rs v1.18.0
[INFO] [stderr]    Compiling rand_core v0.6.4
[INFO] [stderr]    Compiling rustix v1.1.4
[INFO] [stderr]    Compiling parking_lot v0.12.5
[INFO] [stderr]    Compiling cc v1.4.2
[INFO] [stderr]    Compiling either v1.17.0
[INFO] [stderr]    Compiling fastrand v2.5.0
[INFO] [stderr]    Compiling rustls-pki-types v1.15.1
[INFO] [stderr]    Compiling pin-project-internal v1.1.13
[INFO] [stderr]    Compiling crypto-common v0.1.7
[INFO] [stderr]    Compiling unicase v2.9.0
[INFO] [stderr]    Compiling itertools v0.14.0
[INFO] [stderr]    Compiling winnow v1.0.4
[INFO] [stderr]    Compiling indexmap v2.14.0
[INFO] [stderr]    Compiling rustls v0.23.43
[INFO] [stderr]    Compiling smallvec v1.15.2
[INFO] [stderr]    Compiling aho-corasick v1.1.5
[INFO] [stderr]    Compiling getrandom v0.4.3
[INFO] [stderr]    Compiling regex-automata v0.4.18
[INFO] [stderr]    Compiling proc-macro-utils v0.10.0
[INFO] [stderr]    Compiling digest v0.10.7
[INFO] [stderr]    Compiling futures-util v0.3.33
[INFO] [stderr]    Compiling rand_core v0.9.5
[INFO] [stderr]    Compiling thiserror-impl v1.0.69
[INFO] [stderr]    Compiling hybrid-array v0.4.14
[INFO] [stderr]    Compiling bytes v1.12.1
[INFO] [stderr]    Compiling foldhash v0.1.5
[INFO] [stderr]    Compiling time-macros v0.2.32
[INFO] [stderr]    Compiling zerovec v0.11.6
[INFO] [stderr]    Compiling pin-project v1.1.13
[INFO] [stderr]    Compiling hashbrown v0.15.5
[INFO] [stderr]    Compiling thiserror v1.0.69
[INFO] [stderr]    Compiling cmake v0.1.58
[INFO] [stderr]    Compiling cipher v0.4.4
[INFO] [stderr]    Compiling rand v0.10.2
[INFO] [stderr]    Compiling heapless v0.7.17
[INFO] [stderr]    Compiling universal-hash v0.5.1
[INFO] [stderr]    Compiling prost-derive v0.13.5
[INFO] [stderr]    Compiling deranged v0.5.8
[INFO] [stderr]    Compiling ahash v0.8.12
[INFO] [stderr]    Compiling cfg_aliases v0.2.2
[INFO] [stderr]    Compiling fixedbitset v0.5.7
[INFO] [stderr]    Compiling portable-atomic v1.15.0
[INFO] [stderr]    Compiling potential_utf v0.1.5
[INFO] [stderr]    Compiling byteorder v1.5.0
[INFO] [stderr]    Compiling aws-lc-sys v0.44.0
[INFO] [stderr]    Compiling ring v0.17.14
[INFO] [stderr]    Compiling zstd-sys v2.0.16+zstd.1.5.7
[INFO] [stderr]    Compiling dequemap v0.3.0
[INFO] [stderr]    Compiling hash32 v0.2.1
[INFO] [stderr]    Compiling petgraph v0.7.1
[INFO] [stderr]    Compiling polyval v0.6.2
[INFO] [stderr]    Compiling dashmap v6.2.1
[INFO] [stderr]    Compiling chrono v0.4.45
[INFO] [stderr]    Compiling crypto-common v0.2.2
[INFO] [stderr]    Compiling block-buffer v0.12.1
[INFO] [stderr]    Compiling tempfile v3.27.0
[INFO] [stderr]    Compiling time v0.3.55
[INFO] [stderr]    Compiling prettyplease v0.2.37
[INFO] [stderr]    Compiling regex v1.13.1
[INFO] [stderr]    Compiling futures-executor v0.3.33
[INFO] [stderr]    Compiling toml_parser v1.1.3+spec-1.1.0
[INFO] [stderr]    Compiling prost v0.13.5
[INFO] [stderr]    Compiling spin v0.9.9
[INFO] [stderr]    Compiling futures v0.3.33
[INFO] [stderr]    Compiling multimap v0.10.1
[INFO] [stderr]    Compiling digest v0.11.3
[INFO] [stderr]    Compiling alloc-stdlib v0.2.4
[INFO] [stderr]    Compiling ghash v0.5.1
[INFO] [stderr]    Compiling toml_edit v0.25.13+spec-1.1.0
[INFO] [stderr]    Compiling prost-types v0.13.5
[INFO] [stderr]    Compiling std-ext v0.4.0
[INFO] [stderr]    Compiling aes v0.8.4
[INFO] [stderr]    Compiling ctr v0.9.2
[INFO] [stderr]    Compiling quote-use-macros v0.8.4
[INFO] [stderr]    Compiling manyhow-macros v0.11.4
[INFO] [stderr]    Compiling mime-infer v4.0.1
[INFO] [stderr]    Compiling mime_guess v2.0.5
[INFO] [stderr]    Compiling aead v0.5.2
[INFO] [stderr]    Compiling cookie v0.18.2
[INFO] [stderr]    Compiling doc-comment v0.3.4
[INFO] [stderr]    Compiling rustls-native-certs v0.8.4
[INFO] [stderr]    Compiling proc-macro-crate v3.5.0
[INFO] [stderr]    Compiling prost-build v0.13.5
[INFO] [stderr]    Compiling aes-gcm v0.10.3
[INFO] [stderr]    Compiling quote-use v0.8.4
[INFO] [stderr]    Compiling manyhow v0.11.4
[INFO] [stderr]    Compiling serde_derive v1.0.229
[INFO] [stderr]    Compiling tokio-macros v2.7.2
[INFO] [stderr]    Compiling thiserror-impl v2.0.20
[INFO] [stderr]    Compiling displaydoc v0.2.7
[INFO] [stderr]    Compiling async-trait v0.1.92
[INFO] [stderr]    Compiling box-collections v0.3.0
[INFO] [stderr]    Compiling sha2 v0.11.0
[INFO] [stderr]    Compiling brotli-decompressor v5.0.3
[INFO] [stderr]    Compiling syn v1.0.109
[INFO] [stderr]    Compiling tonic-build v0.13.1
[INFO] [stderr]    Compiling ppv-lite86 v0.2.21
[INFO] [stderr]    Compiling queue-ext v0.4.2
[INFO] [stderr]    Compiling tinystr v0.8.3
[INFO] [stderr]    Compiling zerotrie v0.2.4
[INFO] [stderr]    Compiling icu_collections v2.2.0
[INFO] [stderr]    Compiling quinn-udp v0.5.15
[INFO] [stderr]    Compiling thiserror v2.0.20
[INFO] [stderr]    Compiling icu_locale_core v2.2.0
[INFO] [stderr]    Compiling cobs v0.3.0
[INFO] [stderr]    Compiling rand_chacha v0.3.1
[INFO] [stderr]    Compiling rand_chacha v0.9.0
[INFO] [stderr]    Compiling sha1 v0.10.7
[INFO] [stderr]    Compiling hmac v0.12.1
[INFO] [stderr]    Compiling sha2 v0.10.9
[INFO] [stderr]    Compiling crossbeam-queue v0.3.13
[INFO] [stderr]    Compiling salvo-serde-util v0.90.1
[INFO] [stderr]    Compiling enumflags2_derive v0.7.12
[INFO] [stderr]    Compiling socket2 v0.5.10
[INFO] [stderr]    Compiling rand v0.8.7
[INFO] [stderr]    Compiling rand v0.9.5
[INFO] [stderr]    Compiling siphasher v1.0.3
[INFO] [stderr]    Compiling interpolator v0.5.0
[INFO] [stderr]    Compiling collection_literals v1.0.3
[INFO] [stderr]    Compiling xml v1.4.0
[INFO] [stderr]    Compiling enumflags2 v0.7.12
[INFO] [stderr]    Compiling tinyvec v1.12.0
[INFO] [stderr]    Compiling fastbloom v0.17.0
[INFO] [stderr]    Compiling salvo_macros v0.90.1
[INFO] [stderr]    Compiling handy-grpc v0.8.0
[INFO] [stderr]    Compiling brotli v8.0.4
[INFO] [stderr]    Compiling flate2 v1.1.9
[INFO] [stderr]    Compiling attribute-derive-macro v0.10.5
[INFO] [stderr]    Compiling icu_provider v2.2.0
[INFO] [stderr]    Compiling rust-embed-utils v8.12.0
[INFO] [stderr]    Compiling mpsc v0.3.0
[INFO] [stderr]    Compiling icu_properties v2.2.0
[INFO] [stderr]    Compiling icu_normalizer v2.2.0
[INFO] [stderr]    Compiling chardetng v1.0.0
[INFO] [stderr]    Compiling quinn v0.11.11
[INFO] [stderr]    Compiling rand_pcg v0.10.2
[INFO] [stderr]    Compiling derive-where v1.6.1
[INFO] [stderr]    Compiling content_inspector v0.2.4
[INFO] [stderr]    Compiling waker-fn v1.2.0
[INFO] [stderr]    Compiling fastrand v1.9.0
[INFO] [stderr]    Compiling protobuf v3.7.2
[INFO] [stderr]    Compiling nonzero_ext v0.3.0
[INFO] [stderr]    Compiling rust-embed-impl v8.12.0
[INFO] [stderr]    Compiling serde v1.0.229
[INFO] [stderr]    Compiling futures-lite v1.13.0
[INFO] [stderr]    Compiling protobuf-support v3.7.2
[INFO] [stderr]    Compiling raw-cpuid v11.6.0
[INFO] [stderr]    Compiling toml_datetime v1.1.1+spec-1.1.0
[INFO] [stderr]    Compiling idna_adapter v1.2.2
[INFO] [stderr]    Compiling serde-xml-rs v0.8.2
[INFO] [stderr]    Compiling serde_urlencoded v0.7.1
[INFO] [stderr]    Compiling idna v1.1.0
[INFO] [stderr]    Compiling serde_spanned v1.1.1
[INFO] [stderr]    Compiling tokio v1.53.1
[INFO] [stderr]    Compiling http v1.5.0
[INFO] [stderr]    Compiling bytestring v1.5.1
[INFO] [stderr]    Compiling tungstenite v0.29.0
[INFO] [stderr]    Compiling attribute-derive v0.10.5
[INFO] [stderr]    Compiling rmqtt-utils v0.1.6
[INFO] [stderr]    Compiling str-buf v3.0.3
[INFO] [stderr]    Compiling xxhash-rust v0.8.18
[INFO] [stderr]    Compiling url v2.5.8
[INFO] [stderr]    Compiling postcard v1.1.3
[INFO] [stderr]    Compiling prometheus v0.14.0
[INFO] [stderr]    Compiling snafu-derive v0.6.10
[INFO] [stderr]    Compiling nom v7.1.3
[INFO] [stderr]    Compiling etag v4.0.0
[INFO] [stderr]    Compiling toml v1.1.4+spec-1.1.0
[INFO] [stderr]    Compiling rust-embed v8.12.0
[INFO] [stderr]    Compiling box-counter v0.4.0
[INFO] [stderr]    Compiling strum_macros v0.26.4
[INFO] [stderr]    Compiling ulid v1.2.1
[INFO] [stderr]    Compiling http-body v1.1.0
[INFO] [stderr]    Compiling headers-core v0.3.0
[INFO] [stderr]    Compiling multra v1.1.0
[INFO] [stderr]    Compiling http-body-util v0.1.4
[INFO] [stderr]    Compiling headers v0.4.1
[INFO] [stderr]    Compiling get-size-derive2 v0.9.0
[INFO] [stderr]    Compiling axum-core v0.5.6
[INFO] [stderr]    Compiling task-exec-queue v0.10.1
[INFO] [stderr]    Compiling rmqtt v0.24.0
[INFO] [stderr]    Compiling snafu v0.6.10
[INFO] [stderr]    Compiling spinning_top v0.3.0
[INFO] [stderr]    Compiling bytesize v1.3.3
[INFO] [stderr]    Compiling quanta v0.12.6
[INFO] [stderr]    Compiling path-slash v0.2.1
[INFO] [stderr]    Compiling proxy-protocol v0.5.0
[INFO] [stderr]    Compiling futures-timer v3.0.4
[INFO] [stderr]    Compiling config v0.15.25
[INFO] [stderr]    Compiling get-size2 v0.9.0
[INFO] [stderr]    Compiling governor v0.10.4
[INFO] [stderr]    Compiling box-convert v0.1.2
[INFO] [stderr]    Compiling uuid v1.24.0
[INFO] [stderr]    Compiling rmqtt-macros v0.1.2
[INFO] [stderr]    Compiling lru v0.18.2
[INFO] [stderr]    Compiling strum v0.26.3
[INFO] [stderr]    Compiling systemstat v0.2.7
[INFO] [stderr]    Compiling zstd-safe v7.2.4
[INFO] [stderr]    Compiling zstd v0.13.3
[INFO] [stderr]    Compiling tokio-util v0.7.19
[INFO] [stderr]    Compiling tokio-stream v0.1.19
[INFO] [stderr]    Compiling tower-resilience-core v0.10.1
[INFO] [stderr]    Compiling tokio-tungstenite v0.29.0
[INFO] [stderr]    Compiling leaky-bucket v1.1.2
[INFO] [stderr]    Compiling rmqtt-storage v0.11.1
[INFO] [stderr]    Compiling h2 v0.4.15
[INFO] [stderr]    Compiling tower v0.5.3
[INFO] [stderr]    Compiling rmqtt-codec v0.3.1
[INFO] [stderr]    Compiling axum v0.8.9
[INFO] [stderr]    Compiling tower-resilience-circuitbreaker v0.10.1
[INFO] [stderr]    Compiling hyper v1.11.0
[INFO] [stderr]    Compiling hyper-util v0.1.20
[INFO] [stderr]    Compiling hyper-timeout v0.5.2
[INFO] [stderr]    Compiling salvo_core v0.90.1
[INFO] [stderr]    Compiling rustls-webpki v0.103.13
[INFO] [stderr]    Compiling salvo-serve-static v0.90.1
[INFO] [stderr]    Compiling salvo_extra v0.90.1
[INFO] [stderr]    Compiling rustls-platform-verifier v0.7.0
[INFO] [stderr]    Compiling tokio-rustls v0.26.4
[INFO] [stderr]    Compiling quinn-proto v0.11.16
[INFO] [stderr]    Compiling tonic v0.13.1
[INFO] [stderr]    Compiling salvo v0.90.1
[INFO] [stderr]    Compiling rust-box v0.18.0
[INFO] [stderr]    Compiling rmqtt-net v0.5.0
[INFO] [stderr]    Compiling rmqtt-http-api v0.24.0 (/opt/rustwide/workdir)
[INFO] [stdout] error[E0432]: unresolved import `rmqtt_storage::DefaultStorageDB`
[INFO] [stdout]   --> src/flusher.rs:22:5
[INFO] [stdout]    |
[INFO] [stdout] 22 | use rmqtt_storage::DefaultStorageDB as StorageDb;
[INFO] [stdout]    |     ^^^^^^^^^^^^^^^----------------^^^^^^^^^^^^^
[INFO] [stdout]    |                    |
[INFO] [stdout]    |                    no `DefaultStorageDB` in the root
[INFO] [stdout]    |
[INFO] [stdout] note: found an item that was configured out
[INFO] [stdout]   --> /opt/rustwide/cargo-home/registry/src/index.crates.io-1949cf8c6b5b557f/rmqtt-storage-0.11.1/src/lib.rs:54:20
[INFO] [stdout]    |
[INFO] [stdout] 47 |   #[cfg(any(
[INFO] [stdout]    |  __________-
[INFO] [stdout] 48 | |     feature = "redis",
[INFO] [stdout] 49 | |     feature = "redis-cluster",
[INFO] [stdout] 50 | |     feature = "sled",
[INFO] [stdout] 51 | |     feature = "redb"
[INFO] [stdout] 52 | | ))]
[INFO] [stdout]    | |_- the item is gated here
[INFO] [stdout] 53 |   pub use storage::{
[INFO] [stdout] 54 |       AsyncIterator, DefaultStorageDB, Key, List, Map, StorageDB, StorageList, StorageMap,
[INFO] [stdout]    |                      ^^^^^^^^^^^^^^^^
[INFO] [stdout] 
[INFO] [stdout] 
[INFO] [stdout] error[E0425]: cannot find type `Config` in crate `rmqtt_storage`
[INFO] [stdout]    --> src/config.rs:71:40
[INFO] [stdout]     |
[INFO] [stdout]  71 |     pub storage: Option<rmqtt_storage::Config>,
[INFO] [stdout]     |                                        ^^^^^^ not found in `rmqtt_storage`
[INFO] [stdout]     |
[INFO] [stdout] note: found an item that was configured out
[INFO] [stdout]    --> /opt/rustwide/cargo-home/registry/src/index.crates.io-1949cf8c6b5b557f/rmqtt-storage-0.11.1/src/lib.rs:119:12
[INFO] [stdout]     |
[INFO] [stdout] 113 |   #[cfg(any(
[INFO] [stdout]     |  __________-
[INFO] [stdout] 114 | |     feature = "redis",
[INFO] [stdout] 115 | |     feature = "redis-cluster",
[INFO] [stdout] 116 | |     feature = "sled",
[INFO] [stdout] 117 | |     feature = "redb"
[INFO] [stdout] 118 | | ))]
[INFO] [stdout]     | |_- the item is gated here
[INFO] [stdout] 119 |   pub struct Config {
[INFO] [stdout]     |              ^^^^^^
[INFO] [stdout] 
[INFO] [stdout] 
[INFO] [stdout] error[E0425]: cannot find function `init_db` in crate `rmqtt_storage`
[INFO] [stdout]    --> src/lib.rs:138:34
[INFO] [stdout]     |
[INFO] [stdout] 138 |             match rmqtt_storage::init_db(storage_cfg).await {
[INFO] [stdout]     |                                  ^^^^^^^ not found in `rmqtt_storage`
[INFO] [stdout]     |
[INFO] [stdout] note: found an item that was configured out
[INFO] [stdout]    --> /opt/rustwide/cargo-home/registry/src/index.crates.io-1949cf8c6b5b557f/rmqtt-storage-0.11.1/src/lib.rs:83:14
[INFO] [stdout]     |
[INFO] [stdout]  77 |   #[cfg(any(
[INFO] [stdout]     |  __________-
[INFO] [stdout]  78 | |     feature = "redis",
[INFO] [stdout]  79 | |     feature = "redis-cluster",
[INFO] [stdout]  80 | |     feature = "sled",
[INFO] [stdout]  81 | |     feature = "redb"
[INFO] [stdout]  82 | | ))]
[INFO] [stdout]     | |_- the item is gated here
[INFO] [stdout]  83 |   pub async fn init_db(cfg: &Config) -> Result<DefaultStorageDB> {
[INFO] [stdout]     |                ^^^^^^^
[INFO] [stdout] 
[INFO] [stdout] 
[INFO] [stdout] warning: use of deprecated method `std::sync::atomic::Atomic::<i64>::fetch_update`: renamed to `try_update` for consistency
[INFO] [stdout]    --> src/flusher.rs:194:39
[INFO] [stdout]     |
[INFO] [stdout] 194 |             let _ = UNPERSISTED_COUNT.fetch_update(Ordering::Release, Ordering::Acquire, |v| {
[INFO] [stdout]     |                                       ^^^^^^^^^^^^
[INFO] [stdout]     |
[INFO] [stdout]     = note: `#[warn(deprecated)]` on by default
[INFO] [stdout] help: replace the use of the deprecated method
[INFO] [stdout]     |
[INFO] [stdout] 194 -             let _ = UNPERSISTED_COUNT.fetch_update(Ordering::Release, Ordering::Acquire, |v| {
[INFO] [stdout] 194 +             let _ = UNPERSISTED_COUNT.try_update(Ordering::Release, Ordering::Acquire, |v| {
[INFO] [stdout]     |
[INFO] [stdout] 
[INFO] [stdout] 
[INFO] [stdout] error[E0277]: the size for values of type `[u8]` cannot be known at compilation time
[INFO] [stdout]    --> src/flusher.rs:255:27
[INFO] [stdout]     |
[INFO] [stdout] 255 |                 if let Ok(key_bytes) = key {
[INFO] [stdout]     |                           ^^^^^^^^^ doesn't have a size known at compile-time
[INFO] [stdout]     |
[INFO] [stdout]     = help: the trait `Sized` is not implemented for `[u8]`
[INFO] [stdout]     = note: all local variables must have a statically known size
[INFO] [stdout] 
[INFO] [stdout] 
[INFO] [stdout] error[E0277]: the size for values of type `[u8]` cannot be known at compilation time
[INFO] [stdout]    --> src/flusher.rs:255:24
[INFO] [stdout]     |
[INFO] [stdout] 255 |                 if let Ok(key_bytes) = key {
[INFO] [stdout]     |                        ^^^^^^^^^^^^^ doesn't have a size known at compile-time
[INFO] [stdout]     |
[INFO] [stdout]     = help: the trait `Sized` is not implemented for `[u8]`
[INFO] [stdout] note: required by a bound in `std::prelude::v1::Ok`
[INFO] [stdout]    --> /rustc/e3feeb59cd1bdd011a2bfcc0747b55125d9b8527/library/core/src/result.rs:562:4
[INFO] [stdout] 
[INFO] [stdout] 
[INFO] [stdout] error[E0277]: the size for values of type `[u8]` cannot be known at compilation time
[INFO] [stdout]    --> src/flusher.rs:254:47
[INFO] [stdout]     |
[INFO] [stdout] 254 |             while let Some(key) = iter.next().await {
[INFO] [stdout]     |                                               ^^^^^ doesn't have a size known at compile-time
[INFO] [stdout]     |
[INFO] [stdout]     = help: the trait `Sized` is not implemented for `[u8]`
[INFO] [stdout] note: required by an implicit `Sized` bound in `Result`
[INFO] [stdout]    --> /rustc/e3feeb59cd1bdd011a2bfcc0747b55125d9b8527/library/core/src/result.rs:558:0
[INFO] [stdout] 
[INFO] [stdout] 
[INFO] [stdout] error[E0277]: the size for values of type `[u8]` cannot be known at compilation time
[INFO] [stdout]    --> src/flusher.rs:258:36
[INFO] [stdout]     |
[INFO] [stdout] 258 |                         pairs.push((ts, key_bytes));
[INFO] [stdout]     |                                    ^^^^^^^^^^^^^^^ doesn't have a size known at compile-time
[INFO] [stdout]     |
[INFO] [stdout]     = help: within `(u64, [u8])`, the trait `Sized` is not implemented for `[u8]`
[INFO] [stdout]     = note: required because it appears within the type `(u64, [u8])`
[INFO] [stdout]     = note: tuples must have a statically known size to be initialized
[INFO] [stdout] 
[INFO] [stdout] 
[INFO] [stdout] error[E0277]: the size for values of type `[u8]` cannot be known at compilation time
[INFO] [stdout]    --> src/flusher.rs:258:31
[INFO] [stdout]     |
[INFO] [stdout] 258 |                         pairs.push((ts, key_bytes));
[INFO] [stdout]     |                               ^^^^ doesn't have a size known at compile-time
[INFO] [stdout]     |
[INFO] [stdout]     = help: within `(u64, [u8])`, the trait `Sized` is not implemented for `[u8]`
[INFO] [stdout]     = note: required because it appears within the type `(u64, [u8])`
[INFO] [stdout] note: required by a bound in `Vec::<T, A>::push`
[INFO] [stdout]    --> /rustc/e3feeb59cd1bdd011a2bfcc0747b55125d9b8527/library/alloc/src/vec/mod.rs:1000:4
[INFO] [stdout] 
[INFO] [stdout] 
[INFO] [stdout] error[E0277]: the size for values of type `[u8]` cannot be known at compilation time
[INFO] [stdout]    --> src/flusher.rs:252:25
[INFO] [stdout]     |
[INFO] [stdout] 252 |         let mut pairs = Vec::new();
[INFO] [stdout]     |                         ^^^ doesn't have a size known at compile-time
[INFO] [stdout]     |
[INFO] [stdout]     = help: within `(u64, [u8])`, the trait `Sized` is not implemented for `[u8]`
[INFO] [stdout]     = note: required because it appears within the type `(u64, [u8])`
[INFO] [stdout] note: required by an implicit `Sized` bound in `Vec`
[INFO] [stdout]    --> /rustc/e3feeb59cd1bdd011a2bfcc0747b55125d9b8527/library/alloc/src/vec/mod.rs:439:0
[INFO] [stdout] 
[INFO] [stdout] 
[INFO] [stdout] error[E0599]: no method named `sort_by_key` found for struct `Vec<T, A>` in the current scope
[INFO] [stdout]    --> src/flusher.rs:263:15
[INFO] [stdout]     |
[INFO] [stdout] 263 |         pairs.sort_by_key(|(ts, _)| *ts);
[INFO] [stdout]     |               ^^^^^^^^^^^ method not found in `Vec<(u64, [u8])>`
[INFO] [stdout] 
[INFO] [stdout] 
[INFO] [stdout] error[E0308]: mismatched types
[INFO] [stdout]    --> src/flusher.rs:264:9
[INFO] [stdout]     |
[INFO] [stdout] 250 |     let keys_sorted: Vec<(u64, Vec<u8>)> = {
[INFO] [stdout]     |                      ------------------- expected due to this
[INFO] [stdout] ...
[INFO] [stdout] 258 |                         pairs.push((ts, key_bytes));
[INFO] [stdout]     |                         -----      --------------- this argument has type `(u64, [u8])`...
[INFO] [stdout]     |                         |
[INFO] [stdout]     |                         ... which causes `pairs` to have type `Vec<(u64, [u8])>`
[INFO] [stdout] ...
[INFO] [stdout] 264 |         pairs
[INFO] [stdout]     |         ^^^^^ expected `Vec<(u64, Vec<u8>)>`, found `Vec<(u64, [u8])>`
[INFO] [stdout]     |
[INFO] [stdout]     = note: expected struct `Vec<(_, Vec<u8>)>`
[INFO] [stdout]                found struct `Vec<(_, [u8])>`
[INFO] [stdout] 
[INFO] [stdout] 
[INFO] [stdout] Some errors have detailed explanations: E0277, E0308, E0425, E0432, E0599.
[INFO] [stdout] 
[INFO] [stdout] For more information about an error, try `rustc --explain E0277`.
[INFO] [stdout] 
[INFO] [stderr] error: could not compile `rmqtt-http-api` (lib) due to 11 previous errors; 1 warning emitted
[INFO] running `Command { std: "docker" "inspect" "86bb35629a0217e9e3d215152bb3424f8666a21fbea6244245931f262747b692", kill_on_drop: false }`
[INFO] running `Command { std: "docker" "rm" "-f" "86bb35629a0217e9e3d215152bb3424f8666a21fbea6244245931f262747b692", kill_on_drop: false }`
[INFO] [stdout] 86bb35629a0217e9e3d215152bb3424f8666a21fbea6244245931f262747b692
