[INFO] fetching crate rmcp-soddygo 2.2.0...
[INFO] testing rmcp-soddygo-2.2.0 against 1.99.0-beta.8 for beta-1.100-2
[INFO] extracting crate rmcp-soddygo 2.2.0 into /workspace/builds/worker-5-tc1/source
[INFO] started tweaking crates.io crate rmcp-soddygo 2.2.0
[INFO] removed 0 missing tests
[INFO] finished tweaking crates.io crate rmcp-soddygo 2.2.0
[INFO] tweaked toml for crates.io crate rmcp-soddygo 2.2.0 written to /workspace/builds/worker-5-tc1/source/Cargo.toml
[INFO] validating manifest of crates.io crate rmcp-soddygo 2.2.0 on toolchain 1.99.0-beta.8
[INFO] running `Command { std: CARGO_HOME="/workspace/cargo-home" RUSTUP_HOME="/workspace/rustup-home" "/workspace/cargo-home/bin/cargo" "+1.99.0-beta.8" "metadata" "--manifest-path" "Cargo.toml" "--no-deps", kill_on_drop: false }`
[INFO] crate crates.io crate rmcp-soddygo 2.2.0 already has a lockfile, it will not be regenerated
[INFO] running `Command { std: CARGO_HOME="/workspace/cargo-home" RUSTUP_HOME="/workspace/rustup-home" "/workspace/cargo-home/bin/cargo" "+1.99.0-beta.8" "fetch" "--manifest-path" "Cargo.toml", kill_on_drop: false }`
[INFO] [stderr]     Updating crates.io index
[INFO] [stderr]  Downloading crates ...
[INFO] [stderr]   Downloaded sse-stream v0.2.4
[INFO] [stderr]   Downloaded tokio-macros v2.7.1
[INFO] [stderr]   Downloaded which v8.0.5
[INFO] [stderr]   Downloaded rmcp-soddygo-macros v2.2.0
[INFO] [stderr]   Downloaded tokio v1.53.0
[INFO] [stderr]   Downloaded rustls v0.23.42
[INFO] [stderr]   Downloaded process-wrap v9.1.0
[INFO] [stderr]   Downloaded time-macros v0.2.31
[INFO] [stderr]   Downloaded time v0.3.53
[INFO] [stderr]   Downloaded zerocopy v0.8.54
[INFO] [stderr]   Downloaded zerocopy-derive v0.8.54
[INFO] running `Command { std: "docker" "create" "-v" "/var/lib/crater-agent-workspace/builds/worker-5-tc1/source:/opt/rustwide/workdir:ro,Z" "-v" "/var/lib/crater-agent-workspace/builds/worker-5-tc1/target:/opt/rustwide/target:rw,Z" "-v" "/var/lib/crater-agent-workspace/cargo-home:/opt/rustwide/cargo-home:ro,Z" "-v" "/var/lib/crater-agent-workspace/rustup-home:/opt/rustwide/rustup-home:ro,Z" "-m" "1610612736" "--network" "none" "ghcr.io/rust-lang/crates-build-env/linux@sha256:3111399a4047eeb3a02b7a90e478d715f38a8c6669b5c4b49d30a17385265909" "sleep" "infinity", kill_on_drop: false }`
[INFO] [stdout] c9f1039cf387344597982a37b4b2b22db7f3b5fef7426d33cac3a0e78095955d
[INFO] running `Command { std: "docker" "start" "c9f1039cf387344597982a37b4b2b22db7f3b5fef7426d33cac3a0e78095955d", kill_on_drop: false }`
[INFO] running `Command { std: "docker" "inspect" "c9f1039cf387344597982a37b4b2b22db7f3b5fef7426d33cac3a0e78095955d", kill_on_drop: false }`
[INFO] running `Command { std: "docker" "exec" "-e" "SOURCE_DIR=/opt/rustwide/workdir" "-e" "CARGO_HOME=/opt/rustwide/cargo-home" "-e" "RUSTUP_HOME=/opt/rustwide/rustup-home" "-e" "CARGO_TARGET_DIR=/opt/rustwide/target" "-w" "/opt/rustwide/workdir" "--user" "0:0" "c9f1039cf387344597982a37b4b2b22db7f3b5fef7426d33cac3a0e78095955d" "/opt/rustwide/cargo-home/bin/cargo" "+1.99.0-beta.8" "metadata" "--no-deps" "--format-version=1", kill_on_drop: false }`
[INFO] running `Command { std: "docker" "inspect" "c9f1039cf387344597982a37b4b2b22db7f3b5fef7426d33cac3a0e78095955d", kill_on_drop: false }`
[INFO] running `Command { std: "docker" "exec" "-e" "SOURCE_DIR=/opt/rustwide/workdir" "-e" "CARGO_HOME=/opt/rustwide/cargo-home" "-e" "RUSTUP_HOME=/opt/rustwide/rustup-home" "-e" "CARGO_TARGET_DIR=/opt/rustwide/target" "-e" "CARGO_INCREMENTAL=0" "-e" "RUST_BACKTRACE=full" "-e" "RUSTFLAGS=--cap-lints=warn" "-e" "RUSTDOCFLAGS=--cap-lints=warn" "-w" "/opt/rustwide/workdir" "--user" "0:0" "c9f1039cf387344597982a37b4b2b22db7f3b5fef7426d33cac3a0e78095955d" "/opt/rustwide/cargo-home/bin/cargo" "+1.99.0-beta.8" "build" "--frozen" "--message-format=json", kill_on_drop: false }`
[INFO] [stderr]    Compiling serde_core v1.0.229
[INFO] [stderr]    Compiling futures-sink v0.3.33
[INFO] [stderr]    Compiling futures-core v0.3.33
[INFO] [stderr]    Compiling serde v1.0.229
[INFO] [stderr]    Compiling ref-cast v1.0.26
[INFO] [stderr]    Compiling futures-task v0.3.33
[INFO] [stderr]    Compiling futures-io v0.3.33
[INFO] [stderr]    Compiling syn v2.0.119
[INFO] [stderr]    Compiling syn v3.0.2
[INFO] [stderr]    Compiling memchr v2.8.3
[INFO] [stderr]    Compiling rmcp-soddygo v2.2.0 (/opt/rustwide/workdir)
[INFO] [stderr]    Compiling futures-channel v0.3.33
[INFO] [stderr]    Compiling serde_json v1.0.150
[INFO] [stderr]    Compiling serde_derive v1.0.229
[INFO] [stderr]    Compiling ref-cast-impl v1.0.26
[INFO] [stderr]    Compiling thiserror-impl v2.0.19
[INFO] [stderr]    Compiling async-trait v0.1.91
[INFO] [stderr]    Compiling darling_core v0.23.0
[INFO] [stderr]    Compiling serde_derive_internals v0.29.1
[INFO] [stderr]    Compiling thiserror v2.0.19
[INFO] [stderr]    Compiling futures-macro v0.3.33
[INFO] [stderr]    Compiling tokio-macros v2.7.1
[INFO] [stderr]    Compiling tracing-attributes v0.1.31
[INFO] [stderr]    Compiling schemars_derive v1.2.1
[INFO] [stderr]    Compiling tokio v1.53.0
[INFO] [stderr]    Compiling tracing v0.1.44
[INFO] [stderr]    Compiling futures-util v0.3.33
[INFO] [stderr]    Compiling darling_macro v0.23.0
[INFO] [stderr]    Compiling darling v0.23.0
[INFO] [stderr]    Compiling rmcp-soddygo-macros v2.2.0
[INFO] [stderr]    Compiling chrono v0.4.45
[INFO] [stderr]    Compiling tokio-util v0.7.18
[INFO] [stderr]    Compiling schemars v1.2.1
[INFO] [stderr]    Compiling futures-executor v0.3.33
[INFO] [stderr]    Compiling futures v0.3.33
[INFO] [stdout] warning: method `set_client_request_metadata` is never used
[INFO] [stdout]    --> src/service.rs:734:19
[INFO] [stdout]     |
[INFO] [stdout] 597 | impl<R: ServiceRole> Peer<R> {
[INFO] [stdout]     | ---------------------------- method in this implementation
[INFO] [stdout] ...
[INFO] [stdout] 734 |     pub(crate) fn set_client_request_metadata(&self, metadata: ClientRequestMetadata) {
[INFO] [stdout]     |                   ^^^^^^^^^^^^^^^^^^^^^^^^^^^
[INFO] [stdout]     |
[INFO] [stdout]     = note: `#[warn(dead_code)]` (part of `#[warn(unused)]`) on by default
[INFO] [stdout] 
[INFO] [stdout] 
[INFO] [stderr]     Finished `dev` profile [unoptimized + debuginfo] target(s) in 38.27s
[INFO] running `Command { std: "docker" "inspect" "c9f1039cf387344597982a37b4b2b22db7f3b5fef7426d33cac3a0e78095955d", kill_on_drop: false }`
[INFO] running `Command { std: "docker" "exec" "-e" "SOURCE_DIR=/opt/rustwide/workdir" "-e" "CARGO_HOME=/opt/rustwide/cargo-home" "-e" "RUSTUP_HOME=/opt/rustwide/rustup-home" "-e" "CARGO_TARGET_DIR=/opt/rustwide/target" "-e" "CARGO_INCREMENTAL=0" "-e" "RUST_BACKTRACE=full" "-e" "RUSTFLAGS=--cap-lints=warn" "-e" "RUSTDOCFLAGS=--cap-lints=warn" "-w" "/opt/rustwide/workdir" "--user" "0:0" "c9f1039cf387344597982a37b4b2b22db7f3b5fef7426d33cac3a0e78095955d" "/opt/rustwide/cargo-home/bin/cargo" "+1.99.0-beta.8" "test" "--frozen" "--no-run" "--message-format=json", kill_on_drop: false }`
[INFO] [stderr]    Compiling zerovec-derive v0.11.3
[INFO] [stderr]    Compiling displaydoc v0.2.6
[INFO] [stderr]    Compiling serde_core v1.0.229
[INFO] [stderr]    Compiling tokio-macros v2.7.1
[INFO] [stderr]    Compiling futures-macro v0.3.33
[INFO] [stderr]    Compiling litemap v0.8.2
[INFO] [stderr]    Compiling zerofrom v0.1.8
[INFO] [stderr]    Compiling futures-channel v0.3.33
[INFO] [stderr]    Compiling writeable v0.6.3
[INFO] [stderr]    Compiling parking_lot_core v0.9.12
[INFO] [stderr]    Compiling mio v1.2.2
[INFO] [stderr]    Compiling socket2 v0.6.5
[INFO] [stderr]    Compiling http v1.4.2
[INFO] [stderr]    Compiling icu_properties_data v2.2.0
[INFO] [stderr]    Compiling icu_normalizer_data v2.2.0
[INFO] [stderr]    Compiling equivalent v1.0.2
[INFO] [stderr]    Compiling yoke v0.8.3
[INFO] [stderr]    Compiling winnow v1.0.4
[INFO] [stderr]    Compiling hashbrown v0.17.1
[INFO] [stderr]    Compiling darling_core v0.23.0
[INFO] [stderr]    Compiling parking_lot v0.12.5
[INFO] [stderr]    Compiling aho-corasick v1.1.4
[INFO] [stderr]    Compiling regex-syntax v0.8.11
[INFO] [stderr]    Compiling toml_datetime v1.1.1+spec-1.1.0
[INFO] [stderr]    Compiling rstest_macros v0.26.1
[INFO] [stderr]    Compiling serde_derive_internals v0.29.1
[INFO] [stderr]    Compiling regex-automata v0.4.16
[INFO] [stderr]    Compiling tracing v0.1.44
[INFO] [stderr]    Compiling glob v0.3.3
[INFO] [stderr]    Compiling relative-path v1.9.3
[INFO] [stderr]    Compiling tokio v1.53.0
[INFO] [stderr]    Compiling futures-util v0.3.33
[INFO] [stderr]    Compiling indexmap v2.14.0
[INFO] [stderr]    Compiling form_urlencoded v1.2.2
[INFO] [stderr]    Compiling futures-timer v3.0.4
[INFO] [stderr]    Compiling zerovec v0.11.6
[INFO] [stderr]    Compiling zerotrie v0.2.4
[INFO] [stderr]    Compiling schemars_derive v1.2.1
[INFO] [stderr]    Compiling http-body v1.1.0
[INFO] [stderr]    Compiling http-body-util v0.1.4
[INFO] [stderr]    Compiling tinystr v0.8.3
[INFO] [stderr]    Compiling potential_utf v0.1.5
[INFO] [stderr]    Compiling icu_collections v2.2.0
[INFO] [stderr]    Compiling icu_locale_core v2.2.0
[INFO] [stderr]    Compiling axum-core v0.5.6
[INFO] [stderr]    Compiling toml_parser v1.1.2+spec-1.1.0
[INFO] [stderr]    Compiling toml_edit v0.25.13+spec-1.1.0
[INFO] [stderr]    Compiling matchers v0.2.0
[INFO] [stderr]    Compiling icu_provider v2.2.0
[INFO] [stderr]    Compiling tracing-subscriber v0.3.23
[INFO] [stderr]    Compiling icu_normalizer v2.2.0
[INFO] [stderr]    Compiling icu_properties v2.2.0
[INFO] [stderr]    Compiling darling_macro v0.23.0
[INFO] [stderr]    Compiling serde v1.0.229
[INFO] [stderr]    Compiling serde_json v1.0.150
[INFO] [stderr]    Compiling darling v0.23.0
[INFO] [stderr]    Compiling rmcp-soddygo-macros v2.2.0
[INFO] [stderr]    Compiling proc-macro-crate v3.5.0
[INFO] [stderr]    Compiling chrono v0.4.45
[INFO] [stderr]    Compiling idna_adapter v1.2.2
[INFO] [stderr]    Compiling idna v1.1.0
[INFO] [stderr]    Compiling futures-executor v0.3.33
[INFO] [stderr]    Compiling futures v0.3.33
[INFO] [stderr]    Compiling url v2.5.8
[INFO] [stderr]    Compiling schemars v1.2.1
[INFO] [stderr]    Compiling regex v1.13.1
[INFO] [stderr]    Compiling hyper v1.10.1
[INFO] [stderr]    Compiling tower v0.5.3
[INFO] [stderr]    Compiling tokio-util v0.7.18
[INFO] [stderr]    Compiling rmcp-soddygo v2.2.0 (/opt/rustwide/workdir)
[INFO] [stderr]    Compiling hyper-util v0.1.20
[INFO] [stderr]    Compiling axum v0.8.9
[INFO] [stderr]    Compiling rstest v0.26.1
[INFO] [stdout] warning: method `set_client_request_metadata` is never used
[INFO] [stdout]    --> src/service.rs:734:19
[INFO] [stdout]     |
[INFO] [stdout] 597 | impl<R: ServiceRole> Peer<R> {
[INFO] [stdout]     | ---------------------------- method in this implementation
[INFO] [stdout] ...
[INFO] [stdout] 734 |     pub(crate) fn set_client_request_metadata(&self, metadata: ClientRequestMetadata) {
[INFO] [stdout]     |                   ^^^^^^^^^^^^^^^^^^^^^^^^^^^
[INFO] [stdout]     |
[INFO] [stdout]     = note: `#[warn(dead_code)]` (part of `#[warn(unused)]`) on by default
[INFO] [stdout] 
[INFO] [stdout] 
[INFO] [stdout] error[E0433]: cannot find module or crate `rmcp` in this scope
[INFO] [stdout]  --> tests/test_result_type_wire.rs:8:5
[INFO] [stdout]   |
[INFO] [stdout] 8 | use rmcp::model::{CallToolResult, ContentBlock, EmptyResult, ListToolsResult};
[INFO] [stdout]   |     ^^^^ use of unresolved module or unlinked crate `rmcp`
[INFO] [stdout]   |
[INFO] [stdout]   = help: if you wanted to use a crate named `rmcp`, use `cargo add rmcp` to add it to your `Cargo.toml`
[INFO] [stdout] 
[INFO] [stdout] 
[INFO] [stdout] For more information about this error, try `rustc --explain E0433`.
[INFO] [stdout] 
[INFO] [stdout] error[E0433]: cannot find module or crate `rmcp` in this scope
[INFO] [stdout]  --> tests/test_async_rw_codec.rs:2:5
[INFO] [stdout]   |
[INFO] [stdout] 2 | use rmcp::transport::async_rw::{JsonRpcMessageCodec, JsonRpcMessageCodecError};
[INFO] [stdout]   |     ^^^^ use of unresolved module or unlinked crate `rmcp`
[INFO] [stdout]   |
[INFO] [stdout]   = help: if you wanted to use a crate named `rmcp`, use `cargo add rmcp` to add it to your `Cargo.toml`
[INFO] [stdout] 
[INFO] [stdout] 
[INFO] [stdout] error[E0433]: cannot find module or crate `rmcp` in this scope
[INFO] [stdout]  --> tests/test_embedded_resource_meta.rs:1:5
[INFO] [stdout]   |
[INFO] [stdout] 1 | use rmcp::model::{ContentBlock, EmbeddedResource, MetaObject, ResourceContents};
[INFO] [stdout]   |     ^^^^ use of unresolved module or unlinked crate `rmcp`
[INFO] [stdout]   |
[INFO] [stdout]   = help: if you wanted to use a crate named `rmcp`, use `cargo add rmcp` to add it to your `Cargo.toml`
[INFO] [stdout] 
[INFO] [stdout] 
[INFO] [stderr] error: could not compile `rmcp-soddygo` (test "test_result_type_wire") due to 1 previous error
[INFO] [stdout] For more information about this error, try `rustc --explain E0433`.
[INFO] [stdout] 
[INFO] [stderr] warning: build failed, waiting for other jobs to finish...
[INFO] [stderr] error: could not compile `rmcp-soddygo` (test "test_embedded_resource_meta") due to 1 previous error
[INFO] [stdout] error[E0433]: cannot find module or crate `rmcp` in this scope
[INFO] [stdout]  --> tests/test_tool_result_meta.rs:1:5
[INFO] [stdout]   |
[INFO] [stdout] 1 | use rmcp::model::{CallToolResult, ContentBlock, MetaObject};
[INFO] [stdout]   |     ^^^^ use of unresolved module or unlinked crate `rmcp`
[INFO] [stdout]   |
[INFO] [stdout]   = help: if you wanted to use a crate named `rmcp`, use `cargo add rmcp` to add it to your `Cargo.toml`
[INFO] [stdout] 
[INFO] [stdout] 
[INFO] [stdout] error[E0433]: cannot find module or crate `rmcp` in this scope
[INFO] [stdout]  --> tests/test_completion.rs:3:5
[INFO] [stdout]   |
[INFO] [stdout] 3 | use rmcp::model::*;
[INFO] [stdout]   |     ^^^^ use of unresolved module or unlinked crate `rmcp`
[INFO] [stdout]   |
[INFO] [stdout]   = help: if you wanted to use a crate named `rmcp`, use `cargo add rmcp` to add it to your `Cargo.toml`
[INFO] [stdout] 
[INFO] [stdout] 
[INFO] [stdout] For more information about this error, try `rustc --explain E0433`.
[INFO] [stdout] 
[INFO] [stderr] error: could not compile `rmcp-soddygo` (test "test_tool_result_meta") due to 1 previous error
[INFO] [stdout] error[E0433]: cannot find module or crate `rmcp` in this scope
[INFO] [stdout]  --> tests/test_tool_macro_annotations.rs:3:9
[INFO] [stdout]   |
[INFO] [stdout] 3 |     use rmcp::{ServerHandler, handler::server::router::tool::ToolRouter, tool, tool_handler};
[INFO] [stdout]   |         ^^^^ use of unresolved module or unlinked crate `rmcp`
[INFO] [stdout]   |
[INFO] [stdout]   = help: if you wanted to use a crate named `rmcp`, use `cargo add rmcp` to add it to your `Cargo.toml`
[INFO] [stdout] 
[INFO] [stdout] 
[INFO] [stdout] error[E0432]: unresolved import `rmcp`
[INFO] [stdout]  --> tests/test_tool_macro_annotations.rs:3:9
[INFO] [stdout]   |
[INFO] [stdout] 3 |     use rmcp::{ServerHandler, handler::server::router::tool::ToolRouter, tool, tool_handler};
[INFO] [stdout]   |         ^^^^ use of unresolved module or unlinked crate `rmcp`
[INFO] [stdout]   |
[INFO] [stdout]   = help: if you wanted to use a crate named `rmcp`, use `cargo add rmcp` to add it to your `Cargo.toml`
[INFO] [stdout] 
[INFO] [stdout] 
[INFO] [stdout] error[E0433]: cannot find module or crate `rmcp` in this scope
[INFO] [stdout]    --> tests/test_async_rw_codec.rs:283:43
[INFO] [stdout]     |
[INFO] [stdout] 283 |     let mut codec = JsonRpcMessageCodec::<rmcp::model::ServerJsonRpcMessage>::default();
[INFO] [stdout]     |                                           ^^^^ use of unresolved module or unlinked crate `rmcp`
[INFO] [stdout]     |
[INFO] [stdout]     = help: if you wanted to use a crate named `rmcp`, use `cargo add rmcp` to add it to your `Cargo.toml`
[INFO] [stdout] 
[INFO] [stdout] 
[INFO] [stdout] error[E0433]: cannot find module or crate `rmcp` in this scope
[INFO] [stdout]    --> tests/test_async_rw_codec.rs:298:43
[INFO] [stdout]     |
[INFO] [stdout] 298 |     let mut codec = JsonRpcMessageCodec::<rmcp::model::ServerJsonRpcMessage>::default();
[INFO] [stdout]     |                                           ^^^^ use of unresolved module or unlinked crate `rmcp`
[INFO] [stdout]     |
[INFO] [stdout]     = help: if you wanted to use a crate named `rmcp`, use `cargo add rmcp` to add it to your `Cargo.toml`
[INFO] [stdout] 
[INFO] [stdout] 
[INFO] [stdout] error[E0433]: cannot find module or crate `rmcp` in this scope
[INFO] [stdout]   --> tests/common/handlers.rs:12:5
[INFO] [stdout]    |
[INFO] [stdout] 12 | use rmcp::{
[INFO] [stdout]    |     ^^^^ use of unresolved module or unlinked crate `rmcp`
[INFO] [stdout]    |
[INFO] [stdout]    = help: if you wanted to use a crate named `rmcp`, use `cargo add rmcp` to add it to your `Cargo.toml`
[INFO] [stdout] 
[INFO] [stdout] 
[INFO] [stdout] Some errors have detailed explanations: E0432, E0433.
[INFO] [stdout] 
[INFO] [stdout] For more information about an error, try `rustc --explain E0432`.
[INFO] [stdout] 
[INFO] [stdout] error[E0433]: cannot find module or crate `rmcp` in this scope
[INFO] [stdout]    --> tests/test_async_rw_codec.rs:313:43
[INFO] [stdout]     |
[INFO] [stdout] 313 |     let mut codec = JsonRpcMessageCodec::<rmcp::model::ServerJsonRpcMessage>::default();
[INFO] [stdout]     |                                           ^^^^ use of unresolved module or unlinked crate `rmcp`
[INFO] [stdout]     |
[INFO] [stdout]     = help: if you wanted to use a crate named `rmcp`, use `cargo add rmcp` to add it to your `Cargo.toml`
[INFO] [stdout] 
[INFO] [stdout] 
[INFO] [stdout] error[E0433]: cannot find module or crate `rmcp` in this scope
[INFO] [stdout]  --> tests/test_tool_builder_methods.rs:3:5
[INFO] [stdout]   |
[INFO] [stdout] 3 | use rmcp::model::{JsonObject, Tool};
[INFO] [stdout]   |     ^^^^ use of unresolved module or unlinked crate `rmcp`
[INFO] [stdout]   |
[INFO] [stdout]   = help: if you wanted to use a crate named `rmcp`, use `cargo add rmcp` to add it to your `Cargo.toml`
[INFO] [stdout] 
[INFO] [stdout] 
[INFO] [stderr] error: could not compile `rmcp-soddygo` (test "test_tool_macro_annotations") due to 2 previous errors
[INFO] [stdout] error[E0433]: cannot find module or crate `rmcp` in this scope
[INFO] [stdout]  --> tests/test_prompt_routers.rs:5:5
[INFO] [stdout]   |
[INFO] [stdout] 5 | use rmcp::{
[INFO] [stdout]   |     ^^^^ use of unresolved module or unlinked crate `rmcp`
[INFO] [stdout]   |
[INFO] [stdout]   = help: if you wanted to use a crate named `rmcp`, use `cargo add rmcp` to add it to your `Cargo.toml`
[INFO] [stdout] 
[INFO] [stdout] 
[INFO] [stdout] error[E0433]: cannot find module or crate `rmcp` in this scope
[INFO] [stdout]   --> tests/test_prompt_routers.rs:83:25
[INFO] [stdout]    |
[INFO] [stdout] 83 |                     use rmcp::handler::server::{
[INFO] [stdout]    |                         ^^^^ use of unresolved module or unlinked crate `rmcp`
[INFO] [stdout]    |
[INFO] [stdout]    = help: if you wanted to use a crate named `rmcp`, use `cargo add rmcp` to add it to your `Cargo.toml`
[INFO] [stdout] 
[INFO] [stdout] 
[INFO] [stdout] error[E0433]: cannot find module or crate `rmcp` in this scope
[INFO] [stdout]   --> tests/test_prompt_routers.rs:96:25
[INFO] [stdout]    |
[INFO] [stdout] 96 |                     use rmcp::handler::server::prompt::IntoGetPromptResult;
[INFO] [stdout]    |                         ^^^^ use of unresolved module or unlinked crate `rmcp`
[INFO] [stdout]    |
[INFO] [stdout]    = help: if you wanted to use a crate named `rmcp`, use `cargo add rmcp` to add it to your `Cargo.toml`
[INFO] [stdout] 
[INFO] [stdout] 
[INFO] [stdout] error[E0433]: cannot find module or crate `rmcp` in this scope
[INFO] [stdout]    --> tests/test_prompt_routers.rs:113:25
[INFO] [stdout]     |
[INFO] [stdout] 113 |                     use rmcp::handler::server::{
[INFO] [stdout]     |                         ^^^^ use of unresolved module or unlinked crate `rmcp`
[INFO] [stdout]     |
[INFO] [stdout]     = help: if you wanted to use a crate named `rmcp`, use `cargo add rmcp` to add it to your `Cargo.toml`
[INFO] [stdout] 
[INFO] [stdout] 
[INFO] [stdout] error[E0433]: cannot find module or crate `rmcp` in this scope
[INFO] [stdout]    --> tests/test_prompt_routers.rs:126:25
[INFO] [stdout]     |
[INFO] [stdout] 126 |                     use rmcp::handler::server::prompt::IntoGetPromptResult;
[INFO] [stdout]     |                         ^^^^ use of unresolved module or unlinked crate `rmcp`
[INFO] [stdout]     |
[INFO] [stdout]     = help: if you wanted to use a crate named `rmcp`, use `cargo add rmcp` to add it to your `Cargo.toml`
[INFO] [stdout] 
[INFO] [stdout] 
[INFO] [stdout] error[E0432]: unresolved import `rmcp`
[INFO] [stdout]  --> tests/test_prompt_routers.rs:5:5
[INFO] [stdout]   |
[INFO] [stdout] 5 | use rmcp::{
[INFO] [stdout]   |     ^^^^ use of unresolved module or unlinked crate `rmcp`
[INFO] [stdout]   |
[INFO] [stdout]   = help: if you wanted to use a crate named `rmcp`, use `cargo add rmcp` to add it to your `Cargo.toml`
[INFO] [stdout] 
[INFO] [stdout] 
[INFO] [stdout] error[E0433]: cannot find module or crate `rmcp` in this scope
[INFO] [stdout]   --> tests/test_prompt_routers.rs:29:3
[INFO] [stdout]    |
[INFO] [stdout] 29 | #[rmcp::prompt_router(router = "test_router")]
[INFO] [stdout]    |   ^^^^ use of unresolved module or unlinked crate `rmcp`
[INFO] [stdout] 
[INFO] [stdout] 
[INFO] [stdout] error[E0433]: cannot find module or crate `rmcp` in this scope
[INFO] [stdout]   --> tests/test_prompt_routers.rs:31:7
[INFO] [stdout]    |
[INFO] [stdout] 31 |     #[rmcp::prompt]
[INFO] [stdout]    |       ^^^^ use of unresolved module or unlinked crate `rmcp`
[INFO] [stdout] 
[INFO] [stdout] 
[INFO] [stdout] error[E0433]: cannot find module or crate `rmcp` in this scope
[INFO] [stdout]   --> tests/test_prompt_routers.rs:43:7
[INFO] [stdout]    |
[INFO] [stdout] 43 |     #[rmcp::prompt]
[INFO] [stdout]    |       ^^^^ use of unresolved module or unlinked crate `rmcp`
[INFO] [stdout] 
[INFO] [stdout] 
[INFO] [stdout] error[E0433]: cannot find module or crate `rmcp` in this scope
[INFO] [stdout]   --> tests/test_prompt_routers.rs:56:3
[INFO] [stdout]    |
[INFO] [stdout] 56 | #[rmcp::prompt]
[INFO] [stdout]    |   ^^^^ use of unresolved module or unlinked crate `rmcp`
[INFO] [stdout] 
[INFO] [stdout] 
[INFO] [stdout] error[E0433]: cannot find module or crate `rmcp` in this scope
[INFO] [stdout]   --> tests/test_prompt_routers.rs:65:3
[INFO] [stdout]    |
[INFO] [stdout] 65 | #[rmcp::prompt]
[INFO] [stdout]    |   ^^^^ use of unresolved module or unlinked crate `rmcp`
[INFO] [stdout] 
[INFO] [stdout] 
[INFO] [stdout] error[E0433]: cannot find module or crate `rmcp` in this scope
[INFO] [stdout]  --> tests/test_list_tools_result.rs:3:5
[INFO] [stdout]   |
[INFO] [stdout] 3 | use rmcp::{
[INFO] [stdout]   |     ^^^^ use of unresolved module or unlinked crate `rmcp`
[INFO] [stdout]   |
[INFO] [stdout]   = help: if you wanted to use a crate named `rmcp`, use `cargo add rmcp` to add it to your `Cargo.toml`
[INFO] [stdout] 
[INFO] [stdout] 
[INFO] [stdout] error[E0432]: unresolved import `rmcp`
[INFO] [stdout]  --> tests/test_list_tools_result.rs:3:5
[INFO] [stdout]   |
[INFO] [stdout] 3 | use rmcp::{
[INFO] [stdout]   |     ^^^^ use of unresolved module or unlinked crate `rmcp`
[INFO] [stdout]   |
[INFO] [stdout]   = help: if you wanted to use a crate named `rmcp`, use `cargo add rmcp` to add it to your `Cargo.toml`
[INFO] [stdout] 
[INFO] [stdout] 
[INFO] [stdout] error[E0433]: cannot find module or crate `rmcp` in this scope
[INFO] [stdout]   --> tests/test_list_tools_result.rs:26:3
[INFO] [stdout]    |
[INFO] [stdout] 26 | #[rmcp::tool]
[INFO] [stdout]    |   ^^^^ use of unresolved module or unlinked crate `rmcp`
[INFO] [stdout] 
[INFO] [stdout] 
[INFO] [stdout] error[E0432]: unresolved import `rmcp`
[INFO] [stdout]  --> tests/test_handler_wrappers.rs:8:5
[INFO] [stdout]   |
[INFO] [stdout] 8 | use rmcp::ServerHandler;
[INFO] [stdout]   |     ^^^^ use of unresolved module or unlinked crate `rmcp`
[INFO] [stdout]   |
[INFO] [stdout]   = help: if you wanted to use a crate named `rmcp`, use `cargo add rmcp` to add it to your `Cargo.toml`
[INFO] [stdout] 
[INFO] [stdout] 
[INFO] [stdout] error[E0433]: cannot find module or crate `rmcp` in this scope
[INFO] [stdout]  --> tests/common/calculator.rs:2:5
[INFO] [stdout]   |
[INFO] [stdout] 2 | use rmcp::{
[INFO] [stdout]   |     ^^^^ use of unresolved module or unlinked crate `rmcp`
[INFO] [stdout]   |
[INFO] [stdout]   = help: if you wanted to use a crate named `rmcp`, use `cargo add rmcp` to add it to your `Cargo.toml`
[INFO] [stdout] 
[INFO] [stdout] 
[INFO] [stdout] error[E0432]: unresolved import `rmcp`
[INFO] [stdout]  --> tests/common/calculator.rs:2:5
[INFO] [stdout]   |
[INFO] [stdout] 2 | use rmcp::{
[INFO] [stdout]   |     ^^^^ use of unresolved module or unlinked crate `rmcp`
[INFO] [stdout]   |
[INFO] [stdout]   = help: if you wanted to use a crate named `rmcp`, use `cargo add rmcp` to add it to your `Cargo.toml`
[INFO] [stdout] 
[INFO] [stdout] 
[INFO] [stdout] error[E0432]: unresolved import `rmcp`
[INFO] [stdout]   --> tests/common/handlers.rs:12:5
[INFO] [stdout]    |
[INFO] [stdout] 12 | use rmcp::{
[INFO] [stdout]    |     ^^^^ use of unresolved module or unlinked crate `rmcp`
[INFO] [stdout]    |
[INFO] [stdout]    = help: if you wanted to use a crate named `rmcp`, use `cargo add rmcp` to add it to your `Cargo.toml`
[INFO] [stdout] 
[INFO] [stdout] 
[INFO] [stdout] error[E0433]: cannot find module or crate `rmcp` in this scope
[INFO] [stdout]   --> tests/test_prompt_routers.rs:79:21
[INFO] [stdout]    |
[INFO] [stdout] 79 |         .with_route(rmcp::handler::server::router::prompt::PromptRoute::new_dyn(
[INFO] [stdout]    |                     ^^^^ use of unresolved module or unlinked crate `rmcp`
[INFO] [stdout]    |
[INFO] [stdout]    = help: if you wanted to use a crate named `rmcp`, use `cargo add rmcp` to add it to your `Cargo.toml`
[INFO] [stdout] 
[INFO] [stdout] 
[INFO] [stdout] error[E0433]: cannot find module or crate `rmcp` in this scope
[INFO] [stdout]   --> tests/test_tool_builder_methods.rs:44:19
[INFO] [stdout]    |
[INFO] [stdout] 44 |         .annotate(rmcp::model::ToolAnnotations::new().read_only(true));
[INFO] [stdout]    |                   ^^^^ use of unresolved module or unlinked crate `rmcp`
[INFO] [stdout]    |
[INFO] [stdout]    = help: if you wanted to use a crate named `rmcp`, use `cargo add rmcp` to add it to your `Cargo.toml`
[INFO] [stdout] 
[INFO] [stdout] 
[INFO] [stdout] error[E0433]: cannot find module or crate `rmcp` in this scope
[INFO] [stdout]   --> tests/test_prompt_routers.rs:92:21
[INFO] [stdout]    |
[INFO] [stdout] 92 |         .with_route(rmcp::handler::server::router::prompt::PromptRoute::new_dyn(
[INFO] [stdout]    |                     ^^^^ use of unresolved module or unlinked crate `rmcp`
[INFO] [stdout]    |
[INFO] [stdout]    = help: if you wanted to use a crate named `rmcp`, use `cargo add rmcp` to add it to your `Cargo.toml`
[INFO] [stdout] 
[INFO] [stdout] 
[INFO] [stdout] error[E0433]: cannot find module or crate `rmcp` in this scope
[INFO] [stdout]    --> tests/test_prompt_routers.rs:109:21
[INFO] [stdout]     |
[INFO] [stdout] 109 |         .with_route(rmcp::handler::server::router::prompt::PromptRoute::new_dyn(
[INFO] [stdout]     |                     ^^^^ use of unresolved module or unlinked crate `rmcp`
[INFO] [stdout]     |
[INFO] [stdout]     = help: if you wanted to use a crate named `rmcp`, use `cargo add rmcp` to add it to your `Cargo.toml`
[INFO] [stdout] 
[INFO] [stdout] 
[INFO] [stdout] error[E0433]: cannot find module or crate `rmcp` in this scope
[INFO] [stdout]    --> tests/test_prompt_routers.rs:122:21
[INFO] [stdout]     |
[INFO] [stdout] 122 |         .with_route(rmcp::handler::server::router::prompt::PromptRoute::new_dyn(
[INFO] [stdout]     |                     ^^^^ use of unresolved module or unlinked crate `rmcp`
[INFO] [stdout]     |
[INFO] [stdout]     = help: if you wanted to use a crate named `rmcp`, use `cargo add rmcp` to add it to your `Cargo.toml`
[INFO] [stdout] 
[INFO] [stdout] 
[INFO] [stdout] For more information about this error, try `rustc --explain E0433`.
[INFO] [stdout] 
[INFO] [stderr] error: could not compile `rmcp-soddygo` (test "test_async_rw_codec") due to 4 previous errors
[INFO] [stdout] For more information about this error, try `rustc --explain E0433`.
[INFO] [stdout] 
[INFO] [stdout] error[E0425]: cannot find function `add_tool_attr` in this scope
[INFO] [stdout]   --> tests/test_list_tools_result.rs:40:55
[INFO] [stdout]    |
[INFO] [stdout] 40 |     let result = ListToolsResult::with_all_items(vec![add_tool_attr()]);
[INFO] [stdout]    |                                                       ^^^^^^^^^^^^^ not found in this scope
[INFO] [stdout] 
[INFO] [stdout] 
[INFO] [stdout] error[E0425]: cannot find function `async_function_prompt_attr` in this scope
[INFO] [stdout]   --> tests/test_prompt_routers.rs:80:13
[INFO] [stdout]    |
[INFO] [stdout] 80 |             async_function_prompt_attr(),
[INFO] [stdout]    |             ^^^^^^^^^^^^^^^^^^^^^^^^^^ not found in this scope
[INFO] [stdout] 
[INFO] [stdout] 
[INFO] [stdout] error[E0425]: cannot find function `async_function2_prompt_attr` in this scope
[INFO] [stdout]   --> tests/test_prompt_routers.rs:93:13
[INFO] [stdout]    |
[INFO] [stdout] 93 |             async_function2_prompt_attr(),
[INFO] [stdout]    |             ^^^^^^^^^^^^^^^^^^^^^^^^^^^ not found in this scope
[INFO] [stdout] 
[INFO] [stdout] 
[INFO] [stdout] error[E0425]: cannot find function `async_function_prompt_attr` in this scope
[INFO] [stdout]    --> tests/test_prompt_routers.rs:110:13
[INFO] [stdout]     |
[INFO] [stdout] 110 |             async_function_prompt_attr(),
[INFO] [stdout]     |             ^^^^^^^^^^^^^^^^^^^^^^^^^^ not found in this scope
[INFO] [stdout] 
[INFO] [stdout] 
[INFO] [stdout] error[E0425]: cannot find function `async_function2_prompt_attr` in this scope
[INFO] [stdout]    --> tests/test_prompt_routers.rs:123:13
[INFO] [stdout]     |
[INFO] [stdout] 123 |             async_function2_prompt_attr(),
[INFO] [stdout]     |             ^^^^^^^^^^^^^^^^^^^^^^^^^^^ not found in this scope
[INFO] [stdout] 
[INFO] [stdout] 
[INFO] [stdout] Some errors have detailed explanations: E0425, E0432, E0433.
[INFO] [stdout] 
[INFO] [stdout] For more information about an error, try `rustc --explain E0425`.
[INFO] [stdout] 
[INFO] [stderr] error: could not compile `rmcp-soddygo` (test "test_tool_builder_methods") due to 2 previous errors
[INFO] [stderr] error: could not compile `rmcp-soddygo` (test "test_prompt_routers") due to 19 previous errors
[INFO] [stdout] Some errors have detailed explanations: E0425, E0432, E0433.
[INFO] [stdout] 
[INFO] [stdout] For more information about an error, try `rustc --explain E0425`.
[INFO] [stdout] 
[INFO] [stderr] error: could not compile `rmcp-soddygo` (test "test_list_tools_result") due to 4 previous errors
[INFO] [stdout] error[E0425]: cannot find type `LoggingMessageNotificationParam` in this scope
[INFO] [stdout]   --> tests/common/handlers.rs:27:42
[INFO] [stdout]    |
[INFO] [stdout] 27 |     pub received_messages: Arc<Mutex<Vec<LoggingMessageNotificationParam>>>,
[INFO] [stdout]    |                                          ^^^^^^^^^^^^^^^^^^^^^^^^^^^^^^^ not found in this scope
[INFO] [stdout]    |
[INFO] [stdout] help: you might be missing a type parameter
[INFO] [stdout]    |
[INFO] [stdout] 23 | pub struct TestClientHandler<LoggingMessageNotificationParam> {
[INFO] [stdout]    |                             +++++++++++++++++++++++++++++++++
[INFO] [stdout] 
[INFO] [stdout] 
[INFO] [stdout] error[E0425]: cannot find type `LoggingMessageNotificationParam` in this scope
[INFO] [stdout]   --> tests/common/handlers.rs:46:42
[INFO] [stdout]    |
[INFO] [stdout] 46 |         received_messages: Arc<Mutex<Vec<LoggingMessageNotificationParam>>>,
[INFO] [stdout]    |                                          ^^^^^^^^^^^^^^^^^^^^^^^^^^^^^^^ not found in this scope
[INFO] [stdout]    |
[INFO] [stdout] help: you might be missing a type parameter
[INFO] [stdout]    |
[INFO] [stdout] 30 | impl<LoggingMessageNotificationParam> TestClientHandler {
[INFO] [stdout]    |     +++++++++++++++++++++++++++++++++
[INFO] [stdout] 
[INFO] [stdout] 
[INFO] [stdout] error[E0425]: cannot find type `ServerInfo` in this scope
[INFO] [stdout]    --> tests/common/handlers.rs:118:27
[INFO] [stdout]     |
[INFO] [stdout] 118 |     fn get_info(&self) -> ServerInfo {
[INFO] [stdout]     |                           ^^^^^^^^^^ not found in this scope
[INFO] [stdout] 
[INFO] [stdout] 
[INFO] [stdout] error[E0425]: cannot find type `SetLevelRequestParams` in this scope
[INFO] [stdout]    --> tests/common/handlers.rs:125:18
[INFO] [stdout]     |
[INFO] [stdout] 125 |         request: SetLevelRequestParams,
[INFO] [stdout]     |                  ^^^^^^^^^^^^^^^^^^^^^ not found in this scope
[INFO] [stdout] 
[INFO] [stdout] 
[INFO] [stdout] error[E0433]: cannot find type `ServerInfo` in this scope
[INFO] [stdout]    --> tests/common/handlers.rs:119:9
[INFO] [stdout]     |
[INFO] [stdout] 119 |         ServerInfo::new(ServerCapabilities::builder().enable_logging().build())
[INFO] [stdout]     |         ^^^^^^^^^^ use of undeclared type `ServerInfo`
[INFO] [stdout] 
[INFO] [stdout] 
[INFO] [stdout] error[E0433]: cannot find type `ServerCapabilities` in this scope
[INFO] [stdout]    --> tests/common/handlers.rs:119:25
[INFO] [stdout]     |
[INFO] [stdout] 119 |         ServerInfo::new(ServerCapabilities::builder().enable_logging().build())
[INFO] [stdout]     |                         ^^^^^^^^^^^^^^^^^^ use of undeclared type `ServerCapabilities`
[INFO] [stdout] 
[INFO] [stdout] 
[INFO] [stdout] error[E0433]: cannot find type `LoggingLevel` in this scope
[INFO] [stdout]    --> tests/common/handlers.rs:131:17
[INFO] [stdout]     |
[INFO] [stdout] 131 |                 LoggingLevel::Error => (
[INFO] [stdout]     |                 ^^^^^^^^^^^^ use of undeclared type `LoggingLevel`
[INFO] [stdout] 
[INFO] [stdout] 
[INFO] [stdout] error[E0433]: cannot find type `LoggingLevel` in this scope
[INFO] [stdout]    --> tests/common/handlers.rs:140:17
[INFO] [stdout]     |
[INFO] [stdout] 140 |                 LoggingLevel::Debug => (
[INFO] [stdout]     |                 ^^^^^^^^^^^^ use of undeclared type `LoggingLevel`
[INFO] [stdout] 
[INFO] [stdout] 
[INFO] [stdout] error[E0433]: cannot find type `LoggingLevel` in this scope
[INFO] [stdout]    --> tests/common/handlers.rs:153:17
[INFO] [stdout]     |
[INFO] [stdout] 153 |                 LoggingLevel::Info => (
[INFO] [stdout]     |                 ^^^^^^^^^^^^ use of undeclared type `LoggingLevel`
[INFO] [stdout] 
[INFO] [stdout] 
[INFO] [stdout] error[E0433]: cannot find type `LoggingMessageNotificationParam` in this scope
[INFO] [stdout]    --> tests/common/handlers.rs:177:37
[INFO] [stdout]     |
[INFO] [stdout] 177 |                     let mut param = LoggingMessageNotificationParam::new(request.level, data);
[INFO] [stdout]     |                                     ^^^^^^^^^^^^^^^^^^^^^^^^^^^^^^^ use of undeclared type `LoggingMessageNotificationParam`
[INFO] [stdout] 
[INFO] [stdout] 
[INFO] [stdout] Some errors have detailed explanations: E0425, E0432, E0433.
[INFO] [stdout] 
[INFO] [stdout] For more information about an error, try `rustc --explain E0425`.
[INFO] [stdout] 
[INFO] [stderr] error: could not compile `rmcp-soddygo` (test "test_handler_wrappers") due to 15 previous errors
[INFO] [stdout] error[E0425]: cannot find type `CompletionContext` in this scope
[INFO] [stdout]   --> tests/test_completion.rs:25:23
[INFO] [stdout]    |
[INFO] [stdout] 25 |     let deserialized: CompletionContext = serde_json::from_value(expected).unwrap();
[INFO] [stdout]    |                       ^^^^^^^^^^^^^^^^^ not found in this scope
[INFO] [stdout] 
[INFO] [stdout] 
[INFO] [stdout] error[E0425]: cannot find type `Reference` in this scope
[INFO] [stdout]    --> tests/test_completion.rs:166:15
[INFO] [stdout]     |
[INFO] [stdout] 166 |     let back: Reference = serde_json::from_value(json).unwrap();
[INFO] [stdout]     |               ^^^^^^^^^ not found in this scope
[INFO] [stdout] 
[INFO] [stdout] 
[INFO] [stdout] error[E0433]: cannot find type `CompletionContext` in this scope
[INFO] [stdout]   --> tests/test_completion.rs:12:19
[INFO] [stdout]    |
[INFO] [stdout] 12 |     let context = CompletionContext::with_arguments(args);
[INFO] [stdout]    |                   ^^^^^^^^^^^^^^^^^ use of undeclared type `CompletionContext`
[INFO] [stdout] 
[INFO] [stdout] 
[INFO] [stdout] error[E0433]: cannot find type `CompletionContext` in this scope
[INFO] [stdout]   --> tests/test_completion.rs:35:19
[INFO] [stdout]    |
[INFO] [stdout] 35 |     let context = CompletionContext::with_arguments(args);
[INFO] [stdout]    |                   ^^^^^^^^^^^^^^^^^ use of undeclared type `CompletionContext`
[INFO] [stdout] 
[INFO] [stdout] 
[INFO] [stdout] error[E0433]: cannot find type `CompleteRequestParams` in this scope
[INFO] [stdout]   --> tests/test_completion.rs:55:19
[INFO] [stdout]    |
[INFO] [stdout] 55 |     let request = CompleteRequestParams::new(
[INFO] [stdout]    |                   ^^^^^^^^^^^^^^^^^^^^^ use of undeclared type `CompleteRequestParams`
[INFO] [stdout] 
[INFO] [stdout] 
[INFO] [stdout] error[E0433]: cannot find type `Reference` in this scope
[INFO] [stdout]   --> tests/test_completion.rs:56:9
[INFO] [stdout]    |
[INFO] [stdout] 56 |         Reference::for_prompt("weather_prompt"),
[INFO] [stdout]    |         ^^^^^^^^^ use of undeclared type `Reference`
[INFO] [stdout] 
[INFO] [stdout] 
[INFO] [stdout] error[E0433]: cannot find type `ArgumentInfo` in this scope
[INFO] [stdout]   --> tests/test_completion.rs:57:9
[INFO] [stdout]    |
[INFO] [stdout] 57 |         ArgumentInfo::new("location", "San"),
[INFO] [stdout]    |         ^^^^^^^^^^^^ use of undeclared type `ArgumentInfo`
[INFO] [stdout] 
[INFO] [stdout] 
[INFO] [stdout] error[E0433]: cannot find type `CompletionContext` in this scope
[INFO] [stdout]   --> tests/test_completion.rs:59:19
[INFO] [stdout]    |
[INFO] [stdout] 59 |     .with_context(CompletionContext::with_arguments(args));
[INFO] [stdout]    |                   ^^^^^^^^^^^^^^^^^ use of undeclared type `CompletionContext`
[INFO] [stdout] 
[INFO] [stdout] 
[INFO] [stdout] error[E0433]: cannot find type `CompletionInfo` in this scope
[INFO] [stdout]   --> tests/test_completion.rs:77:22
[INFO] [stdout]    |
[INFO] [stdout] 77 |     let completion = CompletionInfo::new(values.clone()).unwrap();
[INFO] [stdout]    |                      ^^^^^^^^^^^^^^ use of undeclared type `CompletionInfo`
[INFO] [stdout] 
[INFO] [stdout] 
[INFO] [stdout] error[E0433]: cannot find type `CompletionInfo` in this scope
[INFO] [stdout]   --> tests/test_completion.rs:82:41
[INFO] [stdout]    |
[INFO] [stdout] 82 |     let many_values: Vec<String> = (0..=CompletionInfo::MAX_VALUES)
[INFO] [stdout]    |                                         ^^^^^^^^^^^^^^ use of undeclared type `CompletionInfo`
[INFO] [stdout] 
[INFO] [stdout] 
[INFO] [stdout] error[E0433]: cannot find type `CompletionInfo` in this scope
[INFO] [stdout]   --> tests/test_completion.rs:85:18
[INFO] [stdout]    |
[INFO] [stdout] 85 |     let result = CompletionInfo::new(many_values);
[INFO] [stdout]    |                  ^^^^^^^^^^^^^^ use of undeclared type `CompletionInfo`
[INFO] [stdout] 
[INFO] [stdout] 
[INFO] [stdout] error[E0433]: cannot find type `CompletionInfo` in this scope
[INFO] [stdout]   --> tests/test_completion.rs:94:22
[INFO] [stdout]    |
[INFO] [stdout] 94 |     let completion = CompletionInfo::with_all_values(values.clone()).unwrap();
[INFO] [stdout]    |                      ^^^^^^^^^^^^^^ use of undeclared type `CompletionInfo`
[INFO] [stdout] 
[INFO] [stdout] 
[INFO] [stdout] error[E0433]: cannot find type `CompletionInfo` in this scope
[INFO] [stdout]    --> tests/test_completion.rs:102:21
[INFO] [stdout]     |
[INFO] [stdout] 102 |     let paginated = CompletionInfo::with_pagination(values.clone(), Some(10), true).unwrap();
[INFO] [stdout]     |                     ^^^^^^^^^^^^^^ use of undeclared type `CompletionInfo`
[INFO] [stdout] 
[INFO] [stdout] 
[INFO] [stdout] error[E0433]: cannot find type `CompletionInfo` in this scope
[INFO] [stdout]    --> tests/test_completion.rs:113:39
[INFO] [stdout]     |
[INFO] [stdout] 113 |     let max_values: Vec<String> = (0..CompletionInfo::MAX_VALUES)
[INFO] [stdout]     |                                       ^^^^^^^^^^^^^^ use of undeclared type `CompletionInfo`
[INFO] [stdout] 
[INFO] [stdout] 
[INFO] [stdout] error[E0433]: cannot find type `CompletionInfo` in this scope
[INFO] [stdout]    --> tests/test_completion.rs:116:13
[INFO] [stdout]     |
[INFO] [stdout] 116 |     assert!(CompletionInfo::new(max_values).is_ok());
[INFO] [stdout]     |             ^^^^^^^^^^^^^^ use of undeclared type `CompletionInfo`
[INFO] [stdout] 
[INFO] [stdout] 
[INFO] [stdout] error[E0433]: cannot find type `CompletionInfo` in this scope
[INFO] [stdout]    --> tests/test_completion.rs:119:40
[INFO] [stdout]     |
[INFO] [stdout] 119 |     let over_limit: Vec<String> = (0..=CompletionInfo::MAX_VALUES)
[INFO] [stdout]     |                                        ^^^^^^^^^^^^^^ use of undeclared type `CompletionInfo`
[INFO] [stdout] 
[INFO] [stdout] 
[INFO] [stdout] error[E0433]: cannot find type `CompletionInfo` in this scope
[INFO] [stdout]    --> tests/test_completion.rs:122:13
[INFO] [stdout]     |
[INFO] [stdout] 122 |     assert!(CompletionInfo::new(over_limit).is_err());
[INFO] [stdout]     |             ^^^^^^^^^^^^^^ use of undeclared type `CompletionInfo`
[INFO] [stdout] 
[INFO] [stdout] 
[INFO] [stdout] error[E0433]: cannot find type `Reference` in this scope
[INFO] [stdout]    --> tests/test_completion.rs:127:22
[INFO] [stdout]     |
[INFO] [stdout] 127 |     let prompt_ref = Reference::for_prompt("test_prompt");
[INFO] [stdout]     |                      ^^^^^^^^^ use of undeclared type `Reference`
[INFO] [stdout] 
[INFO] [stdout] 
[INFO] [stdout] error[E0433]: cannot find type `Reference` in this scope
[INFO] [stdout]    --> tests/test_completion.rs:132:24
[INFO] [stdout]     |
[INFO] [stdout] 132 |     let resource_ref = Reference::for_resource("file://path/to/resource");
[INFO] [stdout]     |                        ^^^^^^^^^ use of undeclared type `Reference`
[INFO] [stdout] 
[INFO] [stdout] 
[INFO] [stdout] error[E0433]: cannot find type `CompletionInfo` in this scope
[INFO] [stdout]    --> tests/test_completion.rs:145:9
[INFO] [stdout]     |
[INFO] [stdout] 145 |         CompletionInfo::with_all_values(vec!["value1".to_string(), "value2".to_string()]).unwrap();
[INFO] [stdout]     |         ^^^^^^^^^^^^^^ use of undeclared type `CompletionInfo`
[INFO] [stdout] 
[INFO] [stdout] 
[INFO] [stdout] error[E0433]: cannot find type `Reference` in this scope
[INFO] [stdout]    --> tests/test_completion.rs:160:21
[INFO] [stdout]     |
[INFO] [stdout] 160 |     let reference = Reference::for_resource("test://uri");
[INFO] [stdout]     |                     ^^^^^^^^^ use of undeclared type `Reference`
[INFO] [stdout] 
[INFO] [stdout] 
[INFO] [stdout] error[E0433]: cannot find type `CompleteResult` in this scope
[INFO] [stdout]    --> tests/test_completion.rs:175:18
[INFO] [stdout]     |
[INFO] [stdout] 175 |     let result = CompleteResult::default();
[INFO] [stdout]     |                  ^^^^^^^^^^^^^^ use of undeclared type `CompleteResult`
[INFO] [stdout] 
[INFO] [stdout] 
[INFO] [stdout] error[E0433]: cannot find type `CompletionContext` in this scope
[INFO] [stdout]    --> tests/test_completion.rs:183:19
[INFO] [stdout]     |
[INFO] [stdout] 183 |     let context = CompletionContext::new();
[INFO] [stdout]     |                   ^^^^^^^^^^^^^^^^^ use of undeclared type `CompletionContext`
[INFO] [stdout] 
[INFO] [stdout] 
[INFO] [stdout] error[E0433]: cannot find type `CompleteRequestParams` in this scope
[INFO] [stdout]    --> tests/test_completion.rs:192:19
[INFO] [stdout]     |
[INFO] [stdout] 192 |     let request = CompleteRequestParams::new(
[INFO] [stdout]     |                   ^^^^^^^^^^^^^^^^^^^^^ use of undeclared type `CompleteRequestParams`
[INFO] [stdout] 
[INFO] [stdout] 
[INFO] [stdout] error[E0433]: cannot find type `Reference` in this scope
[INFO] [stdout]    --> tests/test_completion.rs:193:9
[INFO] [stdout]     |
[INFO] [stdout] 193 |         Reference::for_resource("file://{path}"),
[INFO] [stdout]     |         ^^^^^^^^^ use of undeclared type `Reference`
[INFO] [stdout] 
[INFO] [stdout] 
[INFO] [stdout] error[E0433]: cannot find type `ArgumentInfo` in this scope
[INFO] [stdout]    --> tests/test_completion.rs:194:9
[INFO] [stdout]     |
[INFO] [stdout] 194 |         ArgumentInfo::new("path", "src/"),
[INFO] [stdout]     |         ^^^^^^^^^^^^ use of undeclared type `ArgumentInfo`
[INFO] [stdout] 
[INFO] [stdout] 
[INFO] [stdout] error[E0433]: cannot find type `Reference` in this scope
[INFO] [stdout]    --> tests/test_completion.rs:168:9
[INFO] [stdout]     |
[INFO] [stdout] 168 |         Reference::Resource(r) => assert_eq!(r.uri, "test://uri"),
[INFO] [stdout]     |         ^^^^^^^^^ use of undeclared type `Reference`
[INFO] [stdout] 
[INFO] [stdout] 
[INFO] [stdout] Some errors have detailed explanations: E0425, E0433.
[INFO] [stdout] 
[INFO] [stdout] For more information about an error, try `rustc --explain E0425`.
[INFO] [stdout] 
[INFO] [stderr] error: could not compile `rmcp-soddygo` (test "test_completion") due to 28 previous errors
[INFO] [stdout] warning: method `set_client_request_metadata` is never used
[INFO] [stdout]    --> src/service.rs:734:19
[INFO] [stdout]     |
[INFO] [stdout] 597 | impl<R: ServiceRole> Peer<R> {
[INFO] [stdout]     | ---------------------------- method in this implementation
[INFO] [stdout] ...
[INFO] [stdout] 734 |     pub(crate) fn set_client_request_metadata(&self, metadata: ClientRequestMetadata) {
[INFO] [stdout]     |                   ^^^^^^^^^^^^^^^^^^^^^^^^^^^
[INFO] [stdout]     |
[INFO] [stdout]     = note: `#[warn(dead_code)]` (part of `#[warn(unused)]`) on by default
[INFO] [stdout] 
[INFO] [stdout] 
[INFO] running `Command { std: "docker" "inspect" "c9f1039cf387344597982a37b4b2b22db7f3b5fef7426d33cac3a0e78095955d", kill_on_drop: false }`
[INFO] running `Command { std: "docker" "rm" "-f" "c9f1039cf387344597982a37b4b2b22db7f3b5fef7426d33cac3a0e78095955d", kill_on_drop: false }`
[INFO] [stdout] c9f1039cf387344597982a37b4b2b22db7f3b5fef7426d33cac3a0e78095955d
