[INFO] fetching crate rm-lisa 0.6.0...
[INFO] testing rm-lisa-0.6.0 against 1.99.0-beta.8 for beta-1.100-2
[INFO] extracting crate rm-lisa 0.6.0 into /workspace/builds/worker-7-tc1/source
[INFO] removed /workspace/builds/worker-7-tc1/source/.cargo/config.toml
[INFO] started tweaking crates.io crate rm-lisa 0.6.0
[INFO] removed 0 missing examples
[INFO] finished tweaking crates.io crate rm-lisa 0.6.0
[INFO] tweaked toml for crates.io crate rm-lisa 0.6.0 written to /workspace/builds/worker-7-tc1/source/Cargo.toml
[INFO] validating manifest of crates.io crate rm-lisa 0.6.0 on toolchain 1.99.0-beta.8
[INFO] running `Command { std: CARGO_HOME="/workspace/cargo-home" RUSTUP_HOME="/workspace/rustup-home" "/workspace/cargo-home/bin/cargo" "+1.99.0-beta.8" "metadata" "--manifest-path" "Cargo.toml" "--no-deps", kill_on_drop: false }`
[INFO] crate crates.io crate rm-lisa 0.6.0 already has a lockfile, it will not be regenerated
[INFO] running `Command { std: CARGO_HOME="/workspace/cargo-home" RUSTUP_HOME="/workspace/rustup-home" "/workspace/cargo-home/bin/cargo" "+1.99.0-beta.8" "fetch" "--manifest-path" "Cargo.toml", kill_on_drop: false }`
[INFO] [stderr]     Updating crates.io index
[INFO] [stderr]  Downloading crates ...
[INFO] [stderr]   Downloaded mio v1.2.3
[INFO] [stderr]   Downloaded terminal_size v0.4.4
[INFO] [stderr]   Downloaded valuable-serde v0.1.1
[INFO] [stderr]   Downloaded valuable-derive v0.1.1
[INFO] [stderr]   Downloaded widestring v1.2.1
[INFO] [stderr]   Downloaded ctrlc v3.5.2
[INFO] [stderr]   Downloaded escargot v0.5.15
[INFO] [stderr]   Downloaded snafu-derive v0.9.2
[INFO] [stderr]   Downloaded owo-colors v4.4.0
[INFO] [stderr]   Downloaded humantime v2.4.0
[INFO] [stderr]   Downloaded snafu v0.9.2
[INFO] [stderr]   Downloaded tokio-stream v0.1.19
[INFO] [stderr]   Downloaded prost v0.14.4
[INFO] [stderr]   Downloaded prost-types v0.14.4
[INFO] [stderr]   Downloaded prost-derive v0.14.4
[INFO] [stderr]   Downloaded console-subscriber v0.5.0
[INFO] [stderr]   Downloaded hyper v1.11.1
[INFO] [stderr]   Downloaded h2 v0.4.19
[INFO] [stderr]   Downloaded console-api v0.9.0
[INFO] [stderr]   Downloaded hdrhistogram v7.6.0
[INFO] [stderr]   Downloaded gethostname v1.1.0
[INFO] [stderr]   Downloaded wayland-protocols-wlr v0.3.12
[INFO] [stderr]   Downloaded wl-clipboard-rs v0.9.3
[INFO] [stderr]   Downloaded nix v0.31.3
[INFO] [stderr]   Downloaded wayland-scanner v0.31.11
[INFO] [stderr]   Downloaded wayland-client v0.31.15
[INFO] [stderr]   Downloaded wayland-backend v0.3.17
[INFO] [stderr]   Downloaded cc v1.5.1
[INFO] [stderr]   Downloaded wayland-protocols v0.32.13
[INFO] [stderr]   Downloaded arboard v3.6.1
[INFO] [stderr]   Downloaded x11rb v0.13.2
[INFO] [stderr]   Downloaded x11rb-protocol v0.13.2
[INFO] [stderr]   Downloaded downcast-rs v1.2.1
[INFO] [stderr]   Downloaded tree_magic_mini v3.2.2
[INFO] [stderr]   Downloaded os_pipe v1.2.3
[INFO] [stderr]   Downloaded objc2-core-graphics v0.3.2
[INFO] [stderr]   Downloaded android_system_properties v0.1.6
[INFO] [stderr]   Downloaded quick-xml v0.41.0
[INFO] [stderr]   Downloaded objc2-io-surface v0.3.2
[INFO] [stderr]   Downloaded clipboard-win v5.4.1
[INFO] [stderr]   Downloaded wayland-sys v0.31.11
[INFO] [stderr]   Downloaded objc2-app-kit v0.3.2
[INFO] [stderr]   Downloaded error-code v3.4.0
[INFO] running `Command { std: "docker" "create" "-v" "/var/lib/crater-agent-workspace/builds/worker-7-tc1/source:/opt/rustwide/workdir:ro,Z" "-v" "/var/lib/crater-agent-workspace/builds/worker-7-tc1/target:/opt/rustwide/target:rw,Z" "-v" "/var/lib/crater-agent-workspace/cargo-home:/opt/rustwide/cargo-home:ro,Z" "-v" "/var/lib/crater-agent-workspace/rustup-home:/opt/rustwide/rustup-home:ro,Z" "-m" "1610612736" "--network" "none" "ghcr.io/rust-lang/crates-build-env/linux@sha256:3111399a4047eeb3a02b7a90e478d715f38a8c6669b5c4b49d30a17385265909" "sleep" "infinity", kill_on_drop: false }`
[INFO] [stdout] c242a0cf588800368ff9d17cedeabacba1122b1cc12a451edbd7c62f1c79b5f3
[INFO] running `Command { std: "docker" "start" "c242a0cf588800368ff9d17cedeabacba1122b1cc12a451edbd7c62f1c79b5f3", kill_on_drop: false }`
[INFO] running `Command { std: "docker" "inspect" "c242a0cf588800368ff9d17cedeabacba1122b1cc12a451edbd7c62f1c79b5f3", kill_on_drop: false }`
[INFO] running `Command { std: "docker" "exec" "-e" "SOURCE_DIR=/opt/rustwide/workdir" "-e" "CARGO_HOME=/opt/rustwide/cargo-home" "-e" "RUSTUP_HOME=/opt/rustwide/rustup-home" "-e" "CARGO_TARGET_DIR=/opt/rustwide/target" "-w" "/opt/rustwide/workdir" "--user" "0:0" "c242a0cf588800368ff9d17cedeabacba1122b1cc12a451edbd7c62f1c79b5f3" "/opt/rustwide/cargo-home/bin/cargo" "+1.99.0-beta.8" "metadata" "--no-deps" "--format-version=1", kill_on_drop: false }`
[INFO] running `Command { std: "docker" "inspect" "c242a0cf588800368ff9d17cedeabacba1122b1cc12a451edbd7c62f1c79b5f3", kill_on_drop: false }`
[INFO] running `Command { std: "docker" "exec" "-e" "SOURCE_DIR=/opt/rustwide/workdir" "-e" "CARGO_HOME=/opt/rustwide/cargo-home" "-e" "RUSTUP_HOME=/opt/rustwide/rustup-home" "-e" "CARGO_TARGET_DIR=/opt/rustwide/target" "-e" "CARGO_INCREMENTAL=0" "-e" "RUST_BACKTRACE=full" "-e" "RUSTFLAGS=--cap-lints=warn" "-e" "RUSTDOCFLAGS=--cap-lints=warn" "-w" "/opt/rustwide/workdir" "--user" "0:0" "c242a0cf588800368ff9d17cedeabacba1122b1cc12a451edbd7c62f1c79b5f3" "/opt/rustwide/cargo-home/bin/cargo" "+1.99.0-beta.8" "build" "--frozen" "--message-format=json", kill_on_drop: false }`
[INFO] [stderr]    Compiling proc-macro2 v1.0.107
[INFO] [stderr]    Compiling unicode-ident v1.0.26
[INFO] [stderr]    Compiling quote v1.0.47
[INFO] [stderr]    Compiling libc v0.2.189
[INFO] [stderr]    Compiling smallvec v1.16.2
[INFO] [stderr]    Compiling futures-core v0.3.34
[INFO] [stderr]    Compiling hashbrown v0.17.1
[INFO] [stderr]    Compiling tracing-core v0.1.36
[INFO] [stderr]    Compiling http v1.5.0
[INFO] [stderr]    Compiling serde_core v1.0.229
[INFO] [stderr]    Compiling futures-sink v0.3.34
[INFO] [stderr]    Compiling slab v0.4.12
[INFO] [stderr]    Compiling rustix v1.1.5
[INFO] [stderr]    Compiling find-msvc-tools v0.1.14
[INFO] [stderr]    Compiling httparse v1.10.1
[INFO] [stderr]    Compiling cfg-if v1.0.5
[INFO] [stderr]    Compiling indexmap v2.14.2
[INFO] [stderr]    Compiling bitflags v2.13.2
[INFO] [stderr]    Compiling linux-raw-sys v0.12.1
[INFO] [stderr]    Compiling pkg-config v0.3.34
[INFO] [stderr]    Compiling syn v3.0.6
[INFO] [stderr]    Compiling syn v2.0.119
[INFO] [stderr]    Compiling http-body v1.1.0
[INFO] [stderr]    Compiling futures-task v0.3.34
[INFO] [stderr]    Compiling shlex v2.0.1
[INFO] [stderr]    Compiling wayland-sys v0.31.11
[INFO] [stderr]    Compiling futures-util v0.3.34
[INFO] [stderr]    Compiling cc v1.5.1
[INFO] [stderr]    Compiling anyhow v1.0.104
[INFO] [stderr]    Compiling errno v0.3.14
[INFO] [stderr]    Compiling signal-hook-registry v1.4.8
[INFO] [stderr]    Compiling mio v1.2.3
[INFO] [stderr]    Compiling socket2 v0.6.5
[INFO] [stderr]    Compiling futures-channel v0.3.34
[INFO] [stderr]    Compiling sync_wrapper v1.0.2
[INFO] [stderr]    Compiling either v1.18.0
[INFO] [stderr]    Compiling itertools v0.14.0
[INFO] [stderr]    Compiling http-body-util v0.1.5
[INFO] [stderr]    Compiling quick-xml v0.41.0
[INFO] [stderr]    Compiling wayland-backend v0.3.17
[INFO] [stderr]    Compiling downcast-rs v1.2.1
[INFO] [stderr]    Compiling serde v1.0.229
[INFO] [stderr]    Compiling wayland-client v0.31.15
[INFO] [stderr]    Compiling axum-core v0.5.6
[INFO] [stderr]    Compiling num-traits v0.2.19
[INFO] [stderr]    Compiling aho-corasick v1.1.5
[INFO] [stderr]    Compiling crc32fast v1.5.2
[INFO] [stderr]    Compiling log v0.4.34
[INFO] [stderr]    Compiling foldhash v0.1.5
[INFO] [stderr]    Compiling wayland-scanner v0.31.11
[INFO] [stderr]    Compiling hashbrown v0.15.5
[INFO] [stderr]    Compiling regex-automata v0.4.18
[INFO] [stderr]    Compiling parking_lot_core v0.9.12
[INFO] [stderr]    Compiling fixedbitset v0.5.7
[INFO] [stderr]    Compiling thiserror v2.0.21
[INFO] [stderr]    Compiling crossbeam-utils v0.8.23
[INFO] [stderr]    Compiling serde_json v1.0.151
[INFO] [stderr]    Compiling tokio-macros v2.7.2
[INFO] [stderr]    Compiling serde_derive v1.0.229
[INFO] [stderr]    Compiling async-trait v0.1.92
[INFO] [stderr]    Compiling tokio v1.53.1
[INFO] [stderr]    Compiling tracing-attributes v0.1.31
[INFO] [stderr]    Compiling pin-project-internal v1.1.13
[INFO] [stderr]    Compiling prost-derive v0.14.4
[INFO] [stderr]    Compiling pin-project v1.1.13
[INFO] [stderr]    Compiling simd-adler32 v0.3.10
[INFO] [stderr]    Compiling tracing v0.1.44
[INFO] [stderr]    Compiling adler2 v2.0.1
[INFO] [stderr]    Compiling miniz_oxide v0.9.1
[INFO] [stderr]    Compiling thiserror-impl v2.0.21
[INFO] [stderr]    Compiling petgraph v0.8.3
[INFO] [stderr]    Compiling prost v0.14.4
[INFO] [stderr]    Compiling parking_lot v0.12.5
[INFO] [stderr]    Compiling valuable v0.1.1
[INFO] [stderr]    Compiling sharded-slab v0.1.7
[INFO] [stderr]    Compiling flate2 v1.1.10
[INFO] [stderr]    Compiling wayland-protocols v0.32.13
[INFO] [stderr]    Compiling tracing-serde v0.2.0
[INFO] [stderr]    Compiling tree_magic_mini v3.2.2
[INFO] [stderr]    Compiling prost-types v0.14.4
[INFO] [stderr]    Compiling matchers v0.2.0
[INFO] [stderr]    Compiling gethostname v1.1.0
[INFO] [stderr]    Compiling valuable-derive v0.1.1
[INFO] [stderr]    Compiling tracing-log v0.2.0
[INFO] [stderr]    Compiling os_pipe v1.2.3
[INFO] [stderr]    Compiling thread_local v1.1.10
[INFO] [stderr]    Compiling x11rb-protocol v0.13.2
[INFO] [stderr]    Compiling snafu-derive v0.9.2
[INFO] [stderr]    Compiling tracing-subscriber v0.3.23
[INFO] [stderr]    Compiling hdrhistogram v7.6.0
[INFO] [stderr]    Compiling tokio-util v0.7.19
[INFO] [stderr]    Compiling tokio-stream v0.1.19
[INFO] [stderr]    Compiling crossbeam-channel v0.5.17
[INFO] [stderr]    Compiling h2 v0.4.19
[INFO] [stderr]    Compiling tower v0.5.3
[INFO] [stderr]    Compiling humantime v2.4.0
[INFO] [stderr]    Compiling iana-time-zone v0.1.65
[INFO] [stderr]    Compiling chrono v0.4.45
[INFO] [stderr]    Compiling valuable-serde v0.1.1
[INFO] [stderr]    Compiling snafu v0.9.2
[INFO] [stderr]    Compiling axum v0.8.9
[INFO] [stderr]    Compiling regex v1.13.1
[INFO] [stderr]    Compiling unicode-width v0.2.2
[INFO] [stderr]    Compiling wayland-protocols-wlr v0.3.12
[INFO] [stderr]    Compiling owo-colors v4.4.0
[INFO] [stderr]    Compiling x11rb v0.13.2
[INFO] [stderr]    Compiling wl-clipboard-rs v0.9.3
[INFO] [stderr]    Compiling hyper v1.11.1
[INFO] [stderr]    Compiling arboard v3.6.1
[INFO] [stderr]    Compiling hyper-util v0.1.21
[INFO] [stderr]    Compiling hyper-timeout v0.5.2
[INFO] [stderr]    Compiling tonic v0.14.6
[INFO] [stderr]    Compiling tonic-prost v0.14.6
[INFO] [stderr]    Compiling console-api v0.9.0
[INFO] [stderr]    Compiling console-subscriber v0.5.0
[INFO] [stderr]    Compiling rm-lisa v0.6.0 (/opt/rustwide/workdir)
[INFO] [stdout] error[E0432]: unresolved import `tokio::task::Builder`
[INFO] [stdout]    --> src/display/mod.rs:59:2
[INFO] [stdout]     |
[INFO] [stdout]  59 |     task::Builder as TaskBuilder,
[INFO] [stdout]     |     ^^^^^^-------^^^^^^^^^^^^^^^
[INFO] [stdout]     |           |
[INFO] [stdout]     |           no `Builder` in `task`
[INFO] [stdout]     |
[INFO] [stdout]     = help: consider importing this struct instead:
[INFO] [stdout]             std::thread::Builder
[INFO] [stdout] note: found an item that was configured out
[INFO] [stdout]    --> /opt/rustwide/cargo-home/registry/src/index.crates.io-1949cf8c6b5b557f/tokio-1.53.1/src/task/mod.rs:324:26
[INFO] [stdout]     |
[INFO] [stdout] 324 |         pub use builder::Builder;
[INFO] [stdout]     |                          ^^^^^^^
[INFO] [stdout]     |
[INFO] [stdout]    ::: /opt/rustwide/cargo-home/registry/src/index.crates.io-1949cf8c6b5b557f/tokio-1.53.1/src/macros/cfg.rs:599:23
[INFO] [stdout]     |
[INFO] [stdout] 599 |             #[cfg(all(tokio_unstable, feature = "tracing"))]
[INFO] [stdout]     |                       -------------- the item is gated here
[INFO] [stdout] 
[INFO] [stdout] 
[INFO] [stdout] error[E0407]: method `record_value` is not a member of trait `Visit`
[INFO] [stdout]    --> src/display/tracing.rs:380:2
[INFO] [stdout]     |
[INFO] [stdout] 380 |       fn record_value(&mut self, field: &Field, value: Value<'_>) {
[INFO] [stdout]     |       ^  ------------ help: there is an associated function with a similar name: `record_debug`
[INFO] [stdout]     |  _____|
[INFO] [stdout]     | |
[INFO] [stdout] 381 | |         self.do_field_visit(field, valuable_to_flattened(value));
[INFO] [stdout] 382 | |     }
[INFO] [stdout]     | |_____^ not a member of trait `Visit`
[INFO] [stdout] 
[INFO] [stdout] 
[INFO] [stdout] error[E0407]: method `record_value` is not a member of trait `Visit`
[INFO] [stdout]    --> src/display/tracing.rs:636:2
[INFO] [stdout]     |
[INFO] [stdout] 636 |       fn record_value(&mut self, field: &Field, value: Value<'_>) {
[INFO] [stdout]     |       ^  ------------ help: there is an associated function with a similar name: `record_debug`
[INFO] [stdout]     |  _____|
[INFO] [stdout]     | |
[INFO] [stdout] 637 | |         self.fields
[INFO] [stdout] 638 | |             .insert(field.name(), valuable_to_flattened(value));
[INFO] [stdout] 639 | |     }
[INFO] [stdout]     | |_____^ not a member of trait `Visit`
[INFO] [stdout] 
[INFO] [stdout] 
[INFO] [stdout] Some errors have detailed explanations: E0407, E0432.
[INFO] [stdout] 
[INFO] [stdout] For more information about an error, try `rustc --explain E0407`.
[INFO] [stdout] 
[INFO] [stderr] error: could not compile `rm-lisa` (lib) due to 3 previous errors
[INFO] [stderr] warning: build failed, waiting for other jobs to finish...
[INFO] running `Command { std: "docker" "inspect" "c242a0cf588800368ff9d17cedeabacba1122b1cc12a451edbd7c62f1c79b5f3", kill_on_drop: false }`
[INFO] running `Command { std: "docker" "rm" "-f" "c242a0cf588800368ff9d17cedeabacba1122b1cc12a451edbd7c62f1c79b5f3", kill_on_drop: false }`
[INFO] [stdout] c242a0cf588800368ff9d17cedeabacba1122b1cc12a451edbd7c62f1c79b5f3
