[INFO] fetching crate rlx-tsac 0.2.11...
[INFO] testing rlx-tsac-0.2.11 against 1.99.0-beta.8 for beta-1.100-2
[INFO] extracting crate rlx-tsac 0.2.11 into /workspace/builds/worker-5-tc1/source
[INFO] started tweaking crates.io crate rlx-tsac 0.2.11
[INFO] removed 0 missing examples
[INFO] removed 0 missing tests
[INFO] finished tweaking crates.io crate rlx-tsac 0.2.11
[INFO] tweaked toml for crates.io crate rlx-tsac 0.2.11 written to /workspace/builds/worker-5-tc1/source/Cargo.toml
[INFO] validating manifest of crates.io crate rlx-tsac 0.2.11 on toolchain 1.99.0-beta.8
[INFO] running `Command { std: CARGO_HOME="/workspace/cargo-home" RUSTUP_HOME="/workspace/rustup-home" "/workspace/cargo-home/bin/cargo" "+1.99.0-beta.8" "metadata" "--manifest-path" "Cargo.toml" "--no-deps", kill_on_drop: false }`
[INFO] crate crates.io crate rlx-tsac 0.2.11 already has a lockfile, it will not be regenerated
[INFO] running `Command { std: CARGO_HOME="/workspace/cargo-home" RUSTUP_HOME="/workspace/rustup-home" "/workspace/cargo-home/bin/cargo" "+1.99.0-beta.8" "fetch" "--manifest-path" "Cargo.toml", kill_on_drop: false }`
[INFO] [stderr]     Updating crates.io index
[INFO] [stderr]      Locking 20 packages to highest compatible versions
[INFO] [stderr]       Adding rlx-autodiff v0.2.11 (available: v0.2.17)
[INFO] [stderr]       Adding rlx-compile v0.2.11 (available: v0.2.17)
[INFO] [stderr]       Adding rlx-cpu v0.2.11 (available: v0.2.17)
[INFO] [stderr]       Adding rlx-cuda v0.2.11 (available: v0.2.17)
[INFO] [stderr]       Adding rlx-driver v0.2.11 (available: v0.2.17)
[INFO] [stderr]       Adding rlx-flow v0.2.11 (available: v0.2.17)
[INFO] [stderr]       Adding rlx-fusion v0.2.11 (available: v0.2.17)
[INFO] [stderr]       Adding rlx-gguf v0.2.11 (available: v0.2.17)
[INFO] [stderr]       Adding rlx-gpu-kernels v0.2.13 (available: v0.2.17)
[INFO] [stderr]       Adding rlx-ir v0.2.11 (available: v0.2.17)
[INFO] [stderr]       Adding rlx-macros v0.2.17
[INFO] [stderr]       Adding rlx-metal v0.2.11 (available: v0.2.17)
[INFO] [stderr]       Adding rlx-mlx v0.2.11 (available: v0.2.17)
[INFO] [stderr]       Adding rlx-mlx-sys v0.2.17
[INFO] [stderr]       Adding rlx-opt v0.2.11 (available: v0.2.17)
[INFO] [stderr]       Adding rlx-rocm v0.2.11 (available: v0.2.17)
[INFO] [stderr]       Adding rlx-runtime v0.2.11 (available: v0.2.17)
[INFO] [stderr]       Adding rlx-text v0.2.11 (available: v0.2.17)
[INFO] [stderr]       Adding rlx-vulkan v0.2.11 (available: v0.2.17)
[INFO] [stderr]       Adding rlx-wgpu v0.2.11 (available: v0.2.17)
[INFO] [stderr]  Downloading crates ...
[INFO] [stderr]   Downloaded naga-types v30.0.0
[INFO] [stderr]   Downloaded displaydoc v0.2.6
[INFO] [stderr]   Downloaded pollster v0.3.0
[INFO] [stderr]   Downloaded wgpu-core-deps-windows-linux-android v30.0.0
[INFO] [stderr]   Downloaded wgpu-naga-bridge v30.0.0
[INFO] [stderr]   Downloaded rlx-text v0.2.11
[INFO] [stderr]   Downloaded ordered-float v5.0.0
[INFO] [stderr]   Downloaded rlx-macros v0.2.17
[INFO] [stderr]   Downloaded wgpu-core-deps-apple v30.0.0
[INFO] [stderr]   Downloaded rlx-opt v0.2.11
[INFO] [stderr]   Downloaded rlx-vulkan v0.2.11
[INFO] [stderr]   Downloaded pp-rs v0.2.1
[INFO] [stderr]   Downloaded macro_rules_attribute-proc_macro v0.2.2
[INFO] [stderr]   Downloaded hf-hub v0.5.0
[INFO] [stderr]   Downloaded rlx-driver v0.2.11
[INFO] [stderr]   Downloaded unit-prefix v0.5.2
[INFO] [stderr]   Downloaded rlx-cli v0.2.11
[INFO] [stderr]   Downloaded macro_rules_attribute v0.2.2
[INFO] [stderr]   Downloaded rlx-gpu-kernels v0.2.13
[INFO] [stderr]   Downloaded rlx-flow v0.2.11
[INFO] [stderr]   Downloaded socks v0.3.4
[INFO] [stderr]   Downloaded rlx-compile v0.2.11
[INFO] [stderr]   Downloaded rlx-models-core v0.2.11
[INFO] [stderr]   Downloaded hound v3.5.1
[INFO] [stderr]   Downloaded cookie_store v0.22.1
[INFO] [stderr]   Downloaded wgpu-types v30.0.0
[INFO] [stderr]   Downloaded rlx-gguf v0.2.11
[INFO] [stderr]   Downloaded rlx-autodiff v0.2.11
[INFO] [stderr]   Downloaded indicatif v0.18.4
[INFO] [stderr]   Downloaded rlx-rocm v0.2.11
[INFO] [stderr]   Downloaded rlx-mlx v0.2.11
[INFO] [stderr]   Downloaded rlx-cuda v0.2.11
[INFO] [stderr]   Downloaded rlx-fusion v0.2.11
[INFO] [stderr]   Downloaded wgpu v30.0.0
[INFO] [stderr]   Downloaded rlx-wgpu v0.2.11
[INFO] [stderr]   Downloaded rlx-ir v0.2.11
[INFO] [stderr]   Downloaded minijinja v2.20.0
[INFO] [stderr]   Downloaded rlx-cpu v0.2.11
[INFO] [stderr]   Downloaded rlx-metal v0.2.11
[INFO] [stderr]   Downloaded rlx-runtime v0.2.11
[INFO] [stderr]   Downloaded wgpu-core v30.0.0
[INFO] [stderr]   Downloaded wgpu-hal v30.0.0
[INFO] [stderr]   Downloaded cudarc v0.19.7
[INFO] [stderr]   Downloaded naga v30.0.0
[INFO] [stderr]   Downloaded metal v0.30.0
[INFO] [stderr]   Downloaded rlx-mlx-sys v0.2.17
[INFO] [stderr]   Downloaded rlx-dac v0.2.11
[INFO] running `Command { std: "docker" "create" "-v" "/var/lib/crater-agent-workspace/builds/worker-5-tc1/source:/opt/rustwide/workdir:ro,Z" "-v" "/var/lib/crater-agent-workspace/builds/worker-5-tc1/target:/opt/rustwide/target:rw,Z" "-v" "/var/lib/crater-agent-workspace/cargo-home:/opt/rustwide/cargo-home:ro,Z" "-v" "/var/lib/crater-agent-workspace/rustup-home:/opt/rustwide/rustup-home:ro,Z" "-m" "1610612736" "--network" "none" "ghcr.io/rust-lang/crates-build-env/linux@sha256:3111399a4047eeb3a02b7a90e478d715f38a8c6669b5c4b49d30a17385265909" "sleep" "infinity", kill_on_drop: false }`
[INFO] [stdout] 8cf916f789f2c8435f22bac09b9e695145e989ac64cb8420f38be05bcabe9401
[INFO] running `Command { std: "docker" "start" "8cf916f789f2c8435f22bac09b9e695145e989ac64cb8420f38be05bcabe9401", kill_on_drop: false }`
[INFO] running `Command { std: "docker" "inspect" "8cf916f789f2c8435f22bac09b9e695145e989ac64cb8420f38be05bcabe9401", kill_on_drop: false }`
[INFO] running `Command { std: "docker" "exec" "-e" "SOURCE_DIR=/opt/rustwide/workdir" "-e" "CARGO_HOME=/opt/rustwide/cargo-home" "-e" "RUSTUP_HOME=/opt/rustwide/rustup-home" "-e" "CARGO_TARGET_DIR=/opt/rustwide/target" "-w" "/opt/rustwide/workdir" "--user" "0:0" "8cf916f789f2c8435f22bac09b9e695145e989ac64cb8420f38be05bcabe9401" "/opt/rustwide/cargo-home/bin/cargo" "+1.99.0-beta.8" "metadata" "--no-deps" "--format-version=1", kill_on_drop: false }`
[INFO] running `Command { std: "docker" "inspect" "8cf916f789f2c8435f22bac09b9e695145e989ac64cb8420f38be05bcabe9401", kill_on_drop: false }`
[INFO] running `Command { std: "docker" "exec" "-e" "SOURCE_DIR=/opt/rustwide/workdir" "-e" "CARGO_HOME=/opt/rustwide/cargo-home" "-e" "RUSTUP_HOME=/opt/rustwide/rustup-home" "-e" "CARGO_TARGET_DIR=/opt/rustwide/target" "-e" "CARGO_INCREMENTAL=0" "-e" "RUST_BACKTRACE=full" "-e" "RUSTFLAGS=--cap-lints=warn" "-e" "RUSTDOCFLAGS=--cap-lints=warn" "-w" "/opt/rustwide/workdir" "--user" "0:0" "8cf916f789f2c8435f22bac09b9e695145e989ac64cb8420f38be05bcabe9401" "/opt/rustwide/cargo-home/bin/cargo" "+1.99.0-beta.8" "build" "--frozen" "--message-format=json", kill_on_drop: false }`
[INFO] [stderr]    Compiling serde_core v1.0.228
[INFO] [stderr]    Compiling serde v1.0.228
[INFO] [stderr]    Compiling memchr v2.8.1
[INFO] [stderr]    Compiling zerocopy v0.8.52
[INFO] [stderr]    Compiling serde_json v1.0.150
[INFO] [stderr]    Compiling either v1.16.0
[INFO] [stderr]    Compiling num-traits v0.2.19
[INFO] [stderr]    Compiling cc v1.2.63
[INFO] [stderr]    Compiling syn v2.0.117
[INFO] [stderr]    Compiling crc32fast v1.5.0
[INFO] [stderr]    Compiling simd-adler32 v0.3.9
[INFO] [stderr]    Compiling rayon-core v1.13.0
[INFO] [stderr]    Compiling bitflags v2.13.0
[INFO] [stderr]    Compiling getrandom v0.3.4
[INFO] [stderr]    Compiling rlx-cpu v0.2.11
[INFO] [stderr]    Compiling pkg-config v0.3.33
[INFO] [stderr]    Compiling miniz_oxide v0.8.9
[INFO] [stderr]    Compiling siphasher v1.0.3
[INFO] [stderr]    Compiling winnow v0.7.15
[INFO] [stderr]    Compiling toml_write v0.1.2
[INFO] [stderr]    Compiling ahash v0.8.12
[INFO] [stderr]    Compiling rand_core v0.9.5
[INFO] [stderr]    Compiling fdeflate v0.3.7
[INFO] [stderr]    Compiling rand_core v0.6.4
[INFO] [stderr]    Compiling esaxx-rs v0.1.10
[INFO] [stderr]    Compiling minimal-lexical v0.2.1
[INFO] [stderr]    Compiling zune-core v0.5.1
[INFO] [stderr]    Compiling pxfm v0.1.29
[INFO] [stderr]    Compiling aho-corasick v1.1.4
[INFO] [stderr]    Compiling anstyle-parse v1.0.0
[INFO] [stderr]    Compiling rand v0.8.6
[INFO] [stderr]    Compiling rayon v1.12.0
[INFO] [stderr]    Compiling nom v7.1.3
[INFO] [stderr]    Compiling zune-jpeg v0.5.15
[INFO] [stderr]    Compiling phf_shared v0.11.3
[INFO] [stderr]    Compiling itertools v0.14.0
[INFO] [stderr]    Compiling matrixmultiply v0.3.10
[INFO] [stderr]    Compiling flate2 v1.1.9
[INFO] [stderr]    Compiling colorchoice v1.0.5
[INFO] [stderr]    Compiling anstyle v1.0.14
[INFO] [stderr]    Compiling macro_rules_attribute-proc_macro v0.2.2
[INFO] [stderr]    Compiling is_terminal_polyfill v1.70.2
[INFO] [stderr]    Compiling anstyle-query v1.1.5
[INFO] [stderr]    Compiling phf_generator v0.11.3
[INFO] [stderr]    Compiling onig_sys v69.9.3
[INFO] [stderr]    Compiling macro_rules_attribute v0.2.2
[INFO] [stderr]    Compiling anstream v1.0.0
[INFO] [stderr]    Compiling memmap2 v0.9.10
[INFO] [stderr]    Compiling png v0.18.1
[INFO] [stderr]    Compiling memo-map v0.3.3
[INFO] [stderr]    Compiling clap_lex v1.1.0
[INFO] [stderr]    Compiling unicode_categories v0.1.1
[INFO] [stderr]    Compiling clap_builder v4.6.0
[INFO] [stderr]    Compiling num-integer v0.1.46
[INFO] [stderr]    Compiling num-complex v0.4.6
[INFO] [stderr]    Compiling rlx-tsac v0.2.11 (/opt/rustwide/workdir)
[INFO] [stderr]    Compiling regex-automata v0.4.14
[INFO] [stderr]    Compiling ndarray v0.16.1
[INFO] [stderr]    Compiling hound v3.5.1
[INFO] [stderr]    Compiling rayon-cond v0.4.0
[INFO] [stderr]    Compiling moxcms v0.8.1
[INFO] [stderr] warning: rlx-tsac@0.2.11: vendor/src/tsac_codec.c: In function 'tsac_init':
[INFO] [stderr] warning: rlx-tsac@0.2.11: vendor/src/tsac_codec.c:32:36: error: implicit declaration of function 'strdup'; did you mean 'strcmp'? [-Wimplicit-function-declaration]
[INFO] [stderr] warning: rlx-tsac@0.2.11:    32 |     ctx->model_path = model_path ? strdup(model_path) : NULL;
[INFO] [stderr] warning: rlx-tsac@0.2.11:       |                                    ^~~~~~
[INFO] [stderr] warning: rlx-tsac@0.2.11:       |                                    strcmp
[INFO] [stderr] warning: rlx-tsac@0.2.11: vendor/src/tsac_codec.c:32:55: error: pointer/integer type mismatch in conditional expression [-Wint-conversion]
[INFO] [stderr] warning: rlx-tsac@0.2.11:    32 |     ctx->model_path = model_path ? strdup(model_path) : NULL;
[INFO] [stderr] warning: rlx-tsac@0.2.11:       |                                                       ^
[INFO] [stderr] warning: rlx-tsac@0.2.11: At top level:
[INFO] [stderr] warning: rlx-tsac@0.2.11: cc1: note: unrecognized command-line option '-Wno-incompatible-function-pointer-types' may have been intended to silence earlier diagnostics
[INFO] [stderr] error: failed to run custom build command for `rlx-tsac v0.2.11 (/opt/rustwide/workdir)`
[INFO] [stderr] note: To improve backtraces for build dependencies, set the CARGO_PROFILE_DEV_BUILD_OVERRIDE_DEBUG=true environment variable to enable debug information generation.
[INFO] [stderr] 
[INFO] [stderr] Caused by:
[INFO] [stderr]   process didn't exit successfully: `/opt/rustwide/target/debug/build/rlx-tsac-3328f98add9c9fe0/build-script-build` (exit status: 1)
[INFO] [stderr]   --- stdout
[INFO] [stderr]   cargo:rerun-if-env-changed=CC_FORCE_DISABLE
[INFO] [stderr]   CC_FORCE_DISABLE = None
[INFO] [stderr]   cargo:rerun-if-env-changed=CC_x86_64-unknown-linux-gnu
[INFO] [stderr]   CC_x86_64-unknown-linux-gnu = None
[INFO] [stderr]   cargo:rerun-if-env-changed=CC_x86_64_unknown_linux_gnu
[INFO] [stderr]   CC_x86_64_unknown_linux_gnu = None
[INFO] [stderr]   cargo:rerun-if-env-changed=HOST_CC
[INFO] [stderr]   HOST_CC = None
[INFO] [stderr]   cargo:rerun-if-env-changed=CC
[INFO] [stderr]   CC = None
[INFO] [stderr]   cargo:rerun-if-env-changed=CC_ENABLE_DEBUG_OUTPUT
[INFO] [stderr]   cargo:rerun-if-env-changed=CRATE_CC_NO_DEFAULTS
[INFO] [stderr]   CRATE_CC_NO_DEFAULTS = None
[INFO] [stderr]   cargo:rerun-if-env-changed=CFLAGS
[INFO] [stderr]   CFLAGS = None
[INFO] [stderr]   cargo:rerun-if-env-changed=HOST_CFLAGS
[INFO] [stderr]   HOST_CFLAGS = None
[INFO] [stderr]   cargo:rerun-if-env-changed=CFLAGS_x86_64_unknown_linux_gnu
[INFO] [stderr]   CFLAGS_x86_64_unknown_linux_gnu = None
[INFO] [stderr]   cargo:rerun-if-env-changed=CFLAGS_x86_64-unknown-linux-gnu
[INFO] [stderr]   CFLAGS_x86_64-unknown-linux-gnu = None
[INFO] [stderr]   cargo:rerun-if-env-changed=CC_ENABLE_DEBUG_OUTPUT
[INFO] [stderr]   cargo:rerun-if-env-changed=CRATE_CC_NO_DEFAULTS
[INFO] [stderr]   CRATE_CC_NO_DEFAULTS = None
[INFO] [stderr]   cargo:rerun-if-env-changed=CFLAGS
[INFO] [stderr]   CFLAGS = None
[INFO] [stderr]   cargo:rerun-if-env-changed=HOST_CFLAGS
[INFO] [stderr]   HOST_CFLAGS = None
[INFO] [stderr]   cargo:rerun-if-env-changed=CFLAGS_x86_64_unknown_linux_gnu
[INFO] [stderr]   CFLAGS_x86_64_unknown_linux_gnu = None
[INFO] [stderr]   cargo:rerun-if-env-changed=CFLAGS_x86_64-unknown-linux-gnu
[INFO] [stderr]   CFLAGS_x86_64-unknown-linux-gnu = None
[INFO] [stderr]   cargo:rerun-if-env-changed=CC_ENABLE_DEBUG_OUTPUT
[INFO] [stderr]   cargo:rerun-if-env-changed=CRATE_CC_NO_DEFAULTS
[INFO] [stderr]   CRATE_CC_NO_DEFAULTS = None
[INFO] [stderr]   cargo:rerun-if-env-changed=CFLAGS
[INFO] [stderr]   CFLAGS = None
[INFO] [stderr]   cargo:rerun-if-env-changed=HOST_CFLAGS
[INFO] [stderr]   HOST_CFLAGS = None
[INFO] [stderr]   cargo:rerun-if-env-changed=CFLAGS_x86_64_unknown_linux_gnu
[INFO] [stderr]   CFLAGS_x86_64_unknown_linux_gnu = None
[INFO] [stderr]   cargo:rerun-if-env-changed=CFLAGS_x86_64-unknown-linux-gnu
[INFO] [stderr]   CFLAGS_x86_64-unknown-linux-gnu = None
[INFO] [stderr]   cargo:rerun-if-env-changed=CC_ENABLE_DEBUG_OUTPUT
[INFO] [stderr]   cargo:rerun-if-env-changed=CRATE_CC_NO_DEFAULTS
[INFO] [stderr]   CRATE_CC_NO_DEFAULTS = None
[INFO] [stderr]   cargo:rerun-if-env-changed=CFLAGS
[INFO] [stderr]   CFLAGS = None
[INFO] [stderr]   cargo:rerun-if-env-changed=HOST_CFLAGS
[INFO] [stderr]   HOST_CFLAGS = None
[INFO] [stderr]   cargo:rerun-if-env-changed=CFLAGS_x86_64_unknown_linux_gnu
[INFO] [stderr]   CFLAGS_x86_64_unknown_linux_gnu = None
[INFO] [stderr]   cargo:rerun-if-env-changed=CFLAGS_x86_64-unknown-linux-gnu
[INFO] [stderr]   CFLAGS_x86_64-unknown-linux-gnu = None
[INFO] [stderr]   cargo:rerun-if-env-changed=CC_ENABLE_DEBUG_OUTPUT
[INFO] [stderr]   cargo:rerun-if-env-changed=CRATE_CC_NO_DEFAULTS
[INFO] [stderr]   CRATE_CC_NO_DEFAULTS = None
[INFO] [stderr]   cargo:rerun-if-env-changed=CFLAGS
[INFO] [stderr]   CFLAGS = None
[INFO] [stderr]   cargo:rerun-if-env-changed=HOST_CFLAGS
[INFO] [stderr]   HOST_CFLAGS = None
[INFO] [stderr]   cargo:rerun-if-env-changed=CFLAGS_x86_64_unknown_linux_gnu
[INFO] [stderr]   CFLAGS_x86_64_unknown_linux_gnu = None
[INFO] [stderr]   cargo:rerun-if-env-changed=CFLAGS_x86_64-unknown-linux-gnu
[INFO] [stderr]   CFLAGS_x86_64-unknown-linux-gnu = None
[INFO] [stderr]   cargo:rerun-if-env-changed=CC_ENABLE_DEBUG_OUTPUT
[INFO] [stderr]   cargo:rerun-if-env-changed=CRATE_CC_NO_DEFAULTS
[INFO] [stderr]   CRATE_CC_NO_DEFAULTS = None
[INFO] [stderr]   cargo:rerun-if-env-changed=CFLAGS
[INFO] [stderr]   CFLAGS = None
[INFO] [stderr]   cargo:rerun-if-env-changed=HOST_CFLAGS
[INFO] [stderr]   HOST_CFLAGS = None
[INFO] [stderr]   cargo:rerun-if-env-changed=CFLAGS_x86_64_unknown_linux_gnu
[INFO] [stderr]   CFLAGS_x86_64_unknown_linux_gnu = None
[INFO] [stderr]   cargo:rerun-if-env-changed=CFLAGS_x86_64-unknown-linux-gnu
[INFO] [stderr]   CFLAGS_x86_64-unknown-linux-gnu = None
[INFO] [stderr]   cargo:warning=vendor/src/tsac_codec.c: In function 'tsac_init':
[INFO] [stderr]   cargo:warning=vendor/src/tsac_codec.c:32:36: error: implicit declaration of function 'strdup'; did you mean 'strcmp'? [-Wimplicit-function-declaration]
[INFO] [stderr]   cargo:warning=   32 |     ctx->model_path = model_path ? strdup(model_path) : NULL;
[INFO] [stderr]   cargo:warning=      |                                    ^~~~~~
[INFO] [stderr]   cargo:warning=      |                                    strcmp
[INFO] [stderr]   cargo:warning=vendor/src/tsac_codec.c:32:55: error: pointer/integer type mismatch in conditional expression [-Wint-conversion]
[INFO] [stderr]   cargo:warning=   32 |     ctx->model_path = model_path ? strdup(model_path) : NULL;
[INFO] [stderr]   cargo:warning=      |                                                       ^
[INFO] [stderr]   cargo:warning=At top level:
[INFO] [stderr]   cargo:warning=cc1: note: unrecognized command-line option '-Wno-incompatible-function-pointer-types' may have been intended to silence earlier diagnostics
[INFO] [stderr] 
[INFO] [stderr]   --- stderr
[INFO] [stderr] 
[INFO] [stderr] 
[INFO] [stderr]   error occurred in cc-rs: command did not execute successfully (status code exit status: 1): LC_ALL="C" "cc" "-O0" "-ffunction-sections" "-fdata-sections" "-fPIC" "-g" "-gdwarf-4" "-fno-omit-frame-pointer" "-m64" "-std=c11" "-I" "vendor/include" "-I" "vendor/src" "-I" "vendor/src/vulkan" "-w" "-Wno-incompatible-function-pointer-types" "-O3" "-ffast-math" "-mavx2" "-mfma" "-o" "/opt/rustwide/target/debug/build/rlx-tsac-43a22e70f5d7a7f3/out/49c72391db7e6a2b-tsac_codec.o" "-c" "vendor/src/tsac_codec.c"
[INFO] [stderr] 
[INFO] [stderr] 
[INFO] [stderr] warning: build failed, waiting for other jobs to finish...
[INFO] running `Command { std: "docker" "inspect" "8cf916f789f2c8435f22bac09b9e695145e989ac64cb8420f38be05bcabe9401", kill_on_drop: false }`
[INFO] running `Command { std: "docker" "rm" "-f" "8cf916f789f2c8435f22bac09b9e695145e989ac64cb8420f38be05bcabe9401", kill_on_drop: false }`
[INFO] [stdout] 8cf916f789f2c8435f22bac09b9e695145e989ac64cb8420f38be05bcabe9401
