[INFO] fetching crate rlx-opscope 0.2.16...
[INFO] testing rlx-opscope-0.2.16 against 1.99.0-beta.8 for beta-1.100-2
[INFO] extracting crate rlx-opscope 0.2.16 into /workspace/builds/worker-4-tc1/source
[INFO] started tweaking crates.io crate rlx-opscope 0.2.16
[INFO] finished tweaking crates.io crate rlx-opscope 0.2.16
[INFO] tweaked toml for crates.io crate rlx-opscope 0.2.16 written to /workspace/builds/worker-4-tc1/source/Cargo.toml
[INFO] validating manifest of crates.io crate rlx-opscope 0.2.16 on toolchain 1.99.0-beta.8
[INFO] running `Command { std: CARGO_HOME="/workspace/cargo-home" RUSTUP_HOME="/workspace/rustup-home" "/workspace/cargo-home/bin/cargo" "+1.99.0-beta.8" "metadata" "--manifest-path" "Cargo.toml" "--no-deps", kill_on_drop: false }`
[INFO] crate crates.io crate rlx-opscope 0.2.16 already has a lockfile, it will not be regenerated
[INFO] running `Command { std: CARGO_HOME="/workspace/cargo-home" RUSTUP_HOME="/workspace/rustup-home" "/workspace/cargo-home/bin/cargo" "+1.99.0-beta.8" "fetch" "--manifest-path" "Cargo.toml", kill_on_drop: false }`
[INFO] [stderr]     Updating crates.io index
[INFO] [stderr]  Downloading crates ...
[INFO] [stderr]   Downloaded naga-types v30.0.0
[INFO] [stderr]   Downloaded wasm-bindgen-futures v0.4.68
[INFO] [stderr]   Downloaded wgpu-core-deps-apple v30.0.0
[INFO] [stderr]   Downloaded rlx-opt v0.2.16
[INFO] [stderr]   Downloaded wgpu-core-deps-windows-linux-android v30.0.0
[INFO] [stderr]   Downloaded pollster v0.3.0
[INFO] [stderr]   Downloaded derive_arbitrary v1.4.2
[INFO] [stderr]   Downloaded pbkdf2 v0.11.0
[INFO] [stderr]   Downloaded py_literal v0.4.0
[INFO] [stderr]   Downloaded inventory v0.3.24
[INFO] [stderr]   Downloaded rlx-dduf v0.2.16
[INFO] [stderr]   Downloaded password-hash v0.4.2
[INFO] [stderr]   Downloaded wgpu-types v30.0.0
[INFO] [stderr]   Downloaded safetensors v0.7.0
[INFO] [stderr]   Downloaded rlx-gpu-dispatch v0.2.16
[INFO] [stderr]   Downloaded wgpu-naga-bridge v30.0.0
[INFO] [stderr]   Downloaded bit-set v0.10.0
[INFO] [stderr]   Downloaded rlx-unfuse v0.2.16
[INFO] [stderr]   Downloaded rlx-nemo v0.2.16
[INFO] [stderr]   Downloaded arrow-schema v53.4.1
[INFO] [stderr]   Downloaded arrow-data v53.4.1
[INFO] [stderr]   Downloaded flatbuffers v24.12.23
[INFO] [stderr]   Downloaded rlxsl v0.2.16
[INFO] [stderr]   Downloaded rlx-gpu-host v0.2.16
[INFO] [stderr]   Downloaded rlx-mlx-io v0.2.16
[INFO] [stderr]   Downloaded rlx-macros v0.2.16
[INFO] [stderr]   Downloaded snap v1.1.2
[INFO] [stderr]   Downloaded wgpu v30.0.0
[INFO] [stderr]   Downloaded rlx-pkg v0.2.16
[INFO] [stderr]   Downloaded npyz v0.8.4
[INFO] [stderr]   Downloaded zip v0.6.6
[INFO] [stderr]   Downloaded arrow-select v53.4.1
[INFO] [stderr]   Downloaded arrow-buffer v53.4.1
[INFO] [stderr]   Downloaded rlx-gguf v0.2.16
[INFO] [stderr]   Downloaded rlx-driver v0.2.16
[INFO] [stderr]   Downloaded arrow-ipc v53.4.1
[INFO] [stderr]   Downloaded arrow-cast v53.4.1
[INFO] [stderr]   Downloaded zip v2.4.2
[INFO] [stderr]   Downloaded aes v0.9.1
[INFO] [stderr]   Downloaded rlx-fusion v0.2.16
[INFO] [stderr]   Downloaded rlx-compile v0.2.16
[INFO] [stderr]   Downloaded rlx-gpu-kernels v0.2.16
[INFO] [stderr]   Downloaded rlx-autodiff v0.2.16
[INFO] [stderr]   Downloaded arrow-array v53.4.1
[INFO] [stderr]   Downloaded chrono v0.4.39
[INFO] [stderr]   Downloaded wgpu-core v30.0.0
[INFO] [stderr]   Downloaded rlx-wgpu v0.2.16
[INFO] [stderr]   Downloaded rlx-cuda v0.2.16
[INFO] [stderr]   Downloaded rlx-ir v0.2.16
[INFO] [stderr]   Downloaded wgpu-hal v30.0.0
[INFO] [stderr]   Downloaded rlx-cpu v0.2.16
[INFO] [stderr]   Downloaded cudarc v0.19.8
[INFO] [stderr]   Downloaded parquet v53.4.1
[INFO] [stderr]   Downloaded rlx-runtime v0.2.16
[INFO] [stderr]   Downloaded rlx-metal v0.2.16
[INFO] [stderr]   Downloaded naga v30.0.0
[INFO] running `Command { std: "docker" "create" "-v" "/var/lib/crater-agent-workspace/builds/worker-4-tc1/source:/opt/rustwide/workdir:ro,Z" "-v" "/var/lib/crater-agent-workspace/builds/worker-4-tc1/target:/opt/rustwide/target:rw,Z" "-v" "/var/lib/crater-agent-workspace/cargo-home:/opt/rustwide/cargo-home:ro,Z" "-v" "/var/lib/crater-agent-workspace/rustup-home:/opt/rustwide/rustup-home:ro,Z" "-m" "1610612736" "--network" "none" "ghcr.io/rust-lang/crates-build-env/linux@sha256:3111399a4047eeb3a02b7a90e478d715f38a8c6669b5c4b49d30a17385265909" "sleep" "infinity", kill_on_drop: false }`
[INFO] [stdout] 0aef39304def8116b6ed0f5f7c3be2b31f550d23170e7210ddf4853596661330
[INFO] running `Command { std: "docker" "start" "0aef39304def8116b6ed0f5f7c3be2b31f550d23170e7210ddf4853596661330", kill_on_drop: false }`
[INFO] running `Command { std: "docker" "inspect" "0aef39304def8116b6ed0f5f7c3be2b31f550d23170e7210ddf4853596661330", kill_on_drop: false }`
[INFO] running `Command { std: "docker" "exec" "-e" "SOURCE_DIR=/opt/rustwide/workdir" "-e" "CARGO_HOME=/opt/rustwide/cargo-home" "-e" "RUSTUP_HOME=/opt/rustwide/rustup-home" "-e" "CARGO_TARGET_DIR=/opt/rustwide/target" "-w" "/opt/rustwide/workdir" "--user" "0:0" "0aef39304def8116b6ed0f5f7c3be2b31f550d23170e7210ddf4853596661330" "/opt/rustwide/cargo-home/bin/cargo" "+1.99.0-beta.8" "metadata" "--no-deps" "--format-version=1", kill_on_drop: false }`
[INFO] running `Command { std: "docker" "inspect" "0aef39304def8116b6ed0f5f7c3be2b31f550d23170e7210ddf4853596661330", kill_on_drop: false }`
[INFO] running `Command { std: "docker" "exec" "-e" "SOURCE_DIR=/opt/rustwide/workdir" "-e" "CARGO_HOME=/opt/rustwide/cargo-home" "-e" "RUSTUP_HOME=/opt/rustwide/rustup-home" "-e" "CARGO_TARGET_DIR=/opt/rustwide/target" "-e" "CARGO_INCREMENTAL=0" "-e" "RUST_BACKTRACE=full" "-e" "RUSTFLAGS=--cap-lints=warn" "-e" "RUSTDOCFLAGS=--cap-lints=warn" "-w" "/opt/rustwide/workdir" "--user" "0:0" "0aef39304def8116b6ed0f5f7c3be2b31f550d23170e7210ddf4853596661330" "/opt/rustwide/cargo-home/bin/cargo" "+1.99.0-beta.8" "build" "--frozen" "--message-format=json", kill_on_drop: false }`
[INFO] [stderr]    Compiling pkg-config v0.3.33
[INFO] [stderr]    Compiling serde_json v1.0.149
[INFO] [stderr]    Compiling hybrid-array v0.4.13
[INFO] [stderr]    Compiling zerocopy v0.8.48
[INFO] [stderr]    Compiling simd-adler32 v0.3.9
[INFO] [stderr]    Compiling cpubits v0.1.1
[INFO] [stderr]    Compiling num-traits v0.2.19
[INFO] [stderr]    Compiling syn v2.0.117
[INFO] [stderr]    Compiling jobserver v0.1.35
[INFO] [stderr]    Compiling generic-array v0.14.7
[INFO] [stderr]    Compiling ucd-trie v0.1.7
[INFO] [stderr]    Compiling zstd-safe v5.0.2+zstd.1.5.2
[INFO] [stderr]    Compiling anyhow v1.0.102
[INFO] [stderr]    Compiling rand_core v0.6.4
[INFO] [stderr]    Compiling base64ct v1.8.3
[INFO] [stderr]    Compiling time-core v0.1.9
[INFO] [stderr]    Compiling num-conv v0.2.2
[INFO] [stderr]    Compiling hashbrown v0.17.0
[INFO] [stderr]    Compiling miniz_oxide v0.8.9
[INFO] [stderr]    Compiling deranged v0.5.8
[INFO] [stderr]    Compiling pest v2.8.8
[INFO] [stderr]    Compiling password-hash v0.4.2
[INFO] [stderr]    Compiling cc v1.2.61
[INFO] [stderr]    Compiling hashbrown v0.16.1
[INFO] [stderr]    Compiling constant_time_eq v0.1.5
[INFO] [stderr]    Compiling serde_core v1.0.228
[INFO] [stderr]    Compiling rayon v1.12.0
[INFO] [stderr]    Compiling indexmap v2.14.0
[INFO] [stderr]    Compiling inout v0.2.2
[INFO] [stderr]    Compiling crypto-common v0.1.7
[INFO] [stderr]    Compiling crypto-common v0.2.2
[INFO] [stderr]    Compiling block-buffer v0.10.4
[INFO] [stderr]    Compiling inout v0.1.4
[INFO] [stderr]    Compiling digest v0.10.7
[INFO] [stderr]    Compiling flate2 v1.1.9
[INFO] [stderr]    Compiling cipher v0.4.4
[INFO] [stderr]    Compiling sha2 v0.10.9
[INFO] [stderr]    Compiling hmac v0.12.1
[INFO] [stderr]    Compiling num-integer v0.1.46
[INFO] [stderr]    Compiling num-complex v0.4.6
[INFO] [stderr]    Compiling sha1 v0.10.7
[INFO] [stderr]    Compiling pbkdf2 v0.11.0
[INFO] [stderr]    Compiling aes v0.8.4
[INFO] [stderr]    Compiling memmap2 v0.9.10
[INFO] [stderr]    Compiling num-bigint v0.4.8
[INFO] [stderr]    Compiling zip v2.4.2
[INFO] [stderr]    Compiling log v0.4.29
[INFO] [stderr]    Compiling bumpalo v3.20.2
[INFO] [stderr]    Compiling time v0.3.53
[INFO] [stderr]    Compiling rlx-cpu v0.2.16
[INFO] [stderr]    Compiling xxhash-rust v0.8.18
[INFO] [stderr]    Compiling inventory v0.3.24
[INFO] [stderr]    Compiling rlx-gpu-dispatch v0.2.16
[INFO] [stderr]    Compiling zopfli v0.8.3
[INFO] [stderr]    Compiling cipher v0.5.2
[INFO] [stderr]    Compiling pest_meta v2.8.8
[INFO] [stderr]    Compiling zstd-sys v2.0.16+zstd.1.5.7
[INFO] [stderr]    Compiling bzip2-sys v0.1.13+1.0.8
[INFO] [stderr]    Compiling aes v0.9.1
[INFO] [stderr]    Compiling bzip2 v0.4.4
[INFO] [stderr]    Compiling pest_generator v2.8.8
[INFO] [stderr]    Compiling serde_derive v1.0.228
[INFO] [stderr]    Compiling zerocopy-derive v0.8.48
[INFO] [stderr]    Compiling bytemuck_derive v1.10.2
[INFO] [stderr]    Compiling thiserror-impl v2.0.18
[INFO] [stderr]    Compiling pest_derive v2.8.8
[INFO] [stderr]    Compiling displaydoc v0.2.6
[INFO] [stderr]    Compiling strum_macros v0.28.0
[INFO] [stderr]    Compiling rlx-macros v0.2.16
[INFO] [stderr]    Compiling py_literal v0.4.0
[INFO] [stderr]    Compiling thiserror v2.0.18
[INFO] [stderr]    Compiling bytemuck v1.25.0
[INFO] [stderr]    Compiling rlx-runtime v0.2.16
[INFO] [stderr]    Compiling serde v1.0.228
[INFO] [stderr]    Compiling zstd-safe v7.2.4
[INFO] [stderr]    Compiling bincode v1.3.3
[INFO] [stderr]    Compiling smallvec v1.15.1
[INFO] [stderr]    Compiling safetensors v0.7.0
[INFO] [stderr]    Compiling serde_yaml v0.9.34+deprecated
[INFO] [stderr]    Compiling zstd v0.13.3
[INFO] [stderr]    Compiling zstd v0.11.2+zstd.1.5.2
[INFO] [stderr]    Compiling rlx-ir v0.2.16
[INFO] [stderr]    Compiling zip v0.6.6
[INFO] [stderr]    Compiling half v2.7.1
[INFO] [stderr]    Compiling npyz v0.8.4
[INFO] [stderr]    Compiling rlx-gguf v0.2.16
[INFO] [stderr]    Compiling rlx-dduf v0.2.16
[INFO] [stderr]    Compiling rlx-fusion v0.2.16
[INFO] [stderr]    Compiling rlx-mlx-io v0.2.16
[INFO] [stderr]    Compiling rlx-nemo v0.2.16
[INFO] [stderr]    Compiling rlx-driver v0.2.16
[INFO] [stderr]    Compiling rlx-pkg v0.2.16
[INFO] [stderr]    Compiling rlx-autodiff v0.2.16
[INFO] [stderr]    Compiling rlx-compile v0.2.16
[INFO] [stderr]    Compiling rlx-opt v0.2.16
[INFO] [stderr]    Compiling rlx-opscope v0.2.16 (/opt/rustwide/workdir)
[INFO] [stdout] error: linking with `cc` failed: exit status: 1
[INFO] [stdout]   |
[INFO] [stdout]   = note:  "cc" "-m64" "/opt/rustwide/target/debug/deps/rustcQyfR3O/symbols.o" "<2 object files omitted>" "-Wl,--as-needed" "-Wl,-Bstatic" "/opt/rustwide/target/debug/deps/{librlx_opscope-c35b903033e4426c,librlx_runtime-40bcc68cf1be1250,librlx_pkg-1357e3607d6d7ef7,libxxhash_rust-21bd6dff5bc15cf9,libzstd-70688913243834fa,libzstd_safe-b290192adfb584bc,librlx_nemo-5625b054bcfda3ad,libserde_yaml-6b37ae3e6f233116,libryu-1f4f40e4352371e5,libunsafe_libyaml-d3127b66fe569cc5,librlx_dduf-8d58e5ce79b94614,libzip-dbe92ddc1bd74dac,libzopfli-fce173b292825858,libbumpalo-5ece06ce95cec114,liblog-f16ce4b64309590f,libindexmap-0d7f2c48190e6f4d,libequivalent-6a754676e6af62ae,libhashbrown-6b92ca17a46d4c7a,librlx_gpu_dispatch-140eb27c7d8a3552,librlx_driver-73926d0c3c3b5851,librlx_cpu-0f19dbbe718a8530,librlx_mlx_io-e204b05928ab706e,libnpyz-ea15989df9a44bfc,libzip-a0be7575bb7b97d7,libpbkdf2-9bfb5dd2d3887671,libsha2-b7ee1af446875b83,libpassword_hash-2c5a45b8a26c35e0,libbase64ct-6dbb23a5d6f5e146,librand_core-4b67a56f68d6cbfa,libtime-7723618f4afe57e9,libpowerfmt-f6019a2766e431f7,libnum_conv-8bd7073c84ef42cd,libderanged-131d43187e2329b6,libtime_core-87cddcae4f761596,libzstd-5f27b36b497aedff,libzstd_safe-7ea90414895780b1,libzstd_sys-97b73d5dfc8bae18,libbzip2-49f7ddea8ec8b2dd,libbzip2_sys-04a4cc0c91125f2a,libflate2-31f51c5817102795,libminiz_oxide-2575e76130bd6d41,libsimd_adler32-255587d23a406577,libcrc32fast-77160f4e25d6fc25,libaes-2d187ee24fa5462a,libcipher-c300aac689d6393c,libinout-a29c2f61a24967cc,libsha1-8610e271fe97e1dc,libcpufeatures-e04321643d03190d,libhmac-80a57329b33910c0,libdigest-428f2af201d79a5e,libsubtle-2ae6a7038b9a0630,libblock_buffer-2a52351ae749aaa6,libcrypto_common-4bec392eb03e7564,libgeneric_array-db891871e5606a95,libconstant_time_eq-beff8cd2de40ca33,libbyteorder-8f59b6d1bfdaa844,libpy_literal-ecbd41adf493e7b0,libpest-50fc03234577fa5f,libucd_trie-64e35acb102f3b4d,libnum_bigint-82d4700050a58613,libnum_integer-978663802c73c752,libnum_complex-9a12604384494797,libnum_traits-17bedafaa2a61f51,libsafetensors-0531ba0b062b4533,librlx_gguf-2975fc19c4383b39,libmemmap2-ec7a23143146e94d,liblibc-612664c2206eec43,libanyhow-9e4c44ac98d8e4ea,librayon-2f12772fee37c590,librayon_core-e986c1d1845fe6c3,libcrossbeam_deque-e71c6317821167fb,libcrossbeam_epoch-5fdcd5978a9f0010,libcrossbeam_utils-f696a08ab1e94e7a,libeither-40b894c145b6eae5,librlx_opt-55f2a4a8f7efecd9,librlx_compile-9b7b93c6da7c6733,librlx_autodiff-cddd910c2b1634a7,libhalf-d08a7d3b84e7b592,libcfg_if-83060ec5685761ae,libzerocopy-a13d710fd4647253,libbytemuck-704c1d997afce386,libthiserror-8b1a581535ae8483,librlx_fusion-69e981e042ef4481,libinventory-4db84d261fa45ba5,librlx_ir-be497a53d7dab1da,libbincode-3297769ff1ee405c,libserde_json-151d0991d33488b7,libmemchr-5cfa70d22cb32987,libitoa-5de11b3b23bfe572,libzmij-ef63f1da73704b4c,libsmallvec-7b52914fcdddc8cc,libserde-4cf8108aff6668fc,libserde_core-21f22ac7b803fb0e,libaes-7a73fad913d74372,libcpufeatures-6c1f78f4142e3013,libcpubits-e2df88f57128860c,libcipher-bf52c6494e7e1a54,libinout-6eb3e57d17c28217,libcrypto_common-75984ed5c0f85c3a,libhybrid_array-5c0e7ce008d0e7e3,libtypenum-8cba24ab4904c632}.rlib" "<sysroot>/lib/rustlib/x86_64-unknown-linux-gnu/lib/{libstd-*,libpanic_unwind-*,libobject-*,libmemchr-*,libaddr2line-*,libgimli-*,libcfg_if-*,librustc_demangle-*,libstd_detect-*,libhashbrown-*,librustc_std_workspace_alloc-*,libminiz_oxide-*,libadler2-*,libunwind-*,liblibc-*,librustc_std_workspace_core-*,liballoc-*,libcore-*,libcompiler_builtins-*}.rlib" "-Wl,-Bdynamic" "-lopenblas" "-lbz2" "-lc" "-lgcc_s" "-lutil" "-lrt" "-lpthread" "-lm" "-ldl" "-lc" "-L" "/opt/rustwide/target/debug/deps/rustcQyfR3O/raw-dylibs" "-B<sysroot>/lib/rustlib/x86_64-unknown-linux-gnu/bin/gcc-ld" "-fuse-ld=lld" "-Wl,--eh-frame-hdr" "-Wl,-z,noexecstack" "-L" "/opt/rustwide/target/debug/build/zstd-sys-ce0b84fb6c967c0b/out" "-L" "/usr/lib" "-L" "<sysroot>/lib/rustlib/x86_64-unknown-linux-gnu/lib" "-o" "/opt/rustwide/target/debug/deps/opscope_bytes-bb5456fc27bd3ded" "-Wl,--gc-sections" "-pie" "-Wl,-z,relro,-z,now" "-nodefaultlibs"
[INFO] [stdout]   = note: some arguments are omitted. use `--verbose` to show all linker arguments
[INFO] [stdout]   = note: collect2: fatal error: ld terminated with signal 9 [Killed]
[INFO] [stdout]           compilation terminated.
[INFO] [stdout]           
[INFO] [stdout] 
[INFO] [stdout] 
[INFO] [stdout] error: linking with `cc` failed: exit status: 1
[INFO] [stdout]   |
[INFO] [stdout]   = note:  "cc" "-m64" "/opt/rustwide/target/debug/deps/rustcrZTlgv/symbols.o" "<2 object files omitted>" "-Wl,--as-needed" "-Wl,-Bstatic" "/opt/rustwide/target/debug/deps/{librlx_opscope-c35b903033e4426c,librlx_runtime-40bcc68cf1be1250,librlx_pkg-1357e3607d6d7ef7,libxxhash_rust-21bd6dff5bc15cf9,libzstd-70688913243834fa,libzstd_safe-b290192adfb584bc,librlx_nemo-5625b054bcfda3ad,libserde_yaml-6b37ae3e6f233116,libryu-1f4f40e4352371e5,libunsafe_libyaml-d3127b66fe569cc5,librlx_dduf-8d58e5ce79b94614,libzip-dbe92ddc1bd74dac,libzopfli-fce173b292825858,libbumpalo-5ece06ce95cec114,liblog-f16ce4b64309590f,libindexmap-0d7f2c48190e6f4d,libequivalent-6a754676e6af62ae,libhashbrown-6b92ca17a46d4c7a,librlx_gpu_dispatch-140eb27c7d8a3552,librlx_driver-73926d0c3c3b5851,librlx_cpu-0f19dbbe718a8530,librlx_mlx_io-e204b05928ab706e,libnpyz-ea15989df9a44bfc,libzip-a0be7575bb7b97d7,libpbkdf2-9bfb5dd2d3887671,libsha2-b7ee1af446875b83,libpassword_hash-2c5a45b8a26c35e0,libbase64ct-6dbb23a5d6f5e146,librand_core-4b67a56f68d6cbfa,libtime-7723618f4afe57e9,libpowerfmt-f6019a2766e431f7,libnum_conv-8bd7073c84ef42cd,libderanged-131d43187e2329b6,libtime_core-87cddcae4f761596,libzstd-5f27b36b497aedff,libzstd_safe-7ea90414895780b1,libzstd_sys-97b73d5dfc8bae18,libbzip2-49f7ddea8ec8b2dd,libbzip2_sys-04a4cc0c91125f2a,libflate2-31f51c5817102795,libminiz_oxide-2575e76130bd6d41,libsimd_adler32-255587d23a406577,libcrc32fast-77160f4e25d6fc25,libaes-2d187ee24fa5462a,libcipher-c300aac689d6393c,libinout-a29c2f61a24967cc,libsha1-8610e271fe97e1dc,libcpufeatures-e04321643d03190d,libhmac-80a57329b33910c0,libdigest-428f2af201d79a5e,libsubtle-2ae6a7038b9a0630,libblock_buffer-2a52351ae749aaa6,libcrypto_common-4bec392eb03e7564,libgeneric_array-db891871e5606a95,libconstant_time_eq-beff8cd2de40ca33,libbyteorder-8f59b6d1bfdaa844,libpy_literal-ecbd41adf493e7b0,libpest-50fc03234577fa5f,libucd_trie-64e35acb102f3b4d,libnum_bigint-82d4700050a58613,libnum_integer-978663802c73c752,libnum_complex-9a12604384494797,libnum_traits-17bedafaa2a61f51,libsafetensors-0531ba0b062b4533,librlx_gguf-2975fc19c4383b39,libmemmap2-ec7a23143146e94d,liblibc-612664c2206eec43,libanyhow-9e4c44ac98d8e4ea,librayon-2f12772fee37c590,librayon_core-e986c1d1845fe6c3,libcrossbeam_deque-e71c6317821167fb,libcrossbeam_epoch-5fdcd5978a9f0010,libcrossbeam_utils-f696a08ab1e94e7a,libeither-40b894c145b6eae5,librlx_opt-55f2a4a8f7efecd9,librlx_compile-9b7b93c6da7c6733,librlx_autodiff-cddd910c2b1634a7,libhalf-d08a7d3b84e7b592,libcfg_if-83060ec5685761ae,libzerocopy-a13d710fd4647253,libbytemuck-704c1d997afce386,libthiserror-8b1a581535ae8483,librlx_fusion-69e981e042ef4481,libinventory-4db84d261fa45ba5,librlx_ir-be497a53d7dab1da,libbincode-3297769ff1ee405c,libserde_json-151d0991d33488b7,libmemchr-5cfa70d22cb32987,libitoa-5de11b3b23bfe572,libzmij-ef63f1da73704b4c,libsmallvec-7b52914fcdddc8cc,libserde-4cf8108aff6668fc,libserde_core-21f22ac7b803fb0e,libaes-7a73fad913d74372,libcpufeatures-6c1f78f4142e3013,libcpubits-e2df88f57128860c,libcipher-bf52c6494e7e1a54,libinout-6eb3e57d17c28217,libcrypto_common-75984ed5c0f85c3a,libhybrid_array-5c0e7ce008d0e7e3,libtypenum-8cba24ab4904c632}.rlib" "<sysroot>/lib/rustlib/x86_64-unknown-linux-gnu/lib/{libstd-*,libpanic_unwind-*,libobject-*,libmemchr-*,libaddr2line-*,libgimli-*,libcfg_if-*,librustc_demangle-*,libstd_detect-*,libhashbrown-*,librustc_std_workspace_alloc-*,libminiz_oxide-*,libadler2-*,libunwind-*,liblibc-*,librustc_std_workspace_core-*,liballoc-*,libcore-*,libcompiler_builtins-*}.rlib" "-Wl,-Bdynamic" "-lopenblas" "-lbz2" "-lc" "-lgcc_s" "-lutil" "-lrt" "-lpthread" "-lm" "-ldl" "-lc" "-L" "/opt/rustwide/target/debug/deps/rustcrZTlgv/raw-dylibs" "-B<sysroot>/lib/rustlib/x86_64-unknown-linux-gnu/bin/gcc-ld" "-fuse-ld=lld" "-Wl,--eh-frame-hdr" "-Wl,-z,noexecstack" "-L" "/opt/rustwide/target/debug/build/zstd-sys-ce0b84fb6c967c0b/out" "-L" "/usr/lib" "-L" "<sysroot>/lib/rustlib/x86_64-unknown-linux-gnu/lib" "-o" "/opt/rustwide/target/debug/deps/opscope_shapes-6ef893c4c0da2f24" "-Wl,--gc-sections" "-pie" "-Wl,-z,relro,-z,now" "-nodefaultlibs"
[INFO] [stdout]   = note: some arguments are omitted. use `--verbose` to show all linker arguments
[INFO] [stdout]   = note: collect2: fatal error: ld terminated with signal 9 [Killed]
[INFO] [stdout]           compilation terminated.
[INFO] [stdout]           
[INFO] [stdout] 
[INFO] [stdout] 
[INFO] [stderr] error: could not compile `rlx-opscope` (bin "opscope-bytes") due to 1 previous error
[INFO] [stderr] warning: build failed, waiting for other jobs to finish...
[INFO] [stderr] error: could not compile `rlx-opscope` (bin "opscope-shapes") due to 1 previous error
[INFO] [stderr] error: could not compile `rlx-opscope` (bin "opscope-sweep")
[INFO] [stderr] 
[INFO] [stderr] Caused by:
[INFO] [stderr]   process didn't exit successfully: `/opt/rustwide/rustup-home/toolchains/1.99.0-beta.8-x86_64-unknown-linux-gnu/bin/rustc --crate-name opscope_sweep --edition=2024 src/bin/sweep.rs --error-format=json --json=diagnostic-rendered-ansi,artifacts,future-incompat --crate-type bin --emit=dep-info,link -C embed-bitcode=no -C debuginfo=2 '--warn=clippy::all' '--allow=clippy::useless_conversion' '--allow=clippy::upper_case_acronyms' --warn=unused '--allow=clippy::unnecessary_wraps' '--allow=clippy::type_complexity' '--allow=clippy::too_many_arguments' '--allow=clippy::single_range_in_vec_init' '--allow=clippy::should_implement_trait' '--allow=clippy::needless_range_loop' '--allow=clippy::missing_safety_doc' '--allow=clippy::manual_range_contains' '--allow=clippy::large_enum_variant' '--allow=clippy::doc_overindented_list_items' '--allow=clippy::doc_lazy_continuation' '--allow=clippy::collapsible_if' --cfg 'feature="default"' --check-cfg 'cfg(docsrs,test)' --check-cfg 'cfg(feature, values("allocate", "amx", "apple", "cuda", "decompose", "default", "dotprod", "gpu", "metal", "neon", "parquet"))' -C metadata=97b0ff14947c6e7b -C extra-filename=-72a862ebceec9051 --out-dir /opt/rustwide/target/debug/deps -L dependency=/opt/rustwide/target/debug/deps --extern rlx_autodiff=/opt/rustwide/target/debug/deps/librlx_autodiff-cddd910c2b1634a7.rlib --extern rlx_fusion=/opt/rustwide/target/debug/deps/librlx_fusion-69e981e042ef4481.rlib --extern rlx_ir=/opt/rustwide/target/debug/deps/librlx_ir-be497a53d7dab1da.rlib --extern rlx_opscope=/opt/rustwide/target/debug/deps/librlx_opscope-c35b903033e4426c.rlib --extern rlx_runtime=/opt/rustwide/target/debug/deps/librlx_runtime-40bcc68cf1be1250.rlib --cap-lints=warn -L native=/opt/rustwide/target/debug/build/zstd-sys-ce0b84fb6c967c0b/out -L native=/usr/lib` (signal: 9, SIGKILL: kill)
[INFO] [stdout] error: linking with `cc` failed: exit status: 1
[INFO] [stdout]   |
[INFO] [stdout]   = note:  "cc" "-m64" "/opt/rustwide/target/debug/deps/rustcWpLgK2/symbols.o" "<2 object files omitted>" "-Wl,--as-needed" "-Wl,-Bstatic" "/opt/rustwide/target/debug/deps/{librlx_opscope-c35b903033e4426c,librlx_runtime-40bcc68cf1be1250,librlx_pkg-1357e3607d6d7ef7,libxxhash_rust-21bd6dff5bc15cf9,libzstd-70688913243834fa,libzstd_safe-b290192adfb584bc,librlx_nemo-5625b054bcfda3ad,libserde_yaml-6b37ae3e6f233116,libryu-1f4f40e4352371e5,libunsafe_libyaml-d3127b66fe569cc5,librlx_dduf-8d58e5ce79b94614,libzip-dbe92ddc1bd74dac,libzopfli-fce173b292825858,libbumpalo-5ece06ce95cec114,liblog-f16ce4b64309590f,libindexmap-0d7f2c48190e6f4d,libequivalent-6a754676e6af62ae,libhashbrown-6b92ca17a46d4c7a,librlx_gpu_dispatch-140eb27c7d8a3552,librlx_driver-73926d0c3c3b5851,librlx_cpu-0f19dbbe718a8530,librlx_mlx_io-e204b05928ab706e,libnpyz-ea15989df9a44bfc,libzip-a0be7575bb7b97d7,libpbkdf2-9bfb5dd2d3887671,libsha2-b7ee1af446875b83,libpassword_hash-2c5a45b8a26c35e0,libbase64ct-6dbb23a5d6f5e146,librand_core-4b67a56f68d6cbfa,libtime-7723618f4afe57e9,libpowerfmt-f6019a2766e431f7,libnum_conv-8bd7073c84ef42cd,libderanged-131d43187e2329b6,libtime_core-87cddcae4f761596,libzstd-5f27b36b497aedff,libzstd_safe-7ea90414895780b1,libzstd_sys-97b73d5dfc8bae18,libbzip2-49f7ddea8ec8b2dd,libbzip2_sys-04a4cc0c91125f2a,libflate2-31f51c5817102795,libminiz_oxide-2575e76130bd6d41,libsimd_adler32-255587d23a406577,libcrc32fast-77160f4e25d6fc25,libaes-2d187ee24fa5462a,libcipher-c300aac689d6393c,libinout-a29c2f61a24967cc,libsha1-8610e271fe97e1dc,libcpufeatures-e04321643d03190d,libhmac-80a57329b33910c0,libdigest-428f2af201d79a5e,libsubtle-2ae6a7038b9a0630,libblock_buffer-2a52351ae749aaa6,libcrypto_common-4bec392eb03e7564,libgeneric_array-db891871e5606a95,libconstant_time_eq-beff8cd2de40ca33,libbyteorder-8f59b6d1bfdaa844,libpy_literal-ecbd41adf493e7b0,libpest-50fc03234577fa5f,libucd_trie-64e35acb102f3b4d,libnum_bigint-82d4700050a58613,libnum_integer-978663802c73c752,libnum_complex-9a12604384494797,libnum_traits-17bedafaa2a61f51,libsafetensors-0531ba0b062b4533,librlx_gguf-2975fc19c4383b39,libmemmap2-ec7a23143146e94d,liblibc-612664c2206eec43,libanyhow-9e4c44ac98d8e4ea,librayon-2f12772fee37c590,librayon_core-e986c1d1845fe6c3,libcrossbeam_deque-e71c6317821167fb,libcrossbeam_epoch-5fdcd5978a9f0010,libcrossbeam_utils-f696a08ab1e94e7a,libeither-40b894c145b6eae5,librlx_opt-55f2a4a8f7efecd9,librlx_compile-9b7b93c6da7c6733,librlx_autodiff-cddd910c2b1634a7,libhalf-d08a7d3b84e7b592,libcfg_if-83060ec5685761ae,libzerocopy-a13d710fd4647253,libbytemuck-704c1d997afce386,libthiserror-8b1a581535ae8483,librlx_fusion-69e981e042ef4481,libinventory-4db84d261fa45ba5,librlx_ir-be497a53d7dab1da,libbincode-3297769ff1ee405c,libserde_json-151d0991d33488b7,libmemchr-5cfa70d22cb32987,libitoa-5de11b3b23bfe572,libzmij-ef63f1da73704b4c,libsmallvec-7b52914fcdddc8cc,libserde-4cf8108aff6668fc,libserde_core-21f22ac7b803fb0e,libaes-7a73fad913d74372,libcpufeatures-6c1f78f4142e3013,libcpubits-e2df88f57128860c,libcipher-bf52c6494e7e1a54,libinout-6eb3e57d17c28217,libcrypto_common-75984ed5c0f85c3a,libhybrid_array-5c0e7ce008d0e7e3,libtypenum-8cba24ab4904c632}.rlib" "<sysroot>/lib/rustlib/x86_64-unknown-linux-gnu/lib/{libstd-*,libpanic_unwind-*,libobject-*,libmemchr-*,libaddr2line-*,libgimli-*,libcfg_if-*,librustc_demangle-*,libstd_detect-*,libhashbrown-*,librustc_std_workspace_alloc-*,libminiz_oxide-*,libadler2-*,libunwind-*,liblibc-*,librustc_std_workspace_core-*,liballoc-*,libcore-*,libcompiler_builtins-*}.rlib" "-Wl,-Bdynamic" "-lopenblas" "-lbz2" "-lc" "-lgcc_s" "-lutil" "-lrt" "-lpthread" "-lm" "-ldl" "-lc" "-L" "/opt/rustwide/target/debug/deps/rustcWpLgK2/raw-dylibs" "-B<sysroot>/lib/rustlib/x86_64-unknown-linux-gnu/bin/gcc-ld" "-fuse-ld=lld" "-Wl,--eh-frame-hdr" "-Wl,-z,noexecstack" "-L" "/opt/rustwide/target/debug/build/zstd-sys-ce0b84fb6c967c0b/out" "-L" "/usr/lib" "-L" "<sysroot>/lib/rustlib/x86_64-unknown-linux-gnu/lib" "-o" "/opt/rustwide/target/debug/deps/opscope_graph-43e938093420e689" "-Wl,--gc-sections" "-pie" "-Wl,-z,relro,-z,now" "-nodefaultlibs"
[INFO] [stdout]   = note: some arguments are omitted. use `--verbose` to show all linker arguments
[INFO] [stdout]   = note: collect2: fatal error: ld terminated with signal 9 [Killed]
[INFO] [stdout]           compilation terminated.
[INFO] [stdout]           
[INFO] [stdout] 
[INFO] [stdout] 
[INFO] [stderr] error: could not compile `rlx-opscope` (bin "opscope-graph") due to 1 previous error
[INFO] [stderr] error: could not compile `rlx-opscope` (bin "opscope-guarded")
[INFO] [stderr] 
[INFO] [stderr] Caused by:
[INFO] [stderr]   process didn't exit successfully: `/opt/rustwide/rustup-home/toolchains/1.99.0-beta.8-x86_64-unknown-linux-gnu/bin/rustc --crate-name opscope_guarded --edition=2024 src/bin/guarded.rs --error-format=json --json=diagnostic-rendered-ansi,artifacts,future-incompat --crate-type bin --emit=dep-info,link -C embed-bitcode=no -C debuginfo=2 '--warn=clippy::all' '--allow=clippy::useless_conversion' '--allow=clippy::upper_case_acronyms' --warn=unused '--allow=clippy::unnecessary_wraps' '--allow=clippy::type_complexity' '--allow=clippy::too_many_arguments' '--allow=clippy::single_range_in_vec_init' '--allow=clippy::should_implement_trait' '--allow=clippy::needless_range_loop' '--allow=clippy::missing_safety_doc' '--allow=clippy::manual_range_contains' '--allow=clippy::large_enum_variant' '--allow=clippy::doc_overindented_list_items' '--allow=clippy::doc_lazy_continuation' '--allow=clippy::collapsible_if' --cfg 'feature="default"' --check-cfg 'cfg(docsrs,test)' --check-cfg 'cfg(feature, values("allocate", "amx", "apple", "cuda", "decompose", "default", "dotprod", "gpu", "metal", "neon", "parquet"))' -C metadata=0a59503a83a392f8 -C extra-filename=-176e765e67e0bebe --out-dir /opt/rustwide/target/debug/deps -L dependency=/opt/rustwide/target/debug/deps --extern rlx_autodiff=/opt/rustwide/target/debug/deps/librlx_autodiff-cddd910c2b1634a7.rlib --extern rlx_fusion=/opt/rustwide/target/debug/deps/librlx_fusion-69e981e042ef4481.rlib --extern rlx_ir=/opt/rustwide/target/debug/deps/librlx_ir-be497a53d7dab1da.rlib --extern rlx_opscope=/opt/rustwide/target/debug/deps/librlx_opscope-c35b903033e4426c.rlib --extern rlx_runtime=/opt/rustwide/target/debug/deps/librlx_runtime-40bcc68cf1be1250.rlib --cap-lints=warn -L native=/opt/rustwide/target/debug/build/zstd-sys-ce0b84fb6c967c0b/out -L native=/usr/lib` (signal: 9, SIGKILL: kill)
[INFO] [stdout] error: linking with `cc` failed: exit status: 1
[INFO] [stdout]   |
[INFO] [stdout]   = note:  "cc" "-m64" "/opt/rustwide/target/debug/deps/rustcoRExEQ/symbols.o" "<2 object files omitted>" "-Wl,--as-needed" "-Wl,-Bstatic" "/opt/rustwide/target/debug/deps/{librlx_opscope-c35b903033e4426c,librlx_runtime-40bcc68cf1be1250,librlx_pkg-1357e3607d6d7ef7,libxxhash_rust-21bd6dff5bc15cf9,libzstd-70688913243834fa,libzstd_safe-b290192adfb584bc,librlx_nemo-5625b054bcfda3ad,libserde_yaml-6b37ae3e6f233116,libryu-1f4f40e4352371e5,libunsafe_libyaml-d3127b66fe569cc5,librlx_dduf-8d58e5ce79b94614,libzip-dbe92ddc1bd74dac,libzopfli-fce173b292825858,libbumpalo-5ece06ce95cec114,liblog-f16ce4b64309590f,libindexmap-0d7f2c48190e6f4d,libequivalent-6a754676e6af62ae,libhashbrown-6b92ca17a46d4c7a,librlx_gpu_dispatch-140eb27c7d8a3552,librlx_driver-73926d0c3c3b5851,librlx_cpu-0f19dbbe718a8530,librlx_mlx_io-e204b05928ab706e,libnpyz-ea15989df9a44bfc,libzip-a0be7575bb7b97d7,libpbkdf2-9bfb5dd2d3887671,libsha2-b7ee1af446875b83,libpassword_hash-2c5a45b8a26c35e0,libbase64ct-6dbb23a5d6f5e146,librand_core-4b67a56f68d6cbfa,libtime-7723618f4afe57e9,libpowerfmt-f6019a2766e431f7,libnum_conv-8bd7073c84ef42cd,libderanged-131d43187e2329b6,libtime_core-87cddcae4f761596,libzstd-5f27b36b497aedff,libzstd_safe-7ea90414895780b1,libzstd_sys-97b73d5dfc8bae18,libbzip2-49f7ddea8ec8b2dd,libbzip2_sys-04a4cc0c91125f2a,libflate2-31f51c5817102795,libminiz_oxide-2575e76130bd6d41,libsimd_adler32-255587d23a406577,libcrc32fast-77160f4e25d6fc25,libaes-2d187ee24fa5462a,libcipher-c300aac689d6393c,libinout-a29c2f61a24967cc,libsha1-8610e271fe97e1dc,libcpufeatures-e04321643d03190d,libhmac-80a57329b33910c0,libdigest-428f2af201d79a5e,libsubtle-2ae6a7038b9a0630,libblock_buffer-2a52351ae749aaa6,libcrypto_common-4bec392eb03e7564,libgeneric_array-db891871e5606a95,libconstant_time_eq-beff8cd2de40ca33,libbyteorder-8f59b6d1bfdaa844,libpy_literal-ecbd41adf493e7b0,libpest-50fc03234577fa5f,libucd_trie-64e35acb102f3b4d,libnum_bigint-82d4700050a58613,libnum_integer-978663802c73c752,libnum_complex-9a12604384494797,libnum_traits-17bedafaa2a61f51,libsafetensors-0531ba0b062b4533,librlx_gguf-2975fc19c4383b39,libmemmap2-ec7a23143146e94d,liblibc-612664c2206eec43,libanyhow-9e4c44ac98d8e4ea,librayon-2f12772fee37c590,librayon_core-e986c1d1845fe6c3,libcrossbeam_deque-e71c6317821167fb,libcrossbeam_epoch-5fdcd5978a9f0010,libcrossbeam_utils-f696a08ab1e94e7a,libeither-40b894c145b6eae5,librlx_opt-55f2a4a8f7efecd9,librlx_compile-9b7b93c6da7c6733,librlx_autodiff-cddd910c2b1634a7,libhalf-d08a7d3b84e7b592,libcfg_if-83060ec5685761ae,libzerocopy-a13d710fd4647253,libbytemuck-704c1d997afce386,libthiserror-8b1a581535ae8483,librlx_fusion-69e981e042ef4481,libinventory-4db84d261fa45ba5,librlx_ir-be497a53d7dab1da,libbincode-3297769ff1ee405c,libserde_json-151d0991d33488b7,libmemchr-5cfa70d22cb32987,libitoa-5de11b3b23bfe572,libzmij-ef63f1da73704b4c,libsmallvec-7b52914fcdddc8cc,libserde-4cf8108aff6668fc,libserde_core-21f22ac7b803fb0e,libaes-7a73fad913d74372,libcpufeatures-6c1f78f4142e3013,libcpubits-e2df88f57128860c,libcipher-bf52c6494e7e1a54,libinout-6eb3e57d17c28217,libcrypto_common-75984ed5c0f85c3a,libhybrid_array-5c0e7ce008d0e7e3,libtypenum-8cba24ab4904c632}.rlib" "<sysroot>/lib/rustlib/x86_64-unknown-linux-gnu/lib/{libstd-*,libpanic_unwind-*,libobject-*,libmemchr-*,libaddr2line-*,libgimli-*,libcfg_if-*,librustc_demangle-*,libstd_detect-*,libhashbrown-*,librustc_std_workspace_alloc-*,libminiz_oxide-*,libadler2-*,libunwind-*,liblibc-*,librustc_std_workspace_core-*,liballoc-*,libcore-*,libcompiler_builtins-*}.rlib" "-Wl,-Bdynamic" "-lopenblas" "-lbz2" "-lc" "-lgcc_s" "-lutil" "-lrt" "-lpthread" "-lm" "-ldl" "-lc" "-L" "/opt/rustwide/target/debug/deps/rustcoRExEQ/raw-dylibs" "-B<sysroot>/lib/rustlib/x86_64-unknown-linux-gnu/bin/gcc-ld" "-fuse-ld=lld" "-Wl,--eh-frame-hdr" "-Wl,-z,noexecstack" "-L" "/opt/rustwide/target/debug/build/zstd-sys-ce0b84fb6c967c0b/out" "-L" "/usr/lib" "-L" "<sysroot>/lib/rustlib/x86_64-unknown-linux-gnu/lib" "-o" "/opt/rustwide/target/debug/deps/opscope_seq-e0d7cc3bc89961ba" "-Wl,--gc-sections" "-pie" "-Wl,-z,relro,-z,now" "-nodefaultlibs"
[INFO] [stdout]   = note: some arguments are omitted. use `--verbose` to show all linker arguments
[INFO] [stdout]   = note: collect2: fatal error: ld terminated with signal 9 [Killed]
[INFO] [stdout]           compilation terminated.
[INFO] [stdout]           
[INFO] [stdout] 
[INFO] [stdout] 
[INFO] [stderr] error: could not compile `rlx-opscope` (bin "opscope-seq") due to 1 previous error
[INFO] [stdout] error: linking with `cc` failed: exit status: 1
[INFO] [stdout]   |
[INFO] [stdout]   = note:  "cc" "-m64" "/opt/rustwide/target/debug/deps/rustcgUXlFa/symbols.o" "<2 object files omitted>" "-Wl,--as-needed" "-Wl,-Bstatic" "/opt/rustwide/target/debug/deps/{librlx_opscope-c35b903033e4426c,librlx_runtime-40bcc68cf1be1250,librlx_pkg-1357e3607d6d7ef7,libxxhash_rust-21bd6dff5bc15cf9,libzstd-70688913243834fa,libzstd_safe-b290192adfb584bc,librlx_nemo-5625b054bcfda3ad,libserde_yaml-6b37ae3e6f233116,libryu-1f4f40e4352371e5,libunsafe_libyaml-d3127b66fe569cc5,librlx_dduf-8d58e5ce79b94614,libzip-dbe92ddc1bd74dac,libzopfli-fce173b292825858,libbumpalo-5ece06ce95cec114,liblog-f16ce4b64309590f,libindexmap-0d7f2c48190e6f4d,libequivalent-6a754676e6af62ae,libhashbrown-6b92ca17a46d4c7a,librlx_gpu_dispatch-140eb27c7d8a3552,librlx_driver-73926d0c3c3b5851,librlx_cpu-0f19dbbe718a8530,librlx_mlx_io-e204b05928ab706e,libnpyz-ea15989df9a44bfc,libzip-a0be7575bb7b97d7,libpbkdf2-9bfb5dd2d3887671,libsha2-b7ee1af446875b83,libpassword_hash-2c5a45b8a26c35e0,libbase64ct-6dbb23a5d6f5e146,librand_core-4b67a56f68d6cbfa,libtime-7723618f4afe57e9,libpowerfmt-f6019a2766e431f7,libnum_conv-8bd7073c84ef42cd,libderanged-131d43187e2329b6,libtime_core-87cddcae4f761596,libzstd-5f27b36b497aedff,libzstd_safe-7ea90414895780b1,libzstd_sys-97b73d5dfc8bae18,libbzip2-49f7ddea8ec8b2dd,libbzip2_sys-04a4cc0c91125f2a,libflate2-31f51c5817102795,libminiz_oxide-2575e76130bd6d41,libsimd_adler32-255587d23a406577,libcrc32fast-77160f4e25d6fc25,libaes-2d187ee24fa5462a,libcipher-c300aac689d6393c,libinout-a29c2f61a24967cc,libsha1-8610e271fe97e1dc,libcpufeatures-e04321643d03190d,libhmac-80a57329b33910c0,libdigest-428f2af201d79a5e,libsubtle-2ae6a7038b9a0630,libblock_buffer-2a52351ae749aaa6,libcrypto_common-4bec392eb03e7564,libgeneric_array-db891871e5606a95,libconstant_time_eq-beff8cd2de40ca33,libbyteorder-8f59b6d1bfdaa844,libpy_literal-ecbd41adf493e7b0,libpest-50fc03234577fa5f,libucd_trie-64e35acb102f3b4d,libnum_bigint-82d4700050a58613,libnum_integer-978663802c73c752,libnum_complex-9a12604384494797,libnum_traits-17bedafaa2a61f51,libsafetensors-0531ba0b062b4533,librlx_gguf-2975fc19c4383b39,libmemmap2-ec7a23143146e94d,liblibc-612664c2206eec43,libanyhow-9e4c44ac98d8e4ea,librayon-2f12772fee37c590,librayon_core-e986c1d1845fe6c3,libcrossbeam_deque-e71c6317821167fb,libcrossbeam_epoch-5fdcd5978a9f0010,libcrossbeam_utils-f696a08ab1e94e7a,libeither-40b894c145b6eae5,librlx_opt-55f2a4a8f7efecd9,librlx_compile-9b7b93c6da7c6733,librlx_autodiff-cddd910c2b1634a7,libhalf-d08a7d3b84e7b592,libcfg_if-83060ec5685761ae,libzerocopy-a13d710fd4647253,libbytemuck-704c1d997afce386,libthiserror-8b1a581535ae8483,librlx_fusion-69e981e042ef4481,libinventory-4db84d261fa45ba5,librlx_ir-be497a53d7dab1da,libbincode-3297769ff1ee405c,libserde_json-151d0991d33488b7,libmemchr-5cfa70d22cb32987,libitoa-5de11b3b23bfe572,libzmij-ef63f1da73704b4c,libsmallvec-7b52914fcdddc8cc,libserde-4cf8108aff6668fc,libserde_core-21f22ac7b803fb0e,libaes-7a73fad913d74372,libcpufeatures-6c1f78f4142e3013,libcpubits-e2df88f57128860c,libcipher-bf52c6494e7e1a54,libinout-6eb3e57d17c28217,libcrypto_common-75984ed5c0f85c3a,libhybrid_array-5c0e7ce008d0e7e3,libtypenum-8cba24ab4904c632}.rlib" "<sysroot>/lib/rustlib/x86_64-unknown-linux-gnu/lib/{libstd-*,libpanic_unwind-*,libobject-*,libmemchr-*,libaddr2line-*,libgimli-*,libcfg_if-*,librustc_demangle-*,libstd_detect-*,libhashbrown-*,librustc_std_workspace_alloc-*,libminiz_oxide-*,libadler2-*,libunwind-*,liblibc-*,librustc_std_workspace_core-*,liballoc-*,libcore-*,libcompiler_builtins-*}.rlib" "-Wl,-Bdynamic" "-lopenblas" "-lbz2" "-lc" "-lgcc_s" "-lutil" "-lrt" "-lpthread" "-lm" "-ldl" "-lc" "-L" "/opt/rustwide/target/debug/deps/rustcgUXlFa/raw-dylibs" "-B<sysroot>/lib/rustlib/x86_64-unknown-linux-gnu/bin/gcc-ld" "-fuse-ld=lld" "-Wl,--eh-frame-hdr" "-Wl,-z,noexecstack" "-L" "/opt/rustwide/target/debug/build/zstd-sys-ce0b84fb6c967c0b/out" "-L" "/usr/lib" "-L" "<sysroot>/lib/rustlib/x86_64-unknown-linux-gnu/lib" "-o" "/opt/rustwide/target/debug/deps/opscope_probe-312e3c73924660db" "-Wl,--gc-sections" "-pie" "-Wl,-z,relro,-z,now" "-nodefaultlibs"
[INFO] [stdout]   = note: some arguments are omitted. use `--verbose` to show all linker arguments
[INFO] [stdout]   = note: collect2: fatal error: ld terminated with signal 9 [Killed]
[INFO] [stdout]           compilation terminated.
[INFO] [stdout]           
[INFO] [stdout] 
[INFO] [stdout] 
[INFO] [stderr] error: could not compile `rlx-opscope` (bin "opscope-probe") due to 1 previous error
[INFO] [stdout] error: linking with `cc` failed: exit status: 1
[INFO] [stdout]   |
[INFO] [stdout]   = note:  "cc" "-m64" "/opt/rustwide/target/debug/deps/rustcktcWwN/symbols.o" "<2 object files omitted>" "-Wl,--as-needed" "-Wl,-Bstatic" "/opt/rustwide/target/debug/deps/{librlx_opscope-c35b903033e4426c,librlx_runtime-40bcc68cf1be1250,librlx_pkg-1357e3607d6d7ef7,libxxhash_rust-21bd6dff5bc15cf9,libzstd-70688913243834fa,libzstd_safe-b290192adfb584bc,librlx_nemo-5625b054bcfda3ad,libserde_yaml-6b37ae3e6f233116,libryu-1f4f40e4352371e5,libunsafe_libyaml-d3127b66fe569cc5,librlx_dduf-8d58e5ce79b94614,libzip-dbe92ddc1bd74dac,libzopfli-fce173b292825858,libbumpalo-5ece06ce95cec114,liblog-f16ce4b64309590f,libindexmap-0d7f2c48190e6f4d,libequivalent-6a754676e6af62ae,libhashbrown-6b92ca17a46d4c7a,librlx_gpu_dispatch-140eb27c7d8a3552,librlx_driver-73926d0c3c3b5851,librlx_cpu-0f19dbbe718a8530,librlx_mlx_io-e204b05928ab706e,libnpyz-ea15989df9a44bfc,libzip-a0be7575bb7b97d7,libpbkdf2-9bfb5dd2d3887671,libsha2-b7ee1af446875b83,libpassword_hash-2c5a45b8a26c35e0,libbase64ct-6dbb23a5d6f5e146,librand_core-4b67a56f68d6cbfa,libtime-7723618f4afe57e9,libpowerfmt-f6019a2766e431f7,libnum_conv-8bd7073c84ef42cd,libderanged-131d43187e2329b6,libtime_core-87cddcae4f761596,libzstd-5f27b36b497aedff,libzstd_safe-7ea90414895780b1,libzstd_sys-97b73d5dfc8bae18,libbzip2-49f7ddea8ec8b2dd,libbzip2_sys-04a4cc0c91125f2a,libflate2-31f51c5817102795,libminiz_oxide-2575e76130bd6d41,libsimd_adler32-255587d23a406577,libcrc32fast-77160f4e25d6fc25,libaes-2d187ee24fa5462a,libcipher-c300aac689d6393c,libinout-a29c2f61a24967cc,libsha1-8610e271fe97e1dc,libcpufeatures-e04321643d03190d,libhmac-80a57329b33910c0,libdigest-428f2af201d79a5e,libsubtle-2ae6a7038b9a0630,libblock_buffer-2a52351ae749aaa6,libcrypto_common-4bec392eb03e7564,libgeneric_array-db891871e5606a95,libconstant_time_eq-beff8cd2de40ca33,libbyteorder-8f59b6d1bfdaa844,libpy_literal-ecbd41adf493e7b0,libpest-50fc03234577fa5f,libucd_trie-64e35acb102f3b4d,libnum_bigint-82d4700050a58613,libnum_integer-978663802c73c752,libnum_complex-9a12604384494797,libnum_traits-17bedafaa2a61f51,libsafetensors-0531ba0b062b4533,librlx_gguf-2975fc19c4383b39,libmemmap2-ec7a23143146e94d,liblibc-612664c2206eec43,libanyhow-9e4c44ac98d8e4ea,librayon-2f12772fee37c590,librayon_core-e986c1d1845fe6c3,libcrossbeam_deque-e71c6317821167fb,libcrossbeam_epoch-5fdcd5978a9f0010,libcrossbeam_utils-f696a08ab1e94e7a,libeither-40b894c145b6eae5,librlx_opt-55f2a4a8f7efecd9,librlx_compile-9b7b93c6da7c6733,librlx_autodiff-cddd910c2b1634a7,libhalf-d08a7d3b84e7b592,libcfg_if-83060ec5685761ae,libzerocopy-a13d710fd4647253,libbytemuck-704c1d997afce386,libthiserror-8b1a581535ae8483,librlx_fusion-69e981e042ef4481,libinventory-4db84d261fa45ba5,librlx_ir-be497a53d7dab1da,libbincode-3297769ff1ee405c,libserde_json-151d0991d33488b7,libmemchr-5cfa70d22cb32987,libitoa-5de11b3b23bfe572,libzmij-ef63f1da73704b4c,libsmallvec-7b52914fcdddc8cc,libserde-4cf8108aff6668fc,libserde_core-21f22ac7b803fb0e,libaes-7a73fad913d74372,libcpufeatures-6c1f78f4142e3013,libcpubits-e2df88f57128860c,libcipher-bf52c6494e7e1a54,libinout-6eb3e57d17c28217,libcrypto_common-75984ed5c0f85c3a,libhybrid_array-5c0e7ce008d0e7e3,libtypenum-8cba24ab4904c632}.rlib" "<sysroot>/lib/rustlib/x86_64-unknown-linux-gnu/lib/{libstd-*,libpanic_unwind-*,libobject-*,libmemchr-*,libaddr2line-*,libgimli-*,libcfg_if-*,librustc_demangle-*,libstd_detect-*,libhashbrown-*,librustc_std_workspace_alloc-*,libminiz_oxide-*,libadler2-*,libunwind-*,liblibc-*,librustc_std_workspace_core-*,liballoc-*,libcore-*,libcompiler_builtins-*}.rlib" "-Wl,-Bdynamic" "-lopenblas" "-lbz2" "-lc" "-lgcc_s" "-lutil" "-lrt" "-lpthread" "-lm" "-ldl" "-lc" "-L" "/opt/rustwide/target/debug/deps/rustcktcWwN/raw-dylibs" "-B<sysroot>/lib/rustlib/x86_64-unknown-linux-gnu/bin/gcc-ld" "-fuse-ld=lld" "-Wl,--eh-frame-hdr" "-Wl,-z,noexecstack" "-L" "/opt/rustwide/target/debug/build/zstd-sys-ce0b84fb6c967c0b/out" "-L" "/usr/lib" "-L" "<sysroot>/lib/rustlib/x86_64-unknown-linux-gnu/lib" "-o" "/opt/rustwide/target/debug/deps/opscope_parity-b877a1979c9bb683" "-Wl,--gc-sections" "-pie" "-Wl,-z,relro,-z,now" "-nodefaultlibs"
[INFO] [stdout]   = note: some arguments are omitted. use `--verbose` to show all linker arguments
[INFO] [stdout]   = note: collect2: fatal error: ld terminated with signal 9 [Killed]
[INFO] [stdout]           compilation terminated.
[INFO] [stdout]           
[INFO] [stdout] 
[INFO] [stdout] 
[INFO] [stderr] error: could not compile `rlx-opscope` (bin "opscope-parity") due to 1 previous error
[ERROR] error running command: no output for 300 seconds
[INFO] running `Command { std: "docker" "inspect" "0aef39304def8116b6ed0f5f7c3be2b31f550d23170e7210ddf4853596661330", kill_on_drop: false }`
[INFO] running `Command { std: "docker" "rm" "-f" "0aef39304def8116b6ed0f5f7c3be2b31f550d23170e7210ddf4853596661330", kill_on_drop: false }`
[INFO] [stdout] 0aef39304def8116b6ed0f5f7c3be2b31f550d23170e7210ddf4853596661330
